[INFO] cloning repository https://github.com/azulflame/AxumPOC
[INFO] running `Command { std: "git" "-c" "credential.helper=" "-c" "credential.helper=/workspace/cargo-home/bin/git-credential-null" "clone" "--bare" "https://github.com/azulflame/AxumPOC" "/workspace/cache/git-repos/https%3A%2F%2Fgithub.com%2Fazulflame%2FAxumPOC", kill_on_drop: false }`
[INFO] [stderr] Cloning into bare repository '/workspace/cache/git-repos/https%3A%2F%2Fgithub.com%2Fazulflame%2FAxumPOC'...
[INFO] running `Command { std: "git" "rev-parse" "HEAD", kill_on_drop: false }`
[INFO] [stdout] 449346daa7a1b831e1b385ba254764f8ec0bc7a5
[INFO] testing azulflame/AxumPOC against nightly-2025-01-18+rustflags=-Zrandomize-layout for randomize-layout-2
[INFO] running `Command { std: "git" "clone" "/workspace/cache/git-repos/https%3A%2F%2Fgithub.com%2Fazulflame%2FAxumPOC" "/workspace/builds/worker-6-tc2/source", kill_on_drop: false }`
[INFO] [stderr] Cloning into '/workspace/builds/worker-6-tc2/source'...
[INFO] [stderr] done.
[INFO] validating manifest of git repo https://github.com/azulflame/AxumPOC on toolchain nightly-2025-01-18
[INFO] running `Command { std: CARGO_HOME="/workspace/cargo-home" RUSTUP_HOME="/workspace/rustup-home" "/workspace/cargo-home/bin/cargo" "+nightly-2025-01-18" "metadata" "--manifest-path" "Cargo.toml" "--no-deps", kill_on_drop: false }`
[INFO] started tweaking git repo https://github.com/azulflame/AxumPOC
[INFO] finished tweaking git repo https://github.com/azulflame/AxumPOC
[INFO] tweaked toml for git repo https://github.com/azulflame/AxumPOC written to /workspace/builds/worker-6-tc2/source/Cargo.toml
[INFO] crate git repo https://github.com/azulflame/AxumPOC already has a lockfile, it will not be regenerated
[INFO] running `Command { std: CARGO_HOME="/workspace/cargo-home" RUSTUP_HOME="/workspace/rustup-home" "/workspace/cargo-home/bin/cargo" "+nightly-2025-01-18" "fetch" "--manifest-path" "Cargo.toml", kill_on_drop: false }`
[INFO] running `Command { std: "docker" "create" "-v" "/var/lib/crater-agent-workspace/builds/worker-6-tc2/target:/opt/rustwide/target:rw,Z" "-v" "/var/lib/crater-agent-workspace/builds/worker-6-tc2/source:/opt/rustwide/workdir:ro,Z" "-v" "/var/lib/crater-agent-workspace/cargo-home:/opt/rustwide/cargo-home:ro,Z" "-v" "/var/lib/crater-agent-workspace/rustup-home:/opt/rustwide/rustup-home:ro,Z" "-e" "SOURCE_DIR=/opt/rustwide/workdir" "-e" "CARGO_TARGET_DIR=/opt/rustwide/target" "-e" "CARGO_HOME=/opt/rustwide/cargo-home" "-e" "RUSTUP_HOME=/opt/rustwide/rustup-home" "-w" "/opt/rustwide/workdir" "-m" "1610612736" "--user" "0:0" "--network" "none" "ghcr.io/rust-lang/crates-build-env/linux@sha256:819108c5571ea2e421544af4d832f968d213c87fbe3707a016657f43d2f853bc" "/opt/rustwide/cargo-home/bin/cargo" "+nightly-2025-01-18" "metadata" "--no-deps" "--format-version=1", kill_on_drop: false }`
[INFO] [stdout] ed142a009eb3b38b05a82c61470e296d539138a13d04718f577094a5e0eb945c
[INFO] running `Command { std: "docker" "start" "-a" "ed142a009eb3b38b05a82c61470e296d539138a13d04718f577094a5e0eb945c", kill_on_drop: false }`
[INFO] running `Command { std: "docker" "inspect" "ed142a009eb3b38b05a82c61470e296d539138a13d04718f577094a5e0eb945c", kill_on_drop: false }`
[INFO] running `Command { std: "docker" "rm" "-f" "ed142a009eb3b38b05a82c61470e296d539138a13d04718f577094a5e0eb945c", kill_on_drop: false }`
[INFO] [stdout] ed142a009eb3b38b05a82c61470e296d539138a13d04718f577094a5e0eb945c
[INFO] running `Command { std: "docker" "create" "-v" "/var/lib/crater-agent-workspace/builds/worker-6-tc2/target:/opt/rustwide/target:rw,Z" "-v" "/var/lib/crater-agent-workspace/builds/worker-6-tc2/source:/opt/rustwide/workdir:ro,Z" "-v" "/var/lib/crater-agent-workspace/cargo-home:/opt/rustwide/cargo-home:ro,Z" "-v" "/var/lib/crater-agent-workspace/rustup-home:/opt/rustwide/rustup-home:ro,Z" "-e" "SOURCE_DIR=/opt/rustwide/workdir" "-e" "CARGO_TARGET_DIR=/opt/rustwide/target" "-e" "CARGO_INCREMENTAL=0" "-e" "RUST_BACKTRACE=full" "-e" "RUSTFLAGS=--cap-lints=forbid -Zrandomize-layout" "-e" "RUSTDOCFLAGS=--cap-lints=forbid" "-e" "CARGO_HOME=/opt/rustwide/cargo-home" "-e" "RUSTUP_HOME=/opt/rustwide/rustup-home" "-w" "/opt/rustwide/workdir" "-m" "1610612736" "--user" "0:0" "--network" "none" "ghcr.io/rust-lang/crates-build-env/linux@sha256:819108c5571ea2e421544af4d832f968d213c87fbe3707a016657f43d2f853bc" "/opt/rustwide/cargo-home/bin/cargo" "+nightly-2025-01-18" "build" "--frozen" "--message-format=json", kill_on_drop: false }`
[INFO] [stdout] 286b34c008e5d46a334ff38c2267ff61a34c16e0d2b3f530929f5f344e14729c
[INFO] running `Command { std: "docker" "start" "-a" "286b34c008e5d46a334ff38c2267ff61a34c16e0d2b3f530929f5f344e14729c", kill_on_drop: false }`
[INFO] [stderr]    Compiling proc-macro2 v1.0.92
[INFO] [stderr]    Compiling unicode-ident v1.0.14
[INFO] [stderr]    Compiling autocfg v1.4.0
[INFO] [stderr]    Compiling libc v0.2.169
[INFO] [stderr]    Compiling cfg-if v1.0.0
[INFO] [stderr]    Compiling once_cell v1.20.2
[INFO] [stderr]    Compiling serde v1.0.216
[INFO] [stderr]    Compiling memchr v2.7.4
[INFO] [stderr]    Compiling pin-project-lite v0.2.15
[INFO] [stderr]    Compiling fnv v1.0.7
[INFO] [stderr]    Compiling itoa v1.0.14
[INFO] [stderr]    Compiling futures-sink v0.3.31
[INFO] [stderr]    Compiling futures-core v0.3.31
[INFO] [stderr]    Compiling futures-task v0.3.31
[INFO] [stderr]    Compiling futures-io v0.3.31
[INFO] [stderr]    Compiling pin-utils v0.1.0
[INFO] [stderr]    Compiling crunchy v0.2.2
[INFO] [stderr]    Compiling version_check v0.9.5
[INFO] [stderr]    Compiling smallvec v1.13.2
[INFO] [stderr]    Compiling tiny-keccak v2.0.2
[INFO] [stderr]    Compiling futures-channel v0.3.31
[INFO] [stderr]    Compiling thiserror v2.0.8
[INFO] [stderr]    Compiling ident_case v1.0.1
[INFO] [stderr]    Compiling log v0.4.22
[INFO] [stderr]    Compiling bytes v1.9.0
[INFO] [stderr]    Compiling strsim v0.11.1
[INFO] [stderr]    Compiling parking_lot_core v0.9.9
[INFO] [stderr]    Compiling zerocopy v0.7.35
[INFO] [stderr]    Compiling scopeguard v1.2.0
[INFO] [stderr]    Compiling ucd-trie v0.1.7
[INFO] [stderr]    Compiling httparse v1.9.5
[INFO] [stderr]    Compiling tracing-core v0.1.33
[INFO] [stderr]    Compiling slab v0.4.9
[INFO] [stderr]    Compiling lock_api v0.4.11
[INFO] [stderr]    Compiling ahash v0.8.11
[INFO] [stderr]    Compiling num-traits v0.2.19
[INFO] [stderr]    Compiling hashbrown v0.15.2
[INFO] [stderr]    Compiling equivalent v1.0.1
[INFO] [stderr]    Compiling heck v0.5.0
[INFO] [stderr]    Compiling serde_json v1.0.133
[INFO] [stderr]    Compiling ryu v1.0.18
[INFO] [stderr]    Compiling tower-service v0.3.3
[INFO] [stderr]    Compiling either v1.13.0
[INFO] [stderr]    Compiling rustversion v1.0.18
[INFO] [stderr]    Compiling pq-sys v0.6.3
[INFO] [stderr]    Compiling http v1.2.0
[INFO] [stderr]    Compiling tracing v0.1.41
[INFO] [stderr]    Compiling percent-encoding v2.3.1
[INFO] [stderr]    Compiling tower-layer v0.3.3
[INFO] [stderr]    Compiling httpdate v1.0.3
[INFO] [stderr]    Compiling quote v1.0.37
[INFO] [stderr]    Compiling socket2 v0.5.8
[INFO] [stderr]    Compiling mio v1.0.3
[INFO] [stderr]    Compiling hashbrown v0.14.5
[INFO] [stderr]    Compiling getrandom v0.2.15
[INFO] [stderr]    Compiling winnow v0.6.20
[INFO] [stderr]    Compiling iana-time-zone v0.1.61
[INFO] [stderr]    Compiling indexmap v2.7.0
[INFO] [stderr]    Compiling sync_wrapper v1.0.2
[INFO] [stderr]    Compiling syn v2.0.90
[INFO] [stderr]    Compiling parking_lot v0.12.1
[INFO] [stderr]    Compiling num_cpus v1.16.0
[INFO] [stderr]    Compiling form_urlencoded v1.2.1
[INFO] [stderr]    Compiling encoding_rs v0.8.35
[INFO] [stderr]    Compiling const-random-macro v0.1.16
[INFO] [stderr]    Compiling mime v0.3.17
[INFO] [stderr]    Compiling base64 v0.21.7
[INFO] [stderr]    Compiling unicode-segmentation v1.12.0
[INFO] [stderr]    Compiling scheduled-thread-pool v0.2.7
[INFO] [stderr]    Compiling http-body v1.0.1
[INFO] [stderr]    Compiling const-random v0.1.18
[INFO] [stderr]    Compiling r2d2 v0.8.10
[INFO] [stderr]    Compiling hashlink v0.9.1
[INFO] [stderr]    Compiling chrono v0.4.39
[INFO] [stderr]    Compiling dlv-list v0.5.2
[INFO] [stderr]    Compiling trim-in-place v0.1.7
[INFO] [stderr]    Compiling arraydeque v0.5.1
[INFO] [stderr]    Compiling byteorder v1.5.0
[INFO] [stderr]    Compiling matchit v0.7.3
[INFO] [stderr]    Compiling pathdiff v0.2.3
[INFO] [stderr]    Compiling convert_case v0.6.0
[INFO] [stderr]    Compiling ordered-multimap v0.7.3
[INFO] [stderr]    Compiling rust-ini v0.21.1
[INFO] [stderr]    Compiling yaml-rust2 v0.9.0
[INFO] [stderr]    Compiling darling_core v0.20.10
[INFO] [stderr]    Compiling diesel_table_macro_syntax v0.2.0
[INFO] [stderr]    Compiling serde_derive v1.0.216
[INFO] [stderr]    Compiling futures-macro v0.3.31
[INFO] [stderr]    Compiling tokio-macros v2.4.0
[INFO] [stderr]    Compiling thiserror-impl v2.0.8
[INFO] [stderr]    Compiling async-trait v0.1.83
[INFO] [stderr]    Compiling test-context-macros v0.3.0
[INFO] [stderr]    Compiling tokio v1.42.0
[INFO] [stderr]    Compiling futures-util v0.3.31
[INFO] [stderr]    Compiling pest v2.7.15
[INFO] [stderr]    Compiling darling_macro v0.20.10
[INFO] [stderr]    Compiling darling v0.20.10
[INFO] [stderr]    Compiling dsl_auto_type v0.1.2
[INFO] [stderr]    Compiling diesel_derives v2.2.3
[INFO] [stderr]    Compiling pest_meta v2.7.15
[INFO] [stderr]    Compiling deadpool-runtime v0.1.4
[INFO] [stderr]    Compiling futures-executor v0.3.31
[INFO] [stderr]    Compiling http-body-util v0.1.2
[INFO] [stderr]    Compiling hyper v1.5.2
[INFO] [stderr]    Compiling tower v0.5.2
[INFO] [stderr]    Compiling deadpool-sync v0.1.4
[INFO] [stderr]    Compiling deadpool v0.12.1
[INFO] [stderr]    Compiling pest_generator v2.7.15
[INFO] [stderr]    Compiling axum-core v0.4.5
[INFO] [stderr]    Compiling futures v0.3.31
[INFO] [stderr]    Compiling test-context v0.3.0
[INFO] [stderr]    Compiling hyper-util v0.1.10
[INFO] [stderr]    Compiling pest_derive v2.7.15
[INFO] [stderr]    Compiling bitflags v2.6.0
[INFO] [stderr]    Compiling toml_datetime v0.6.8
[INFO] [stderr]    Compiling serde_spanned v0.6.8
[INFO] [stderr]    Compiling uuid v1.11.0
[INFO] [stderr]    Compiling json5 v0.4.1
[INFO] [stderr]    Compiling serde_path_to_error v0.1.16
[INFO] [stderr]    Compiling serde_urlencoded v0.7.1
[INFO] [stderr]    Compiling ron v0.8.1
[INFO] [stderr]    Compiling toml_edit v0.22.22
[INFO] [stderr]    Compiling diesel v2.2.6
[INFO] [stderr]    Compiling axum v0.7.9
[INFO] [stderr]    Compiling toml v0.8.19
[INFO] [stderr]    Compiling config v0.15.4
[INFO] [stderr]    Compiling deadpool-diesel v0.6.1
[INFO] [stderr]    Compiling AxumPOC v0.1.0 (/opt/rustwide/workdir)
[INFO] [stdout] warning: unused import: `axum::handler::Handler`
[INFO] [stdout]  --> src/startup.rs:2:5
[INFO] [stdout]   |
[INFO] [stdout] 2 | use axum::handler::Handler;
[INFO] [stdout]   |     ^^^^^^^^^^^^^^^^^^^^^^
[INFO] [stdout]   |
[INFO] [stdout]   = note: `#[warn(unused_imports)]` on by default
[INFO] [stdout] 
[INFO] [stdout] 
[INFO] [stdout] warning: fields `id`, `email`, `name`, and `subscribed_at` are never read
[INFO] [stdout]   --> src/database/models.rs:9:5
[INFO] [stdout]    |
[INFO] [stdout] 8  | pub struct Subscription {
[INFO] [stdout]    |            ------------ fields in this struct
[INFO] [stdout] 9  |     id: Uuid,
[INFO] [stdout]    |     ^^
[INFO] [stdout] 10 |     email: String,
[INFO] [stdout]    |     ^^^^^
[INFO] [stdout] 11 |     name: String,
[INFO] [stdout]    |     ^^^^
[INFO] [stdout] 12 |     subscribed_at: NaiveDateTime
[INFO] [stdout]    |     ^^^^^^^^^^^^^
[INFO] [stdout]    |
[INFO] [stdout]    = note: `#[warn(dead_code)]` on by default
[INFO] [stdout] 
[INFO] [stdout] 
[INFO] [stdout] warning: crate `AxumPOC` should have a snake case name
[INFO] [stdout]   |
[INFO] [stdout]   = help: convert the identifier to snake case: `axum_poc`
[INFO] [stdout]   = note: `#[warn(non_snake_case)]` on by default
[INFO] [stdout] 
[INFO] [stdout] 
[INFO] [stderr]     Finished `dev` profile [unoptimized + debuginfo] target(s) in 24.74s
[INFO] running `Command { std: "docker" "inspect" "286b34c008e5d46a334ff38c2267ff61a34c16e0d2b3f530929f5f344e14729c", kill_on_drop: false }`
[INFO] running `Command { std: "docker" "rm" "-f" "286b34c008e5d46a334ff38c2267ff61a34c16e0d2b3f530929f5f344e14729c", kill_on_drop: false }`
[INFO] [stdout] 286b34c008e5d46a334ff38c2267ff61a34c16e0d2b3f530929f5f344e14729c
[INFO] running `Command { std: "docker" "create" "-v" "/var/lib/crater-agent-workspace/builds/worker-6-tc2/target:/opt/rustwide/target:rw,Z" "-v" "/var/lib/crater-agent-workspace/builds/worker-6-tc2/source:/opt/rustwide/workdir:ro,Z" "-v" "/var/lib/crater-agent-workspace/cargo-home:/opt/rustwide/cargo-home:ro,Z" "-v" "/var/lib/crater-agent-workspace/rustup-home:/opt/rustwide/rustup-home:ro,Z" "-e" "SOURCE_DIR=/opt/rustwide/workdir" "-e" "CARGO_TARGET_DIR=/opt/rustwide/target" "-e" "CARGO_INCREMENTAL=0" "-e" "RUST_BACKTRACE=full" "-e" "RUSTFLAGS=--cap-lints=forbid -Zrandomize-layout" "-e" "RUSTDOCFLAGS=--cap-lints=forbid" "-e" "CARGO_HOME=/opt/rustwide/cargo-home" "-e" "RUSTUP_HOME=/opt/rustwide/rustup-home" "-w" "/opt/rustwide/workdir" "-m" "1610612736" "--user" "0:0" "--network" "none" "ghcr.io/rust-lang/crates-build-env/linux@sha256:819108c5571ea2e421544af4d832f968d213c87fbe3707a016657f43d2f853bc" "/opt/rustwide/cargo-home/bin/cargo" "+nightly-2025-01-18" "test" "--frozen" "--no-run" "--message-format=json", kill_on_drop: false }`
[INFO] [stdout] 375109e9f70f29623b7bed25a89a42c29ea789876d7e9ddab1385b09d3e4fe78
[INFO] running `Command { std: "docker" "start" "-a" "375109e9f70f29623b7bed25a89a42c29ea789876d7e9ddab1385b09d3e4fe78", kill_on_drop: false }`
[INFO] [stderr]    Compiling AxumPOC v0.1.0 (/opt/rustwide/workdir)
[INFO] [stdout] warning: unused import: `axum::handler::Handler`
[INFO] [stdout]  --> src/startup.rs:2:5
[INFO] [stdout]   |
[INFO] [stdout] 2 | use axum::handler::Handler;
[INFO] [stdout]   |     ^^^^^^^^^^^^^^^^^^^^^^
[INFO] [stdout]   |
[INFO] [stdout]   = note: `#[warn(unused_imports)]` on by default
[INFO] [stdout] 
[INFO] [stdout] 
[INFO] [stdout] warning: fields `id`, `email`, `name`, and `subscribed_at` are never read
[INFO] [stdout]   --> src/database/models.rs:9:5
[INFO] [stdout]    |
[INFO] [stdout] 8  | pub struct Subscription {
[INFO] [stdout]    |            ------------ fields in this struct
[INFO] [stdout] 9  |     id: Uuid,
[INFO] [stdout]    |     ^^
[INFO] [stdout] 10 |     email: String,
[INFO] [stdout]    |     ^^^^^
[INFO] [stdout] 11 |     name: String,
[INFO] [stdout]    |     ^^^^
[INFO] [stdout] 12 |     subscribed_at: NaiveDateTime
[INFO] [stdout]    |     ^^^^^^^^^^^^^
[INFO] [stdout]    |
[INFO] [stdout]    = note: `#[warn(dead_code)]` on by default
[INFO] [stdout] 
[INFO] [stdout] 
[INFO] [stdout] warning: crate `AxumPOC` should have a snake case name
[INFO] [stdout]   |
[INFO] [stdout]   = help: convert the identifier to snake case: `axum_poc`
[INFO] [stdout]   = note: `#[warn(non_snake_case)]` on by default
[INFO] [stdout] 
[INFO] [stdout] 
[INFO] [stdout] warning: unused import: `std::sync::Arc`
[INFO] [stdout]  --> tests/health_check.rs:1:5
[INFO] [stdout]   |
[INFO] [stdout] 1 | use std::sync::Arc;
[INFO] [stdout]   |     ^^^^^^^^^^^^^^
[INFO] [stdout]   |
[INFO] [stdout]   = note: `#[warn(unused_imports)]` on by default
[INFO] [stdout] 
[INFO] [stdout] 
[INFO] [stdout] warning: unused variable: `error_message`
[INFO] [stdout]   --> tests/subscribe_check.rs:50:24
[INFO] [stdout]    |
[INFO] [stdout] 50 |     for (invalid_body, error_message) in requests {
[INFO] [stdout]    |                        ^^^^^^^^^^^^^ help: if this is intentional, prefix it with an underscore: `_error_message`
[INFO] [stdout]    |
[INFO] [stdout]    = note: `#[warn(unused_variables)]` on by default
[INFO] [stdout] 
[INFO] [stdout] 
[INFO] [stdout] warning: unused import: `axum::handler::Handler`
[INFO] [stdout]  --> src/startup.rs:2:5
[INFO] [stdout]   |
[INFO] [stdout] 2 | use axum::handler::Handler;
[INFO] [stdout]   |     ^^^^^^^^^^^^^^^^^^^^^^
[INFO] [stdout]   |
[INFO] [stdout]   = note: `#[warn(unused_imports)]` on by default
[INFO] [stdout] 
[INFO] [stdout] 
[INFO] [stdout] warning: fields `id`, `email`, `name`, and `subscribed_at` are never read
[INFO] [stdout]   --> src/database/models.rs:9:5
[INFO] [stdout]    |
[INFO] [stdout] 8  | pub struct Subscription {
[INFO] [stdout]    |            ------------ fields in this struct
[INFO] [stdout] 9  |     id: Uuid,
[INFO] [stdout]    |     ^^
[INFO] [stdout] 10 |     email: String,
[INFO] [stdout]    |     ^^^^^
[INFO] [stdout] 11 |     name: String,
[INFO] [stdout]    |     ^^^^
[INFO] [stdout] 12 |     subscribed_at: NaiveDateTime
[INFO] [stdout]    |     ^^^^^^^^^^^^^
[INFO] [stdout]    |
[INFO] [stdout]    = note: `#[warn(dead_code)]` on by default
[INFO] [stdout] 
[INFO] [stdout] 
[INFO] [stderr]     Finished `test` profile [unoptimized + debuginfo] target(s) in 1.41s
[INFO] running `Command { std: "docker" "inspect" "375109e9f70f29623b7bed25a89a42c29ea789876d7e9ddab1385b09d3e4fe78", kill_on_drop: false }`
[INFO] running `Command { std: "docker" "rm" "-f" "375109e9f70f29623b7bed25a89a42c29ea789876d7e9ddab1385b09d3e4fe78", kill_on_drop: false }`
[INFO] [stdout] 375109e9f70f29623b7bed25a89a42c29ea789876d7e9ddab1385b09d3e4fe78
[INFO] running `Command { std: "docker" "create" "-v" "/var/lib/crater-agent-workspace/builds/worker-6-tc2/target:/opt/rustwide/target:rw,Z" "-v" "/var/lib/crater-agent-workspace/builds/worker-6-tc2/source:/opt/rustwide/workdir:ro,Z" "-v" "/var/lib/crater-agent-workspace/cargo-home:/opt/rustwide/cargo-home:ro,Z" "-v" "/var/lib/crater-agent-workspace/rustup-home:/opt/rustwide/rustup-home:ro,Z" "-e" "SOURCE_DIR=/opt/rustwide/workdir" "-e" "CARGO_TARGET_DIR=/opt/rustwide/target" "-e" "CARGO_INCREMENTAL=0" "-e" "RUST_BACKTRACE=full" "-e" "RUSTFLAGS=--cap-lints=forbid -Zrandomize-layout" "-e" "RUSTDOCFLAGS=--cap-lints=forbid" "-e" "CARGO_HOME=/opt/rustwide/cargo-home" "-e" "RUSTUP_HOME=/opt/rustwide/rustup-home" "-w" "/opt/rustwide/workdir" "-m" "1610612736" "--user" "0:0" "--network" "none" "ghcr.io/rust-lang/crates-build-env/linux@sha256:819108c5571ea2e421544af4d832f968d213c87fbe3707a016657f43d2f853bc" "/opt/rustwide/cargo-home/bin/cargo" "+nightly-2025-01-18" "test" "--frozen", kill_on_drop: false }`
[INFO] [stdout] 38b8ca85a168f7b484c05a24710dfeb67b99160efc9506c5db7dbc20dc5c8818
[INFO] running `Command { std: "docker" "start" "-a" "38b8ca85a168f7b484c05a24710dfeb67b99160efc9506c5db7dbc20dc5c8818", kill_on_drop: false }`
[INFO] [stderr] warning: unused import: `axum::handler::Handler`
[INFO] [stderr]  --> src/startup.rs:2:5
[INFO] [stderr]   |
[INFO] [stderr] 2 | use axum::handler::Handler;
[INFO] [stderr]   |     ^^^^^^^^^^^^^^^^^^^^^^
[INFO] [stderr]   |
[INFO] [stderr]   = note: `#[warn(unused_imports)]` on by default
[INFO] [stderr] 
[INFO] [stderr] warning: fields `id`, `email`, `name`, and `subscribed_at` are never read
[INFO] [stderr]   --> src/database/models.rs:9:5
[INFO] [stderr]    |
[INFO] [stderr] 8  | pub struct Subscription {
[INFO] [stderr]    |            ------------ fields in this struct
[INFO] [stderr] 9  |     id: Uuid,
[INFO] [stderr]    |     ^^
[INFO] [stderr] 10 |     email: String,
[INFO] [stderr]    |     ^^^^^
[INFO] [stderr] 11 |     name: String,
[INFO] [stderr]    |     ^^^^
[INFO] [stderr] 12 |     subscribed_at: NaiveDateTime
[INFO] [stderr]    |     ^^^^^^^^^^^^^
[INFO] [stderr]    |
[INFO] [stderr]    = note: `#[warn(dead_code)]` on by default
[INFO] [stderr] 
[INFO] [stderr] warning: crate `AxumPOC` should have a snake case name
[INFO] [stderr]   |
[INFO] [stderr]   = help: convert the identifier to snake case: `axum_poc`
[INFO] [stderr]   = note: `#[warn(non_snake_case)]` on by default
[INFO] [stderr] 
[INFO] [stderr] warning: `AxumPOC` (lib) generated 3 warnings
[INFO] [stderr] warning: `AxumPOC` (lib test) generated 2 warnings (2 duplicates)
[INFO] [stderr] warning: unused import: `std::sync::Arc`
[INFO] [stderr]  --> tests/health_check.rs:1:5
[INFO] [stderr]   |
[INFO] [stderr] 1 | use std::sync::Arc;
[INFO] [stderr]   |     ^^^^^^^^^^^^^^
[INFO] [stderr]   |
[INFO] [stderr]   = note: `#[warn(unused_imports)]` on by default
[INFO] [stderr] 
[INFO] [stderr] warning: unused variable: `error_message`
[INFO] [stderr]   --> tests/subscribe_check.rs:50:24
[INFO] [stderr]    |
[INFO] [stderr] 50 |     for (invalid_body, error_message) in requests {
[INFO] [stderr]    |                        ^^^^^^^^^^^^^ help: if this is intentional, prefix it with an underscore: `_error_message`
[INFO] [stderr]    |
[INFO] [stderr]    = note: `#[warn(unused_variables)]` on by default
[INFO] [stderr] 
[INFO] [stderr] warning: `AxumPOC` (test "health_check") generated 1 warning (run `cargo fix --test "health_check"` to apply 1 suggestion)
[INFO] [stderr] warning: `AxumPOC` (test "subscribe_check") generated 1 warning
[INFO] [stderr]     Finished `test` profile [unoptimized + debuginfo] target(s) in 0.14s
[INFO] [stdout] 
[INFO] [stdout] running 0 tests
[INFO] [stdout] 
[INFO] [stdout] test result: ok. 0 passed; 0 failed; 0 ignored; 0 measured; 0 filtered out; finished in 0.00s
[INFO] [stdout] 
[INFO] [stderr]      Running unittests src/lib.rs (/opt/rustwide/target/debug/deps/AxumPOC-aa1a5b271047678b)
[INFO] [stderr]      Running unittests src/main.rs (/opt/rustwide/target/debug/deps/AxumPOC-791674a8630b2e5b)
[INFO] [stdout] 
[INFO] [stdout] running 0 tests
[INFO] [stderr]      Running tests/health_check.rs (/opt/rustwide/target/debug/deps/health_check-7a947bb059506fd5)
[INFO] [stdout] 
[INFO] [stdout] test result: ok. 0 passed; 0 failed; 0 ignored; 0 measured; 0 filtered out; finished in 0.00s
[INFO] [stdout] 
[INFO] [stdout] 
[INFO] [stdout] running 1 test
[INFO] [stdout] test health_check_works ... ok
[INFO] [stdout] 
[INFO] [stdout] test result: ok. 1 passed; 0 failed; 0 ignored; 0 measured; 0 filtered out; finished in 0.00s
[INFO] [stdout] 
[INFO] [stderr]      Running tests/subscribe_check.rs (/opt/rustwide/target/debug/deps/subscribe_check-be18341a2ce1cf9a)
[INFO] [stdout] 
[INFO] [stdout] running 2 tests
[INFO] [stdout] test subscribe_returns_422_with_bad_fields ... ok
[INFO] [stdout] test subscribe_returns_200_with_valid_information ... FAILED
[INFO] [stdout] 
[INFO] [stdout] failures:
[INFO] [stdout] 
[INFO] [stdout] ---- subscribe_returns_200_with_valid_information stdout ----
[INFO] [stdout] 
[INFO] [stdout] thread 'subscribe_returns_200_with_valid_information' panicked at src/routes/subscribe.rs:24:33:
[INFO] [stdout] Failed to get connection from pool: Backend(Connection(BadConnection("connection to server at \"127.0.0.1\", port 5432 failed: Connection refused\n\tIs the server running on that host and accepting TCP/IP connections?\n")))
[INFO] [stdout] stack backtrace:
[INFO] [stdout]    0:     0x562501c4869a - std::backtrace_rs::backtrace::libunwind::trace::hb059275cfc8d6126
[INFO] [stdout]                                at /rustc/6067b36314ab5eb2eb47cecc464545ba58e1ad24/library/std/src/../../backtrace/src/backtrace/libunwind.rs:116:5
[INFO] [stdout]    1:     0x562501c4869a - std::backtrace_rs::backtrace::trace_unsynchronized::h2da071e4327ce3ee
[INFO] [stdout]                                at /rustc/6067b36314ab5eb2eb47cecc464545ba58e1ad24/library/std/src/../../backtrace/src/backtrace/mod.rs:66:5
[INFO] [stdout]    2:     0x562501c4869a - std::sys::backtrace::_print_fmt::h842a1474e6f8d23f
[INFO] [stdout]                                at /rustc/6067b36314ab5eb2eb47cecc464545ba58e1ad24/library/std/src/sys/backtrace.rs:66:9
[INFO] [stdout]    3:     0x562501c4869a - <std::sys::backtrace::BacktraceLock::print::DisplayBacktrace as core::fmt::Display>::fmt::h71a62eb3b9696b12
[INFO] [stdout]                                at /rustc/6067b36314ab5eb2eb47cecc464545ba58e1ad24/library/std/src/sys/backtrace.rs:39:26
[INFO] [stdout]    4:     0x562501c73403 - core::fmt::rt::Argument::fmt::hdb6b616786b41dc1
[INFO] [stdout]                                at /rustc/6067b36314ab5eb2eb47cecc464545ba58e1ad24/library/core/src/fmt/rt.rs:177:76
[INFO] [stdout]    5:     0x562501c73403 - core::fmt::write::h2cc1698af7e2d686
[INFO] [stdout]                                at /rustc/6067b36314ab5eb2eb47cecc464545ba58e1ad24/library/core/src/fmt/mod.rs:1440:21
[INFO] [stdout]    6:     0x562501c44e43 - std::io::Write::write_fmt::hab1b4cd059a79022
[INFO] [stdout]                                at /rustc/6067b36314ab5eb2eb47cecc464545ba58e1ad24/library/std/src/io/mod.rs:1887:15
[INFO] [stdout]    7:     0x562501c484e2 - std::sys::backtrace::BacktraceLock::print::h147fe35b4ea13b08
[INFO] [stdout]                                at /rustc/6067b36314ab5eb2eb47cecc464545ba58e1ad24/library/std/src/sys/backtrace.rs:42:9
[INFO] [stdout]    8:     0x562501c49abf - std::panicking::default_hook::{{closure}}::hbd44223dbdc0d208
[INFO] [stdout]                                at /rustc/6067b36314ab5eb2eb47cecc464545ba58e1ad24/library/std/src/panicking.rs:298:22
[INFO] [stdout]    9:     0x562501c498d8 - std::panicking::default_hook::h20f81eb0576efcec
[INFO] [stdout]                                at /rustc/6067b36314ab5eb2eb47cecc464545ba58e1ad24/library/std/src/panicking.rs:322:9
[INFO] [stdout]   10:     0x5625018068a3 - <alloc::boxed::Box<F,A> as core::ops::function::Fn<Args>>::call::hdb53814c496a4d34
[INFO] [stdout]                                at /rustc/6067b36314ab5eb2eb47cecc464545ba58e1ad24/library/alloc/src/boxed.rs:2027:9
[INFO] [stdout]   11:     0x5625018068a3 - test::test_main::{{closure}}::hc0a4963c59427c24
[INFO] [stdout]                                at /rustc/6067b36314ab5eb2eb47cecc464545ba58e1ad24/library/test/src/lib.rs:134:21
[INFO] [stdout]   12:     0x562501c4a5b3 - <alloc::boxed::Box<F,A> as core::ops::function::Fn<Args>>::call::h591b2225413a77e9
[INFO] [stdout]                                at /rustc/6067b36314ab5eb2eb47cecc464545ba58e1ad24/library/alloc/src/boxed.rs:2027:9
[INFO] [stdout]   13:     0x562501c4a5b3 - std::panicking::rust_panic_with_hook::h625eea43051b2edc
[INFO] [stdout]                                at /rustc/6067b36314ab5eb2eb47cecc464545ba58e1ad24/library/std/src/panicking.rs:839:13
[INFO] [stdout]   14:     0x562501c4a26a - std::panicking::begin_panic_handler::{{closure}}::h4f9159cfbc3f6bd3
[INFO] [stdout]                                at /rustc/6067b36314ab5eb2eb47cecc464545ba58e1ad24/library/std/src/panicking.rs:704:13
[INFO] [stdout]   15:     0x562501c48b99 - std::sys::backtrace::__rust_end_short_backtrace::h0390abce48353151
[INFO] [stdout]                                at /rustc/6067b36314ab5eb2eb47cecc464545ba58e1ad24/library/std/src/sys/backtrace.rs:168:18
[INFO] [stdout]   16:     0x562501c49efd - rust_begin_unwind
[INFO] [stdout]                                at /rustc/6067b36314ab5eb2eb47cecc464545ba58e1ad24/library/std/src/panicking.rs:695:5
[INFO] [stdout]   17:     0x562501c71130 - core::panicking::panic_fmt::h9e7c637e9e5f29c9
[INFO] [stdout]                                at /rustc/6067b36314ab5eb2eb47cecc464545ba58e1ad24/library/core/src/panicking.rs:75:14
[INFO] [stdout]   18:     0x562501c71606 - core::result::unwrap_failed::h7979f09313fe1849
[INFO] [stdout]                                at /rustc/6067b36314ab5eb2eb47cecc464545ba58e1ad24/library/core/src/result.rs:1704:5
[INFO] [stdout]   19:     0x56250183452c - core::result::Result<T,E>::expect::hc6ade42f34c3ad4e
[INFO] [stdout]                                at /rustc/6067b36314ab5eb2eb47cecc464545ba58e1ad24/library/core/src/result.rs:1061:23
[INFO] [stdout]   20:     0x562501873397 - AxumPOC::routes::subscribe::subscribe::{{closure}}::h5d4c2b5a9154b3ba
[INFO] [stdout]                                at /opt/rustwide/workdir/src/routes/subscribe.rs:24:16
[INFO] [stdout]   21:     0x5625018610bc - <F as axum::handler::Handler<(M,T1,T2),S>>::call::{{closure}}::h100d20794d430b80
[INFO] [stdout]                                at /opt/rustwide/cargo-home/registry/src/index.crates.io-1949cf8c6b5b557f/axum-0.7.9/src/handler/mod.rs:241:53
[INFO] [stdout]   22:     0x56250185b6b0 - <core::pin::Pin<P> as core::future::future::Future>::poll::he551b6e4c50013a9
[INFO] [stdout]                                at /rustc/6067b36314ab5eb2eb47cecc464545ba58e1ad24/library/core/src/future/future.rs:124:9
[INFO] [stdout]   23:     0x562501821298 - <futures_util::future::future::map::Map<Fut,F> as core::future::future::Future>::poll::hccc5f73023026d52
[INFO] [stdout]                                at /opt/rustwide/cargo-home/registry/src/index.crates.io-1949cf8c6b5b557f/futures-util-0.3.31/src/future/future/map.rs:55:37
[INFO] [stdout]   24:     0x56250188ca33 - <futures_util::future::future::Map<Fut,F> as core::future::future::Future>::poll::h023b2d21523d2ca8
[INFO] [stdout]                                at /opt/rustwide/cargo-home/registry/src/index.crates.io-1949cf8c6b5b557f/futures-util-0.3.31/src/lib.rs:86:13
[INFO] [stdout]   25:     0x562501832793 - <axum::handler::future::IntoServiceFuture<F> as core::future::future::Future>::poll::h10c327699b23662b
[INFO] [stdout]                                at /opt/rustwide/cargo-home/registry/src/index.crates.io-1949cf8c6b5b557f/axum-0.7.9/src/macros.rs:42:17
[INFO] [stdout]   26:     0x56250182911b - <F as futures_core::future::TryFuture>::try_poll::hd2e5adb7e1c71436
[INFO] [stdout]                                at /opt/rustwide/cargo-home/registry/src/index.crates.io-1949cf8c6b5b557f/futures-core-0.3.31/src/future.rs:92:9
[INFO] [stdout]   27:     0x56250184df53 - <futures_util::future::try_future::into_future::IntoFuture<Fut> as core::future::future::Future>::poll::h3bdf9c0ce1f1eb3d
[INFO] [stdout]                                at /opt/rustwide/cargo-home/registry/src/index.crates.io-1949cf8c6b5b557f/futures-util-0.3.31/src/future/try_future/into_future.rs:34:9
[INFO] [stdout]   28:     0x562501820f08 - <futures_util::future::future::map::Map<Fut,F> as core::future::future::Future>::poll::h8bfcdfef3ed00fa8
[INFO] [stdout]                                at /opt/rustwide/cargo-home/registry/src/index.crates.io-1949cf8c6b5b557f/futures-util-0.3.31/src/future/future/map.rs:55:37
[INFO] [stdout]   29:     0x56250188cb23 - <futures_util::future::future::Map<Fut,F> as core::future::future::Future>::poll::he50b8e010ac06b95
[INFO] [stdout]                                at /opt/rustwide/cargo-home/registry/src/index.crates.io-1949cf8c6b5b557f/futures-util-0.3.31/src/lib.rs:86:13
[INFO] [stdout]   30:     0x5625018620c3 - <futures_util::future::try_future::MapOk<Fut,F> as core::future::future::Future>::poll::h8998b3e652a516f3
[INFO] [stdout]                                at /opt/rustwide/cargo-home/registry/src/index.crates.io-1949cf8c6b5b557f/futures-util-0.3.31/src/lib.rs:86:13
[INFO] [stdout]   31:     0x56250188d003 - <tower::util::map_response::MapResponseFuture<F,N> as core::future::future::Future>::poll::h1b469e53c90ebf81
[INFO] [stdout]                                at /opt/rustwide/cargo-home/registry/src/index.crates.io-1949cf8c6b5b557f/tower-0.5.2/src/macros.rs:38:17
[INFO] [stdout]   32:     0x562501b27390 - <core::pin::Pin<P> as core::future::future::Future>::poll::hd9e16c12a6fc41df
[INFO] [stdout]                                at /rustc/6067b36314ab5eb2eb47cecc464545ba58e1ad24/library/core/src/future/future.rs:124:9
[INFO] [stdout]   33:     0x562501b22966 - <tower::util::oneshot::Oneshot<S,Req> as core::future::future::Future>::poll::h61b4b0aa90316ed4
[INFO] [stdout]                                at /opt/rustwide/cargo-home/registry/src/index.crates.io-1949cf8c6b5b557f/tower-0.5.2/src/util/oneshot.rs:97:38
[INFO] [stdout]   34:     0x562501b1b3d2 - <axum::routing::route::RouteFuture<E> as core::future::future::Future>::poll::h3119e47d2386b602
[INFO] [stdout]                                at /opt/rustwide/cargo-home/registry/src/index.crates.io-1949cf8c6b5b557f/axum-0.7.9/src/routing/route.rs:182:61
[INFO] [stdout]   35:     0x5625017bf05f - <tower::util::oneshot::Oneshot<S,Req> as core::future::future::Future>::poll::h140d222accbbdfa0
[INFO] [stdout]                                at /opt/rustwide/cargo-home/registry/src/index.crates.io-1949cf8c6b5b557f/tower-0.5.2/src/util/oneshot.rs:97:38
[INFO] [stdout]   36:     0x5625017c4a74 - subscribe_check::subscribe_returns_200_with_valid_information::{{closure}}::ha9bb367037e0e014
[INFO] [stdout]                                at /opt/rustwide/workdir/tests/subscribe_check.rs:27:7
[INFO] [stdout]   37:     0x5625017cbda2 - <core::pin::Pin<P> as core::future::future::Future>::poll::hda927e99399ec733
[INFO] [stdout]                                at /rustc/6067b36314ab5eb2eb47cecc464545ba58e1ad24/library/core/src/future/future.rs:124:9
[INFO] [stdout]   38:     0x5625017cbd1d - <core::pin::Pin<P> as core::future::future::Future>::poll::h60b42f52e1530db3
[INFO] [stdout]                                at /rustc/6067b36314ab5eb2eb47cecc464545ba58e1ad24/library/core/src/future/future.rs:124:9
[INFO] [stdout]   39:     0x5625017b994f - tokio::runtime::scheduler::current_thread::CoreGuard::block_on::{{closure}}::{{closure}}::{{closure}}::hcc9cd87c67f3d654
[INFO] [stdout]                                at /opt/rustwide/cargo-home/registry/src/index.crates.io-1949cf8c6b5b557f/tokio-1.42.0/src/runtime/scheduler/current_thread/mod.rs:729:57
[INFO] [stdout]   40:     0x5625017b9875 - tokio::runtime::coop::with_budget::h94301bc29cfca19c
[INFO] [stdout]                                at /opt/rustwide/cargo-home/registry/src/index.crates.io-1949cf8c6b5b557f/tokio-1.42.0/src/runtime/coop.rs:107:5
[INFO] [stdout]   41:     0x5625017b9875 - tokio::runtime::coop::budget::h194c266f1a99effd
[INFO] [stdout]                                at /opt/rustwide/cargo-home/registry/src/index.crates.io-1949cf8c6b5b557f/tokio-1.42.0/src/runtime/coop.rs:73:5
[INFO] [stdout]   42:     0x5625017b9875 - tokio::runtime::scheduler::current_thread::CoreGuard::block_on::{{closure}}::{{closure}}::h4fdd71af8b6055b1
[INFO] [stdout]                                at /opt/rustwide/cargo-home/registry/src/index.crates.io-1949cf8c6b5b557f/tokio-1.42.0/src/runtime/scheduler/current_thread/mod.rs:729:25
[INFO] [stdout]   43:     0x5625017b71e0 - tokio::runtime::scheduler::current_thread::Context::enter::h8122912be4ce96c5
[INFO] [stdout]                                at /opt/rustwide/cargo-home/registry/src/index.crates.io-1949cf8c6b5b557f/tokio-1.42.0/src/runtime/scheduler/current_thread/mod.rs:428:19
[INFO] [stdout]   44:     0x5625017b8f5b - tokio::runtime::scheduler::current_thread::CoreGuard::block_on::{{closure}}::h815842362e46c820
[INFO] [stdout]                                at /opt/rustwide/cargo-home/registry/src/index.crates.io-1949cf8c6b5b557f/tokio-1.42.0/src/runtime/scheduler/current_thread/mod.rs:728:36
[INFO] [stdout]   45:     0x5625017b83d4 - tokio::runtime::scheduler::current_thread::CoreGuard::enter::{{closure}}::hc3f8863c7c113d9f
[INFO] [stdout]                                at /opt/rustwide/cargo-home/registry/src/index.crates.io-1949cf8c6b5b557f/tokio-1.42.0/src/runtime/scheduler/current_thread/mod.rs:807:68
[INFO] [stdout]   46:     0x5625017b5ddb - tokio::runtime::context::scoped::Scoped<T>::set::hfa3577b02984cb39
[INFO] [stdout]                                at /opt/rustwide/cargo-home/registry/src/index.crates.io-1949cf8c6b5b557f/tokio-1.42.0/src/runtime/context/scoped.rs:40:9
[INFO] [stdout]   47:     0x5625017bd569 - tokio::runtime::context::set_scheduler::{{closure}}::h2fb9aef60c29e8e7
[INFO] [stdout]                                at /opt/rustwide/cargo-home/registry/src/index.crates.io-1949cf8c6b5b557f/tokio-1.42.0/src/runtime/context.rs:180:26
[INFO] [stdout]   48:     0x5625017b3772 - std::thread::local::LocalKey<T>::try_with::h39b2a1763bbbc4bd
[INFO] [stdout]                                at /rustc/6067b36314ab5eb2eb47cecc464545ba58e1ad24/library/std/src/thread/local.rs:308:12
[INFO] [stdout]   49:     0x5625017b332a - std::thread::local::LocalKey<T>::with::h9eedd17e5adc96d0
[INFO] [stdout]                                at /rustc/6067b36314ab5eb2eb47cecc464545ba58e1ad24/library/std/src/thread/local.rs:272:9
[INFO] [stdout]   50:     0x5625017bd4dd - tokio::runtime::context::set_scheduler::hc1c2f85c1f6c6d6b
[INFO] [stdout]                                at /opt/rustwide/cargo-home/registry/src/index.crates.io-1949cf8c6b5b557f/tokio-1.42.0/src/runtime/context.rs:180:9
[INFO] [stdout]   51:     0x5625017b8160 - tokio::runtime::scheduler::current_thread::CoreGuard::enter::h508f61e56f71e605
[INFO] [stdout]                                at /opt/rustwide/cargo-home/registry/src/index.crates.io-1949cf8c6b5b557f/tokio-1.42.0/src/runtime/scheduler/current_thread/mod.rs:807:27
[INFO] [stdout]   52:     0x5625017b83f3 - tokio::runtime::scheduler::current_thread::CoreGuard::block_on::h08213708b7943e8e
[INFO] [stdout]                                at /opt/rustwide/cargo-home/registry/src/index.crates.io-1949cf8c6b5b557f/tokio-1.42.0/src/runtime/scheduler/current_thread/mod.rs:716:19
[INFO] [stdout]   53:     0x5625017b668a - tokio::runtime::scheduler::current_thread::CurrentThread::block_on::{{closure}}::ha24e7976f125b8f0
[INFO] [stdout]                                at /opt/rustwide/cargo-home/registry/src/index.crates.io-1949cf8c6b5b557f/tokio-1.42.0/src/runtime/scheduler/current_thread/mod.rs:196:28
[INFO] [stdout]   54:     0x5625017cade6 - tokio::runtime::context::runtime::enter_runtime::h4a7a88890f015b27
[INFO] [stdout]                                at /opt/rustwide/cargo-home/registry/src/index.crates.io-1949cf8c6b5b557f/tokio-1.42.0/src/runtime/context/runtime.rs:65:16
[INFO] [stdout]   55:     0x5625017b5f01 - tokio::runtime::scheduler::current_thread::CurrentThread::block_on::h6d16bad9cc803102
[INFO] [stdout]                                at /opt/rustwide/cargo-home/registry/src/index.crates.io-1949cf8c6b5b557f/tokio-1.42.0/src/runtime/scheduler/current_thread/mod.rs:184:9
[INFO] [stdout]   56:     0x5625017c292c - tokio::runtime::runtime::Runtime::block_on_inner::h232d06489e02e4c1
[INFO] [stdout]                                at /opt/rustwide/cargo-home/registry/src/index.crates.io-1949cf8c6b5b557f/tokio-1.42.0/src/runtime/runtime.rs:368:47
[INFO] [stdout]   57:     0x5625017c2c37 - tokio::runtime::runtime::Runtime::block_on::h2797d242998e7487
[INFO] [stdout]                                at /opt/rustwide/cargo-home/registry/src/index.crates.io-1949cf8c6b5b557f/tokio-1.42.0/src/runtime/runtime.rs:342:13
[INFO] [stdout]   58:     0x5625017c4083 - subscribe_check::subscribe_returns_200_with_valid_information::hdcbcc375a923819b
[INFO] [stdout]                                at /opt/rustwide/workdir/tests/subscribe_check.rs:37:5
[INFO] [stdout]   59:     0x5625017c3f27 - subscribe_check::subscribe_returns_200_with_valid_information::{{closure}}::hba0dac04d0948681
[INFO] [stdout]                                at /opt/rustwide/workdir/tests/subscribe_check.rs:14:56
[INFO] [stdout]   60:     0x5625017b4556 - core::ops::function::FnOnce::call_once::hacb0c819667529af
[INFO] [stdout]                                at /rustc/6067b36314ab5eb2eb47cecc464545ba58e1ad24/library/core/src/ops/function.rs:250:5
[INFO] [stdout]   61:     0x56250180bffb - core::ops::function::FnOnce::call_once::he27718dfdd183f43
[INFO] [stdout]                                at /rustc/6067b36314ab5eb2eb47cecc464545ba58e1ad24/library/core/src/ops/function.rs:250:5
[INFO] [stdout]   62:     0x56250180bffb - test::__rust_begin_short_backtrace::h4e84902998457a5d
[INFO] [stdout]                                at /rustc/6067b36314ab5eb2eb47cecc464545ba58e1ad24/library/test/src/lib.rs:632:18
[INFO] [stdout]   63:     0x56250180af33 - test::run_test_in_process::{{closure}}::h7176fd18fc1feca0
[INFO] [stdout]                                at /rustc/6067b36314ab5eb2eb47cecc464545ba58e1ad24/library/test/src/lib.rs:655:60
[INFO] [stdout]   64:     0x56250180af33 - <core::panic::unwind_safe::AssertUnwindSafe<F> as core::ops::function::FnOnce<()>>::call_once::hf79cff2a624d8cf7
[INFO] [stdout]                                at /rustc/6067b36314ab5eb2eb47cecc464545ba58e1ad24/library/core/src/panic/unwind_safe.rs:272:9
[INFO] [stdout]   65:     0x56250180af33 - std::panicking::try::do_call::h3da0561d9ab99c25
[INFO] [stdout]                                at /rustc/6067b36314ab5eb2eb47cecc464545ba58e1ad24/library/std/src/panicking.rs:587:40
[INFO] [stdout]   66:     0x56250180af33 - std::panicking::try::h41c9fa508bc61df6
[INFO] [stdout]                                at /rustc/6067b36314ab5eb2eb47cecc464545ba58e1ad24/library/std/src/panicking.rs:550:19
[INFO] [stdout]   67:     0x56250180af33 - std::panic::catch_unwind::h6b3ff07bb5afad93
[INFO] [stdout]                                at /rustc/6067b36314ab5eb2eb47cecc464545ba58e1ad24/library/std/src/panic.rs:358:14
[INFO] [stdout]   68:     0x56250180af33 - test::run_test_in_process::hc7253dd11b39b9f4
[INFO] [stdout]                                at /rustc/6067b36314ab5eb2eb47cecc464545ba58e1ad24/library/test/src/lib.rs:655:27
[INFO] [stdout]   69:     0x56250180af33 - test::run_test::{{closure}}::hfb2007f8649c30bb
[INFO] [stdout]                                at /rustc/6067b36314ab5eb2eb47cecc464545ba58e1ad24/library/test/src/lib.rs:576:43
[INFO] [stdout]   70:     0x5625017ce015 - test::run_test::{{closure}}::h56a17aa7a282a9f4
[INFO] [stdout]                                at /rustc/6067b36314ab5eb2eb47cecc464545ba58e1ad24/library/test/src/lib.rs:606:41
[INFO] [stdout]   71:     0x5625017ce015 - std::sys::backtrace::__rust_begin_short_backtrace::hd2d2d2fb8e8c6aac
[INFO] [stdout]                                at /rustc/6067b36314ab5eb2eb47cecc464545ba58e1ad24/library/std/src/sys/backtrace.rs:152:18
[INFO] [stdout]   72:     0x5625017d18fa - std::thread::Builder::spawn_unchecked_::{{closure}}::{{closure}}::h4faa3f9db6133423
[INFO] [stdout]                                at /rustc/6067b36314ab5eb2eb47cecc464545ba58e1ad24/library/std/src/thread/mod.rs:559:17
[INFO] [stdout]   73:     0x5625017d18fa - <core::panic::unwind_safe::AssertUnwindSafe<F> as core::ops::function::FnOnce<()>>::call_once::hf2e855a36a4ea846
[INFO] [stdout]                                at /rustc/6067b36314ab5eb2eb47cecc464545ba58e1ad24/library/core/src/panic/unwind_safe.rs:272:9
[INFO] [stdout]   74:     0x5625017d18fa - std::panicking::try::do_call::h2f73af3616c35465
[INFO] [stdout]                                at /rustc/6067b36314ab5eb2eb47cecc464545ba58e1ad24/library/std/src/panicking.rs:587:40
[INFO] [stdout]   75:     0x5625017d18fa - std::panicking::try::hd1660ce9efadef5a
[INFO] [stdout]                                at /rustc/6067b36314ab5eb2eb47cecc464545ba58e1ad24/library/std/src/panicking.rs:550:19
[INFO] [stdout]   76:     0x5625017d18fa - std::panic::catch_unwind::h5ee8d7823b8ca744
[INFO] [stdout]                                at /rustc/6067b36314ab5eb2eb47cecc464545ba58e1ad24/library/std/src/panic.rs:358:14
[INFO] [stdout]   77:     0x5625017d18fa - std::thread::Builder::spawn_unchecked_::{{closure}}::h53c3a1894dce8407
[INFO] [stdout]                                at /rustc/6067b36314ab5eb2eb47cecc464545ba58e1ad24/library/std/src/thread/mod.rs:557:30
[INFO] [stdout]   78:     0x5625017d18fa - core::ops::function::FnOnce::call_once{{vtable.shim}}::h048ce291ad4f62bf
[INFO] [stdout]                                at /rustc/6067b36314ab5eb2eb47cecc464545ba58e1ad24/library/core/src/ops/function.rs:250:5
[INFO] [stdout]   79:     0x562501c4e64b - <alloc::boxed::Box<F,A> as core::ops::function::FnOnce<Args>>::call_once::ha52bedf99a3b4981
[INFO] [stdout]                                at /rustc/6067b36314ab5eb2eb47cecc464545ba58e1ad24/library/alloc/src/boxed.rs:2013:9
[INFO] [stdout]   80:     0x562501c4e64b - <alloc::boxed::Box<F,A> as core::ops::function::FnOnce<Args>>::call_once::h567748934d80ccf8
[INFO] [stdout]                                at /rustc/6067b36314ab5eb2eb47cecc464545ba58e1ad24/library/alloc/src/boxed.rs:2013:9
[INFO] [stdout]   81:     0x562501c4e64b - std::sys::pal::unix::thread::Thread::new::thread_start::h2d970728ae887adc
[INFO] [stdout]                                at /rustc/6067b36314ab5eb2eb47cecc464545ba58e1ad24/library/std/src/sys/pal/unix/thread.rs:106:17
[INFO] [stdout]   82:     0x74fa81acbac3 - <unknown>
[INFO] [stdout]   83:     0x74fa81b5ca04 - clone
[INFO] [stdout]   84:                0x0 - <unknown>
[INFO] [stdout] 
[INFO] [stdout] 
[INFO] [stdout] failures:
[INFO] [stdout]     subscribe_returns_200_with_valid_information
[INFO] [stdout] 
[INFO] [stdout] test result: FAILED. 1 passed; 1 failed; 0 ignored; 0 measured; 0 filtered out; finished in 0.06s
[INFO] [stdout] 
[INFO] [stderr] error: test failed, to rerun pass `--test subscribe_check`
[INFO] running `Command { std: "docker" "inspect" "38b8ca85a168f7b484c05a24710dfeb67b99160efc9506c5db7dbc20dc5c8818", kill_on_drop: false }`
[INFO] running `Command { std: "docker" "rm" "-f" "38b8ca85a168f7b484c05a24710dfeb67b99160efc9506c5db7dbc20dc5c8818", kill_on_drop: false }`
[INFO] [stdout] 38b8ca85a168f7b484c05a24710dfeb67b99160efc9506c5db7dbc20dc5c8818
