[INFO] cloning repository https://github.com/awslabs/cargo-check-external-types
[INFO] running `Command { std: "git" "-c" "credential.helper=" "-c" "credential.helper=/workspace/cargo-home/bin/git-credential-null" "clone" "--bare" "https://github.com/awslabs/cargo-check-external-types" "/workspace/cache/git-repos/https%3A%2F%2Fgithub.com%2Fawslabs%2Fcargo-check-external-types", kill_on_drop: false }`
[INFO] [stderr] Cloning into bare repository '/workspace/cache/git-repos/https%3A%2F%2Fgithub.com%2Fawslabs%2Fcargo-check-external-types'...
[INFO] running `Command { std: "git" "rev-parse" "HEAD", kill_on_drop: false }`
[INFO] [stdout] 9c1476fff036aa77d66e1051bb21d25745f2d639
[INFO] testing awslabs/cargo-check-external-types against nightly-2025-01-18+rustflags=-Zrandomize-layout for randomize-layout-2
[INFO] running `Command { std: "git" "clone" "/workspace/cache/git-repos/https%3A%2F%2Fgithub.com%2Fawslabs%2Fcargo-check-external-types" "/workspace/builds/worker-0-tc2/source", kill_on_drop: false }`
[INFO] [stderr] Cloning into '/workspace/builds/worker-0-tc2/source'...
[INFO] [stderr] done.
[INFO] validating manifest of git repo https://github.com/awslabs/cargo-check-external-types on toolchain nightly-2025-01-18
[INFO] running `Command { std: CARGO_HOME="/workspace/cargo-home" RUSTUP_HOME="/workspace/rustup-home" "/workspace/cargo-home/bin/cargo" "+nightly-2025-01-18" "metadata" "--manifest-path" "Cargo.toml" "--no-deps", kill_on_drop: false }`
[INFO] removed /workspace/builds/worker-0-tc2/source/rust-toolchain.toml
[INFO] started tweaking git repo https://github.com/awslabs/cargo-check-external-types
[INFO] finished tweaking git repo https://github.com/awslabs/cargo-check-external-types
[INFO] tweaked toml for git repo https://github.com/awslabs/cargo-check-external-types written to /workspace/builds/worker-0-tc2/source/Cargo.toml
[INFO] crate git repo https://github.com/awslabs/cargo-check-external-types already has a lockfile, it will not be regenerated
[INFO] running `Command { std: CARGO_HOME="/workspace/cargo-home" RUSTUP_HOME="/workspace/rustup-home" "/workspace/cargo-home/bin/cargo" "+nightly-2025-01-18" "fetch" "--manifest-path" "Cargo.toml", kill_on_drop: false }`
[INFO] running `Command { std: "docker" "create" "-v" "/var/lib/crater-agent-workspace/builds/worker-0-tc2/target:/opt/rustwide/target:rw,Z" "-v" "/var/lib/crater-agent-workspace/builds/worker-0-tc2/source:/opt/rustwide/workdir:ro,Z" "-v" "/var/lib/crater-agent-workspace/cargo-home:/opt/rustwide/cargo-home:ro,Z" "-v" "/var/lib/crater-agent-workspace/rustup-home:/opt/rustwide/rustup-home:ro,Z" "-e" "SOURCE_DIR=/opt/rustwide/workdir" "-e" "CARGO_TARGET_DIR=/opt/rustwide/target" "-e" "CARGO_HOME=/opt/rustwide/cargo-home" "-e" "RUSTUP_HOME=/opt/rustwide/rustup-home" "-w" "/opt/rustwide/workdir" "-m" "1610612736" "--user" "0:0" "--network" "none" "ghcr.io/rust-lang/crates-build-env/linux@sha256:819108c5571ea2e421544af4d832f968d213c87fbe3707a016657f43d2f853bc" "/opt/rustwide/cargo-home/bin/cargo" "+nightly-2025-01-18" "metadata" "--no-deps" "--format-version=1", kill_on_drop: false }`
[INFO] [stdout] b9c1be467658f851e4db2a21b2011acb288a96f6bc9e020664f2bf08e518b88a
[INFO] running `Command { std: "docker" "start" "-a" "b9c1be467658f851e4db2a21b2011acb288a96f6bc9e020664f2bf08e518b88a", kill_on_drop: false }`
[INFO] running `Command { std: "docker" "inspect" "b9c1be467658f851e4db2a21b2011acb288a96f6bc9e020664f2bf08e518b88a", kill_on_drop: false }`
[INFO] running `Command { std: "docker" "rm" "-f" "b9c1be467658f851e4db2a21b2011acb288a96f6bc9e020664f2bf08e518b88a", kill_on_drop: false }`
[INFO] [stdout] b9c1be467658f851e4db2a21b2011acb288a96f6bc9e020664f2bf08e518b88a
[INFO] running `Command { std: "docker" "create" "-v" "/var/lib/crater-agent-workspace/builds/worker-0-tc2/target:/opt/rustwide/target:rw,Z" "-v" "/var/lib/crater-agent-workspace/builds/worker-0-tc2/source:/opt/rustwide/workdir:ro,Z" "-v" "/var/lib/crater-agent-workspace/cargo-home:/opt/rustwide/cargo-home:ro,Z" "-v" "/var/lib/crater-agent-workspace/rustup-home:/opt/rustwide/rustup-home:ro,Z" "-e" "SOURCE_DIR=/opt/rustwide/workdir" "-e" "CARGO_TARGET_DIR=/opt/rustwide/target" "-e" "CARGO_INCREMENTAL=0" "-e" "RUST_BACKTRACE=full" "-e" "RUSTFLAGS=--cap-lints=forbid -Zrandomize-layout" "-e" "RUSTDOCFLAGS=--cap-lints=forbid" "-e" "CARGO_HOME=/opt/rustwide/cargo-home" "-e" "RUSTUP_HOME=/opt/rustwide/rustup-home" "-w" "/opt/rustwide/workdir" "-m" "1610612736" "--user" "0:0" "--network" "none" "ghcr.io/rust-lang/crates-build-env/linux@sha256:819108c5571ea2e421544af4d832f968d213c87fbe3707a016657f43d2f853bc" "/opt/rustwide/cargo-home/bin/cargo" "+nightly-2025-01-18" "build" "--frozen" "--message-format=json", kill_on_drop: false }`
[INFO] [stdout] 4d06081d79fa9a855c86569f53ae27bde351a62ef7778fb91ed60c6fd9e32c6a
[INFO] running `Command { std: "docker" "start" "-a" "4d06081d79fa9a855c86569f53ae27bde351a62ef7778fb91ed60c6fd9e32c6a", kill_on_drop: false }`
[INFO] [stderr]    Compiling proc-macro2 v1.0.92
[INFO] [stderr]    Compiling unicode-ident v1.0.13
[INFO] [stderr]    Compiling serde v1.0.214
[INFO] [stderr]    Compiling once_cell v1.20.2
[INFO] [stderr]    Compiling libc v0.2.161
[INFO] [stderr]    Compiling utf8parse v0.2.2
[INFO] [stderr]    Compiling colorchoice v1.0.3
[INFO] [stderr]    Compiling is_ci v1.2.0
[INFO] [stderr]    Compiling thiserror v1.0.66
[INFO] [stderr]    Compiling is_terminal_polyfill v1.70.1
[INFO] [stderr]    Compiling memchr v2.7.4
[INFO] [stderr]    Compiling regex-syntax v0.6.29
[INFO] [stderr]    Compiling regex-syntax v0.8.5
[INFO] [stderr]    Compiling anstyle-query v1.1.2
[INFO] [stderr]    Compiling thiserror v2.0.9
[INFO] [stderr]    Compiling semver v1.0.23
[INFO] [stderr]    Compiling anstyle-parse v0.2.6
[INFO] [stderr]    Compiling hashbrown v0.15.2
[INFO] [stderr]    Compiling serde_json v1.0.134
[INFO] [stderr]    Compiling anstyle v1.0.10
[INFO] [stderr]    Compiling camino v1.1.9
[INFO] [stderr]    Compiling equivalent v1.0.1
[INFO] [stderr]    Compiling ryu v1.0.18
[INFO] [stderr]    Compiling tracing-core v0.1.33
[INFO] [stderr]    Compiling pin-project-lite v0.2.15
[INFO] [stderr]    Compiling heck v0.5.0
[INFO] [stderr]    Compiling clap_lex v0.7.2
[INFO] [stderr]    Compiling owo-colors v4.1.0
[INFO] [stderr]    Compiling anstream v0.6.17
[INFO] [stderr]    Compiling strsim v0.11.1
[INFO] [stderr]    Compiling winnow v0.6.20
[INFO] [stderr]    Compiling log v0.4.22
[INFO] [stderr]    Compiling overload v0.1.1
[INFO] [stderr]    Compiling anyhow v1.0.95
[INFO] [stderr]    Compiling itoa v1.0.11
[INFO] [stderr]    Compiling sharded-slab v0.1.7
[INFO] [stderr]    Compiling nu-ansi-term v0.46.0
[INFO] [stderr]    Compiling thread_local v1.1.8
[INFO] [stderr]    Compiling supports-color v3.0.1
[INFO] [stderr]    Compiling tracing-log v0.2.0
[INFO] [stderr]    Compiling indexmap v2.6.0
[INFO] [stderr]    Compiling clap_builder v4.5.20
[INFO] [stderr]    Compiling smallvec v1.13.2
[INFO] [stderr]    Compiling ucd-trie v0.1.7
[INFO] [stderr]    Compiling is-terminal v0.4.13
[INFO] [stderr]    Compiling wildmatch v2.4.0
[INFO] [stderr]    Compiling supports-color v2.1.0
[INFO] [stderr]    Compiling quote v1.0.37
[INFO] [stderr]    Compiling syn v2.0.91
[INFO] [stderr]    Compiling regex-automata v0.4.8
[INFO] [stderr]    Compiling regex-automata v0.1.10
[INFO] [stderr]    Compiling matchers v0.1.0
[INFO] [stderr]    Compiling regex v1.11.1
[INFO] [stderr]    Compiling serde_derive v1.0.214
[INFO] [stderr]    Compiling thiserror-impl v1.0.66
[INFO] [stderr]    Compiling tracing-attributes v0.1.28
[INFO] [stderr]    Compiling thiserror-impl v2.0.9
[INFO] [stderr]    Compiling clap_derive v4.5.18
[INFO] [stderr]    Compiling tracing v0.1.41
[INFO] [stderr]    Compiling pest v2.7.14
[INFO] [stderr]    Compiling tracing-subscriber v0.3.19
[INFO] [stderr]    Compiling clap v4.5.20
[INFO] [stderr]    Compiling serde_spanned v0.6.8
[INFO] [stderr]    Compiling toml_datetime v0.6.8
[INFO] [stderr]    Compiling cargo-platform v0.1.8
[INFO] [stderr]    Compiling rustdoc-types v0.32.2
[INFO] [stderr]    Compiling toml_edit v0.22.22
[INFO] [stderr]    Compiling cargo_metadata v0.19.1
[INFO] [stderr]    Compiling toml v0.8.19
[INFO] [stderr]    Compiling cargo-check-external-types v0.1.14 (/opt/rustwide/workdir)
[INFO] [stderr]     Finished `dev` profile [unoptimized + debuginfo] target(s) in 25.96s
[INFO] running `Command { std: "docker" "inspect" "4d06081d79fa9a855c86569f53ae27bde351a62ef7778fb91ed60c6fd9e32c6a", kill_on_drop: false }`
[INFO] running `Command { std: "docker" "rm" "-f" "4d06081d79fa9a855c86569f53ae27bde351a62ef7778fb91ed60c6fd9e32c6a", kill_on_drop: false }`
[INFO] [stdout] 4d06081d79fa9a855c86569f53ae27bde351a62ef7778fb91ed60c6fd9e32c6a
[INFO] running `Command { std: "docker" "create" "-v" "/var/lib/crater-agent-workspace/builds/worker-0-tc2/target:/opt/rustwide/target:rw,Z" "-v" "/var/lib/crater-agent-workspace/builds/worker-0-tc2/source:/opt/rustwide/workdir:ro,Z" "-v" "/var/lib/crater-agent-workspace/cargo-home:/opt/rustwide/cargo-home:ro,Z" "-v" "/var/lib/crater-agent-workspace/rustup-home:/opt/rustwide/rustup-home:ro,Z" "-e" "SOURCE_DIR=/opt/rustwide/workdir" "-e" "CARGO_TARGET_DIR=/opt/rustwide/target" "-e" "CARGO_INCREMENTAL=0" "-e" "RUST_BACKTRACE=full" "-e" "RUSTFLAGS=--cap-lints=forbid -Zrandomize-layout" "-e" "RUSTDOCFLAGS=--cap-lints=forbid" "-e" "CARGO_HOME=/opt/rustwide/cargo-home" "-e" "RUSTUP_HOME=/opt/rustwide/rustup-home" "-w" "/opt/rustwide/workdir" "-m" "1610612736" "--user" "0:0" "--network" "none" "ghcr.io/rust-lang/crates-build-env/linux@sha256:819108c5571ea2e421544af4d832f968d213c87fbe3707a016657f43d2f853bc" "/opt/rustwide/cargo-home/bin/cargo" "+nightly-2025-01-18" "test" "--frozen" "--no-run" "--message-format=json", kill_on_drop: false }`
[INFO] [stdout] a1410231cdce0866e648720e603736f304cca4cd5faad058f506eca86f546347
[INFO] running `Command { std: "docker" "start" "-a" "a1410231cdce0866e648720e603736f304cca4cd5faad058f506eca86f546347", kill_on_drop: false }`
[INFO] [stderr]    Compiling yansi v1.0.1
[INFO] [stderr]    Compiling diff v0.1.13
[INFO] [stderr]    Compiling test_bin v0.4.0
[INFO] [stderr]    Compiling pretty_assertions v1.4.1
[INFO] [stderr]    Compiling cargo-check-external-types v0.1.14 (/opt/rustwide/workdir)
[INFO] [stderr]     Finished `test` profile [unoptimized + debuginfo] target(s) in 3.48s
[INFO] running `Command { std: "docker" "inspect" "a1410231cdce0866e648720e603736f304cca4cd5faad058f506eca86f546347", kill_on_drop: false }`
[INFO] running `Command { std: "docker" "rm" "-f" "a1410231cdce0866e648720e603736f304cca4cd5faad058f506eca86f546347", kill_on_drop: false }`
[INFO] [stdout] a1410231cdce0866e648720e603736f304cca4cd5faad058f506eca86f546347
[INFO] running `Command { std: "docker" "create" "-v" "/var/lib/crater-agent-workspace/builds/worker-0-tc2/target:/opt/rustwide/target:rw,Z" "-v" "/var/lib/crater-agent-workspace/builds/worker-0-tc2/source:/opt/rustwide/workdir:ro,Z" "-v" "/var/lib/crater-agent-workspace/cargo-home:/opt/rustwide/cargo-home:ro,Z" "-v" "/var/lib/crater-agent-workspace/rustup-home:/opt/rustwide/rustup-home:ro,Z" "-e" "SOURCE_DIR=/opt/rustwide/workdir" "-e" "CARGO_TARGET_DIR=/opt/rustwide/target" "-e" "CARGO_INCREMENTAL=0" "-e" "RUST_BACKTRACE=full" "-e" "RUSTFLAGS=--cap-lints=forbid -Zrandomize-layout" "-e" "RUSTDOCFLAGS=--cap-lints=forbid" "-e" "CARGO_HOME=/opt/rustwide/cargo-home" "-e" "RUSTUP_HOME=/opt/rustwide/rustup-home" "-w" "/opt/rustwide/workdir" "-m" "1610612736" "--user" "0:0" "--network" "none" "ghcr.io/rust-lang/crates-build-env/linux@sha256:819108c5571ea2e421544af4d832f968d213c87fbe3707a016657f43d2f853bc" "/opt/rustwide/cargo-home/bin/cargo" "+nightly-2025-01-18" "test" "--frozen", kill_on_drop: false }`
[INFO] [stdout] 8e6bf414a9a04d35f0141c74d18c086718c68372eb57d4d15ff10905ebdfd28f
[INFO] running `Command { std: "docker" "start" "-a" "8e6bf414a9a04d35f0141c74d18c086718c68372eb57d4d15ff10905ebdfd28f", kill_on_drop: false }`
[INFO] [stderr]     Finished `test` profile [unoptimized + debuginfo] target(s) in 0.18s
[INFO] [stderr]      Running unittests src/lib.rs (/opt/rustwide/target/debug/deps/cargo_check_external_types-6ce2631da01aed3e)
[INFO] [stdout] 
[INFO] [stdout] running 3 tests
[INFO] [stdout] test config::tests::deserialize_config ... ok
[INFO] [stdout] test config::tests::deserialize_config_multiple_allow ... ok
[INFO] [stdout] test config::tests::test_allows_type ... ok
[INFO] [stdout] 
[INFO] [stdout] test result: ok. 3 passed; 0 failed; 0 ignored; 0 measured; 0 filtered out; finished in 0.00s
[INFO] [stdout] 
[INFO] [stderr]      Running unittests src/main.rs (/opt/rustwide/target/debug/deps/cargo_check_external_types-558902ec5aea522b)
[INFO] [stdout] 
[INFO] [stdout] running 10 tests
[INFO] [stdout] test cli_tests::verify_cli ... ok
[INFO] [stdout] test arg_parse_tests::feature_list ... ok
[INFO] [stdout] test arg_parse_tests::no_default_features ... ok
[INFO] [stdout] test arg_parse_tests::output_format_markdown_table ... ok
[INFO] [stdout] test arg_parse_tests::conflict_all_features_no_default_features ... ok
[INFO] [stdout] test arg_parse_tests::target ... ok
[INFO] [stdout] test arg_parse_tests::verbose ... ok
[INFO] [stdout] test arg_parse_tests::manifest_path ... ok
[INFO] [stdout] test arg_parse_tests::all_features ... ok
[INFO] [stdout] test arg_parse_tests::defaults ... ok
[INFO] [stdout] 
[INFO] [stdout] test result: ok. 10 passed; 0 failed; 0 ignored; 0 measured; 0 filtered out; finished in 0.03s
[INFO] [stdout] 
[INFO] [stderr]      Running tests/integration_test.rs (/opt/rustwide/target/debug/deps/integration_test-d40e9588b299a14c)
[INFO] [stdout] 
[INFO] [stdout] running 10 tests
[INFO] [stdout] test with_some_allowed_types_explicit_config_file ... FAILED
[INFO] [stdout] test with_default_config ... FAILED
[INFO] [stdout] test with_custom_lib_name ... FAILED
[INFO] [stdout] test test_unused_allowed_external_types ... FAILED
[INFO] [stdout] test test_multiple_allowed_external_types ... FAILED
[INFO] [stdout] test with_some_allowed_types ... FAILED
[INFO] [stdout] test with_some_allowed_types_in_metadata ... FAILED
[INFO] [stdout] test test_type_exported_from_hidden_module ... FAILED
[INFO] [stdout] test with_output_format_markdown_table ... FAILED
[INFO] [stdout] test test_reexports ... FAILED
[INFO] [stdout] 
[INFO] [stdout] failures:
[INFO] [stdout] 
[INFO] [stdout] ---- with_some_allowed_types_explicit_config_file stdout ----
[INFO] [stdout] 
[INFO] [stdout] thread 'with_some_allowed_types_explicit_config_file' panicked at tests/integration_test.rs:33:68:
[INFO] [stdout] called `Result::unwrap()` on an `Err` value: Failed to cargo-check-external-types:
[INFO] [stdout] Status: 2
[INFO] [stdout] Stdout: error at src/main.rs:153:60: `cargo metadata` exited with an error: error: failed to write /opt/rustwide/workdir/test-workspace/Cargo.lock
[INFO] [stdout] 
[INFO] [stdout] Caused by:
[INFO] [stdout]   failed to open: /opt/rustwide/workdir/test-workspace/Cargo.lock
[INFO] [stdout] 
[INFO] [stdout] Caused by:
[INFO] [stdout]   Read-only file system (os error 30)
[INFO] [stdout] 
[INFO] [stdout] 
[INFO] [stdout] Stderr: [src/main.rs:105:30] err = Error {
[INFO] [stdout]     context: "error at src/main.rs:153:60",
[INFO] [stdout]     source: CargoMetadata {
[INFO] [stdout]         stderr: "error: failed to write /opt/rustwide/workdir/test-workspace/Cargo.lock\n\nCaused by:\n  failed to open: /opt/rustwide/workdir/test-workspace/Cargo.lock\n\nCaused by:\n  Read-only file system (os error 30)\n",
[INFO] [stdout]     },
[INFO] [stdout] }
[INFO] [stdout] 
[INFO] [stdout] 
[INFO] [stdout] 
[INFO] [stdout] Stack backtrace:
[INFO] [stdout]    0: anyhow::error::<impl anyhow::Error>::msg
[INFO] [stdout]              at /opt/rustwide/cargo-home/registry/src/index.crates.io-1949cf8c6b5b557f/anyhow-1.0.95/src/backtrace.rs:27:14
[INFO] [stdout]    1: cargo_check_external_types::cargo::capture_error
[INFO] [stdout]              at ./src/cargo.rs:129:5
[INFO] [stdout]    2: cargo_check_external_types::cargo::handle_failure
[INFO] [stdout]              at ./src/cargo.rs:112:20
[INFO] [stdout]    3: integration_test::run_with_args
[INFO] [stdout]              at ./tests/integration_test.rs:33:14
[INFO] [stdout]    4: integration_test::with_some_allowed_types_explicit_config_file
[INFO] [stdout]              at ./tests/integration_test.rs:77:25
[INFO] [stdout]    5: integration_test::with_some_allowed_types_explicit_config_file::{{closure}}
[INFO] [stdout]              at ./tests/integration_test.rs:76:50
[INFO] [stdout]    6: core::ops::function::FnOnce::call_once
[INFO] [stdout]              at /rustc/6067b36314ab5eb2eb47cecc464545ba58e1ad24/library/core/src/ops/function.rs:250:5
[INFO] [stdout]    7: core::ops::function::FnOnce::call_once
[INFO] [stdout]              at /rustc/6067b36314ab5eb2eb47cecc464545ba58e1ad24/library/core/src/ops/function.rs:250:5
[INFO] [stdout]    8: test::__rust_begin_short_backtrace
[INFO] [stdout]              at /rustc/6067b36314ab5eb2eb47cecc464545ba58e1ad24/library/test/src/lib.rs:632:18
[INFO] [stdout]    9: test::run_test_in_process::{{closure}}
[INFO] [stdout]              at /rustc/6067b36314ab5eb2eb47cecc464545ba58e1ad24/library/test/src/lib.rs:655:60
[INFO] [stdout]   10: <core::panic::unwind_safe::AssertUnwindSafe<F> as core::ops::function::FnOnce<()>>::call_once
[INFO] [stdout]              at /rustc/6067b36314ab5eb2eb47cecc464545ba58e1ad24/library/core/src/panic/unwind_safe.rs:272:9
[INFO] [stdout]   11: std::panicking::try::do_call
[INFO] [stdout]              at /rustc/6067b36314ab5eb2eb47cecc464545ba58e1ad24/library/std/src/panicking.rs:587:40
[INFO] [stdout]   12: std::panicking::try
[INFO] [stdout]              at /rustc/6067b36314ab5eb2eb47cecc464545ba58e1ad24/library/std/src/panicking.rs:550:19
[INFO] [stdout]   13: std::panic::catch_unwind
[INFO] [stdout]              at /rustc/6067b36314ab5eb2eb47cecc464545ba58e1ad24/library/std/src/panic.rs:358:14
[INFO] [stdout]   14: test::run_test_in_process
[INFO] [stdout]              at /rustc/6067b36314ab5eb2eb47cecc464545ba58e1ad24/library/test/src/lib.rs:655:27
[INFO] [stdout]   15: test::run_test::{{closure}}
[INFO] [stdout]              at /rustc/6067b36314ab5eb2eb47cecc464545ba58e1ad24/library/test/src/lib.rs:576:43
[INFO] [stdout]   16: test::run_test::{{closure}}
[INFO] [stdout]              at /rustc/6067b36314ab5eb2eb47cecc464545ba58e1ad24/library/test/src/lib.rs:606:41
[INFO] [stdout]   17: std::sys::backtrace::__rust_begin_short_backtrace
[INFO] [stdout]              at /rustc/6067b36314ab5eb2eb47cecc464545ba58e1ad24/library/std/src/sys/backtrace.rs:152:18
[INFO] [stdout]   18: std::thread::Builder::spawn_unchecked_::{{closure}}::{{closure}}
[INFO] [stdout]              at /rustc/6067b36314ab5eb2eb47cecc464545ba58e1ad24/library/std/src/thread/mod.rs:559:17
[INFO] [stdout]   19: <core::panic::unwind_safe::AssertUnwindSafe<F> as core::ops::function::FnOnce<()>>::call_once
[INFO] [stdout]              at /rustc/6067b36314ab5eb2eb47cecc464545ba58e1ad24/library/core/src/panic/unwind_safe.rs:272:9
[INFO] [stdout]   20: std::panicking::try::do_call
[INFO] [stdout]              at /rustc/6067b36314ab5eb2eb47cecc464545ba58e1ad24/library/std/src/panicking.rs:587:40
[INFO] [stdout]   21: std::panicking::try
[INFO] [stdout]              at /rustc/6067b36314ab5eb2eb47cecc464545ba58e1ad24/library/std/src/panicking.rs:550:19
[INFO] [stdout]   22: std::panic::catch_unwind
[INFO] [stdout]              at /rustc/6067b36314ab5eb2eb47cecc464545ba58e1ad24/library/std/src/panic.rs:358:14
[INFO] [stdout]   23: std::thread::Builder::spawn_unchecked_::{{closure}}
[INFO] [stdout]              at /rustc/6067b36314ab5eb2eb47cecc464545ba58e1ad24/library/std/src/thread/mod.rs:557:30
[INFO] [stdout]   24: core::ops::function::FnOnce::call_once{{vtable.shim}}
[INFO] [stdout]              at /rustc/6067b36314ab5eb2eb47cecc464545ba58e1ad24/library/core/src/ops/function.rs:250:5
[INFO] [stdout]   25: <alloc::boxed::Box<F,A> as core::ops::function::FnOnce<Args>>::call_once
[INFO] [stdout]              at /rustc/6067b36314ab5eb2eb47cecc464545ba58e1ad24/library/alloc/src/boxed.rs:2013:9
[INFO] [stdout]   26: <alloc::boxed::Box<F,A> as core::ops::function::FnOnce<Args>>::call_once
[INFO] [stdout]              at /rustc/6067b36314ab5eb2eb47cecc464545ba58e1ad24/library/alloc/src/boxed.rs:2013:9
[INFO] [stdout]   27: std::sys::pal::unix::thread::Thread::new::thread_start
[INFO] [stdout]              at /rustc/6067b36314ab5eb2eb47cecc464545ba58e1ad24/library/std/src/sys/pal/unix/thread.rs:106:17
[INFO] [stdout]   28: <unknown>
[INFO] [stdout]   29: clone
[INFO] [stdout] stack backtrace:
[INFO] [stdout]    0:     0x64a23af5e69a - std::backtrace_rs::backtrace::libunwind::trace::hb059275cfc8d6126
[INFO] [stdout]                                at /rustc/6067b36314ab5eb2eb47cecc464545ba58e1ad24/library/std/src/../../backtrace/src/backtrace/libunwind.rs:116:5
[INFO] [stdout]    1:     0x64a23af5e69a - std::backtrace_rs::backtrace::trace_unsynchronized::h2da071e4327ce3ee
[INFO] [stdout]                                at /rustc/6067b36314ab5eb2eb47cecc464545ba58e1ad24/library/std/src/../../backtrace/src/backtrace/mod.rs:66:5
[INFO] [stdout]    2:     0x64a23af5e69a - std::sys::backtrace::_print_fmt::h842a1474e6f8d23f
[INFO] [stdout]                                at /rustc/6067b36314ab5eb2eb47cecc464545ba58e1ad24/library/std/src/sys/backtrace.rs:66:9
[INFO] [stdout]    3:     0x64a23af5e69a - <std::sys::backtrace::BacktraceLock::print::DisplayBacktrace as core::fmt::Display>::fmt::h71a62eb3b9696b12
[INFO] [stdout]                                at /rustc/6067b36314ab5eb2eb47cecc464545ba58e1ad24/library/std/src/sys/backtrace.rs:39:26
[INFO] [stdout]    4:     0x64a23af86143 - core::fmt::rt::Argument::fmt::hdb6b616786b41dc1
[INFO] [stdout]                                at /rustc/6067b36314ab5eb2eb47cecc464545ba58e1ad24/library/core/src/fmt/rt.rs:177:76
[INFO] [stdout]    5:     0x64a23af86143 - core::fmt::write::h2cc1698af7e2d686
[INFO] [stdout]                                at /rustc/6067b36314ab5eb2eb47cecc464545ba58e1ad24/library/core/src/fmt/mod.rs:1440:21
[INFO] [stdout]    6:     0x64a23af5af83 - std::io::Write::write_fmt::hab1b4cd059a79022
[INFO] [stdout]                                at /rustc/6067b36314ab5eb2eb47cecc464545ba58e1ad24/library/std/src/io/mod.rs:1887:15
[INFO] [stdout]    7:     0x64a23af5e4e2 - std::sys::backtrace::BacktraceLock::print::h147fe35b4ea13b08
[INFO] [stdout]                                at /rustc/6067b36314ab5eb2eb47cecc464545ba58e1ad24/library/std/src/sys/backtrace.rs:42:9
[INFO] [stdout]    8:     0x64a23af5fabf - std::panicking::default_hook::{{closure}}::hbd44223dbdc0d208
[INFO] [stdout]                                at /rustc/6067b36314ab5eb2eb47cecc464545ba58e1ad24/library/std/src/panicking.rs:298:22
[INFO] [stdout]    9:     0x64a23af5f8d8 - std::panicking::default_hook::h20f81eb0576efcec
[INFO] [stdout]                                at /rustc/6067b36314ab5eb2eb47cecc464545ba58e1ad24/library/std/src/panicking.rs:322:9
[INFO] [stdout]   10:     0x64a23aef7693 - <alloc::boxed::Box<F,A> as core::ops::function::Fn<Args>>::call::hdb53814c496a4d34
[INFO] [stdout]                                at /rustc/6067b36314ab5eb2eb47cecc464545ba58e1ad24/library/alloc/src/boxed.rs:2027:9
[INFO] [stdout]   11:     0x64a23aef7693 - test::test_main::{{closure}}::hc0a4963c59427c24
[INFO] [stdout]                                at /rustc/6067b36314ab5eb2eb47cecc464545ba58e1ad24/library/test/src/lib.rs:134:21
[INFO] [stdout]   12:     0x64a23af605b3 - <alloc::boxed::Box<F,A> as core::ops::function::Fn<Args>>::call::h591b2225413a77e9
[INFO] [stdout]                                at /rustc/6067b36314ab5eb2eb47cecc464545ba58e1ad24/library/alloc/src/boxed.rs:2027:9
[INFO] [stdout]   13:     0x64a23af605b3 - std::panicking::rust_panic_with_hook::h625eea43051b2edc
[INFO] [stdout]                                at /rustc/6067b36314ab5eb2eb47cecc464545ba58e1ad24/library/std/src/panicking.rs:839:13
[INFO] [stdout]   14:     0x64a23af6026a - std::panicking::begin_panic_handler::{{closure}}::h4f9159cfbc3f6bd3
[INFO] [stdout]                                at /rustc/6067b36314ab5eb2eb47cecc464545ba58e1ad24/library/std/src/panicking.rs:704:13
[INFO] [stdout]   15:     0x64a23af5eb99 - std::sys::backtrace::__rust_end_short_backtrace::h0390abce48353151
[INFO] [stdout]                                at /rustc/6067b36314ab5eb2eb47cecc464545ba58e1ad24/library/std/src/sys/backtrace.rs:168:18
[INFO] [stdout]   16:     0x64a23af5fefd - rust_begin_unwind
[INFO] [stdout]                                at /rustc/6067b36314ab5eb2eb47cecc464545ba58e1ad24/library/std/src/panicking.rs:695:5
[INFO] [stdout]   17:     0x64a23af84b50 - core::panicking::panic_fmt::h9e7c637e9e5f29c9
[INFO] [stdout]                                at /rustc/6067b36314ab5eb2eb47cecc464545ba58e1ad24/library/core/src/panicking.rs:75:14
[INFO] [stdout]   18:     0x64a23af84f96 - core::result::unwrap_failed::h7979f09313fe1849
[INFO] [stdout]                                at /rustc/6067b36314ab5eb2eb47cecc464545ba58e1ad24/library/core/src/result.rs:1704:5
[INFO] [stdout]   19:     0x64a23aebbc78 - core::result::Result<T,E>::unwrap::hb36c887b6707c8cc
[INFO] [stdout]                                at /rustc/6067b36314ab5eb2eb47cecc464545ba58e1ad24/library/core/src/result.rs:1109:23
[INFO] [stdout]   20:     0x64a23aebbc78 - integration_test::run_with_args::h37da375c4033ae10
[INFO] [stdout]                                at /opt/rustwide/workdir/tests/integration_test.rs:33:14
[INFO] [stdout]   21:     0x64a23aebc7ef - integration_test::with_some_allowed_types_explicit_config_file::h7155e3f5f76e0c7e
[INFO] [stdout]                                at /opt/rustwide/workdir/tests/integration_test.rs:77:25
[INFO] [stdout]   22:     0x64a23aebc7a7 - integration_test::with_some_allowed_types_explicit_config_file::{{closure}}::hd4d19e4dc9f107bc
[INFO] [stdout]                                at /opt/rustwide/workdir/tests/integration_test.rs:76:50
[INFO] [stdout]   23:     0x64a23aeb77c6 - core::ops::function::FnOnce::call_once::hc744f79b4af5a995
[INFO] [stdout]                                at /rustc/6067b36314ab5eb2eb47cecc464545ba58e1ad24/library/core/src/ops/function.rs:250:5
[INFO] [stdout]   24:     0x64a23aefcdeb - core::ops::function::FnOnce::call_once::he27718dfdd183f43
[INFO] [stdout]                                at /rustc/6067b36314ab5eb2eb47cecc464545ba58e1ad24/library/core/src/ops/function.rs:250:5
[INFO] [stdout]   25:     0x64a23aefcdeb - test::__rust_begin_short_backtrace::h4e84902998457a5d
[INFO] [stdout]                                at /rustc/6067b36314ab5eb2eb47cecc464545ba58e1ad24/library/test/src/lib.rs:632:18
[INFO] [stdout]   26:     0x64a23aefbd23 - test::run_test_in_process::{{closure}}::h7176fd18fc1feca0
[INFO] [stdout]                                at /rustc/6067b36314ab5eb2eb47cecc464545ba58e1ad24/library/test/src/lib.rs:655:60
[INFO] [stdout]   27:     0x64a23aefbd23 - <core::panic::unwind_safe::AssertUnwindSafe<F> as core::ops::function::FnOnce<()>>::call_once::hf79cff2a624d8cf7
[INFO] [stdout]                                at /rustc/6067b36314ab5eb2eb47cecc464545ba58e1ad24/library/core/src/panic/unwind_safe.rs:272:9
[INFO] [stdout]   28:     0x64a23aefbd23 - std::panicking::try::do_call::h3da0561d9ab99c25
[INFO] [stdout]                                at /rustc/6067b36314ab5eb2eb47cecc464545ba58e1ad24/library/std/src/panicking.rs:587:40
[INFO] [stdout]   29:     0x64a23aefbd23 - std::panicking::try::h41c9fa508bc61df6
[INFO] [stdout]                                at /rustc/6067b36314ab5eb2eb47cecc464545ba58e1ad24/library/std/src/panicking.rs:550:19
[INFO] [stdout]   30:     0x64a23aefbd23 - std::panic::catch_unwind::h6b3ff07bb5afad93
[INFO] [stdout]                                at /rustc/6067b36314ab5eb2eb47cecc464545ba58e1ad24/library/std/src/panic.rs:358:14
[INFO] [stdout]   31:     0x64a23aefbd23 - test::run_test_in_process::hc7253dd11b39b9f4
[INFO] [stdout]                                at /rustc/6067b36314ab5eb2eb47cecc464545ba58e1ad24/library/test/src/lib.rs:655:27
[INFO] [stdout]   32:     0x64a23aefbd23 - test::run_test::{{closure}}::hfb2007f8649c30bb
[INFO] [stdout]                                at /rustc/6067b36314ab5eb2eb47cecc464545ba58e1ad24/library/test/src/lib.rs:576:43
[INFO] [stdout]   33:     0x64a23aebee05 - test::run_test::{{closure}}::h56a17aa7a282a9f4
[INFO] [stdout]                                at /rustc/6067b36314ab5eb2eb47cecc464545ba58e1ad24/library/test/src/lib.rs:606:41
[INFO] [stdout]   34:     0x64a23aebee05 - std::sys::backtrace::__rust_begin_short_backtrace::hd2d2d2fb8e8c6aac
[INFO] [stdout]                                at /rustc/6067b36314ab5eb2eb47cecc464545ba58e1ad24/library/std/src/sys/backtrace.rs:152:18
[INFO] [stdout]   35:     0x64a23aec26ea - std::thread::Builder::spawn_unchecked_::{{closure}}::{{closure}}::h4faa3f9db6133423
[INFO] [stdout]                                at /rustc/6067b36314ab5eb2eb47cecc464545ba58e1ad24/library/std/src/thread/mod.rs:559:17
[INFO] [stdout]   36:     0x64a23aec26ea - <core::panic::unwind_safe::AssertUnwindSafe<F> as core::ops::function::FnOnce<()>>::call_once::hf2e855a36a4ea846
[INFO] [stdout]                                at /rustc/6067b36314ab5eb2eb47cecc464545ba58e1ad24/library/core/src/panic/unwind_safe.rs:272:9
[INFO] [stdout]   37:     0x64a23aec26ea - std::panicking::try::do_call::h2f73af3616c35465
[INFO] [stdout]                                at /rustc/6067b36314ab5eb2eb47cecc464545ba58e1ad24/library/std/src/panicking.rs:587:40
[INFO] [stdout]   38:     0x64a23aec26ea - std::panicking::try::hd1660ce9efadef5a
[INFO] [stdout]                                at /rustc/6067b36314ab5eb2eb47cecc464545ba58e1ad24/library/std/src/panicking.rs:550:19
[INFO] [stdout]   39:     0x64a23aec26ea - std::panic::catch_unwind::h5ee8d7823b8ca744
[INFO] [stdout]                                at /rustc/6067b36314ab5eb2eb47cecc464545ba58e1ad24/library/std/src/panic.rs:358:14
[INFO] [stdout]   40:     0x64a23aec26ea - std::thread::Builder::spawn_unchecked_::{{closure}}::h53c3a1894dce8407
[INFO] [stdout]                                at /rustc/6067b36314ab5eb2eb47cecc464545ba58e1ad24/library/std/src/thread/mod.rs:557:30
[INFO] [stdout]   41:     0x64a23aec26ea - core::ops::function::FnOnce::call_once{{vtable.shim}}::h048ce291ad4f62bf
[INFO] [stdout]                                at /rustc/6067b36314ab5eb2eb47cecc464545ba58e1ad24/library/core/src/ops/function.rs:250:5
[INFO] [stdout]   42:     0x64a23af647ab - <alloc::boxed::Box<F,A> as core::ops::function::FnOnce<Args>>::call_once::ha52bedf99a3b4981
[INFO] [stdout]                                at /rustc/6067b36314ab5eb2eb47cecc464545ba58e1ad24/library/alloc/src/boxed.rs:2013:9
[INFO] [stdout]   43:     0x64a23af647ab - <alloc::boxed::Box<F,A> as core::ops::function::FnOnce<Args>>::call_once::h567748934d80ccf8
[INFO] [stdout]                                at /rustc/6067b36314ab5eb2eb47cecc464545ba58e1ad24/library/alloc/src/boxed.rs:2013:9
[INFO] [stdout]   44:     0x64a23af647ab - std::sys::pal::unix::thread::Thread::new::thread_start::h2d970728ae887adc
[INFO] [stdout]                                at /rustc/6067b36314ab5eb2eb47cecc464545ba58e1ad24/library/std/src/sys/pal/unix/thread.rs:106:17
[INFO] [stdout]   45:     0x7165638fbac3 - <unknown>
[INFO] [stdout]   46:     0x71656398ca04 - clone
[INFO] [stdout]   47:                0x0 - <unknown>
[INFO] [stdout] 
[INFO] [stdout] ---- with_default_config stdout ----
[INFO] [stdout] 
[INFO] [stdout] thread 'with_default_config' panicked at tests/integration_test.rs:33:68:
[INFO] [stdout] called `Result::unwrap()` on an `Err` value: Failed to cargo-check-external-types:
[INFO] [stdout] Status: 2
[INFO] [stdout] Stdout: error at src/main.rs:153:60: `cargo metadata` exited with an error: error: failed to write /opt/rustwide/workdir/test-workspace/Cargo.lock
[INFO] [stdout] 
[INFO] [stdout] Caused by:
[INFO] [stdout]   failed to open: /opt/rustwide/workdir/test-workspace/Cargo.lock
[INFO] [stdout] 
[INFO] [stdout] Caused by:
[INFO] [stdout]   Read-only file system (os error 30)
[INFO] [stdout] 
[INFO] [stdout] 
[INFO] [stdout] Stderr: [src/main.rs:105:30] err = Error {
[INFO] [stdout]     context: "error at src/main.rs:153:60",
[INFO] [stdout]     source: CargoMetadata {
[INFO] [stdout]         stderr: "error: failed to write /opt/rustwide/workdir/test-workspace/Cargo.lock\n\nCaused by:\n  failed to open: /opt/rustwide/workdir/test-workspace/Cargo.lock\n\nCaused by:\n  Read-only file system (os error 30)\n",
[INFO] [stdout]     },
[INFO] [stdout] }
[INFO] [stdout] 
[INFO] [stdout] 
[INFO] [stdout] 
[INFO] [stdout] Stack backtrace:
[INFO] [stdout]    0: anyhow::error::<impl anyhow::Error>::msg
[INFO] [stdout]              at /opt/rustwide/cargo-home/registry/src/index.crates.io-1949cf8c6b5b557f/anyhow-1.0.95/src/backtrace.rs:27:14
[INFO] [stdout]    1: cargo_check_external_types::cargo::capture_error
[INFO] [stdout]              at ./src/cargo.rs:129:5
[INFO] [stdout]    2: cargo_check_external_types::cargo::handle_failure
[INFO] [stdout]              at ./src/cargo.rs:112:20
[INFO] [stdout]    3: integration_test::run_with_args
[INFO] [stdout]              at ./tests/integration_test.rs:33:14
[INFO] [stdout]    4: integration_test::with_default_config
[INFO] [stdout]              at ./tests/integration_test.rs:42:25
[INFO] [stdout]    5: integration_test::with_default_config::{{closure}}
[INFO] [stdout]              at ./tests/integration_test.rs:40:25
[INFO] [stdout]    6: core::ops::function::FnOnce::call_once
[INFO] [stdout]              at /rustc/6067b36314ab5eb2eb47cecc464545ba58e1ad24/library/core/src/ops/function.rs:250:5
[INFO] [stdout]    7: core::ops::function::FnOnce::call_once
[INFO] [stdout]              at /rustc/6067b36314ab5eb2eb47cecc464545ba58e1ad24/library/core/src/ops/function.rs:250:5
[INFO] [stdout]    8: test::__rust_begin_short_backtrace
[INFO] [stdout]              at /rustc/6067b36314ab5eb2eb47cecc464545ba58e1ad24/library/test/src/lib.rs:632:18
[INFO] [stdout]    9: test::run_test_in_process::{{closure}}
[INFO] [stdout]              at /rustc/6067b36314ab5eb2eb47cecc464545ba58e1ad24/library/test/src/lib.rs:655:60
[INFO] [stdout]   10: <core::panic::unwind_safe::AssertUnwindSafe<F> as core::ops::function::FnOnce<()>>::call_once
[INFO] [stdout]              at /rustc/6067b36314ab5eb2eb47cecc464545ba58e1ad24/library/core/src/panic/unwind_safe.rs:272:9
[INFO] [stdout]   11: std::panicking::try::do_call
[INFO] [stdout]              at /rustc/6067b36314ab5eb2eb47cecc464545ba58e1ad24/library/std/src/panicking.rs:587:40
[INFO] [stdout]   12: std::panicking::try
[INFO] [stdout]              at /rustc/6067b36314ab5eb2eb47cecc464545ba58e1ad24/library/std/src/panicking.rs:550:19
[INFO] [stdout]   13: std::panic::catch_unwind
[INFO] [stdout]              at /rustc/6067b36314ab5eb2eb47cecc464545ba58e1ad24/library/std/src/panic.rs:358:14
[INFO] [stdout]   14: test::run_test_in_process
[INFO] [stdout]              at /rustc/6067b36314ab5eb2eb47cecc464545ba58e1ad24/library/test/src/lib.rs:655:27
[INFO] [stdout]   15: test::run_test::{{closure}}
[INFO] [stdout]              at /rustc/6067b36314ab5eb2eb47cecc464545ba58e1ad24/library/test/src/lib.rs:576:43
[INFO] [stdout]   16: test::run_test::{{closure}}
[INFO] [stdout]              at /rustc/6067b36314ab5eb2eb47cecc464545ba58e1ad24/library/test/src/lib.rs:606:41
[INFO] [stdout]   17: std::sys::backtrace::__rust_begin_short_backtrace
[INFO] [stdout]              at /rustc/6067b36314ab5eb2eb47cecc464545ba58e1ad24/library/std/src/sys/backtrace.rs:152:18
[INFO] [stdout]   18: std::thread::Builder::spawn_unchecked_::{{closure}}::{{closure}}
[INFO] [stdout]              at /rustc/6067b36314ab5eb2eb47cecc464545ba58e1ad24/library/std/src/thread/mod.rs:559:17
[INFO] [stdout]   19: <core::panic::unwind_safe::AssertUnwindSafe<F> as core::ops::function::FnOnce<()>>::call_once
[INFO] [stdout]              at /rustc/6067b36314ab5eb2eb47cecc464545ba58e1ad24/library/core/src/panic/unwind_safe.rs:272:9
[INFO] [stdout]   20: std::panicking::try::do_call
[INFO] [stdout]              at /rustc/6067b36314ab5eb2eb47cecc464545ba58e1ad24/library/std/src/panicking.rs:587:40
[INFO] [stdout]   21: std::panicking::try
[INFO] [stdout]              at /rustc/6067b36314ab5eb2eb47cecc464545ba58e1ad24/library/std/src/panicking.rs:550:19
[INFO] [stdout]   22: std::panic::catch_unwind
[INFO] [stdout]              at /rustc/6067b36314ab5eb2eb47cecc464545ba58e1ad24/library/std/src/panic.rs:358:14
[INFO] [stdout]   23: std::thread::Builder::spawn_unchecked_::{{closure}}
[INFO] [stdout]              at /rustc/6067b36314ab5eb2eb47cecc464545ba58e1ad24/library/std/src/thread/mod.rs:557:30
[INFO] [stdout]   24: core::ops::function::FnOnce::call_once{{vtable.shim}}
[INFO] [stdout]              at /rustc/6067b36314ab5eb2eb47cecc464545ba58e1ad24/library/core/src/ops/function.rs:250:5
[INFO] [stdout]   25: <alloc::boxed::Box<F,A> as core::ops::function::FnOnce<Args>>::call_once
[INFO] [stdout]              at /rustc/6067b36314ab5eb2eb47cecc464545ba58e1ad24/library/alloc/src/boxed.rs:2013:9
[INFO] [stdout]   26: <alloc::boxed::Box<F,A> as core::ops::function::FnOnce<Args>>::call_once
[INFO] [stdout]              at /rustc/6067b36314ab5eb2eb47cecc464545ba58e1ad24/library/alloc/src/boxed.rs:2013:9
[INFO] [stdout]   27: std::sys::pal::unix::thread::Thread::new::thread_start
[INFO] [stdout]              at /rustc/6067b36314ab5eb2eb47cecc464545ba58e1ad24/library/std/src/sys/pal/unix/thread.rs:106:17
[INFO] [stdout]   28: <unknown>
[INFO] [stdout]   29: clone
[INFO] [stdout] stack backtrace:
[INFO] [stdout]    0:     0x64a23af5e69a - std::backtrace_rs::backtrace::libunwind::trace::hb059275cfc8d6126
[INFO] [stdout]                                at /rustc/6067b36314ab5eb2eb47cecc464545ba58e1ad24/library/std/src/../../backtrace/src/backtrace/libunwind.rs:116:5
[INFO] [stdout]    1:     0x64a23af5e69a - std::backtrace_rs::backtrace::trace_unsynchronized::h2da071e4327ce3ee
[INFO] [stdout]                                at /rustc/6067b36314ab5eb2eb47cecc464545ba58e1ad24/library/std/src/../../backtrace/src/backtrace/mod.rs:66:5
[INFO] [stdout]    2:     0x64a23af5e69a - std::sys::backtrace::_print_fmt::h842a1474e6f8d23f
[INFO] [stdout]                                at /rustc/6067b36314ab5eb2eb47cecc464545ba58e1ad24/library/std/src/sys/backtrace.rs:66:9
[INFO] [stdout]    3:     0x64a23af5e69a - <std::sys::backtrace::BacktraceLock::print::DisplayBacktrace as core::fmt::Display>::fmt::h71a62eb3b9696b12
[INFO] [stdout]                                at /rustc/6067b36314ab5eb2eb47cecc464545ba58e1ad24/library/std/src/sys/backtrace.rs:39:26
[INFO] [stdout]    4:     0x64a23af86143 - core::fmt::rt::Argument::fmt::hdb6b616786b41dc1
[INFO] [stdout]                                at /rustc/6067b36314ab5eb2eb47cecc464545ba58e1ad24/library/core/src/fmt/rt.rs:177:76
[INFO] [stdout]    5:     0x64a23af86143 - core::fmt::write::h2cc1698af7e2d686
[INFO] [stdout]                                at /rustc/6067b36314ab5eb2eb47cecc464545ba58e1ad24/library/core/src/fmt/mod.rs:1440:21
[INFO] [stdout]    6:     0x64a23af5af83 - std::io::Write::write_fmt::hab1b4cd059a79022
[INFO] [stdout]                                at /rustc/6067b36314ab5eb2eb47cecc464545ba58e1ad24/library/std/src/io/mod.rs:1887:15
[INFO] [stdout]    7:     0x64a23af5e4e2 - std::sys::backtrace::BacktraceLock::print::h147fe35b4ea13b08
[INFO] [stdout]                                at /rustc/6067b36314ab5eb2eb47cecc464545ba58e1ad24/library/std/src/sys/backtrace.rs:42:9
[INFO] [stdout]    8:     0x64a23af5fabf - std::panicking::default_hook::{{closure}}::hbd44223dbdc0d208
[INFO] [stdout]                                at /rustc/6067b36314ab5eb2eb47cecc464545ba58e1ad24/library/std/src/panicking.rs:298:22
[INFO] [stdout]    9:     0x64a23af5f8d8 - std::panicking::default_hook::h20f81eb0576efcec
[INFO] [stdout]                                at /rustc/6067b36314ab5eb2eb47cecc464545ba58e1ad24/library/std/src/panicking.rs:322:9
[INFO] [stdout]   10:     0x64a23aef7693 - <alloc::boxed::Box<F,A> as core::ops::function::Fn<Args>>::call::hdb53814c496a4d34
[INFO] [stdout]                                at /rustc/6067b36314ab5eb2eb47cecc464545ba58e1ad24/library/alloc/src/boxed.rs:2027:9
[INFO] [stdout]   11:     0x64a23aef7693 - test::test_main::{{closure}}::hc0a4963c59427c24
[INFO] [stdout]                                at /rustc/6067b36314ab5eb2eb47cecc464545ba58e1ad24/library/test/src/lib.rs:134:21
[INFO] [stdout]   12:     0x64a23af605b3 - <alloc::boxed::Box<F,A> as core::ops::function::Fn<Args>>::call::h591b2225413a77e9
[INFO] [stdout]                                at /rustc/6067b36314ab5eb2eb47cecc464545ba58e1ad24/library/alloc/src/boxed.rs:2027:9
[INFO] [stdout]   13:     0x64a23af605b3 - std::panicking::rust_panic_with_hook::h625eea43051b2edc
[INFO] [stdout]                                at /rustc/6067b36314ab5eb2eb47cecc464545ba58e1ad24/library/std/src/panicking.rs:839:13
[INFO] [stdout]   14:     0x64a23af6026a - std::panicking::begin_panic_handler::{{closure}}::h4f9159cfbc3f6bd3
[INFO] [stdout]                                at /rustc/6067b36314ab5eb2eb47cecc464545ba58e1ad24/library/std/src/panicking.rs:704:13
[INFO] [stdout]   15:     0x64a23af5eb99 - std::sys::backtrace::__rust_end_short_backtrace::h0390abce48353151
[INFO] [stdout]                                at /rustc/6067b36314ab5eb2eb47cecc464545ba58e1ad24/library/std/src/sys/backtrace.rs:168:18
[INFO] [stdout]   16:     0x64a23af5fefd - rust_begin_unwind
[INFO] [stdout]                                at /rustc/6067b36314ab5eb2eb47cecc464545ba58e1ad24/library/std/src/panicking.rs:695:5
[INFO] [stdout]   17:     0x64a23af84b50 - core::panicking::panic_fmt::h9e7c637e9e5f29c9
[INFO] [stdout]                                at /rustc/6067b36314ab5eb2eb47cecc464545ba58e1ad24/library/core/src/panicking.rs:75:14
[INFO] [stdout]   18:     0x64a23af84f96 - core::result::unwrap_failed::h7979f09313fe1849
[INFO] [stdout]                                at /rustc/6067b36314ab5eb2eb47cecc464545ba58e1ad24/library/core/src/result.rs:1704:5
[INFO] [stdout]   19:     0x64a23aebbc78 - core::result::Result<T,E>::unwrap::hb36c887b6707c8cc
[INFO] [stdout]                                at /rustc/6067b36314ab5eb2eb47cecc464545ba58e1ad24/library/core/src/result.rs:1109:23
[INFO] [stdout]   20:     0x64a23aebbc78 - integration_test::run_with_args::h37da375c4033ae10
[INFO] [stdout]                                at /opt/rustwide/workdir/tests/integration_test.rs:33:14
[INFO] [stdout]   21:     0x64a23aebbeaf - integration_test::with_default_config::h15068c5a6ce5a4d0
[INFO] [stdout]                                at /opt/rustwide/workdir/tests/integration_test.rs:42:25
[INFO] [stdout]   22:     0x64a23aebbda7 - integration_test::with_default_config::{{closure}}::hf136f08ed5db22b2
[INFO] [stdout]                                at /opt/rustwide/workdir/tests/integration_test.rs:40:25
[INFO] [stdout]   23:     0x64a23aeb7616 - core::ops::function::FnOnce::call_once::h25a0303ca55ce0f3
[INFO] [stdout]                                at /rustc/6067b36314ab5eb2eb47cecc464545ba58e1ad24/library/core/src/ops/function.rs:250:5
[INFO] [stdout]   24:     0x64a23aefcdeb - core::ops::function::FnOnce::call_once::he27718dfdd183f43
[INFO] [stdout]                                at /rustc/6067b36314ab5eb2eb47cecc464545ba58e1ad24/library/core/src/ops/function.rs:250:5
[INFO] [stdout]   25:     0x64a23aefcdeb - test::__rust_begin_short_backtrace::h4e84902998457a5d
[INFO] [stdout]                                at /rustc/6067b36314ab5eb2eb47cecc464545ba58e1ad24/library/test/src/lib.rs:632:18
[INFO] [stdout]   26:     0x64a23aefbd23 - test::run_test_in_process::{{closure}}::h7176fd18fc1feca0
[INFO] [stdout]                                at /rustc/6067b36314ab5eb2eb47cecc464545ba58e1ad24/library/test/src/lib.rs:655:60
[INFO] [stdout]   27:     0x64a23aefbd23 - <core::panic::unwind_safe::AssertUnwindSafe<F> as core::ops::function::FnOnce<()>>::call_once::hf79cff2a624d8cf7
[INFO] [stdout]                                at /rustc/6067b36314ab5eb2eb47cecc464545ba58e1ad24/library/core/src/panic/unwind_safe.rs:272:9
[INFO] [stdout]   28:     0x64a23aefbd23 - std::panicking::try::do_call::h3da0561d9ab99c25
[INFO] [stdout]                                at /rustc/6067b36314ab5eb2eb47cecc464545ba58e1ad24/library/std/src/panicking.rs:587:40
[INFO] [stdout]   29:     0x64a23aefbd23 - std::panicking::try::h41c9fa508bc61df6
[INFO] [stdout]                                at /rustc/6067b36314ab5eb2eb47cecc464545ba58e1ad24/library/std/src/panicking.rs:550:19
[INFO] [stdout]   30:     0x64a23aefbd23 - std::panic::catch_unwind::h6b3ff07bb5afad93
[INFO] [stdout]                                at /rustc/6067b36314ab5eb2eb47cecc464545ba58e1ad24/library/std/src/panic.rs:358:14
[INFO] [stdout]   31:     0x64a23aefbd23 - test::run_test_in_process::hc7253dd11b39b9f4
[INFO] [stdout]                                at /rustc/6067b36314ab5eb2eb47cecc464545ba58e1ad24/library/test/src/lib.rs:655:27
[INFO] [stdout]   32:     0x64a23aefbd23 - test::run_test::{{closure}}::hfb2007f8649c30bb
[INFO] [stdout]                                at /rustc/6067b36314ab5eb2eb47cecc464545ba58e1ad24/library/test/src/lib.rs:576:43
[INFO] [stdout]   33:     0x64a23aebee05 - test::run_test::{{closure}}::h56a17aa7a282a9f4
[INFO] [stdout]                                at /rustc/6067b36314ab5eb2eb47cecc464545ba58e1ad24/library/test/src/lib.rs:606:41
[INFO] [stdout]   34:     0x64a23aebee05 - std::sys::backtrace::__rust_begin_short_backtrace::hd2d2d2fb8e8c6aac
[INFO] [stdout]                                at /rustc/6067b36314ab5eb2eb47cecc464545ba58e1ad24/library/std/src/sys/backtrace.rs:152:18
[INFO] [stdout]   35:     0x64a23aec26ea - std::thread::Builder::spawn_unchecked_::{{closure}}::{{closure}}::h4faa3f9db6133423
[INFO] [stdout]                                at /rustc/6067b36314ab5eb2eb47cecc464545ba58e1ad24/library/std/src/thread/mod.rs:559:17
[INFO] [stdout]   36:     0x64a23aec26ea - <core::panic::unwind_safe::AssertUnwindSafe<F> as core::ops::function::FnOnce<()>>::call_once::hf2e855a36a4ea846
[INFO] [stdout]                                at /rustc/6067b36314ab5eb2eb47cecc464545ba58e1ad24/library/core/src/panic/unwind_safe.rs:272:9
[INFO] [stdout]   37:     0x64a23aec26ea - std::panicking::try::do_call::h2f73af3616c35465
[INFO] [stdout]                                at /rustc/6067b36314ab5eb2eb47cecc464545ba58e1ad24/library/std/src/panicking.rs:587:40
[INFO] [stdout]   38:     0x64a23aec26ea - std::panicking::try::hd1660ce9efadef5a
[INFO] [stdout]                                at /rustc/6067b36314ab5eb2eb47cecc464545ba58e1ad24/library/std/src/panicking.rs:550:19
[INFO] [stdout]   39:     0x64a23aec26ea - std::panic::catch_unwind::h5ee8d7823b8ca744
[INFO] [stdout]                                at /rustc/6067b36314ab5eb2eb47cecc464545ba58e1ad24/library/std/src/panic.rs:358:14
[INFO] [stdout]   40:     0x64a23aec26ea - std::thread::Builder::spawn_unchecked_::{{closure}}::h53c3a1894dce8407
[INFO] [stdout]                                at /rustc/6067b36314ab5eb2eb47cecc464545ba58e1ad24/library/std/src/thread/mod.rs:557:30
[INFO] [stdout]   41:     0x64a23aec26ea - core::ops::function::FnOnce::call_once{{vtable.shim}}::h048ce291ad4f62bf
[INFO] [stdout]                                at /rustc/6067b36314ab5eb2eb47cecc464545ba58e1ad24/library/core/src/ops/function.rs:250:5
[INFO] [stdout]   42:     0x64a23af647ab - <alloc::boxed::Box<F,A> as core::ops::function::FnOnce<Args>>::call_once::ha52bedf99a3b4981
[INFO] [stdout]                                at /rustc/6067b36314ab5eb2eb47cecc464545ba58e1ad24/library/alloc/src/boxed.rs:2013:9
[INFO] [stdout]   43:     0x64a23af647ab - <alloc::boxed::Box<F,A> as core::ops::function::FnOnce<Args>>::call_once::h567748934d80ccf8
[INFO] [stdout]                                at /rustc/6067b36314ab5eb2eb47cecc464545ba58e1ad24/library/alloc/src/boxed.rs:2013:9
[INFO] [stdout]   44:     0x64a23af647ab - std::sys::pal::unix::thread::Thread::new::thread_start::h2d970728ae887adc
[INFO] [stdout]                                at /rustc/6067b36314ab5eb2eb47cecc464545ba58e1ad24/library/std/src/sys/pal/unix/thread.rs:106:17
[INFO] [stdout]   45:     0x7165638fbac3 - <unknown>
[INFO] [stdout]   46:     0x71656398ca04 - clone
[INFO] [stdout]   47:                0x0 - <unknown>
[INFO] [stdout] 
[INFO] [stdout] ---- with_custom_lib_name stdout ----
[INFO] [stdout] 
[INFO] [stdout] thread 'with_custom_lib_name' panicked at tests/integration_test.rs:33:68:
[INFO] [stdout] called `Result::unwrap()` on an `Err` value: Failed to cargo-check-external-types:
[INFO] [stdout] Status: 2
[INFO] [stdout] Stdout: error at src/main.rs:153:60: `cargo metadata` exited with an error: error: failed to write /opt/rustwide/workdir/test-workspace/Cargo.lock
[INFO] [stdout] 
[INFO] [stdout] Caused by:
[INFO] [stdout]   failed to open: /opt/rustwide/workdir/test-workspace/Cargo.lock
[INFO] [stdout] 
[INFO] [stdout] Caused by:
[INFO] [stdout]   Read-only file system (os error 30)
[INFO] [stdout] 
[INFO] [stdout] 
[INFO] [stdout] Stderr: [src/main.rs:105:30] err = Error {
[INFO] [stdout]     context: "error at src/main.rs:153:60",
[INFO] [stdout]     source: CargoMetadata {
[INFO] [stdout]         stderr: "error: failed to write /opt/rustwide/workdir/test-workspace/Cargo.lock\n\nCaused by:\n  failed to open: /opt/rustwide/workdir/test-workspace/Cargo.lock\n\nCaused by:\n  Read-only file system (os error 30)\n",
[INFO] [stdout]     },
[INFO] [stdout] }
[INFO] [stdout] 
[INFO] [stdout] 
[INFO] [stdout] 
[INFO] [stdout] Stack backtrace:
[INFO] [stdout]    0: anyhow::error::<impl anyhow::Error>::msg
[INFO] [stdout]              at /opt/rustwide/cargo-home/registry/src/index.crates.io-1949cf8c6b5b557f/anyhow-1.0.95/src/backtrace.rs:27:14
[INFO] [stdout]    1: cargo_check_external_types::cargo::capture_error
[INFO] [stdout]              at ./src/cargo.rs:129:5
[INFO] [stdout]    2: cargo_check_external_types::cargo::handle_failure
[INFO] [stdout]              at ./src/cargo.rs:112:20
[INFO] [stdout]    3: integration_test::run_with_args
[INFO] [stdout]              at ./tests/integration_test.rs:33:14
[INFO] [stdout]    4: integration_test::with_custom_lib_name
[INFO] [stdout]              at ./tests/integration_test.rs:50:25
[INFO] [stdout]    5: integration_test::with_custom_lib_name::{{closure}}
[INFO] [stdout]              at ./tests/integration_test.rs:47:26
[INFO] [stdout]    6: core::ops::function::FnOnce::call_once
[INFO] [stdout]              at /rustc/6067b36314ab5eb2eb47cecc464545ba58e1ad24/library/core/src/ops/function.rs:250:5
[INFO] [stdout]    7: core::ops::function::FnOnce::call_once
[INFO] [stdout]              at /rustc/6067b36314ab5eb2eb47cecc464545ba58e1ad24/library/core/src/ops/function.rs:250:5
[INFO] [stdout]    8: test::__rust_begin_short_backtrace
[INFO] [stdout]              at /rustc/6067b36314ab5eb2eb47cecc464545ba58e1ad24/library/test/src/lib.rs:632:18
[INFO] [stdout]    9: test::run_test_in_process::{{closure}}
[INFO] [stdout]              at /rustc/6067b36314ab5eb2eb47cecc464545ba58e1ad24/library/test/src/lib.rs:655:60
[INFO] [stdout]   10: <core::panic::unwind_safe::AssertUnwindSafe<F> as core::ops::function::FnOnce<()>>::call_once
[INFO] [stdout]              at /rustc/6067b36314ab5eb2eb47cecc464545ba58e1ad24/library/core/src/panic/unwind_safe.rs:272:9
[INFO] [stdout]   11: std::panicking::try::do_call
[INFO] [stdout]              at /rustc/6067b36314ab5eb2eb47cecc464545ba58e1ad24/library/std/src/panicking.rs:587:40
[INFO] [stdout]   12: std::panicking::try
[INFO] [stdout]              at /rustc/6067b36314ab5eb2eb47cecc464545ba58e1ad24/library/std/src/panicking.rs:550:19
[INFO] [stdout]   13: std::panic::catch_unwind
[INFO] [stdout]              at /rustc/6067b36314ab5eb2eb47cecc464545ba58e1ad24/library/std/src/panic.rs:358:14
[INFO] [stdout]   14: test::run_test_in_process
[INFO] [stdout]              at /rustc/6067b36314ab5eb2eb47cecc464545ba58e1ad24/library/test/src/lib.rs:655:27
[INFO] [stdout]   15: test::run_test::{{closure}}
[INFO] [stdout]              at /rustc/6067b36314ab5eb2eb47cecc464545ba58e1ad24/library/test/src/lib.rs:576:43
[INFO] [stdout]   16: test::run_test::{{closure}}
[INFO] [stdout]              at /rustc/6067b36314ab5eb2eb47cecc464545ba58e1ad24/library/test/src/lib.rs:606:41
[INFO] [stdout]   17: std::sys::backtrace::__rust_begin_short_backtrace
[INFO] [stdout]              at /rustc/6067b36314ab5eb2eb47cecc464545ba58e1ad24/library/std/src/sys/backtrace.rs:152:18
[INFO] [stdout]   18: std::thread::Builder::spawn_unchecked_::{{closure}}::{{closure}}
[INFO] [stdout]              at /rustc/6067b36314ab5eb2eb47cecc464545ba58e1ad24/library/std/src/thread/mod.rs:559:17
[INFO] [stdout]   19: <core::panic::unwind_safe::AssertUnwindSafe<F> as core::ops::function::FnOnce<()>>::call_once
[INFO] [stdout]              at /rustc/6067b36314ab5eb2eb47cecc464545ba58e1ad24/library/core/src/panic/unwind_safe.rs:272:9
[INFO] [stdout]   20: std::panicking::try::do_call
[INFO] [stdout]              at /rustc/6067b36314ab5eb2eb47cecc464545ba58e1ad24/library/std/src/panicking.rs:587:40
[INFO] [stdout]   21: std::panicking::try
[INFO] [stdout]              at /rustc/6067b36314ab5eb2eb47cecc464545ba58e1ad24/library/std/src/panicking.rs:550:19
[INFO] [stdout]   22: std::panic::catch_unwind
[INFO] [stdout]              at /rustc/6067b36314ab5eb2eb47cecc464545ba58e1ad24/library/std/src/panic.rs:358:14
[INFO] [stdout]   23: std::thread::Builder::spawn_unchecked_::{{closure}}
[INFO] [stdout]              at /rustc/6067b36314ab5eb2eb47cecc464545ba58e1ad24/library/std/src/thread/mod.rs:557:30
[INFO] [stdout]   24: core::ops::function::FnOnce::call_once{{vtable.shim}}
[INFO] [stdout]              at /rustc/6067b36314ab5eb2eb47cecc464545ba58e1ad24/library/core/src/ops/function.rs:250:5
[INFO] [stdout]   25: <alloc::boxed::Box<F,A> as core::ops::function::FnOnce<Args>>::call_once
[INFO] [stdout]              at /rustc/6067b36314ab5eb2eb47cecc464545ba58e1ad24/library/alloc/src/boxed.rs:2013:9
[INFO] [stdout]   26: <alloc::boxed::Box<F,A> as core::ops::function::FnOnce<Args>>::call_once
[INFO] [stdout]              at /rustc/6067b36314ab5eb2eb47cecc464545ba58e1ad24/library/alloc/src/boxed.rs:2013:9
[INFO] [stdout]   27: std::sys::pal::unix::thread::Thread::new::thread_start
[INFO] [stdout]              at /rustc/6067b36314ab5eb2eb47cecc464545ba58e1ad24/library/std/src/sys/pal/unix/thread.rs:106:17
[INFO] [stdout]   28: <unknown>
[INFO] [stdout]   29: clone
[INFO] [stdout] stack backtrace:
[INFO] [stdout]    0:     0x64a23af5e69a - std::backtrace_rs::backtrace::libunwind::trace::hb059275cfc8d6126
[INFO] [stdout]                                at /rustc/6067b36314ab5eb2eb47cecc464545ba58e1ad24/library/std/src/../../backtrace/src/backtrace/libunwind.rs:116:5
[INFO] [stdout]    1:     0x64a23af5e69a - std::backtrace_rs::backtrace::trace_unsynchronized::h2da071e4327ce3ee
[INFO] [stdout]                                at /rustc/6067b36314ab5eb2eb47cecc464545ba58e1ad24/library/std/src/../../backtrace/src/backtrace/mod.rs:66:5
[INFO] [stdout]    2:     0x64a23af5e69a - std::sys::backtrace::_print_fmt::h842a1474e6f8d23f
[INFO] [stdout]                                at /rustc/6067b36314ab5eb2eb47cecc464545ba58e1ad24/library/std/src/sys/backtrace.rs:66:9
[INFO] [stdout]    3:     0x64a23af5e69a - <std::sys::backtrace::BacktraceLock::print::DisplayBacktrace as core::fmt::Display>::fmt::h71a62eb3b9696b12
[INFO] [stdout]                                at /rustc/6067b36314ab5eb2eb47cecc464545ba58e1ad24/library/std/src/sys/backtrace.rs:39:26
[INFO] [stdout]    4:     0x64a23af86143 - core::fmt::rt::Argument::fmt::hdb6b616786b41dc1
[INFO] [stdout]                                at /rustc/6067b36314ab5eb2eb47cecc464545ba58e1ad24/library/core/src/fmt/rt.rs:177:76
[INFO] [stdout]    5:     0x64a23af86143 - core::fmt::write::h2cc1698af7e2d686
[INFO] [stdout]                                at /rustc/6067b36314ab5eb2eb47cecc464545ba58e1ad24/library/core/src/fmt/mod.rs:1440:21
[INFO] [stdout]    6:     0x64a23af5af83 - std::io::Write::write_fmt::hab1b4cd059a79022
[INFO] [stdout]                                at /rustc/6067b36314ab5eb2eb47cecc464545ba58e1ad24/library/std/src/io/mod.rs:1887:15
[INFO] [stdout]    7:     0x64a23af5e4e2 - std::sys::backtrace::BacktraceLock::print::h147fe35b4ea13b08
[INFO] [stdout]                                at /rustc/6067b36314ab5eb2eb47cecc464545ba58e1ad24/library/std/src/sys/backtrace.rs:42:9
[INFO] [stdout]    8:     0x64a23af5fabf - std::panicking::default_hook::{{closure}}::hbd44223dbdc0d208
[INFO] [stdout]                                at /rustc/6067b36314ab5eb2eb47cecc464545ba58e1ad24/library/std/src/panicking.rs:298:22
[INFO] [stdout]    9:     0x64a23af5f8d8 - std::panicking::default_hook::h20f81eb0576efcec
[INFO] [stdout]                                at /rustc/6067b36314ab5eb2eb47cecc464545ba58e1ad24/library/std/src/panicking.rs:322:9
[INFO] [stdout]   10:     0x64a23aef7693 - <alloc::boxed::Box<F,A> as core::ops::function::Fn<Args>>::call::hdb53814c496a4d34
[INFO] [stdout]                                at /rustc/6067b36314ab5eb2eb47cecc464545ba58e1ad24/library/alloc/src/boxed.rs:2027:9
[INFO] [stdout]   11:     0x64a23aef7693 - test::test_main::{{closure}}::hc0a4963c59427c24
[INFO] [stdout]                                at /rustc/6067b36314ab5eb2eb47cecc464545ba58e1ad24/library/test/src/lib.rs:134:21
[INFO] [stdout]   12:     0x64a23af605b3 - <alloc::boxed::Box<F,A> as core::ops::function::Fn<Args>>::call::h591b2225413a77e9
[INFO] [stdout]                                at /rustc/6067b36314ab5eb2eb47cecc464545ba58e1ad24/library/alloc/src/boxed.rs:2027:9
[INFO] [stdout]   13:     0x64a23af605b3 - std::panicking::rust_panic_with_hook::h625eea43051b2edc
[INFO] [stdout]                                at /rustc/6067b36314ab5eb2eb47cecc464545ba58e1ad24/library/std/src/panicking.rs:839:13
[INFO] [stdout]   14:     0x64a23af6026a - std::panicking::begin_panic_handler::{{closure}}::h4f9159cfbc3f6bd3
[INFO] [stdout]                                at /rustc/6067b36314ab5eb2eb47cecc464545ba58e1ad24/library/std/src/panicking.rs:704:13
[INFO] [stdout]   15:     0x64a23af5eb99 - std::sys::backtrace::__rust_end_short_backtrace::h0390abce48353151
[INFO] [stdout]                                at /rustc/6067b36314ab5eb2eb47cecc464545ba58e1ad24/library/std/src/sys/backtrace.rs:168:18
[INFO] [stdout]   16:     0x64a23af5fefd - rust_begin_unwind
[INFO] [stdout]                                at /rustc/6067b36314ab5eb2eb47cecc464545ba58e1ad24/library/std/src/panicking.rs:695:5
[INFO] [stdout]   17:     0x64a23af84b50 - core::panicking::panic_fmt::h9e7c637e9e5f29c9
[INFO] [stdout]                                at /rustc/6067b36314ab5eb2eb47cecc464545ba58e1ad24/library/core/src/panicking.rs:75:14
[INFO] [stdout]   18:     0x64a23af84f96 - core::result::unwrap_failed::h7979f09313fe1849
[INFO] [stdout]                                at /rustc/6067b36314ab5eb2eb47cecc464545ba58e1ad24/library/core/src/result.rs:1704:5
[INFO] [stdout]   19:     0x64a23aebbc78 - core::result::Result<T,E>::unwrap::hb36c887b6707c8cc
[INFO] [stdout]                                at /rustc/6067b36314ab5eb2eb47cecc464545ba58e1ad24/library/core/src/result.rs:1109:23
[INFO] [stdout]   20:     0x64a23aebbc78 - integration_test::run_with_args::h37da375c4033ae10
[INFO] [stdout]                                at /opt/rustwide/workdir/tests/integration_test.rs:33:14
[INFO] [stdout]   21:     0x64a23aebc12f - integration_test::with_custom_lib_name::hf2ec7a923cca47c1
[INFO] [stdout]                                at /opt/rustwide/workdir/tests/integration_test.rs:50:25
[INFO] [stdout]   22:     0x64a23aebc027 - integration_test::with_custom_lib_name::{{closure}}::hcf46f01f508441c9
[INFO] [stdout]                                at /opt/rustwide/workdir/tests/integration_test.rs:47:26
[INFO] [stdout]   23:     0x64a23aeb7896 - core::ops::function::FnOnce::call_once::hfb906e28622fa573
[INFO] [stdout]                                at /rustc/6067b36314ab5eb2eb47cecc464545ba58e1ad24/library/core/src/ops/function.rs:250:5
[INFO] [stdout]   24:     0x64a23aefcdeb - core::ops::function::FnOnce::call_once::he27718dfdd183f43
[INFO] [stdout]                                at /rustc/6067b36314ab5eb2eb47cecc464545ba58e1ad24/library/core/src/ops/function.rs:250:5
[INFO] [stdout]   25:     0x64a23aefcdeb - test::__rust_begin_short_backtrace::h4e84902998457a5d
[INFO] [stdout]                                at /rustc/6067b36314ab5eb2eb47cecc464545ba58e1ad24/library/test/src/lib.rs:632:18
[INFO] [stdout]   26:     0x64a23aefbd23 - test::run_test_in_process::{{closure}}::h7176fd18fc1feca0
[INFO] [stdout]                                at /rustc/6067b36314ab5eb2eb47cecc464545ba58e1ad24/library/test/src/lib.rs:655:60
[INFO] [stdout]   27:     0x64a23aefbd23 - <core::panic::unwind_safe::AssertUnwindSafe<F> as core::ops::function::FnOnce<()>>::call_once::hf79cff2a624d8cf7
[INFO] [stdout]                                at /rustc/6067b36314ab5eb2eb47cecc464545ba58e1ad24/library/core/src/panic/unwind_safe.rs:272:9
[INFO] [stdout]   28:     0x64a23aefbd23 - std::panicking::try::do_call::h3da0561d9ab99c25
[INFO] [stdout]                                at /rustc/6067b36314ab5eb2eb47cecc464545ba58e1ad24/library/std/src/panicking.rs:587:40
[INFO] [stdout]   29:     0x64a23aefbd23 - std::panicking::try::h41c9fa508bc61df6
[INFO] [stdout]                                at /rustc/6067b36314ab5eb2eb47cecc464545ba58e1ad24/library/std/src/panicking.rs:550:19
[INFO] [stdout]   30:     0x64a23aefbd23 - std::panic::catch_unwind::h6b3ff07bb5afad93
[INFO] [stdout]                                at /rustc/6067b36314ab5eb2eb47cecc464545ba58e1ad24/library/std/src/panic.rs:358:14
[INFO] [stdout]   31:     0x64a23aefbd23 - test::run_test_in_process::hc7253dd11b39b9f4
[INFO] [stdout]                                at /rustc/6067b36314ab5eb2eb47cecc464545ba58e1ad24/library/test/src/lib.rs:655:27
[INFO] [stdout]   32:     0x64a23aefbd23 - test::run_test::{{closure}}::hfb2007f8649c30bb
[INFO] [stdout]                                at /rustc/6067b36314ab5eb2eb47cecc464545ba58e1ad24/library/test/src/lib.rs:576:43
[INFO] [stdout]   33:     0x64a23aebee05 - test::run_test::{{closure}}::h56a17aa7a282a9f4
[INFO] [stdout]                                at /rustc/6067b36314ab5eb2eb47cecc464545ba58e1ad24/library/test/src/lib.rs:606:41
[INFO] [stdout]   34:     0x64a23aebee05 - std::sys::backtrace::__rust_begin_short_backtrace::hd2d2d2fb8e8c6aac
[INFO] [stdout]                                at /rustc/6067b36314ab5eb2eb47cecc464545ba58e1ad24/library/std/src/sys/backtrace.rs:152:18
[INFO] [stdout]   35:     0x64a23aec26ea - std::thread::Builder::spawn_unchecked_::{{closure}}::{{closure}}::h4faa3f9db6133423
[INFO] [stdout]                                at /rustc/6067b36314ab5eb2eb47cecc464545ba58e1ad24/library/std/src/thread/mod.rs:559:17
[INFO] [stdout]   36:     0x64a23aec26ea - <core::panic::unwind_safe::AssertUnwindSafe<F> as core::ops::function::FnOnce<()>>::call_once::hf2e855a36a4ea846
[INFO] [stdout]                                at /rustc/6067b36314ab5eb2eb47cecc464545ba58e1ad24/library/core/src/panic/unwind_safe.rs:272:9
[INFO] [stdout]   37:     0x64a23aec26ea - std::panicking::try::do_call::h2f73af3616c35465
[INFO] [stdout]                                at /rustc/6067b36314ab5eb2eb47cecc464545ba58e1ad24/library/std/src/panicking.rs:587:40
[INFO] [stdout]   38:     0x64a23aec26ea - std::panicking::try::hd1660ce9efadef5a
[INFO] [stdout]                                at /rustc/6067b36314ab5eb2eb47cecc464545ba58e1ad24/library/std/src/panicking.rs:550:19
[INFO] [stdout]   39:     0x64a23aec26ea - std::panic::catch_unwind::h5ee8d7823b8ca744
[INFO] [stdout]                                at /rustc/6067b36314ab5eb2eb47cecc464545ba58e1ad24/library/std/src/panic.rs:358:14
[INFO] [stdout]   40:     0x64a23aec26ea - std::thread::Builder::spawn_unchecked_::{{closure}}::h53c3a1894dce8407
[INFO] [stdout]                                at /rustc/6067b36314ab5eb2eb47cecc464545ba58e1ad24/library/std/src/thread/mod.rs:557:30
[INFO] [stdout]   41:     0x64a23aec26ea - core::ops::function::FnOnce::call_once{{vtable.shim}}::h048ce291ad4f62bf
[INFO] [stdout]                                at /rustc/6067b36314ab5eb2eb47cecc464545ba58e1ad24/library/core/src/ops/function.rs:250:5
[INFO] [stdout]   42:     0x64a23af647ab - <alloc::boxed::Box<F,A> as core::ops::function::FnOnce<Args>>::call_once::ha52bedf99a3b4981
[INFO] [stdout]                                at /rustc/6067b36314ab5eb2eb47cecc464545ba58e1ad24/library/alloc/src/boxed.rs:2013:9
[INFO] [stdout]   43:     0x64a23af647ab - <alloc::boxed::Box<F,A> as core::ops::function::FnOnce<Args>>::call_once::h567748934d80ccf8
[INFO] [stdout]                                at /rustc/6067b36314ab5eb2eb47cecc464545ba58e1ad24/library/alloc/src/boxed.rs:2013:9
[INFO] [stdout]   44:     0x64a23af647ab - std::sys::pal::unix::thread::Thread::new::thread_start::h2d970728ae887adc
[INFO] [stdout]                                at /rustc/6067b36314ab5eb2eb47cecc464545ba58e1ad24/library/std/src/sys/pal/unix/thread.rs:106:17
[INFO] [stdout]   45:     0x7165638fbac3 - <unknown>
[INFO] [stdout]   46:     0x71656398ca04 - clone
[INFO] [stdout]   47:                0x0 - <unknown>
[INFO] [stdout] 
[INFO] [stdout] ---- test_unused_allowed_external_types stdout ----
[INFO] [stdout] 
[INFO] [stdout] thread 'test_unused_allowed_external_types' panicked at tests/integration_test.rs:33:68:
[INFO] [stdout] called `Result::unwrap()` on an `Err` value: Failed to cargo-check-external-types:
[INFO] [stdout] Status: 2
[INFO] [stdout] Stdout: error at src/main.rs:153:60: `cargo metadata` exited with an error: error: failed to write /opt/rustwide/workdir/test-workspace/Cargo.lock
[INFO] [stdout] 
[INFO] [stdout] Caused by:
[INFO] [stdout]   failed to open: /opt/rustwide/workdir/test-workspace/Cargo.lock
[INFO] [stdout] 
[INFO] [stdout] Caused by:
[INFO] [stdout]   Read-only file system (os error 30)
[INFO] [stdout] 
[INFO] [stdout] 
[INFO] [stdout] Stderr: [src/main.rs:105:30] err = Error {
[INFO] [stdout]     context: "error at src/main.rs:153:60",
[INFO] [stdout]     source: CargoMetadata {
[INFO] [stdout]         stderr: "error: failed to write /opt/rustwide/workdir/test-workspace/Cargo.lock\n\nCaused by:\n  failed to open: /opt/rustwide/workdir/test-workspace/Cargo.lock\n\nCaused by:\n  Read-only file system (os error 30)\n",
[INFO] [stdout]     },
[INFO] [stdout] }
[INFO] [stdout] 
[INFO] [stdout] 
[INFO] [stdout] 
[INFO] [stdout] Stack backtrace:
[INFO] [stdout]    0: anyhow::error::<impl anyhow::Error>::msg
[INFO] [stdout]              at /opt/rustwide/cargo-home/registry/src/index.crates.io-1949cf8c6b5b557f/anyhow-1.0.95/src/backtrace.rs:27:14
[INFO] [stdout]    1: cargo_check_external_types::cargo::capture_error
[INFO] [stdout]              at ./src/cargo.rs:129:5
[INFO] [stdout]    2: cargo_check_external_types::cargo::handle_failure
[INFO] [stdout]              at ./src/cargo.rs:112:20
[INFO] [stdout]    3: integration_test::run_with_args
[INFO] [stdout]              at ./tests/integration_test.rs:33:14
[INFO] [stdout]    4: integration_test::test_unused_allowed_external_types
[INFO] [stdout]              at ./tests/integration_test.rs:101:25
[INFO] [stdout]    5: integration_test::test_unused_allowed_external_types::{{closure}}
[INFO] [stdout]              at ./tests/integration_test.rs:99:40
[INFO] [stdout]    6: core::ops::function::FnOnce::call_once
[INFO] [stdout]              at /rustc/6067b36314ab5eb2eb47cecc464545ba58e1ad24/library/core/src/ops/function.rs:250:5
[INFO] [stdout]    7: core::ops::function::FnOnce::call_once
[INFO] [stdout]              at /rustc/6067b36314ab5eb2eb47cecc464545ba58e1ad24/library/core/src/ops/function.rs:250:5
[INFO] [stdout]    8: test::__rust_begin_short_backtrace
[INFO] [stdout]              at /rustc/6067b36314ab5eb2eb47cecc464545ba58e1ad24/library/test/src/lib.rs:632:18
[INFO] [stdout]    9: test::run_test_in_process::{{closure}}
[INFO] [stdout]              at /rustc/6067b36314ab5eb2eb47cecc464545ba58e1ad24/library/test/src/lib.rs:655:60
[INFO] [stdout]   10: <core::panic::unwind_safe::AssertUnwindSafe<F> as core::ops::function::FnOnce<()>>::call_once
[INFO] [stdout]              at /rustc/6067b36314ab5eb2eb47cecc464545ba58e1ad24/library/core/src/panic/unwind_safe.rs:272:9
[INFO] [stdout]   11: std::panicking::try::do_call
[INFO] [stdout]              at /rustc/6067b36314ab5eb2eb47cecc464545ba58e1ad24/library/std/src/panicking.rs:587:40
[INFO] [stdout]   12: std::panicking::try
[INFO] [stdout]              at /rustc/6067b36314ab5eb2eb47cecc464545ba58e1ad24/library/std/src/panicking.rs:550:19
[INFO] [stdout]   13: std::panic::catch_unwind
[INFO] [stdout]              at /rustc/6067b36314ab5eb2eb47cecc464545ba58e1ad24/library/std/src/panic.rs:358:14
[INFO] [stdout]   14: test::run_test_in_process
[INFO] [stdout]              at /rustc/6067b36314ab5eb2eb47cecc464545ba58e1ad24/library/test/src/lib.rs:655:27
[INFO] [stdout]   15: test::run_test::{{closure}}
[INFO] [stdout]              at /rustc/6067b36314ab5eb2eb47cecc464545ba58e1ad24/library/test/src/lib.rs:576:43
[INFO] [stdout]   16: test::run_test::{{closure}}
[INFO] [stdout]              at /rustc/6067b36314ab5eb2eb47cecc464545ba58e1ad24/library/test/src/lib.rs:606:41
[INFO] [stdout]   17: std::sys::backtrace::__rust_begin_short_backtrace
[INFO] [stdout]              at /rustc/6067b36314ab5eb2eb47cecc464545ba58e1ad24/library/std/src/sys/backtrace.rs:152:18
[INFO] [stdout]   18: std::thread::Builder::spawn_unchecked_::{{closure}}::{{closure}}
[INFO] [stdout]              at /rustc/6067b36314ab5eb2eb47cecc464545ba58e1ad24/library/std/src/thread/mod.rs:559:17
[INFO] [stdout]   19: <core::panic::unwind_safe::AssertUnwindSafe<F> as core::ops::function::FnOnce<()>>::call_once
[INFO] [stdout]              at /rustc/6067b36314ab5eb2eb47cecc464545ba58e1ad24/library/core/src/panic/unwind_safe.rs:272:9
[INFO] [stdout]   20: std::panicking::try::do_call
[INFO] [stdout]              at /rustc/6067b36314ab5eb2eb47cecc464545ba58e1ad24/library/std/src/panicking.rs:587:40
[INFO] [stdout]   21: std::panicking::try
[INFO] [stdout]              at /rustc/6067b36314ab5eb2eb47cecc464545ba58e1ad24/library/std/src/panicking.rs:550:19
[INFO] [stdout]   22: std::panic::catch_unwind
[INFO] [stdout]              at /rustc/6067b36314ab5eb2eb47cecc464545ba58e1ad24/library/std/src/panic.rs:358:14
[INFO] [stdout]   23: std::thread::Builder::spawn_unchecked_::{{closure}}
[INFO] [stdout]              at /rustc/6067b36314ab5eb2eb47cecc464545ba58e1ad24/library/std/src/thread/mod.rs:557:30
[INFO] [stdout]   24: core::ops::function::FnOnce::call_once{{vtable.shim}}
[INFO] [stdout]              at /rustc/6067b36314ab5eb2eb47cecc464545ba58e1ad24/library/core/src/ops/function.rs:250:5
[INFO] [stdout]   25: <alloc::boxed::Box<F,A> as core::ops::function::FnOnce<Args>>::call_once
[INFO] [stdout]              at /rustc/6067b36314ab5eb2eb47cecc464545ba58e1ad24/library/alloc/src/boxed.rs:2013:9
[INFO] [stdout]   26: <alloc::boxed::Box<F,A> as core::ops::function::FnOnce<Args>>::call_once
[INFO] [stdout]              at /rustc/6067b36314ab5eb2eb47cecc464545ba58e1ad24/library/alloc/src/boxed.rs:2013:9
[INFO] [stdout]   27: std::sys::pal::unix::thread::Thread::new::thread_start
[INFO] [stdout]              at /rustc/6067b36314ab5eb2eb47cecc464545ba58e1ad24/library/std/src/sys/pal/unix/thread.rs:106:17
[INFO] [stdout]   28: <unknown>
[INFO] [stdout]   29: clone
[INFO] [stdout] stack backtrace:
[INFO] [stdout]    0:     0x64a23af5e69a - std::backtrace_rs::backtrace::libunwind::trace::hb059275cfc8d6126
[INFO] [stdout]                                at /rustc/6067b36314ab5eb2eb47cecc464545ba58e1ad24/library/std/src/../../backtrace/src/backtrace/libunwind.rs:116:5
[INFO] [stdout]    1:     0x64a23af5e69a - std::backtrace_rs::backtrace::trace_unsynchronized::h2da071e4327ce3ee
[INFO] [stdout]                                at /rustc/6067b36314ab5eb2eb47cecc464545ba58e1ad24/library/std/src/../../backtrace/src/backtrace/mod.rs:66:5
[INFO] [stdout]    2:     0x64a23af5e69a - std::sys::backtrace::_print_fmt::h842a1474e6f8d23f
[INFO] [stdout]                                at /rustc/6067b36314ab5eb2eb47cecc464545ba58e1ad24/library/std/src/sys/backtrace.rs:66:9
[INFO] [stdout]    3:     0x64a23af5e69a - <std::sys::backtrace::BacktraceLock::print::DisplayBacktrace as core::fmt::Display>::fmt::h71a62eb3b9696b12
[INFO] [stdout]                                at /rustc/6067b36314ab5eb2eb47cecc464545ba58e1ad24/library/std/src/sys/backtrace.rs:39:26
[INFO] [stdout]    4:     0x64a23af86143 - core::fmt::rt::Argument::fmt::hdb6b616786b41dc1
[INFO] [stdout]                                at /rustc/6067b36314ab5eb2eb47cecc464545ba58e1ad24/library/core/src/fmt/rt.rs:177:76
[INFO] [stdout]    5:     0x64a23af86143 - core::fmt::write::h2cc1698af7e2d686
[INFO] [stdout]                                at /rustc/6067b36314ab5eb2eb47cecc464545ba58e1ad24/library/core/src/fmt/mod.rs:1440:21
[INFO] [stdout]    6:     0x64a23af5af83 - std::io::Write::write_fmt::hab1b4cd059a79022
[INFO] [stdout]                                at /rustc/6067b36314ab5eb2eb47cecc464545ba58e1ad24/library/std/src/io/mod.rs:1887:15
[INFO] [stdout]    7:     0x64a23af5e4e2 - std::sys::backtrace::BacktraceLock::print::h147fe35b4ea13b08
[INFO] [stdout]                                at /rustc/6067b36314ab5eb2eb47cecc464545ba58e1ad24/library/std/src/sys/backtrace.rs:42:9
[INFO] [stdout]    8:     0x64a23af5fabf - std::panicking::default_hook::{{closure}}::hbd44223dbdc0d208
[INFO] [stdout]                                at /rustc/6067b36314ab5eb2eb47cecc464545ba58e1ad24/library/std/src/panicking.rs:298:22
[INFO] [stdout]    9:     0x64a23af5f8d8 - std::panicking::default_hook::h20f81eb0576efcec
[INFO] [stdout]                                at /rustc/6067b36314ab5eb2eb47cecc464545ba58e1ad24/library/std/src/panicking.rs:322:9
[INFO] [stdout]   10:     0x64a23aef7693 - <alloc::boxed::Box<F,A> as core::ops::function::Fn<Args>>::call::hdb53814c496a4d34
[INFO] [stdout]                                at /rustc/6067b36314ab5eb2eb47cecc464545ba58e1ad24/library/alloc/src/boxed.rs:2027:9
[INFO] [stdout]   11:     0x64a23aef7693 - test::test_main::{{closure}}::hc0a4963c59427c24
[INFO] [stdout]                                at /rustc/6067b36314ab5eb2eb47cecc464545ba58e1ad24/library/test/src/lib.rs:134:21
[INFO] [stdout]   12:     0x64a23af605b3 - <alloc::boxed::Box<F,A> as core::ops::function::Fn<Args>>::call::h591b2225413a77e9
[INFO] [stdout]                                at /rustc/6067b36314ab5eb2eb47cecc464545ba58e1ad24/library/alloc/src/boxed.rs:2027:9
[INFO] [stdout]   13:     0x64a23af605b3 - std::panicking::rust_panic_with_hook::h625eea43051b2edc
[INFO] [stdout]                                at /rustc/6067b36314ab5eb2eb47cecc464545ba58e1ad24/library/std/src/panicking.rs:839:13
[INFO] [stdout]   14:     0x64a23af6026a - std::panicking::begin_panic_handler::{{closure}}::h4f9159cfbc3f6bd3
[INFO] [stdout]                                at /rustc/6067b36314ab5eb2eb47cecc464545ba58e1ad24/library/std/src/panicking.rs:704:13
[INFO] [stdout]   15:     0x64a23af5eb99 - std::sys::backtrace::__rust_end_short_backtrace::h0390abce48353151
[INFO] [stdout]                                at /rustc/6067b36314ab5eb2eb47cecc464545ba58e1ad24/library/std/src/sys/backtrace.rs:168:18
[INFO] [stdout]   16:     0x64a23af5fefd - rust_begin_unwind
[INFO] [stdout]                                at /rustc/6067b36314ab5eb2eb47cecc464545ba58e1ad24/library/std/src/panicking.rs:695:5
[INFO] [stdout]   17:     0x64a23af84b50 - core::panicking::panic_fmt::h9e7c637e9e5f29c9
[INFO] [stdout]                                at /rustc/6067b36314ab5eb2eb47cecc464545ba58e1ad24/library/core/src/panicking.rs:75:14
[INFO] [stdout]   18:     0x64a23af84f96 - core::result::unwrap_failed::h7979f09313fe1849
[INFO] [stdout]                                at /rustc/6067b36314ab5eb2eb47cecc464545ba58e1ad24/library/core/src/result.rs:1704:5
[INFO] [stdout]   19:     0x64a23aebbc78 - core::result::Result<T,E>::unwrap::hb36c887b6707c8cc
[INFO] [stdout]                                at /rustc/6067b36314ab5eb2eb47cecc464545ba58e1ad24/library/core/src/result.rs:1109:23
[INFO] [stdout]   20:     0x64a23aebbc78 - integration_test::run_with_args::h37da375c4033ae10
[INFO] [stdout]                                at /opt/rustwide/workdir/tests/integration_test.rs:33:14
[INFO] [stdout]   21:     0x64a23aebccb2 - integration_test::test_unused_allowed_external_types::h5c9ff4ff9e1087c1
[INFO] [stdout]                                at /opt/rustwide/workdir/tests/integration_test.rs:101:25
[INFO] [stdout]   22:     0x64a23aebcba7 - integration_test::test_unused_allowed_external_types::{{closure}}::h7126af5e973c8f2a
[INFO] [stdout]                                at /opt/rustwide/workdir/tests/integration_test.rs:99:40
[INFO] [stdout]   23:     0x64a23aeb7696 - core::ops::function::FnOnce::call_once::h4f12c570135d8a0a
[INFO] [stdout]                                at /rustc/6067b36314ab5eb2eb47cecc464545ba58e1ad24/library/core/src/ops/function.rs:250:5
[INFO] [stdout]   24:     0x64a23aefcdeb - core::ops::function::FnOnce::call_once::he27718dfdd183f43
[INFO] [stdout]                                at /rustc/6067b36314ab5eb2eb47cecc464545ba58e1ad24/library/core/src/ops/function.rs:250:5
[INFO] [stdout]   25:     0x64a23aefcdeb - test::__rust_begin_short_backtrace::h4e84902998457a5d
[INFO] [stdout]                                at /rustc/6067b36314ab5eb2eb47cecc464545ba58e1ad24/library/test/src/lib.rs:632:18
[INFO] [stdout]   26:     0x64a23aefbd23 - test::run_test_in_process::{{closure}}::h7176fd18fc1feca0
[INFO] [stdout]                                at /rustc/6067b36314ab5eb2eb47cecc464545ba58e1ad24/library/test/src/lib.rs:655:60
[INFO] [stdout]   27:     0x64a23aefbd23 - <core::panic::unwind_safe::AssertUnwindSafe<F> as core::ops::function::FnOnce<()>>::call_once::hf79cff2a624d8cf7
[INFO] [stdout]                                at /rustc/6067b36314ab5eb2eb47cecc464545ba58e1ad24/library/core/src/panic/unwind_safe.rs:272:9
[INFO] [stdout]   28:     0x64a23aefbd23 - std::panicking::try::do_call::h3da0561d9ab99c25
[INFO] [stdout]                                at /rustc/6067b36314ab5eb2eb47cecc464545ba58e1ad24/library/std/src/panicking.rs:587:40
[INFO] [stdout]   29:     0x64a23aefbd23 - std::panicking::try::h41c9fa508bc61df6
[INFO] [stdout]                                at /rustc/6067b36314ab5eb2eb47cecc464545ba58e1ad24/library/std/src/panicking.rs:550:19
[INFO] [stdout]   30:     0x64a23aefbd23 - std::panic::catch_unwind::h6b3ff07bb5afad93
[INFO] [stdout]                                at /rustc/6067b36314ab5eb2eb47cecc464545ba58e1ad24/library/std/src/panic.rs:358:14
[INFO] [stdout]   31:     0x64a23aefbd23 - test::run_test_in_process::hc7253dd11b39b9f4
[INFO] [stdout]                                at /rustc/6067b36314ab5eb2eb47cecc464545ba58e1ad24/library/test/src/lib.rs:655:27
[INFO] [stdout]   32:     0x64a23aefbd23 - test::run_test::{{closure}}::hfb2007f8649c30bb
[INFO] [stdout]                                at /rustc/6067b36314ab5eb2eb47cecc464545ba58e1ad24/library/test/src/lib.rs:576:43
[INFO] [stdout]   33:     0x64a23aebee05 - test::run_test::{{closure}}::h56a17aa7a282a9f4
[INFO] [stdout]                                at /rustc/6067b36314ab5eb2eb47cecc464545ba58e1ad24/library/test/src/lib.rs:606:41
[INFO] [stdout]   34:     0x64a23aebee05 - std::sys::backtrace::__rust_begin_short_backtrace::hd2d2d2fb8e8c6aac
[INFO] [stdout]                                at /rustc/6067b36314ab5eb2eb47cecc464545ba58e1ad24/library/std/src/sys/backtrace.rs:152:18
[INFO] [stdout]   35:     0x64a23aec26ea - std::thread::Builder::spawn_unchecked_::{{closure}}::{{closure}}::h4faa3f9db6133423
[INFO] [stdout]                                at /rustc/6067b36314ab5eb2eb47cecc464545ba58e1ad24/library/std/src/thread/mod.rs:559:17
[INFO] [stdout]   36:     0x64a23aec26ea - <core::panic::unwind_safe::AssertUnwindSafe<F> as core::ops::function::FnOnce<()>>::call_once::hf2e855a36a4ea846
[INFO] [stdout]                                at /rustc/6067b36314ab5eb2eb47cecc464545ba58e1ad24/library/core/src/panic/unwind_safe.rs:272:9
[INFO] [stdout]   37:     0x64a23aec26ea - std::panicking::try::do_call::h2f73af3616c35465
[INFO] [stdout]                                at /rustc/6067b36314ab5eb2eb47cecc464545ba58e1ad24/library/std/src/panicking.rs:587:40
[INFO] [stdout]   38:     0x64a23aec26ea - std::panicking::try::hd1660ce9efadef5a
[INFO] [stdout]                                at /rustc/6067b36314ab5eb2eb47cecc464545ba58e1ad24/library/std/src/panicking.rs:550:19
[INFO] [stdout]   39:     0x64a23aec26ea - std::panic::catch_unwind::h5ee8d7823b8ca744
[INFO] [stdout]                                at /rustc/6067b36314ab5eb2eb47cecc464545ba58e1ad24/library/std/src/panic.rs:358:14
[INFO] [stdout]   40:     0x64a23aec26ea - std::thread::Builder::spawn_unchecked_::{{closure}}::h53c3a1894dce8407
[INFO] [stdout]                                at /rustc/6067b36314ab5eb2eb47cecc464545ba58e1ad24/library/std/src/thread/mod.rs:557:30
[INFO] [stdout]   41:     0x64a23aec26ea - core::ops::function::FnOnce::call_once{{vtable.shim}}::h048ce291ad4f62bf
[INFO] [stdout]                                at /rustc/6067b36314ab5eb2eb47cecc464545ba58e1ad24/library/core/src/ops/function.rs:250:5
[INFO] [stdout]   42:     0x64a23af647ab - <alloc::boxed::Box<F,A> as core::ops::function::FnOnce<Args>>::call_once::ha52bedf99a3b4981
[INFO] [stdout]                                at /rustc/6067b36314ab5eb2eb47cecc464545ba58e1ad24/library/alloc/src/boxed.rs:2013:9
[INFO] [stdout]   43:     0x64a23af647ab - <alloc::boxed::Box<F,A> as core::ops::function::FnOnce<Args>>::call_once::h567748934d80ccf8
[INFO] [stdout]                                at /rustc/6067b36314ab5eb2eb47cecc464545ba58e1ad24/library/alloc/src/boxed.rs:2013:9
[INFO] [stdout]   44:     0x64a23af647ab - std::sys::pal::unix::thread::Thread::new::thread_start::h2d970728ae887adc
[INFO] [stdout]                                at /rustc/6067b36314ab5eb2eb47cecc464545ba58e1ad24/library/std/src/sys/pal/unix/thread.rs:106:17
[INFO] [stdout]   45:     0x7165638fbac3 - <unknown>
[INFO] [stdout]   46:     0x71656398ca04 - clone
[INFO] [stdout]   47:                0x0 - <unknown>
[INFO] [stdout] 
[INFO] [stdout] ---- test_multiple_allowed_external_types stdout ----
[INFO] [stdout] 
[INFO] [stdout] thread 'test_multiple_allowed_external_types' panicked at tests/integration_test.rs:33:68:
[INFO] [stdout] called `Result::unwrap()` on an `Err` value: Failed to cargo-check-external-types:
[INFO] [stdout] Status: 2
[INFO] [stdout] Stdout: error at src/main.rs:153:60: `cargo metadata` exited with an error: error: failed to write /opt/rustwide/workdir/test-workspace/Cargo.lock
[INFO] [stdout] 
[INFO] [stdout] Caused by:
[INFO] [stdout]   failed to open: /opt/rustwide/workdir/test-workspace/Cargo.lock
[INFO] [stdout] 
[INFO] [stdout] Caused by:
[INFO] [stdout]   Read-only file system (os error 30)
[INFO] [stdout] 
[INFO] [stdout] 
[INFO] [stdout] Stderr: [src/main.rs:105:30] err = Error {
[INFO] [stdout]     context: "error at src/main.rs:153:60",
[INFO] [stdout]     source: CargoMetadata {
[INFO] [stdout]         stderr: "error: failed to write /opt/rustwide/workdir/test-workspace/Cargo.lock\n\nCaused by:\n  failed to open: /opt/rustwide/workdir/test-workspace/Cargo.lock\n\nCaused by:\n  Read-only file system (os error 30)\n",
[INFO] [stdout]     },
[INFO] [stdout] }
[INFO] [stdout] 
[INFO] [stdout] 
[INFO] [stdout] 
[INFO] [stdout] Stack backtrace:
[INFO] [stdout]    0: anyhow::error::<impl anyhow::Error>::msg
[INFO] [stdout]              at /opt/rustwide/cargo-home/registry/src/index.crates.io-1949cf8c6b5b557f/anyhow-1.0.95/src/backtrace.rs:27:14
[INFO] [stdout]    1: cargo_check_external_types::cargo::capture_error
[INFO] [stdout]              at ./src/cargo.rs:129:5
[INFO] [stdout]    2: cargo_check_external_types::cargo::handle_failure
[INFO] [stdout]              at ./src/cargo.rs:112:20
[INFO] [stdout]    3: integration_test::run_with_args
[INFO] [stdout]              at ./tests/integration_test.rs:33:14
[INFO] [stdout]    4: integration_test::test_multiple_allowed_external_types
[INFO] [stdout]              at ./tests/integration_test.rs:111:25
[INFO] [stdout]    5: integration_test::test_multiple_allowed_external_types::{{closure}}
[INFO] [stdout]              at ./tests/integration_test.rs:109:42
[INFO] [stdout]    6: core::ops::function::FnOnce::call_once
[INFO] [stdout]              at /rustc/6067b36314ab5eb2eb47cecc464545ba58e1ad24/library/core/src/ops/function.rs:250:5
[INFO] [stdout]    7: core::ops::function::FnOnce::call_once
[INFO] [stdout]              at /rustc/6067b36314ab5eb2eb47cecc464545ba58e1ad24/library/core/src/ops/function.rs:250:5
[INFO] [stdout]    8: test::__rust_begin_short_backtrace
[INFO] [stdout]              at /rustc/6067b36314ab5eb2eb47cecc464545ba58e1ad24/library/test/src/lib.rs:632:18
[INFO] [stdout]    9: test::run_test_in_process::{{closure}}
[INFO] [stdout]              at /rustc/6067b36314ab5eb2eb47cecc464545ba58e1ad24/library/test/src/lib.rs:655:60
[INFO] [stdout]   10: <core::panic::unwind_safe::AssertUnwindSafe<F> as core::ops::function::FnOnce<()>>::call_once
[INFO] [stdout]              at /rustc/6067b36314ab5eb2eb47cecc464545ba58e1ad24/library/core/src/panic/unwind_safe.rs:272:9
[INFO] [stdout]   11: std::panicking::try::do_call
[INFO] [stdout]              at /rustc/6067b36314ab5eb2eb47cecc464545ba58e1ad24/library/std/src/panicking.rs:587:40
[INFO] [stdout]   12: std::panicking::try
[INFO] [stdout]              at /rustc/6067b36314ab5eb2eb47cecc464545ba58e1ad24/library/std/src/panicking.rs:550:19
[INFO] [stdout]   13: std::panic::catch_unwind
[INFO] [stdout]              at /rustc/6067b36314ab5eb2eb47cecc464545ba58e1ad24/library/std/src/panic.rs:358:14
[INFO] [stdout]   14: test::run_test_in_process
[INFO] [stdout]              at /rustc/6067b36314ab5eb2eb47cecc464545ba58e1ad24/library/test/src/lib.rs:655:27
[INFO] [stdout]   15: test::run_test::{{closure}}
[INFO] [stdout]              at /rustc/6067b36314ab5eb2eb47cecc464545ba58e1ad24/library/test/src/lib.rs:576:43
[INFO] [stdout]   16: test::run_test::{{closure}}
[INFO] [stdout]              at /rustc/6067b36314ab5eb2eb47cecc464545ba58e1ad24/library/test/src/lib.rs:606:41
[INFO] [stdout]   17: std::sys::backtrace::__rust_begin_short_backtrace
[INFO] [stdout]              at /rustc/6067b36314ab5eb2eb47cecc464545ba58e1ad24/library/std/src/sys/backtrace.rs:152:18
[INFO] [stdout]   18: std::thread::Builder::spawn_unchecked_::{{closure}}::{{closure}}
[INFO] [stdout]              at /rustc/6067b36314ab5eb2eb47cecc464545ba58e1ad24/library/std/src/thread/mod.rs:559:17
[INFO] [stdout]   19: <core::panic::unwind_safe::AssertUnwindSafe<F> as core::ops::function::FnOnce<()>>::call_once
[INFO] [stdout]              at /rustc/6067b36314ab5eb2eb47cecc464545ba58e1ad24/library/core/src/panic/unwind_safe.rs:272:9
[INFO] [stdout]   20: std::panicking::try::do_call
[INFO] [stdout]              at /rustc/6067b36314ab5eb2eb47cecc464545ba58e1ad24/library/std/src/panicking.rs:587:40
[INFO] [stdout]   21: std::panicking::try
[INFO] [stdout]              at /rustc/6067b36314ab5eb2eb47cecc464545ba58e1ad24/library/std/src/panicking.rs:550:19
[INFO] [stdout]   22: std::panic::catch_unwind
[INFO] [stdout]              at /rustc/6067b36314ab5eb2eb47cecc464545ba58e1ad24/library/std/src/panic.rs:358:14
[INFO] [stdout]   23: std::thread::Builder::spawn_unchecked_::{{closure}}
[INFO] [stdout]              at /rustc/6067b36314ab5eb2eb47cecc464545ba58e1ad24/library/std/src/thread/mod.rs:557:30
[INFO] [stdout]   24: core::ops::function::FnOnce::call_once{{vtable.shim}}
[INFO] [stdout]              at /rustc/6067b36314ab5eb2eb47cecc464545ba58e1ad24/library/core/src/ops/function.rs:250:5
[INFO] [stdout]   25: <alloc::boxed::Box<F,A> as core::ops::function::FnOnce<Args>>::call_once
[INFO] [stdout]              at /rustc/6067b36314ab5eb2eb47cecc464545ba58e1ad24/library/alloc/src/boxed.rs:2013:9
[INFO] [stdout]   26: <alloc::boxed::Box<F,A> as core::ops::function::FnOnce<Args>>::call_once
[INFO] [stdout]              at /rustc/6067b36314ab5eb2eb47cecc464545ba58e1ad24/library/alloc/src/boxed.rs:2013:9
[INFO] [stdout]   27: std::sys::pal::unix::thread::Thread::new::thread_start
[INFO] [stdout]              at /rustc/6067b36314ab5eb2eb47cecc464545ba58e1ad24/library/std/src/sys/pal/unix/thread.rs:106:17
[INFO] [stdout]   28: <unknown>
[INFO] [stdout]   29: clone
[INFO] [stdout] stack backtrace:
[INFO] [stdout]    0:     0x64a23af5e69a - std::backtrace_rs::backtrace::libunwind::trace::hb059275cfc8d6126
[INFO] [stdout]                                at /rustc/6067b36314ab5eb2eb47cecc464545ba58e1ad24/library/std/src/../../backtrace/src/backtrace/libunwind.rs:116:5
[INFO] [stdout]    1:     0x64a23af5e69a - std::backtrace_rs::backtrace::trace_unsynchronized::h2da071e4327ce3ee
[INFO] [stdout]                                at /rustc/6067b36314ab5eb2eb47cecc464545ba58e1ad24/library/std/src/../../backtrace/src/backtrace/mod.rs:66:5
[INFO] [stdout]    2:     0x64a23af5e69a - std::sys::backtrace::_print_fmt::h842a1474e6f8d23f
[INFO] [stdout]                                at /rustc/6067b36314ab5eb2eb47cecc464545ba58e1ad24/library/std/src/sys/backtrace.rs:66:9
[INFO] [stdout]    3:     0x64a23af5e69a - <std::sys::backtrace::BacktraceLock::print::DisplayBacktrace as core::fmt::Display>::fmt::h71a62eb3b9696b12
[INFO] [stdout]                                at /rustc/6067b36314ab5eb2eb47cecc464545ba58e1ad24/library/std/src/sys/backtrace.rs:39:26
[INFO] [stdout]    4:     0x64a23af86143 - core::fmt::rt::Argument::fmt::hdb6b616786b41dc1
[INFO] [stdout]                                at /rustc/6067b36314ab5eb2eb47cecc464545ba58e1ad24/library/core/src/fmt/rt.rs:177:76
[INFO] [stdout]    5:     0x64a23af86143 - core::fmt::write::h2cc1698af7e2d686
[INFO] [stdout]                                at /rustc/6067b36314ab5eb2eb47cecc464545ba58e1ad24/library/core/src/fmt/mod.rs:1440:21
[INFO] [stdout]    6:     0x64a23af5af83 - std::io::Write::write_fmt::hab1b4cd059a79022
[INFO] [stdout]                                at /rustc/6067b36314ab5eb2eb47cecc464545ba58e1ad24/library/std/src/io/mod.rs:1887:15
[INFO] [stdout]    7:     0x64a23af5e4e2 - std::sys::backtrace::BacktraceLock::print::h147fe35b4ea13b08
[INFO] [stdout]                                at /rustc/6067b36314ab5eb2eb47cecc464545ba58e1ad24/library/std/src/sys/backtrace.rs:42:9
[INFO] [stdout]    8:     0x64a23af5fabf - std::panicking::default_hook::{{closure}}::hbd44223dbdc0d208
[INFO] [stdout]                                at /rustc/6067b36314ab5eb2eb47cecc464545ba58e1ad24/library/std/src/panicking.rs:298:22
[INFO] [stdout]    9:     0x64a23af5f8d8 - std::panicking::default_hook::h20f81eb0576efcec
[INFO] [stdout]                                at /rustc/6067b36314ab5eb2eb47cecc464545ba58e1ad24/library/std/src/panicking.rs:322:9
[INFO] [stdout]   10:     0x64a23aef7693 - <alloc::boxed::Box<F,A> as core::ops::function::Fn<Args>>::call::hdb53814c496a4d34
[INFO] [stdout]                                at /rustc/6067b36314ab5eb2eb47cecc464545ba58e1ad24/library/alloc/src/boxed.rs:2027:9
[INFO] [stdout]   11:     0x64a23aef7693 - test::test_main::{{closure}}::hc0a4963c59427c24
[INFO] [stdout]                                at /rustc/6067b36314ab5eb2eb47cecc464545ba58e1ad24/library/test/src/lib.rs:134:21
[INFO] [stdout]   12:     0x64a23af605b3 - <alloc::boxed::Box<F,A> as core::ops::function::Fn<Args>>::call::h591b2225413a77e9
[INFO] [stdout]                                at /rustc/6067b36314ab5eb2eb47cecc464545ba58e1ad24/library/alloc/src/boxed.rs:2027:9
[INFO] [stdout]   13:     0x64a23af605b3 - std::panicking::rust_panic_with_hook::h625eea43051b2edc
[INFO] [stdout]                                at /rustc/6067b36314ab5eb2eb47cecc464545ba58e1ad24/library/std/src/panicking.rs:839:13
[INFO] [stdout]   14:     0x64a23af6026a - std::panicking::begin_panic_handler::{{closure}}::h4f9159cfbc3f6bd3
[INFO] [stdout]                                at /rustc/6067b36314ab5eb2eb47cecc464545ba58e1ad24/library/std/src/panicking.rs:704:13
[INFO] [stdout]   15:     0x64a23af5eb99 - std::sys::backtrace::__rust_end_short_backtrace::h0390abce48353151
[INFO] [stdout]                                at /rustc/6067b36314ab5eb2eb47cecc464545ba58e1ad24/library/std/src/sys/backtrace.rs:168:18
[INFO] [stdout]   16:     0x64a23af5fefd - rust_begin_unwind
[INFO] [stdout]                                at /rustc/6067b36314ab5eb2eb47cecc464545ba58e1ad24/library/std/src/panicking.rs:695:5
[INFO] [stdout]   17:     0x64a23af84b50 - core::panicking::panic_fmt::h9e7c637e9e5f29c9
[INFO] [stdout]                                at /rustc/6067b36314ab5eb2eb47cecc464545ba58e1ad24/library/core/src/panicking.rs:75:14
[INFO] [stdout]   18:     0x64a23af84f96 - core::result::unwrap_failed::h7979f09313fe1849
[INFO] [stdout]                                at /rustc/6067b36314ab5eb2eb47cecc464545ba58e1ad24/library/core/src/result.rs:1704:5
[INFO] [stdout]   19:     0x64a23aebbc78 - core::result::Result<T,E>::unwrap::hb36c887b6707c8cc
[INFO] [stdout]                                at /rustc/6067b36314ab5eb2eb47cecc464545ba58e1ad24/library/core/src/result.rs:1109:23
[INFO] [stdout]   20:     0x64a23aebbc78 - integration_test::run_with_args::h37da375c4033ae10
[INFO] [stdout]                                at /opt/rustwide/workdir/tests/integration_test.rs:33:14
[INFO] [stdout]   21:     0x64a23aebcf32 - integration_test::test_multiple_allowed_external_types::h6ce2a6279430b3b1
[INFO] [stdout]                                at /opt/rustwide/workdir/tests/integration_test.rs:111:25
[INFO] [stdout]   22:     0x64a23aebce27 - integration_test::test_multiple_allowed_external_types::{{closure}}::h72eaf4c2aeeae79f
[INFO] [stdout]                                at /opt/rustwide/workdir/tests/integration_test.rs:109:42
[INFO] [stdout]   23:     0x64a23aeb7846 - core::ops::function::FnOnce::call_once::hcf8e7477f3560705
[INFO] [stdout]                                at /rustc/6067b36314ab5eb2eb47cecc464545ba58e1ad24/library/core/src/ops/function.rs:250:5
[INFO] [stdout]   24:     0x64a23aefcdeb - core::ops::function::FnOnce::call_once::he27718dfdd183f43
[INFO] [stdout]                                at /rustc/6067b36314ab5eb2eb47cecc464545ba58e1ad24/library/core/src/ops/function.rs:250:5
[INFO] [stdout]   25:     0x64a23aefcdeb - test::__rust_begin_short_backtrace::h4e84902998457a5d
[INFO] [stdout]                                at /rustc/6067b36314ab5eb2eb47cecc464545ba58e1ad24/library/test/src/lib.rs:632:18
[INFO] [stdout]   26:     0x64a23aefbd23 - test::run_test_in_process::{{closure}}::h7176fd18fc1feca0
[INFO] [stdout]                                at /rustc/6067b36314ab5eb2eb47cecc464545ba58e1ad24/library/test/src/lib.rs:655:60
[INFO] [stdout]   27:     0x64a23aefbd23 - <core::panic::unwind_safe::AssertUnwindSafe<F> as core::ops::function::FnOnce<()>>::call_once::hf79cff2a624d8cf7
[INFO] [stdout]                                at /rustc/6067b36314ab5eb2eb47cecc464545ba58e1ad24/library/core/src/panic/unwind_safe.rs:272:9
[INFO] [stdout]   28:     0x64a23aefbd23 - std::panicking::try::do_call::h3da0561d9ab99c25
[INFO] [stdout]                                at /rustc/6067b36314ab5eb2eb47cecc464545ba58e1ad24/library/std/src/panicking.rs:587:40
[INFO] [stdout]   29:     0x64a23aefbd23 - std::panicking::try::h41c9fa508bc61df6
[INFO] [stdout]                                at /rustc/6067b36314ab5eb2eb47cecc464545ba58e1ad24/library/std/src/panicking.rs:550:19
[INFO] [stdout]   30:     0x64a23aefbd23 - std::panic::catch_unwind::h6b3ff07bb5afad93
[INFO] [stdout]                                at /rustc/6067b36314ab5eb2eb47cecc464545ba58e1ad24/library/std/src/panic.rs:358:14
[INFO] [stdout]   31:     0x64a23aefbd23 - test::run_test_in_process::hc7253dd11b39b9f4
[INFO] [stdout]                                at /rustc/6067b36314ab5eb2eb47cecc464545ba58e1ad24/library/test/src/lib.rs:655:27
[INFO] [stdout]   32:     0x64a23aefbd23 - test::run_test::{{closure}}::hfb2007f8649c30bb
[INFO] [stdout]                                at /rustc/6067b36314ab5eb2eb47cecc464545ba58e1ad24/library/test/src/lib.rs:576:43
[INFO] [stdout]   33:     0x64a23aebee05 - test::run_test::{{closure}}::h56a17aa7a282a9f4
[INFO] [stdout]                                at /rustc/6067b36314ab5eb2eb47cecc464545ba58e1ad24/library/test/src/lib.rs:606:41
[INFO] [stdout]   34:     0x64a23aebee05 - std::sys::backtrace::__rust_begin_short_backtrace::hd2d2d2fb8e8c6aac
[INFO] [stdout]                                at /rustc/6067b36314ab5eb2eb47cecc464545ba58e1ad24/library/std/src/sys/backtrace.rs:152:18
[INFO] [stdout]   35:     0x64a23aec26ea - std::thread::Builder::spawn_unchecked_::{{closure}}::{{closure}}::h4faa3f9db6133423
[INFO] [stdout]                                at /rustc/6067b36314ab5eb2eb47cecc464545ba58e1ad24/library/std/src/thread/mod.rs:559:17
[INFO] [stdout]   36:     0x64a23aec26ea - <core::panic::unwind_safe::AssertUnwindSafe<F> as core::ops::function::FnOnce<()>>::call_once::hf2e855a36a4ea846
[INFO] [stdout]                                at /rustc/6067b36314ab5eb2eb47cecc464545ba58e1ad24/library/core/src/panic/unwind_safe.rs:272:9
[INFO] [stdout]   37:     0x64a23aec26ea - std::panicking::try::do_call::h2f73af3616c35465
[INFO] [stdout]                                at /rustc/6067b36314ab5eb2eb47cecc464545ba58e1ad24/library/std/src/panicking.rs:587:40
[INFO] [stdout]   38:     0x64a23aec26ea - std::panicking::try::hd1660ce9efadef5a
[INFO] [stdout]                                at /rustc/6067b36314ab5eb2eb47cecc464545ba58e1ad24/library/std/src/panicking.rs:550:19
[INFO] [stdout]   39:     0x64a23aec26ea - std::panic::catch_unwind::h5ee8d7823b8ca744
[INFO] [stdout]                                at /rustc/6067b36314ab5eb2eb47cecc464545ba58e1ad24/library/std/src/panic.rs:358:14
[INFO] [stdout]   40:     0x64a23aec26ea - std::thread::Builder::spawn_unchecked_::{{closure}}::h53c3a1894dce8407
[INFO] [stdout]                                at /rustc/6067b36314ab5eb2eb47cecc464545ba58e1ad24/library/std/src/thread/mod.rs:557:30
[INFO] [stdout]   41:     0x64a23aec26ea - core::ops::function::FnOnce::call_once{{vtable.shim}}::h048ce291ad4f62bf
[INFO] [stdout]                                at /rustc/6067b36314ab5eb2eb47cecc464545ba58e1ad24/library/core/src/ops/function.rs:250:5
[INFO] [stdout]   42:     0x64a23af647ab - <alloc::boxed::Box<F,A> as core::ops::function::FnOnce<Args>>::call_once::ha52bedf99a3b4981
[INFO] [stdout]                                at /rustc/6067b36314ab5eb2eb47cecc464545ba58e1ad24/library/alloc/src/boxed.rs:2013:9
[INFO] [stdout]   43:     0x64a23af647ab - <alloc::boxed::Box<F,A> as core::ops::function::FnOnce<Args>>::call_once::h567748934d80ccf8
[INFO] [stdout]                                at /rustc/6067b36314ab5eb2eb47cecc464545ba58e1ad24/library/alloc/src/boxed.rs:2013:9
[INFO] [stdout]   44:     0x64a23af647ab - std::sys::pal::unix::thread::Thread::new::thread_start::h2d970728ae887adc
[INFO] [stdout]                                at /rustc/6067b36314ab5eb2eb47cecc464545ba58e1ad24/library/std/src/sys/pal/unix/thread.rs:106:17
[INFO] [stdout]   45:     0x7165638fbac3 - <unknown>
[INFO] [stdout]   46:     0x71656398ca04 - clone
[INFO] [stdout]   47:                0x0 - <unknown>
[INFO] [stdout] 
[INFO] [stdout] ---- with_some_allowed_types stdout ----
[INFO] [stdout] 
[INFO] [stdout] thread 'with_some_allowed_types' panicked at tests/integration_test.rs:33:68:
[INFO] [stdout] called `Result::unwrap()` on an `Err` value: Failed to cargo-check-external-types:
[INFO] [stdout] Status: 2
[INFO] [stdout] Stdout: error at src/main.rs:153:60: `cargo metadata` exited with an error: error: failed to write /opt/rustwide/workdir/test-workspace/Cargo.lock
[INFO] [stdout] 
[INFO] [stdout] Caused by:
[INFO] [stdout]   failed to open: /opt/rustwide/workdir/test-workspace/Cargo.lock
[INFO] [stdout] 
[INFO] [stdout] Caused by:
[INFO] [stdout]   Read-only file system (os error 30)
[INFO] [stdout] 
[INFO] [stdout] 
[INFO] [stdout] Stderr: [src/main.rs:105:30] err = Error {
[INFO] [stdout]     context: "error at src/main.rs:153:60",
[INFO] [stdout]     source: CargoMetadata {
[INFO] [stdout]         stderr: "error: failed to write /opt/rustwide/workdir/test-workspace/Cargo.lock\n\nCaused by:\n  failed to open: /opt/rustwide/workdir/test-workspace/Cargo.lock\n\nCaused by:\n  Read-only file system (os error 30)\n",
[INFO] [stdout]     },
[INFO] [stdout] }
[INFO] [stdout] 
[INFO] [stdout] 
[INFO] [stdout] 
[INFO] [stdout] Stack backtrace:
[INFO] [stdout]    0: anyhow::error::<impl anyhow::Error>::msg
[INFO] [stdout]              at /opt/rustwide/cargo-home/registry/src/index.crates.io-1949cf8c6b5b557f/anyhow-1.0.95/src/backtrace.rs:27:14
[INFO] [stdout]    1: cargo_check_external_types::cargo::capture_error
[INFO] [stdout]              at ./src/cargo.rs:129:5
[INFO] [stdout]    2: cargo_check_external_types::cargo::handle_failure
[INFO] [stdout]              at ./src/cargo.rs:112:20
[INFO] [stdout]    3: integration_test::run_with_args
[INFO] [stdout]              at ./tests/integration_test.rs:33:14
[INFO] [stdout]    4: integration_test::with_some_allowed_types
[INFO] [stdout]              at ./tests/integration_test.rs:57:25
[INFO] [stdout]    5: integration_test::with_some_allowed_types::{{closure}}
[INFO] [stdout]              at ./tests/integration_test.rs:55:29
[INFO] [stdout]    6: core::ops::function::FnOnce::call_once
[INFO] [stdout]              at /rustc/6067b36314ab5eb2eb47cecc464545ba58e1ad24/library/core/src/ops/function.rs:250:5
[INFO] [stdout]    7: core::ops::function::FnOnce::call_once
[INFO] [stdout]              at /rustc/6067b36314ab5eb2eb47cecc464545ba58e1ad24/library/core/src/ops/function.rs:250:5
[INFO] [stdout]    8: test::__rust_begin_short_backtrace
[INFO] [stdout]              at /rustc/6067b36314ab5eb2eb47cecc464545ba58e1ad24/library/test/src/lib.rs:632:18
[INFO] [stdout]    9: test::run_test_in_process::{{closure}}
[INFO] [stdout]              at /rustc/6067b36314ab5eb2eb47cecc464545ba58e1ad24/library/test/src/lib.rs:655:60
[INFO] [stdout]   10: <core::panic::unwind_safe::AssertUnwindSafe<F> as core::ops::function::FnOnce<()>>::call_once
[INFO] [stdout]              at /rustc/6067b36314ab5eb2eb47cecc464545ba58e1ad24/library/core/src/panic/unwind_safe.rs:272:9
[INFO] [stdout]   11: std::panicking::try::do_call
[INFO] [stdout]              at /rustc/6067b36314ab5eb2eb47cecc464545ba58e1ad24/library/std/src/panicking.rs:587:40
[INFO] [stdout]   12: std::panicking::try
[INFO] [stdout]              at /rustc/6067b36314ab5eb2eb47cecc464545ba58e1ad24/library/std/src/panicking.rs:550:19
[INFO] [stdout]   13: std::panic::catch_unwind
[INFO] [stdout]              at /rustc/6067b36314ab5eb2eb47cecc464545ba58e1ad24/library/std/src/panic.rs:358:14
[INFO] [stdout]   14: test::run_test_in_process
[INFO] [stdout]              at /rustc/6067b36314ab5eb2eb47cecc464545ba58e1ad24/library/test/src/lib.rs:655:27
[INFO] [stdout]   15: test::run_test::{{closure}}
[INFO] [stdout]              at /rustc/6067b36314ab5eb2eb47cecc464545ba58e1ad24/library/test/src/lib.rs:576:43
[INFO] [stdout]   16: test::run_test::{{closure}}
[INFO] [stdout]              at /rustc/6067b36314ab5eb2eb47cecc464545ba58e1ad24/library/test/src/lib.rs:606:41
[INFO] [stdout]   17: std::sys::backtrace::__rust_begin_short_backtrace
[INFO] [stdout]              at /rustc/6067b36314ab5eb2eb47cecc464545ba58e1ad24/library/std/src/sys/backtrace.rs:152:18
[INFO] [stdout]   18: std::thread::Builder::spawn_unchecked_::{{closure}}::{{closure}}
[INFO] [stdout]              at /rustc/6067b36314ab5eb2eb47cecc464545ba58e1ad24/library/std/src/thread/mod.rs:559:17
[INFO] [stdout]   19: <core::panic::unwind_safe::AssertUnwindSafe<F> as core::ops::function::FnOnce<()>>::call_once
[INFO] [stdout]              at /rustc/6067b36314ab5eb2eb47cecc464545ba58e1ad24/library/core/src/panic/unwind_safe.rs:272:9
[INFO] [stdout]   20: std::panicking::try::do_call
[INFO] [stdout]              at /rustc/6067b36314ab5eb2eb47cecc464545ba58e1ad24/library/std/src/panicking.rs:587:40
[INFO] [stdout]   21: std::panicking::try
[INFO] [stdout]              at /rustc/6067b36314ab5eb2eb47cecc464545ba58e1ad24/library/std/src/panicking.rs:550:19
[INFO] [stdout]   22: std::panic::catch_unwind
[INFO] [stdout]              at /rustc/6067b36314ab5eb2eb47cecc464545ba58e1ad24/library/std/src/panic.rs:358:14
[INFO] [stdout]   23: std::thread::Builder::spawn_unchecked_::{{closure}}
[INFO] [stdout]              at /rustc/6067b36314ab5eb2eb47cecc464545ba58e1ad24/library/std/src/thread/mod.rs:557:30
[INFO] [stdout]   24: core::ops::function::FnOnce::call_once{{vtable.shim}}
[INFO] [stdout]              at /rustc/6067b36314ab5eb2eb47cecc464545ba58e1ad24/library/core/src/ops/function.rs:250:5
[INFO] [stdout]   25: <alloc::boxed::Box<F,A> as core::ops::function::FnOnce<Args>>::call_once
[INFO] [stdout]              at /rustc/6067b36314ab5eb2eb47cecc464545ba58e1ad24/library/alloc/src/boxed.rs:2013:9
[INFO] [stdout]   26: <alloc::boxed::Box<F,A> as core::ops::function::FnOnce<Args>>::call_once
[INFO] [stdout]              at /rustc/6067b36314ab5eb2eb47cecc464545ba58e1ad24/library/alloc/src/boxed.rs:2013:9
[INFO] [stdout]   27: std::sys::pal::unix::thread::Thread::new::thread_start
[INFO] [stdout]              at /rustc/6067b36314ab5eb2eb47cecc464545ba58e1ad24/library/std/src/sys/pal/unix/thread.rs:106:17
[INFO] [stdout]   28: <unknown>
[INFO] [stdout]   29: clone
[INFO] [stdout] stack backtrace:
[INFO] [stdout]    0:     0x64a23af5e69a - std::backtrace_rs::backtrace::libunwind::trace::hb059275cfc8d6126
[INFO] [stdout]                                at /rustc/6067b36314ab5eb2eb47cecc464545ba58e1ad24/library/std/src/../../backtrace/src/backtrace/libunwind.rs:116:5
[INFO] [stdout]    1:     0x64a23af5e69a - std::backtrace_rs::backtrace::trace_unsynchronized::h2da071e4327ce3ee
[INFO] [stdout]                                at /rustc/6067b36314ab5eb2eb47cecc464545ba58e1ad24/library/std/src/../../backtrace/src/backtrace/mod.rs:66:5
[INFO] [stdout]    2:     0x64a23af5e69a - std::sys::backtrace::_print_fmt::h842a1474e6f8d23f
[INFO] [stdout]                                at /rustc/6067b36314ab5eb2eb47cecc464545ba58e1ad24/library/std/src/sys/backtrace.rs:66:9
[INFO] [stdout]    3:     0x64a23af5e69a - <std::sys::backtrace::BacktraceLock::print::DisplayBacktrace as core::fmt::Display>::fmt::h71a62eb3b9696b12
[INFO] [stdout]                                at /rustc/6067b36314ab5eb2eb47cecc464545ba58e1ad24/library/std/src/sys/backtrace.rs:39:26
[INFO] [stdout]    4:     0x64a23af86143 - core::fmt::rt::Argument::fmt::hdb6b616786b41dc1
[INFO] [stdout]                                at /rustc/6067b36314ab5eb2eb47cecc464545ba58e1ad24/library/core/src/fmt/rt.rs:177:76
[INFO] [stdout]    5:     0x64a23af86143 - core::fmt::write::h2cc1698af7e2d686
[INFO] [stdout]                                at /rustc/6067b36314ab5eb2eb47cecc464545ba58e1ad24/library/core/src/fmt/mod.rs:1440:21
[INFO] [stdout]    6:     0x64a23af5af83 - std::io::Write::write_fmt::hab1b4cd059a79022
[INFO] [stdout]                                at /rustc/6067b36314ab5eb2eb47cecc464545ba58e1ad24/library/std/src/io/mod.rs:1887:15
[INFO] [stdout]    7:     0x64a23af5e4e2 - std::sys::backtrace::BacktraceLock::print::h147fe35b4ea13b08
[INFO] [stdout]                                at /rustc/6067b36314ab5eb2eb47cecc464545ba58e1ad24/library/std/src/sys/backtrace.rs:42:9
[INFO] [stdout]    8:     0x64a23af5fabf - std::panicking::default_hook::{{closure}}::hbd44223dbdc0d208
[INFO] [stdout]                                at /rustc/6067b36314ab5eb2eb47cecc464545ba58e1ad24/library/std/src/panicking.rs:298:22
[INFO] [stdout]    9:     0x64a23af5f8d8 - std::panicking::default_hook::h20f81eb0576efcec
[INFO] [stdout]                                at /rustc/6067b36314ab5eb2eb47cecc464545ba58e1ad24/library/std/src/panicking.rs:322:9
[INFO] [stdout]   10:     0x64a23aef7693 - <alloc::boxed::Box<F,A> as core::ops::function::Fn<Args>>::call::hdb53814c496a4d34
[INFO] [stdout]                                at /rustc/6067b36314ab5eb2eb47cecc464545ba58e1ad24/library/alloc/src/boxed.rs:2027:9
[INFO] [stdout]   11:     0x64a23aef7693 - test::test_main::{{closure}}::hc0a4963c59427c24
[INFO] [stdout]                                at /rustc/6067b36314ab5eb2eb47cecc464545ba58e1ad24/library/test/src/lib.rs:134:21
[INFO] [stdout]   12:     0x64a23af605b3 - <alloc::boxed::Box<F,A> as core::ops::function::Fn<Args>>::call::h591b2225413a77e9
[INFO] [stdout]                                at /rustc/6067b36314ab5eb2eb47cecc464545ba58e1ad24/library/alloc/src/boxed.rs:2027:9
[INFO] [stdout]   13:     0x64a23af605b3 - std::panicking::rust_panic_with_hook::h625eea43051b2edc
[INFO] [stdout]                                at /rustc/6067b36314ab5eb2eb47cecc464545ba58e1ad24/library/std/src/panicking.rs:839:13
[INFO] [stdout]   14:     0x64a23af6026a - std::panicking::begin_panic_handler::{{closure}}::h4f9159cfbc3f6bd3
[INFO] [stdout]                                at /rustc/6067b36314ab5eb2eb47cecc464545ba58e1ad24/library/std/src/panicking.rs:704:13
[INFO] [stdout]   15:     0x64a23af5eb99 - std::sys::backtrace::__rust_end_short_backtrace::h0390abce48353151
[INFO] [stdout]                                at /rustc/6067b36314ab5eb2eb47cecc464545ba58e1ad24/library/std/src/sys/backtrace.rs:168:18
[INFO] [stdout]   16:     0x64a23af5fefd - rust_begin_unwind
[INFO] [stdout]                                at /rustc/6067b36314ab5eb2eb47cecc464545ba58e1ad24/library/std/src/panicking.rs:695:5
[INFO] [stdout]   17:     0x64a23af84b50 - core::panicking::panic_fmt::h9e7c637e9e5f29c9
[INFO] [stdout]                                at /rustc/6067b36314ab5eb2eb47cecc464545ba58e1ad24/library/core/src/panicking.rs:75:14
[INFO] [stdout]   18:     0x64a23af84f96 - core::result::unwrap_failed::h7979f09313fe1849
[INFO] [stdout]                                at /rustc/6067b36314ab5eb2eb47cecc464545ba58e1ad24/library/core/src/result.rs:1704:5
[INFO] [stdout]   19:     0x64a23aebbc78 - core::result::Result<T,E>::unwrap::hb36c887b6707c8cc
[INFO] [stdout]                                at /rustc/6067b36314ab5eb2eb47cecc464545ba58e1ad24/library/core/src/result.rs:1109:23
[INFO] [stdout]   20:     0x64a23aebbc78 - integration_test::run_with_args::h37da375c4033ae10
[INFO] [stdout]                                at /opt/rustwide/workdir/tests/integration_test.rs:33:14
[INFO] [stdout]   21:     0x64a23aebc3b2 - integration_test::with_some_allowed_types::h0b9f1634015401be
[INFO] [stdout]                                at /opt/rustwide/workdir/tests/integration_test.rs:57:25
[INFO] [stdout]   22:     0x64a23aebc2a7 - integration_test::with_some_allowed_types::{{closure}}::hee7f5dc74c9482a3
[INFO] [stdout]                                at /opt/rustwide/workdir/tests/integration_test.rs:55:29
[INFO] [stdout]   23:     0x64a23aeb7716 - core::ops::function::FnOnce::call_once::h984bf5d319e1c036
[INFO] [stdout]                                at /rustc/6067b36314ab5eb2eb47cecc464545ba58e1ad24/library/core/src/ops/function.rs:250:5
[INFO] [stdout]   24:     0x64a23aefcdeb - core::ops::function::FnOnce::call_once::he27718dfdd183f43
[INFO] [stdout]                                at /rustc/6067b36314ab5eb2eb47cecc464545ba58e1ad24/library/core/src/ops/function.rs:250:5
[INFO] [stdout]   25:     0x64a23aefcdeb - test::__rust_begin_short_backtrace::h4e84902998457a5d
[INFO] [stdout]                                at /rustc/6067b36314ab5eb2eb47cecc464545ba58e1ad24/library/test/src/lib.rs:632:18
[INFO] [stdout]   26:     0x64a23aefbd23 - test::run_test_in_process::{{closure}}::h7176fd18fc1feca0
[INFO] [stdout]                                at /rustc/6067b36314ab5eb2eb47cecc464545ba58e1ad24/library/test/src/lib.rs:655:60
[INFO] [stdout]   27:     0x64a23aefbd23 - <core::panic::unwind_safe::AssertUnwindSafe<F> as core::ops::function::FnOnce<()>>::call_once::hf79cff2a624d8cf7
[INFO] [stdout]                                at /rustc/6067b36314ab5eb2eb47cecc464545ba58e1ad24/library/core/src/panic/unwind_safe.rs:272:9
[INFO] [stdout]   28:     0x64a23aefbd23 - std::panicking::try::do_call::h3da0561d9ab99c25
[INFO] [stdout]                                at /rustc/6067b36314ab5eb2eb47cecc464545ba58e1ad24/library/std/src/panicking.rs:587:40
[INFO] [stdout]   29:     0x64a23aefbd23 - std::panicking::try::h41c9fa508bc61df6
[INFO] [stdout]                                at /rustc/6067b36314ab5eb2eb47cecc464545ba58e1ad24/library/std/src/panicking.rs:550:19
[INFO] [stdout]   30:     0x64a23aefbd23 - std::panic::catch_unwind::h6b3ff07bb5afad93
[INFO] [stdout]                                at /rustc/6067b36314ab5eb2eb47cecc464545ba58e1ad24/library/std/src/panic.rs:358:14
[INFO] [stdout]   31:     0x64a23aefbd23 - test::run_test_in_process::hc7253dd11b39b9f4
[INFO] [stdout]                                at /rustc/6067b36314ab5eb2eb47cecc464545ba58e1ad24/library/test/src/lib.rs:655:27
[INFO] [stdout]   32:     0x64a23aefbd23 - test::run_test::{{closure}}::hfb2007f8649c30bb
[INFO] [stdout]                                at /rustc/6067b36314ab5eb2eb47cecc464545ba58e1ad24/library/test/src/lib.rs:576:43
[INFO] [stdout]   33:     0x64a23aebee05 - test::run_test::{{closure}}::h56a17aa7a282a9f4
[INFO] [stdout]                                at /rustc/6067b36314ab5eb2eb47cecc464545ba58e1ad24/library/test/src/lib.rs:606:41
[INFO] [stdout]   34:     0x64a23aebee05 - std::sys::backtrace::__rust_begin_short_backtrace::hd2d2d2fb8e8c6aac
[INFO] [stdout]                                at /rustc/6067b36314ab5eb2eb47cecc464545ba58e1ad24/library/std/src/sys/backtrace.rs:152:18
[INFO] [stdout]   35:     0x64a23aec26ea - std::thread::Builder::spawn_unchecked_::{{closure}}::{{closure}}::h4faa3f9db6133423
[INFO] [stdout]                                at /rustc/6067b36314ab5eb2eb47cecc464545ba58e1ad24/library/std/src/thread/mod.rs:559:17
[INFO] [stdout]   36:     0x64a23aec26ea - <core::panic::unwind_safe::AssertUnwindSafe<F> as core::ops::function::FnOnce<()>>::call_once::hf2e855a36a4ea846
[INFO] [stdout]                                at /rustc/6067b36314ab5eb2eb47cecc464545ba58e1ad24/library/core/src/panic/unwind_safe.rs:272:9
[INFO] [stdout]   37:     0x64a23aec26ea - std::panicking::try::do_call::h2f73af3616c35465
[INFO] [stdout]                                at /rustc/6067b36314ab5eb2eb47cecc464545ba58e1ad24/library/std/src/panicking.rs:587:40
[INFO] [stdout]   38:     0x64a23aec26ea - std::panicking::try::hd1660ce9efadef5a
[INFO] [stdout]                                at /rustc/6067b36314ab5eb2eb47cecc464545ba58e1ad24/library/std/src/panicking.rs:550:19
[INFO] [stdout]   39:     0x64a23aec26ea - std::panic::catch_unwind::h5ee8d7823b8ca744
[INFO] [stdout]                                at /rustc/6067b36314ab5eb2eb47cecc464545ba58e1ad24/library/std/src/panic.rs:358:14
[INFO] [stdout]   40:     0x64a23aec26ea - std::thread::Builder::spawn_unchecked_::{{closure}}::h53c3a1894dce8407
[INFO] [stdout]                                at /rustc/6067b36314ab5eb2eb47cecc464545ba58e1ad24/library/std/src/thread/mod.rs:557:30
[INFO] [stdout]   41:     0x64a23aec26ea - core::ops::function::FnOnce::call_once{{vtable.shim}}::h048ce291ad4f62bf
[INFO] [stdout]                                at /rustc/6067b36314ab5eb2eb47cecc464545ba58e1ad24/library/core/src/ops/function.rs:250:5
[INFO] [stdout]   42:     0x64a23af647ab - <alloc::boxed::Box<F,A> as core::ops::function::FnOnce<Args>>::call_once::ha52bedf99a3b4981
[INFO] [stdout]                                at /rustc/6067b36314ab5eb2eb47cecc464545ba58e1ad24/library/alloc/src/boxed.rs:2013:9
[INFO] [stdout]   43:     0x64a23af647ab - <alloc::boxed::Box<F,A> as core::ops::function::FnOnce<Args>>::call_once::h567748934d80ccf8
[INFO] [stdout]                                at /rustc/6067b36314ab5eb2eb47cecc464545ba58e1ad24/library/alloc/src/boxed.rs:2013:9
[INFO] [stdout]   44:     0x64a23af647ab - std::sys::pal::unix::thread::Thread::new::thread_start::h2d970728ae887adc
[INFO] [stdout]                                at /rustc/6067b36314ab5eb2eb47cecc464545ba58e1ad24/library/std/src/sys/pal/unix/thread.rs:106:17
[INFO] [stdout]   45:     0x7165638fbac3 - <unknown>
[INFO] [stdout]   46:     0x71656398ca04 - clone
[INFO] [stdout]   47:                0x0 - <unknown>
[INFO] [stdout] 
[INFO] [stdout] ---- with_some_allowed_types_in_metadata stdout ----
[INFO] [stdout] 
[INFO] [stdout] thread 'with_some_allowed_types_in_metadata' panicked at tests/integration_test.rs:33:68:
[INFO] [stdout] called `Result::unwrap()` on an `Err` value: Failed to cargo-check-external-types:
[INFO] [stdout] Status: 2
[INFO] [stdout] Stdout: error at src/main.rs:153:60: `cargo metadata` exited with an error: error: failed to write /opt/rustwide/workdir/test-workspace/Cargo.lock
[INFO] [stdout] 
[INFO] [stdout] Caused by:
[INFO] [stdout]   failed to open: /opt/rustwide/workdir/test-workspace/Cargo.lock
[INFO] [stdout] 
[INFO] [stdout] Caused by:
[INFO] [stdout]   Read-only file system (os error 30)
[INFO] [stdout] 
[INFO] [stdout] 
[INFO] [stdout] Stderr: [src/main.rs:105:30] err = Error {
[INFO] [stdout]     context: "error at src/main.rs:153:60",
[INFO] [stdout]     source: CargoMetadata {
[INFO] [stdout]         stderr: "error: failed to write /opt/rustwide/workdir/test-workspace/Cargo.lock\n\nCaused by:\n  failed to open: /opt/rustwide/workdir/test-workspace/Cargo.lock\n\nCaused by:\n  Read-only file system (os error 30)\n",
[INFO] [stdout]     },
[INFO] [stdout] }
[INFO] [stdout] 
[INFO] [stdout] 
[INFO] [stdout] 
[INFO] [stdout] Stack backtrace:
[INFO] [stdout]    0: anyhow::error::<impl anyhow::Error>::msg
[INFO] [stdout]              at /opt/rustwide/cargo-home/registry/src/index.crates.io-1949cf8c6b5b557f/anyhow-1.0.95/src/backtrace.rs:27:14
[INFO] [stdout]    1: cargo_check_external_types::cargo::capture_error
[INFO] [stdout]              at ./src/cargo.rs:129:5
[INFO] [stdout]    2: cargo_check_external_types::cargo::handle_failure
[INFO] [stdout]              at ./src/cargo.rs:112:20
[INFO] [stdout]    3: integration_test::run_with_args
[INFO] [stdout]              at ./tests/integration_test.rs:33:14
[INFO] [stdout]    4: integration_test::with_some_allowed_types_in_metadata
[INFO] [stdout]              at ./tests/integration_test.rs:68:25
[INFO] [stdout]    5: integration_test::with_some_allowed_types_in_metadata::{{closure}}
[INFO] [stdout]              at ./tests/integration_test.rs:65:41
[INFO] [stdout]    6: core::ops::function::FnOnce::call_once
[INFO] [stdout]              at /rustc/6067b36314ab5eb2eb47cecc464545ba58e1ad24/library/core/src/ops/function.rs:250:5
[INFO] [stdout]    7: core::ops::function::FnOnce::call_once
[INFO] [stdout]              at /rustc/6067b36314ab5eb2eb47cecc464545ba58e1ad24/library/core/src/ops/function.rs:250:5
[INFO] [stdout]    8: test::__rust_begin_short_backtrace
[INFO] [stdout]              at /rustc/6067b36314ab5eb2eb47cecc464545ba58e1ad24/library/test/src/lib.rs:632:18
[INFO] [stdout]    9: test::run_test_in_process::{{closure}}
[INFO] [stdout]              at /rustc/6067b36314ab5eb2eb47cecc464545ba58e1ad24/library/test/src/lib.rs:655:60
[INFO] [stdout]   10: <core::panic::unwind_safe::AssertUnwindSafe<F> as core::ops::function::FnOnce<()>>::call_once
[INFO] [stdout]              at /rustc/6067b36314ab5eb2eb47cecc464545ba58e1ad24/library/core/src/panic/unwind_safe.rs:272:9
[INFO] [stdout]   11: std::panicking::try::do_call
[INFO] [stdout]              at /rustc/6067b36314ab5eb2eb47cecc464545ba58e1ad24/library/std/src/panicking.rs:587:40
[INFO] [stdout]   12: std::panicking::try
[INFO] [stdout]              at /rustc/6067b36314ab5eb2eb47cecc464545ba58e1ad24/library/std/src/panicking.rs:550:19
[INFO] [stdout]   13: std::panic::catch_unwind
[INFO] [stdout]              at /rustc/6067b36314ab5eb2eb47cecc464545ba58e1ad24/library/std/src/panic.rs:358:14
[INFO] [stdout]   14: test::run_test_in_process
[INFO] [stdout]              at /rustc/6067b36314ab5eb2eb47cecc464545ba58e1ad24/library/test/src/lib.rs:655:27
[INFO] [stdout]   15: test::run_test::{{closure}}
[INFO] [stdout]              at /rustc/6067b36314ab5eb2eb47cecc464545ba58e1ad24/library/test/src/lib.rs:576:43
[INFO] [stdout]   16: test::run_test::{{closure}}
[INFO] [stdout]              at /rustc/6067b36314ab5eb2eb47cecc464545ba58e1ad24/library/test/src/lib.rs:606:41
[INFO] [stdout]   17: std::sys::backtrace::__rust_begin_short_backtrace
[INFO] [stdout]              at /rustc/6067b36314ab5eb2eb47cecc464545ba58e1ad24/library/std/src/sys/backtrace.rs:152:18
[INFO] [stdout]   18: std::thread::Builder::spawn_unchecked_::{{closure}}::{{closure}}
[INFO] [stdout]              at /rustc/6067b36314ab5eb2eb47cecc464545ba58e1ad24/library/std/src/thread/mod.rs:559:17
[INFO] [stdout]   19: <core::panic::unwind_safe::AssertUnwindSafe<F> as core::ops::function::FnOnce<()>>::call_once
[INFO] [stdout]              at /rustc/6067b36314ab5eb2eb47cecc464545ba58e1ad24/library/core/src/panic/unwind_safe.rs:272:9
[INFO] [stdout]   20: std::panicking::try::do_call
[INFO] [stdout]              at /rustc/6067b36314ab5eb2eb47cecc464545ba58e1ad24/library/std/src/panicking.rs:587:40
[INFO] [stdout]   21: std::panicking::try
[INFO] [stdout]              at /rustc/6067b36314ab5eb2eb47cecc464545ba58e1ad24/library/std/src/panicking.rs:550:19
[INFO] [stdout]   22: std::panic::catch_unwind
[INFO] [stdout]              at /rustc/6067b36314ab5eb2eb47cecc464545ba58e1ad24/library/std/src/panic.rs:358:14
[INFO] [stdout]   23: std::thread::Builder::spawn_unchecked_::{{closure}}
[INFO] [stdout]              at /rustc/6067b36314ab5eb2eb47cecc464545ba58e1ad24/library/std/src/thread/mod.rs:557:30
[INFO] [stdout]   24: core::ops::function::FnOnce::call_once{{vtable.shim}}
[INFO] [stdout]              at /rustc/6067b36314ab5eb2eb47cecc464545ba58e1ad24/library/core/src/ops/function.rs:250:5
[INFO] [stdout]   25: <alloc::boxed::Box<F,A> as core::ops::function::FnOnce<Args>>::call_once
[INFO] [stdout]              at /rustc/6067b36314ab5eb2eb47cecc464545ba58e1ad24/library/alloc/src/boxed.rs:2013:9
[INFO] [stdout]   26: <alloc::boxed::Box<F,A> as core::ops::function::FnOnce<Args>>::call_once
[INFO] [stdout]              at /rustc/6067b36314ab5eb2eb47cecc464545ba58e1ad24/library/alloc/src/boxed.rs:2013:9
[INFO] [stdout]   27: std::sys::pal::unix::thread::Thread::new::thread_start
[INFO] [stdout]              at /rustc/6067b36314ab5eb2eb47cecc464545ba58e1ad24/library/std/src/sys/pal/unix/thread.rs:106:17
[INFO] [stdout]   28: <unknown>
[INFO] [stdout]   29: clone
[INFO] [stdout] stack backtrace:
[INFO] [stdout]    0:     0x64a23af5e69a - std::backtrace_rs::backtrace::libunwind::trace::hb059275cfc8d6126
[INFO] [stdout]                                at /rustc/6067b36314ab5eb2eb47cecc464545ba58e1ad24/library/std/src/../../backtrace/src/backtrace/libunwind.rs:116:5
[INFO] [stdout]    1:     0x64a23af5e69a - std::backtrace_rs::backtrace::trace_unsynchronized::h2da071e4327ce3ee
[INFO] [stdout]                                at /rustc/6067b36314ab5eb2eb47cecc464545ba58e1ad24/library/std/src/../../backtrace/src/backtrace/mod.rs:66:5
[INFO] [stdout]    2:     0x64a23af5e69a - std::sys::backtrace::_print_fmt::h842a1474e6f8d23f
[INFO] [stdout]                                at /rustc/6067b36314ab5eb2eb47cecc464545ba58e1ad24/library/std/src/sys/backtrace.rs:66:9
[INFO] [stdout]    3:     0x64a23af5e69a - <std::sys::backtrace::BacktraceLock::print::DisplayBacktrace as core::fmt::Display>::fmt::h71a62eb3b9696b12
[INFO] [stdout]                                at /rustc/6067b36314ab5eb2eb47cecc464545ba58e1ad24/library/std/src/sys/backtrace.rs:39:26
[INFO] [stdout]    4:     0x64a23af86143 - core::fmt::rt::Argument::fmt::hdb6b616786b41dc1
[INFO] [stdout]                                at /rustc/6067b36314ab5eb2eb47cecc464545ba58e1ad24/library/core/src/fmt/rt.rs:177:76
[INFO] [stdout]    5:     0x64a23af86143 - core::fmt::write::h2cc1698af7e2d686
[INFO] [stdout]                                at /rustc/6067b36314ab5eb2eb47cecc464545ba58e1ad24/library/core/src/fmt/mod.rs:1440:21
[INFO] [stdout]    6:     0x64a23af5af83 - std::io::Write::write_fmt::hab1b4cd059a79022
[INFO] [stdout]                                at /rustc/6067b36314ab5eb2eb47cecc464545ba58e1ad24/library/std/src/io/mod.rs:1887:15
[INFO] [stdout]    7:     0x64a23af5e4e2 - std::sys::backtrace::BacktraceLock::print::h147fe35b4ea13b08
[INFO] [stdout]                                at /rustc/6067b36314ab5eb2eb47cecc464545ba58e1ad24/library/std/src/sys/backtrace.rs:42:9
[INFO] [stdout]    8:     0x64a23af5fabf - std::panicking::default_hook::{{closure}}::hbd44223dbdc0d208
[INFO] [stdout]                                at /rustc/6067b36314ab5eb2eb47cecc464545ba58e1ad24/library/std/src/panicking.rs:298:22
[INFO] [stdout]    9:     0x64a23af5f8d8 - std::panicking::default_hook::h20f81eb0576efcec
[INFO] [stdout]                                at /rustc/6067b36314ab5eb2eb47cecc464545ba58e1ad24/library/std/src/panicking.rs:322:9
[INFO] [stdout]   10:     0x64a23aef7693 - <alloc::boxed::Box<F,A> as core::ops::function::Fn<Args>>::call::hdb53814c496a4d34
[INFO] [stdout]                                at /rustc/6067b36314ab5eb2eb47cecc464545ba58e1ad24/library/alloc/src/boxed.rs:2027:9
[INFO] [stdout]   11:     0x64a23aef7693 - test::test_main::{{closure}}::hc0a4963c59427c24
[INFO] [stdout]                                at /rustc/6067b36314ab5eb2eb47cecc464545ba58e1ad24/library/test/src/lib.rs:134:21
[INFO] [stdout]   12:     0x64a23af605b3 - <alloc::boxed::Box<F,A> as core::ops::function::Fn<Args>>::call::h591b2225413a77e9
[INFO] [stdout]                                at /rustc/6067b36314ab5eb2eb47cecc464545ba58e1ad24/library/alloc/src/boxed.rs:2027:9
[INFO] [stdout]   13:     0x64a23af605b3 - std::panicking::rust_panic_with_hook::h625eea43051b2edc
[INFO] [stdout]                                at /rustc/6067b36314ab5eb2eb47cecc464545ba58e1ad24/library/std/src/panicking.rs:839:13
[INFO] [stdout]   14:     0x64a23af6026a - std::panicking::begin_panic_handler::{{closure}}::h4f9159cfbc3f6bd3
[INFO] [stdout]                                at /rustc/6067b36314ab5eb2eb47cecc464545ba58e1ad24/library/std/src/panicking.rs:704:13
[INFO] [stdout]   15:     0x64a23af5eb99 - std::sys::backtrace::__rust_end_short_backtrace::h0390abce48353151
[INFO] [stdout]                                at /rustc/6067b36314ab5eb2eb47cecc464545ba58e1ad24/library/std/src/sys/backtrace.rs:168:18
[INFO] [stdout]   16:     0x64a23af5fefd - rust_begin_unwind
[INFO] [stdout]                                at /rustc/6067b36314ab5eb2eb47cecc464545ba58e1ad24/library/std/src/panicking.rs:695:5
[INFO] [stdout]   17:     0x64a23af84b50 - core::panicking::panic_fmt::h9e7c637e9e5f29c9
[INFO] [stdout]                                at /rustc/6067b36314ab5eb2eb47cecc464545ba58e1ad24/library/core/src/panicking.rs:75:14
[INFO] [stdout]   18:     0x64a23af84f96 - core::result::unwrap_failed::h7979f09313fe1849
[INFO] [stdout]                                at /rustc/6067b36314ab5eb2eb47cecc464545ba58e1ad24/library/core/src/result.rs:1704:5
[INFO] [stdout]   19:     0x64a23aebbc78 - core::result::Result<T,E>::unwrap::hb36c887b6707c8cc
[INFO] [stdout]                                at /rustc/6067b36314ab5eb2eb47cecc464545ba58e1ad24/library/core/src/result.rs:1109:23
[INFO] [stdout]   20:     0x64a23aebbc78 - integration_test::run_with_args::h37da375c4033ae10
[INFO] [stdout]                                at /opt/rustwide/workdir/tests/integration_test.rs:33:14
[INFO] [stdout]   21:     0x64a23aebc62f - integration_test::with_some_allowed_types_in_metadata::hd928f73c3d107848
[INFO] [stdout]                                at /opt/rustwide/workdir/tests/integration_test.rs:68:25
[INFO] [stdout]   22:     0x64a23aebc527 - integration_test::with_some_allowed_types_in_metadata::{{closure}}::h28b6133acb14a70e
[INFO] [stdout]                                at /opt/rustwide/workdir/tests/integration_test.rs:65:41
[INFO] [stdout]   23:     0x64a23aeb76d6 - core::ops::function::FnOnce::call_once::h8ecab84007dc082b
[INFO] [stdout]                                at /rustc/6067b36314ab5eb2eb47cecc464545ba58e1ad24/library/core/src/ops/function.rs:250:5
[INFO] [stdout]   24:     0x64a23aefcdeb - core::ops::function::FnOnce::call_once::he27718dfdd183f43
[INFO] [stdout]                                at /rustc/6067b36314ab5eb2eb47cecc464545ba58e1ad24/library/core/src/ops/function.rs:250:5
[INFO] [stdout]   25:     0x64a23aefcdeb - test::__rust_begin_short_backtrace::h4e84902998457a5d
[INFO] [stdout]                                at /rustc/6067b36314ab5eb2eb47cecc464545ba58e1ad24/library/test/src/lib.rs:632:18
[INFO] [stdout]   26:     0x64a23aefbd23 - test::run_test_in_process::{{closure}}::h7176fd18fc1feca0
[INFO] [stdout]                                at /rustc/6067b36314ab5eb2eb47cecc464545ba58e1ad24/library/test/src/lib.rs:655:60
[INFO] [stdout]   27:     0x64a23aefbd23 - <core::panic::unwind_safe::AssertUnwindSafe<F> as core::ops::function::FnOnce<()>>::call_once::hf79cff2a624d8cf7
[INFO] [stdout]                                at /rustc/6067b36314ab5eb2eb47cecc464545ba58e1ad24/library/core/src/panic/unwind_safe.rs:272:9
[INFO] [stdout]   28:     0x64a23aefbd23 - std::panicking::try::do_call::h3da0561d9ab99c25
[INFO] [stdout]                                at /rustc/6067b36314ab5eb2eb47cecc464545ba58e1ad24/library/std/src/panicking.rs:587:40
[INFO] [stdout]   29:     0x64a23aefbd23 - std::panicking::try::h41c9fa508bc61df6
[INFO] [stdout]                                at /rustc/6067b36314ab5eb2eb47cecc464545ba58e1ad24/library/std/src/panicking.rs:550:19
[INFO] [stdout]   30:     0x64a23aefbd23 - std::panic::catch_unwind::h6b3ff07bb5afad93
[INFO] [stdout]                                at /rustc/6067b36314ab5eb2eb47cecc464545ba58e1ad24/library/std/src/panic.rs:358:14
[INFO] [stdout]   31:     0x64a23aefbd23 - test::run_test_in_process::hc7253dd11b39b9f4
[INFO] [stdout]                                at /rustc/6067b36314ab5eb2eb47cecc464545ba58e1ad24/library/test/src/lib.rs:655:27
[INFO] [stdout]   32:     0x64a23aefbd23 - test::run_test::{{closure}}::hfb2007f8649c30bb
[INFO] [stdout]                                at /rustc/6067b36314ab5eb2eb47cecc464545ba58e1ad24/library/test/src/lib.rs:576:43
[INFO] [stdout]   33:     0x64a23aebee05 - test::run_test::{{closure}}::h56a17aa7a282a9f4
[INFO] [stdout]                                at /rustc/6067b36314ab5eb2eb47cecc464545ba58e1ad24/library/test/src/lib.rs:606:41
[INFO] [stdout]   34:     0x64a23aebee05 - std::sys::backtrace::__rust_begin_short_backtrace::hd2d2d2fb8e8c6aac
[INFO] [stdout]                                at /rustc/6067b36314ab5eb2eb47cecc464545ba58e1ad24/library/std/src/sys/backtrace.rs:152:18
[INFO] [stdout]   35:     0x64a23aec26ea - std::thread::Builder::spawn_unchecked_::{{closure}}::{{closure}}::h4faa3f9db6133423
[INFO] [stdout]                                at /rustc/6067b36314ab5eb2eb47cecc464545ba58e1ad24/library/std/src/thread/mod.rs:559:17
[INFO] [stdout]   36:     0x64a23aec26ea - <core::panic::unwind_safe::AssertUnwindSafe<F> as core::ops::function::FnOnce<()>>::call_once::hf2e855a36a4ea846
[INFO] [stdout]                                at /rustc/6067b36314ab5eb2eb47cecc464545ba58e1ad24/library/core/src/panic/unwind_safe.rs:272:9
[INFO] [stdout]   37:     0x64a23aec26ea - std::panicking::try::do_call::h2f73af3616c35465
[INFO] [stdout]                                at /rustc/6067b36314ab5eb2eb47cecc464545ba58e1ad24/library/std/src/panicking.rs:587:40
[INFO] [stdout]   38:     0x64a23aec26ea - std::panicking::try::hd1660ce9efadef5a
[INFO] [stdout]                                at /rustc/6067b36314ab5eb2eb47cecc464545ba58e1ad24/library/std/src/panicking.rs:550:19
[INFO] [stdout]   39:     0x64a23aec26ea - std::panic::catch_unwind::h5ee8d7823b8ca744
[INFO] [stdout]                                at /rustc/6067b36314ab5eb2eb47cecc464545ba58e1ad24/library/std/src/panic.rs:358:14
[INFO] [stdout]   40:     0x64a23aec26ea - std::thread::Builder::spawn_unchecked_::{{closure}}::h53c3a1894dce8407
[INFO] [stdout]                                at /rustc/6067b36314ab5eb2eb47cecc464545ba58e1ad24/library/std/src/thread/mod.rs:557:30
[INFO] [stdout]   41:     0x64a23aec26ea - core::ops::function::FnOnce::call_once{{vtable.shim}}::h048ce291ad4f62bf
[INFO] [stdout]                                at /rustc/6067b36314ab5eb2eb47cecc464545ba58e1ad24/library/core/src/ops/function.rs:250:5
[INFO] [stdout]   42:     0x64a23af647ab - <alloc::boxed::Box<F,A> as core::ops::function::FnOnce<Args>>::call_once::ha52bedf99a3b4981
[INFO] [stdout]                                at /rustc/6067b36314ab5eb2eb47cecc464545ba58e1ad24/library/alloc/src/boxed.rs:2013:9
[INFO] [stdout]   43:     0x64a23af647ab - <alloc::boxed::Box<F,A> as core::ops::function::FnOnce<Args>>::call_once::h567748934d80ccf8
[INFO] [stdout]                                at /rustc/6067b36314ab5eb2eb47cecc464545ba58e1ad24/library/alloc/src/boxed.rs:2013:9
[INFO] [stdout]   44:     0x64a23af647ab - std::sys::pal::unix::thread::Thread::new::thread_start::h2d970728ae887adc
[INFO] [stdout]                                at /rustc/6067b36314ab5eb2eb47cecc464545ba58e1ad24/library/std/src/sys/pal/unix/thread.rs:106:17
[INFO] [stdout]   45:     0x7165638fbac3 - <unknown>
[INFO] [stdout]   46:     0x71656398ca04 - clone
[INFO] [stdout]   47:                0x0 - <unknown>
[INFO] [stdout] 
[INFO] [stdout] ---- test_type_exported_from_hidden_module stdout ----
[INFO] [stdout] 
[INFO] [stdout] thread 'test_type_exported_from_hidden_module' panicked at tests/integration_test.rs:33:68:
[INFO] [stdout] called `Result::unwrap()` on an `Err` value: Failed to cargo-check-external-types:
[INFO] [stdout] Status: 2
[INFO] [stdout] Stdout: error at src/main.rs:153:60: `cargo metadata` exited with an error: error: failed to write /opt/rustwide/workdir/test-workspace/Cargo.lock
[INFO] [stdout] 
[INFO] [stdout] Caused by:
[INFO] [stdout]   failed to open: /opt/rustwide/workdir/test-workspace/Cargo.lock
[INFO] [stdout] 
[INFO] [stdout] Caused by:
[INFO] [stdout]   Read-only file system (os error 30)
[INFO] [stdout] 
[INFO] [stdout] 
[INFO] [stdout] Stderr: [src/main.rs:105:30] err = Error {
[INFO] [stdout]     context: "error at src/main.rs:153:60",
[INFO] [stdout]     source: CargoMetadata {
[INFO] [stdout]         stderr: "error: failed to write /opt/rustwide/workdir/test-workspace/Cargo.lock\n\nCaused by:\n  failed to open: /opt/rustwide/workdir/test-workspace/Cargo.lock\n\nCaused by:\n  Read-only file system (os error 30)\n",
[INFO] [stdout]     },
[INFO] [stdout] }
[INFO] [stdout] 
[INFO] [stdout] 
[INFO] [stdout] 
[INFO] [stdout] Stack backtrace:
[INFO] [stdout]    0: anyhow::error::<impl anyhow::Error>::msg
[INFO] [stdout]              at /opt/rustwide/cargo-home/registry/src/index.crates.io-1949cf8c6b5b557f/anyhow-1.0.95/src/backtrace.rs:27:14
[INFO] [stdout]    1: cargo_check_external_types::cargo::capture_error
[INFO] [stdout]              at ./src/cargo.rs:129:5
[INFO] [stdout]    2: cargo_check_external_types::cargo::handle_failure
[INFO] [stdout]              at ./src/cargo.rs:112:20
[INFO] [stdout]    3: integration_test::run_with_args
[INFO] [stdout]              at ./tests/integration_test.rs:33:14
[INFO] [stdout]    4: integration_test::test_type_exported_from_hidden_module
[INFO] [stdout]              at ./tests/integration_test.rs:134:25
[INFO] [stdout]    5: integration_test::test_type_exported_from_hidden_module::{{closure}}
[INFO] [stdout]              at ./tests/integration_test.rs:131:43
[INFO] [stdout]    6: core::ops::function::FnOnce::call_once
[INFO] [stdout]              at /rustc/6067b36314ab5eb2eb47cecc464545ba58e1ad24/library/core/src/ops/function.rs:250:5
[INFO] [stdout]    7: core::ops::function::FnOnce::call_once
[INFO] [stdout]              at /rustc/6067b36314ab5eb2eb47cecc464545ba58e1ad24/library/core/src/ops/function.rs:250:5
[INFO] [stdout]    8: test::__rust_begin_short_backtrace
[INFO] [stdout]              at /rustc/6067b36314ab5eb2eb47cecc464545ba58e1ad24/library/test/src/lib.rs:632:18
[INFO] [stdout]    9: test::run_test_in_process::{{closure}}
[INFO] [stdout]              at /rustc/6067b36314ab5eb2eb47cecc464545ba58e1ad24/library/test/src/lib.rs:655:60
[INFO] [stdout]   10: <core::panic::unwind_safe::AssertUnwindSafe<F> as core::ops::function::FnOnce<()>>::call_once
[INFO] [stdout]              at /rustc/6067b36314ab5eb2eb47cecc464545ba58e1ad24/library/core/src/panic/unwind_safe.rs:272:9
[INFO] [stdout]   11: std::panicking::try::do_call
[INFO] [stdout]              at /rustc/6067b36314ab5eb2eb47cecc464545ba58e1ad24/library/std/src/panicking.rs:587:40
[INFO] [stdout]   12: std::panicking::try
[INFO] [stdout]              at /rustc/6067b36314ab5eb2eb47cecc464545ba58e1ad24/library/std/src/panicking.rs:550:19
[INFO] [stdout]   13: std::panic::catch_unwind
[INFO] [stdout]              at /rustc/6067b36314ab5eb2eb47cecc464545ba58e1ad24/library/std/src/panic.rs:358:14
[INFO] [stdout]   14: test::run_test_in_process
[INFO] [stdout]              at /rustc/6067b36314ab5eb2eb47cecc464545ba58e1ad24/library/test/src/lib.rs:655:27
[INFO] [stdout]   15: test::run_test::{{closure}}
[INFO] [stdout]              at /rustc/6067b36314ab5eb2eb47cecc464545ba58e1ad24/library/test/src/lib.rs:576:43
[INFO] [stdout]   16: test::run_test::{{closure}}
[INFO] [stdout]              at /rustc/6067b36314ab5eb2eb47cecc464545ba58e1ad24/library/test/src/lib.rs:606:41
[INFO] [stdout]   17: std::sys::backtrace::__rust_begin_short_backtrace
[INFO] [stdout]              at /rustc/6067b36314ab5eb2eb47cecc464545ba58e1ad24/library/std/src/sys/backtrace.rs:152:18
[INFO] [stdout]   18: std::thread::Builder::spawn_unchecked_::{{closure}}::{{closure}}
[INFO] [stdout]              at /rustc/6067b36314ab5eb2eb47cecc464545ba58e1ad24/library/std/src/thread/mod.rs:559:17
[INFO] [stdout]   19: <core::panic::unwind_safe::AssertUnwindSafe<F> as core::ops::function::FnOnce<()>>::call_once
[INFO] [stdout]              at /rustc/6067b36314ab5eb2eb47cecc464545ba58e1ad24/library/core/src/panic/unwind_safe.rs:272:9
[INFO] [stdout]   20: std::panicking::try::do_call
[INFO] [stdout]              at /rustc/6067b36314ab5eb2eb47cecc464545ba58e1ad24/library/std/src/panicking.rs:587:40
[INFO] [stdout]   21: std::panicking::try
[INFO] [stdout]              at /rustc/6067b36314ab5eb2eb47cecc464545ba58e1ad24/library/std/src/panicking.rs:550:19
[INFO] [stdout]   22: std::panic::catch_unwind
[INFO] [stdout]              at /rustc/6067b36314ab5eb2eb47cecc464545ba58e1ad24/library/std/src/panic.rs:358:14
[INFO] [stdout]   23: std::thread::Builder::spawn_unchecked_::{{closure}}
[INFO] [stdout]              at /rustc/6067b36314ab5eb2eb47cecc464545ba58e1ad24/library/std/src/thread/mod.rs:557:30
[INFO] [stdout]   24: core::ops::function::FnOnce::call_once{{vtable.shim}}
[INFO] [stdout]              at /rustc/6067b36314ab5eb2eb47cecc464545ba58e1ad24/library/core/src/ops/function.rs:250:5
[INFO] [stdout]   25: <alloc::boxed::Box<F,A> as core::ops::function::FnOnce<Args>>::call_once
[INFO] [stdout]              at /rustc/6067b36314ab5eb2eb47cecc464545ba58e1ad24/library/alloc/src/boxed.rs:2013:9
[INFO] [stdout]   26: <alloc::boxed::Box<F,A> as core::ops::function::FnOnce<Args>>::call_once
[INFO] [stdout]              at /rustc/6067b36314ab5eb2eb47cecc464545ba58e1ad24/library/alloc/src/boxed.rs:2013:9
[INFO] [stdout]   27: std::sys::pal::unix::thread::Thread::new::thread_start
[INFO] [stdout]              at /rustc/6067b36314ab5eb2eb47cecc464545ba58e1ad24/library/std/src/sys/pal/unix/thread.rs:106:17
[INFO] [stdout]   28: <unknown>
[INFO] [stdout]   29: clone
[INFO] [stdout] stack backtrace:
[INFO] [stdout]    0:     0x64a23af5e69a - std::backtrace_rs::backtrace::libunwind::trace::hb059275cfc8d6126
[INFO] [stdout]                                at /rustc/6067b36314ab5eb2eb47cecc464545ba58e1ad24/library/std/src/../../backtrace/src/backtrace/libunwind.rs:116:5
[INFO] [stdout]    1:     0x64a23af5e69a - std::backtrace_rs::backtrace::trace_unsynchronized::h2da071e4327ce3ee
[INFO] [stdout]                                at /rustc/6067b36314ab5eb2eb47cecc464545ba58e1ad24/library/std/src/../../backtrace/src/backtrace/mod.rs:66:5
[INFO] [stdout]    2:     0x64a23af5e69a - std::sys::backtrace::_print_fmt::h842a1474e6f8d23f
[INFO] [stdout]                                at /rustc/6067b36314ab5eb2eb47cecc464545ba58e1ad24/library/std/src/sys/backtrace.rs:66:9
[INFO] [stdout]    3:     0x64a23af5e69a - <std::sys::backtrace::BacktraceLock::print::DisplayBacktrace as core::fmt::Display>::fmt::h71a62eb3b9696b12
[INFO] [stdout]                                at /rustc/6067b36314ab5eb2eb47cecc464545ba58e1ad24/library/std/src/sys/backtrace.rs:39:26
[INFO] [stdout]    4:     0x64a23af86143 - core::fmt::rt::Argument::fmt::hdb6b616786b41dc1
[INFO] [stdout]                                at /rustc/6067b36314ab5eb2eb47cecc464545ba58e1ad24/library/core/src/fmt/rt.rs:177:76
[INFO] [stdout]    5:     0x64a23af86143 - core::fmt::write::h2cc1698af7e2d686
[INFO] [stdout]                                at /rustc/6067b36314ab5eb2eb47cecc464545ba58e1ad24/library/core/src/fmt/mod.rs:1440:21
[INFO] [stdout]    6:     0x64a23af5af83 - std::io::Write::write_fmt::hab1b4cd059a79022
[INFO] [stdout]                                at /rustc/6067b36314ab5eb2eb47cecc464545ba58e1ad24/library/std/src/io/mod.rs:1887:15
[INFO] [stdout]    7:     0x64a23af5e4e2 - std::sys::backtrace::BacktraceLock::print::h147fe35b4ea13b08
[INFO] [stdout]                                at /rustc/6067b36314ab5eb2eb47cecc464545ba58e1ad24/library/std/src/sys/backtrace.rs:42:9
[INFO] [stdout]    8:     0x64a23af5fabf - std::panicking::default_hook::{{closure}}::hbd44223dbdc0d208
[INFO] [stdout]                                at /rustc/6067b36314ab5eb2eb47cecc464545ba58e1ad24/library/std/src/panicking.rs:298:22
[INFO] [stdout]    9:     0x64a23af5f8d8 - std::panicking::default_hook::h20f81eb0576efcec
[INFO] [stdout]                                at /rustc/6067b36314ab5eb2eb47cecc464545ba58e1ad24/library/std/src/panicking.rs:322:9
[INFO] [stdout]   10:     0x64a23aef7693 - <alloc::boxed::Box<F,A> as core::ops::function::Fn<Args>>::call::hdb53814c496a4d34
[INFO] [stdout]                                at /rustc/6067b36314ab5eb2eb47cecc464545ba58e1ad24/library/alloc/src/boxed.rs:2027:9
[INFO] [stdout]   11:     0x64a23aef7693 - test::test_main::{{closure}}::hc0a4963c59427c24
[INFO] [stdout]                                at /rustc/6067b36314ab5eb2eb47cecc464545ba58e1ad24/library/test/src/lib.rs:134:21
[INFO] [stdout]   12:     0x64a23af605b3 - <alloc::boxed::Box<F,A> as core::ops::function::Fn<Args>>::call::h591b2225413a77e9
[INFO] [stdout]                                at /rustc/6067b36314ab5eb2eb47cecc464545ba58e1ad24/library/alloc/src/boxed.rs:2027:9
[INFO] [stdout]   13:     0x64a23af605b3 - std::panicking::rust_panic_with_hook::h625eea43051b2edc
[INFO] [stdout]                                at /rustc/6067b36314ab5eb2eb47cecc464545ba58e1ad24/library/std/src/panicking.rs:839:13
[INFO] [stdout]   14:     0x64a23af6026a - std::panicking::begin_panic_handler::{{closure}}::h4f9159cfbc3f6bd3
[INFO] [stdout]                                at /rustc/6067b36314ab5eb2eb47cecc464545ba58e1ad24/library/std/src/panicking.rs:704:13
[INFO] [stdout]   15:     0x64a23af5eb99 - std::sys::backtrace::__rust_end_short_backtrace::h0390abce48353151
[INFO] [stdout]                                at /rustc/6067b36314ab5eb2eb47cecc464545ba58e1ad24/library/std/src/sys/backtrace.rs:168:18
[INFO] [stdout]   16:     0x64a23af5fefd - rust_begin_unwind
[INFO] [stdout]                                at /rustc/6067b36314ab5eb2eb47cecc464545ba58e1ad24/library/std/src/panicking.rs:695:5
[INFO] [stdout]   17:     0x64a23af84b50 - core::panicking::panic_fmt::h9e7c637e9e5f29c9
[INFO] [stdout]                                at /rustc/6067b36314ab5eb2eb47cecc464545ba58e1ad24/library/core/src/panicking.rs:75:14
[INFO] [stdout]   18:     0x64a23af84f96 - core::result::unwrap_failed::h7979f09313fe1849
[INFO] [stdout]                                at /rustc/6067b36314ab5eb2eb47cecc464545ba58e1ad24/library/core/src/result.rs:1704:5
[INFO] [stdout]   19:     0x64a23aebbc78 - core::result::Result<T,E>::unwrap::hb36c887b6707c8cc
[INFO] [stdout]                                at /rustc/6067b36314ab5eb2eb47cecc464545ba58e1ad24/library/core/src/result.rs:1109:23
[INFO] [stdout]   20:     0x64a23aebbc78 - integration_test::run_with_args::h37da375c4033ae10
[INFO] [stdout]                                at /opt/rustwide/workdir/tests/integration_test.rs:33:14
[INFO] [stdout]   21:     0x64a23aebd42f - integration_test::test_type_exported_from_hidden_module::hc972384267a22dae
[INFO] [stdout]                                at /opt/rustwide/workdir/tests/integration_test.rs:134:25
[INFO] [stdout]   22:     0x64a23aebd327 - integration_test::test_type_exported_from_hidden_module::{{closure}}::hdf826bcb54a66e95
[INFO] [stdout]                                at /opt/rustwide/workdir/tests/integration_test.rs:131:43
[INFO] [stdout]   23:     0x64a23aeb7806 - core::ops::function::FnOnce::call_once::hcb8d17bc7b0215c9
[INFO] [stdout]                                at /rustc/6067b36314ab5eb2eb47cecc464545ba58e1ad24/library/core/src/ops/function.rs:250:5
[INFO] [stdout]   24:     0x64a23aefcdeb - core::ops::function::FnOnce::call_once::he27718dfdd183f43
[INFO] [stdout]                                at /rustc/6067b36314ab5eb2eb47cecc464545ba58e1ad24/library/core/src/ops/function.rs:250:5
[INFO] [stdout]   25:     0x64a23aefcdeb - test::__rust_begin_short_backtrace::h4e84902998457a5d
[INFO] [stdout]                                at /rustc/6067b36314ab5eb2eb47cecc464545ba58e1ad24/library/test/src/lib.rs:632:18
[INFO] [stdout]   26:     0x64a23aefbd23 - test::run_test_in_process::{{closure}}::h7176fd18fc1feca0
[INFO] [stdout]                                at /rustc/6067b36314ab5eb2eb47cecc464545ba58e1ad24/library/test/src/lib.rs:655:60
[INFO] [stdout]   27:     0x64a23aefbd23 - <core::panic::unwind_safe::AssertUnwindSafe<F> as core::ops::function::FnOnce<()>>::call_once::hf79cff2a624d8cf7
[INFO] [stdout]                                at /rustc/6067b36314ab5eb2eb47cecc464545ba58e1ad24/library/core/src/panic/unwind_safe.rs:272:9
[INFO] [stdout]   28:     0x64a23aefbd23 - std::panicking::try::do_call::h3da0561d9ab99c25
[INFO] [stdout]                                at /rustc/6067b36314ab5eb2eb47cecc464545ba58e1ad24/library/std/src/panicking.rs:587:40
[INFO] [stdout]   29:     0x64a23aefbd23 - std::panicking::try::h41c9fa508bc61df6
[INFO] [stdout]                                at /rustc/6067b36314ab5eb2eb47cecc464545ba58e1ad24/library/std/src/panicking.rs:550:19
[INFO] [stdout]   30:     0x64a23aefbd23 - std::panic::catch_unwind::h6b3ff07bb5afad93
[INFO] [stdout]                                at /rustc/6067b36314ab5eb2eb47cecc464545ba58e1ad24/library/std/src/panic.rs:358:14
[INFO] [stdout]   31:     0x64a23aefbd23 - test::run_test_in_process::hc7253dd11b39b9f4
[INFO] [stdout]                                at /rustc/6067b36314ab5eb2eb47cecc464545ba58e1ad24/library/test/src/lib.rs:655:27
[INFO] [stdout]   32:     0x64a23aefbd23 - test::run_test::{{closure}}::hfb2007f8649c30bb
[INFO] [stdout]                                at /rustc/6067b36314ab5eb2eb47cecc464545ba58e1ad24/library/test/src/lib.rs:576:43
[INFO] [stdout]   33:     0x64a23aebee05 - test::run_test::{{closure}}::h56a17aa7a282a9f4
[INFO] [stdout]                                at /rustc/6067b36314ab5eb2eb47cecc464545ba58e1ad24/library/test/src/lib.rs:606:41
[INFO] [stdout]   34:     0x64a23aebee05 - std::sys::backtrace::__rust_begin_short_backtrace::hd2d2d2fb8e8c6aac
[INFO] [stdout]                                at /rustc/6067b36314ab5eb2eb47cecc464545ba58e1ad24/library/std/src/sys/backtrace.rs:152:18
[INFO] [stdout]   35:     0x64a23aec26ea - std::thread::Builder::spawn_unchecked_::{{closure}}::{{closure}}::h4faa3f9db6133423
[INFO] [stdout]                                at /rustc/6067b36314ab5eb2eb47cecc464545ba58e1ad24/library/std/src/thread/mod.rs:559:17
[INFO] [stdout]   36:     0x64a23aec26ea - <core::panic::unwind_safe::AssertUnwindSafe<F> as core::ops::function::FnOnce<()>>::call_once::hf2e855a36a4ea846
[INFO] [stdout]                                at /rustc/6067b36314ab5eb2eb47cecc464545ba58e1ad24/library/core/src/panic/unwind_safe.rs:272:9
[INFO] [stdout]   37:     0x64a23aec26ea - std::panicking::try::do_call::h2f73af3616c35465
[INFO] [stdout]                                at /rustc/6067b36314ab5eb2eb47cecc464545ba58e1ad24/library/std/src/panicking.rs:587:40
[INFO] [stdout]   38:     0x64a23aec26ea - std::panicking::try::hd1660ce9efadef5a
[INFO] [stdout]                                at /rustc/6067b36314ab5eb2eb47cecc464545ba58e1ad24/library/std/src/panicking.rs:550:19
[INFO] [stdout]   39:     0x64a23aec26ea - std::panic::catch_unwind::h5ee8d7823b8ca744
[INFO] [stdout]                                at /rustc/6067b36314ab5eb2eb47cecc464545ba58e1ad24/library/std/src/panic.rs:358:14
[INFO] [stdout]   40:     0x64a23aec26ea - std::thread::Builder::spawn_unchecked_::{{closure}}::h53c3a1894dce8407
[INFO] [stdout]                                at /rustc/6067b36314ab5eb2eb47cecc464545ba58e1ad24/library/std/src/thread/mod.rs:557:30
[INFO] [stdout]   41:     0x64a23aec26ea - core::ops::function::FnOnce::call_once{{vtable.shim}}::h048ce291ad4f62bf
[INFO] [stdout]                                at /rustc/6067b36314ab5eb2eb47cecc464545ba58e1ad24/library/core/src/ops/function.rs:250:5
[INFO] [stdout]   42:     0x64a23af647ab - <alloc::boxed::Box<F,A> as core::ops::function::FnOnce<Args>>::call_once::ha52bedf99a3b4981
[INFO] [stdout]                                at /rustc/6067b36314ab5eb2eb47cecc464545ba58e1ad24/library/alloc/src/boxed.rs:2013:9
[INFO] [stdout]   43:     0x64a23af647ab - <alloc::boxed::Box<F,A> as core::ops::function::FnOnce<Args>>::call_once::h567748934d80ccf8
[INFO] [stdout]                                at /rustc/6067b36314ab5eb2eb47cecc464545ba58e1ad24/library/alloc/src/boxed.rs:2013:9
[INFO] [stdout]   44:     0x64a23af647ab - std::sys::pal::unix::thread::Thread::new::thread_start::h2d970728ae887adc
[INFO] [stdout]                                at /rustc/6067b36314ab5eb2eb47cecc464545ba58e1ad24/library/std/src/sys/pal/unix/thread.rs:106:17
[INFO] [stdout]   45:     0x7165638fbac3 - <unknown>
[INFO] [stdout]   46:     0x71656398ca04 - clone
[INFO] [stdout]   47:                0x0 - <unknown>
[INFO] [stdout] 
[INFO] [stdout] ---- with_output_format_markdown_table stdout ----
[INFO] [stdout] 
[INFO] [stdout] thread 'with_output_format_markdown_table' panicked at tests/integration_test.rs:33:68:
[INFO] [stdout] called `Result::unwrap()` on an `Err` value: Failed to cargo-check-external-types:
[INFO] [stdout] Status: 2
[INFO] [stdout] Stdout: error at src/main.rs:153:60: `cargo metadata` exited with an error: error: failed to write /opt/rustwide/workdir/test-workspace/Cargo.lock
[INFO] [stdout] 
[INFO] [stdout] Caused by:
[INFO] [stdout]   failed to open: /opt/rustwide/workdir/test-workspace/Cargo.lock
[INFO] [stdout] 
[INFO] [stdout] Caused by:
[INFO] [stdout]   Read-only file system (os error 30)
[INFO] [stdout] 
[INFO] [stdout] 
[INFO] [stdout] Stderr: [src/main.rs:105:30] err = Error {
[INFO] [stdout]     context: "error at src/main.rs:153:60",
[INFO] [stdout]     source: CargoMetadata {
[INFO] [stdout]         stderr: "error: failed to write /opt/rustwide/workdir/test-workspace/Cargo.lock\n\nCaused by:\n  failed to open: /opt/rustwide/workdir/test-workspace/Cargo.lock\n\nCaused by:\n  Read-only file system (os error 30)\n",
[INFO] [stdout]     },
[INFO] [stdout] }
[INFO] [stdout] 
[INFO] [stdout] 
[INFO] [stdout] 
[INFO] [stdout] Stack backtrace:
[INFO] [stdout]    0: anyhow::error::<impl anyhow::Error>::msg
[INFO] [stdout]              at /opt/rustwide/cargo-home/registry/src/index.crates.io-1949cf8c6b5b557f/anyhow-1.0.95/src/backtrace.rs:27:14
[INFO] [stdout]    1: cargo_check_external_types::cargo::capture_error
[INFO] [stdout]              at ./src/cargo.rs:129:5
[INFO] [stdout]    2: cargo_check_external_types::cargo::handle_failure
[INFO] [stdout]              at ./src/cargo.rs:112:20
[INFO] [stdout]    3: integration_test::run_with_args
[INFO] [stdout]              at ./tests/integration_test.rs:33:14
[INFO] [stdout]    4: integration_test::with_output_format_markdown_table
[INFO] [stdout]              at ./tests/integration_test.rs:91:25
[INFO] [stdout]    5: integration_test::with_output_format_markdown_table::{{closure}}
[INFO] [stdout]              at ./tests/integration_test.rs:88:39
[INFO] [stdout]    6: core::ops::function::FnOnce::call_once
[INFO] [stdout]              at /rustc/6067b36314ab5eb2eb47cecc464545ba58e1ad24/library/core/src/ops/function.rs:250:5
[INFO] [stdout]    7: core::ops::function::FnOnce::call_once
[INFO] [stdout]              at /rustc/6067b36314ab5eb2eb47cecc464545ba58e1ad24/library/core/src/ops/function.rs:250:5
[INFO] [stdout]    8: test::__rust_begin_short_backtrace
[INFO] [stdout]              at /rustc/6067b36314ab5eb2eb47cecc464545ba58e1ad24/library/test/src/lib.rs:632:18
[INFO] [stdout]    9: test::run_test_in_process::{{closure}}
[INFO] [stdout]              at /rustc/6067b36314ab5eb2eb47cecc464545ba58e1ad24/library/test/src/lib.rs:655:60
[INFO] [stdout]   10: <core::panic::unwind_safe::AssertUnwindSafe<F> as core::ops::function::FnOnce<()>>::call_once
[INFO] [stdout]              at /rustc/6067b36314ab5eb2eb47cecc464545ba58e1ad24/library/core/src/panic/unwind_safe.rs:272:9
[INFO] [stdout]   11: std::panicking::try::do_call
[INFO] [stdout]              at /rustc/6067b36314ab5eb2eb47cecc464545ba58e1ad24/library/std/src/panicking.rs:587:40
[INFO] [stdout]   12: std::panicking::try
[INFO] [stdout]              at /rustc/6067b36314ab5eb2eb47cecc464545ba58e1ad24/library/std/src/panicking.rs:550:19
[INFO] [stdout]   13: std::panic::catch_unwind
[INFO] [stdout]              at /rustc/6067b36314ab5eb2eb47cecc464545ba58e1ad24/library/std/src/panic.rs:358:14
[INFO] [stdout]   14: test::run_test_in_process
[INFO] [stdout]              at /rustc/6067b36314ab5eb2eb47cecc464545ba58e1ad24/library/test/src/lib.rs:655:27
[INFO] [stdout]   15: test::run_test::{{closure}}
[INFO] [stdout]              at /rustc/6067b36314ab5eb2eb47cecc464545ba58e1ad24/library/test/src/lib.rs:576:43
[INFO] [stdout]   16: test::run_test::{{closure}}
[INFO] [stdout]              at /rustc/6067b36314ab5eb2eb47cecc464545ba58e1ad24/library/test/src/lib.rs:606:41
[INFO] [stdout]   17: std::sys::backtrace::__rust_begin_short_backtrace
[INFO] [stdout]              at /rustc/6067b36314ab5eb2eb47cecc464545ba58e1ad24/library/std/src/sys/backtrace.rs:152:18
[INFO] [stdout]   18: std::thread::Builder::spawn_unchecked_::{{closure}}::{{closure}}
[INFO] [stdout]              at /rustc/6067b36314ab5eb2eb47cecc464545ba58e1ad24/library/std/src/thread/mod.rs:559:17
[INFO] [stdout]   19: <core::panic::unwind_safe::AssertUnwindSafe<F> as core::ops::function::FnOnce<()>>::call_once
[INFO] [stdout]              at /rustc/6067b36314ab5eb2eb47cecc464545ba58e1ad24/library/core/src/panic/unwind_safe.rs:272:9
[INFO] [stdout]   20: std::panicking::try::do_call
[INFO] [stdout]              at /rustc/6067b36314ab5eb2eb47cecc464545ba58e1ad24/library/std/src/panicking.rs:587:40
[INFO] [stdout]   21: std::panicking::try
[INFO] [stdout]              at /rustc/6067b36314ab5eb2eb47cecc464545ba58e1ad24/library/std/src/panicking.rs:550:19
[INFO] [stdout]   22: std::panic::catch_unwind
[INFO] [stdout]              at /rustc/6067b36314ab5eb2eb47cecc464545ba58e1ad24/library/std/src/panic.rs:358:14
[INFO] [stdout]   23: std::thread::Builder::spawn_unchecked_::{{closure}}
[INFO] [stdout]              at /rustc/6067b36314ab5eb2eb47cecc464545ba58e1ad24/library/std/src/thread/mod.rs:557:30
[INFO] [stdout]   24: core::ops::function::FnOnce::call_once{{vtable.shim}}
[INFO] [stdout]              at /rustc/6067b36314ab5eb2eb47cecc464545ba58e1ad24/library/core/src/ops/function.rs:250:5
[INFO] [stdout]   25: <alloc::boxed::Box<F,A> as core::ops::function::FnOnce<Args>>::call_once
[INFO] [stdout]              at /rustc/6067b36314ab5eb2eb47cecc464545ba58e1ad24/library/alloc/src/boxed.rs:2013:9
[INFO] [stdout]   26: <alloc::boxed::Box<F,A> as core::ops::function::FnOnce<Args>>::call_once
[INFO] [stdout]              at /rustc/6067b36314ab5eb2eb47cecc464545ba58e1ad24/library/alloc/src/boxed.rs:2013:9
[INFO] [stdout]   27: std::sys::pal::unix::thread::Thread::new::thread_start
[INFO] [stdout]              at /rustc/6067b36314ab5eb2eb47cecc464545ba58e1ad24/library/std/src/sys/pal/unix/thread.rs:106:17
[INFO] [stdout]   28: <unknown>
[INFO] [stdout]   29: clone
[INFO] [stdout] stack backtrace:
[INFO] [stdout]    0:     0x64a23af5e69a - std::backtrace_rs::backtrace::libunwind::trace::hb059275cfc8d6126
[INFO] [stdout]                                at /rustc/6067b36314ab5eb2eb47cecc464545ba58e1ad24/library/std/src/../../backtrace/src/backtrace/libunwind.rs:116:5
[INFO] [stdout]    1:     0x64a23af5e69a - std::backtrace_rs::backtrace::trace_unsynchronized::h2da071e4327ce3ee
[INFO] [stdout]                                at /rustc/6067b36314ab5eb2eb47cecc464545ba58e1ad24/library/std/src/../../backtrace/src/backtrace/mod.rs:66:5
[INFO] [stdout]    2:     0x64a23af5e69a - std::sys::backtrace::_print_fmt::h842a1474e6f8d23f
[INFO] [stdout]                                at /rustc/6067b36314ab5eb2eb47cecc464545ba58e1ad24/library/std/src/sys/backtrace.rs:66:9
[INFO] [stdout]    3:     0x64a23af5e69a - <std::sys::backtrace::BacktraceLock::print::DisplayBacktrace as core::fmt::Display>::fmt::h71a62eb3b9696b12
[INFO] [stdout]                                at /rustc/6067b36314ab5eb2eb47cecc464545ba58e1ad24/library/std/src/sys/backtrace.rs:39:26
[INFO] [stdout]    4:     0x64a23af86143 - core::fmt::rt::Argument::fmt::hdb6b616786b41dc1
[INFO] [stdout]                                at /rustc/6067b36314ab5eb2eb47cecc464545ba58e1ad24/library/core/src/fmt/rt.rs:177:76
[INFO] [stdout]    5:     0x64a23af86143 - core::fmt::write::h2cc1698af7e2d686
[INFO] [stdout]                                at /rustc/6067b36314ab5eb2eb47cecc464545ba58e1ad24/library/core/src/fmt/mod.rs:1440:21
[INFO] [stdout]    6:     0x64a23af5af83 - std::io::Write::write_fmt::hab1b4cd059a79022
[INFO] [stdout]                                at /rustc/6067b36314ab5eb2eb47cecc464545ba58e1ad24/library/std/src/io/mod.rs:1887:15
[INFO] [stdout]    7:     0x64a23af5e4e2 - std::sys::backtrace::BacktraceLock::print::h147fe35b4ea13b08
[INFO] [stdout]                                at /rustc/6067b36314ab5eb2eb47cecc464545ba58e1ad24/library/std/src/sys/backtrace.rs:42:9
[INFO] [stdout]    8:     0x64a23af5fabf - std::panicking::default_hook::{{closure}}::hbd44223dbdc0d208
[INFO] [stdout]                                at /rustc/6067b36314ab5eb2eb47cecc464545ba58e1ad24/library/std/src/panicking.rs:298:22
[INFO] [stdout]    9:     0x64a23af5f8d8 - std::panicking::default_hook::h20f81eb0576efcec
[INFO] [stdout]                                at /rustc/6067b36314ab5eb2eb47cecc464545ba58e1ad24/library/std/src/panicking.rs:322:9
[INFO] [stdout]   10:     0x64a23aef7693 - <alloc::boxed::Box<F,A> as core::ops::function::Fn<Args>>::call::hdb53814c496a4d34
[INFO] [stdout]                                at /rustc/6067b36314ab5eb2eb47cecc464545ba58e1ad24/library/alloc/src/boxed.rs:2027:9
[INFO] [stdout]   11:     0x64a23aef7693 - test::test_main::{{closure}}::hc0a4963c59427c24
[INFO] [stdout]                                at /rustc/6067b36314ab5eb2eb47cecc464545ba58e1ad24/library/test/src/lib.rs:134:21
[INFO] [stdout]   12:     0x64a23af605b3 - <alloc::boxed::Box<F,A> as core::ops::function::Fn<Args>>::call::h591b2225413a77e9
[INFO] [stdout]                                at /rustc/6067b36314ab5eb2eb47cecc464545ba58e1ad24/library/alloc/src/boxed.rs:2027:9
[INFO] [stdout]   13:     0x64a23af605b3 - std::panicking::rust_panic_with_hook::h625eea43051b2edc
[INFO] [stdout]                                at /rustc/6067b36314ab5eb2eb47cecc464545ba58e1ad24/library/std/src/panicking.rs:839:13
[INFO] [stdout]   14:     0x64a23af6026a - std::panicking::begin_panic_handler::{{closure}}::h4f9159cfbc3f6bd3
[INFO] [stdout]                                at /rustc/6067b36314ab5eb2eb47cecc464545ba58e1ad24/library/std/src/panicking.rs:704:13
[INFO] [stdout]   15:     0x64a23af5eb99 - std::sys::backtrace::__rust_end_short_backtrace::h0390abce48353151
[INFO] [stdout]                                at /rustc/6067b36314ab5eb2eb47cecc464545ba58e1ad24/library/std/src/sys/backtrace.rs:168:18
[INFO] [stdout]   16:     0x64a23af5fefd - rust_begin_unwind
[INFO] [stdout]                                at /rustc/6067b36314ab5eb2eb47cecc464545ba58e1ad24/library/std/src/panicking.rs:695:5
[INFO] [stdout]   17:     0x64a23af84b50 - core::panicking::panic_fmt::h9e7c637e9e5f29c9
[INFO] [stdout]                                at /rustc/6067b36314ab5eb2eb47cecc464545ba58e1ad24/library/core/src/panicking.rs:75:14
[INFO] [stdout]   18:     0x64a23af84f96 - core::result::unwrap_failed::h7979f09313fe1849
[INFO] [stdout]                                at /rustc/6067b36314ab5eb2eb47cecc464545ba58e1ad24/library/core/src/result.rs:1704:5
[INFO] [stdout]   19:     0x64a23aebbc78 - core::result::Result<T,E>::unwrap::hb36c887b6707c8cc
[INFO] [stdout]                                at /rustc/6067b36314ab5eb2eb47cecc464545ba58e1ad24/library/core/src/result.rs:1109:23
[INFO] [stdout]   20:     0x64a23aebbc78 - integration_test::run_with_args::h37da375c4033ae10
[INFO] [stdout]                                at /opt/rustwide/workdir/tests/integration_test.rs:33:14
[INFO] [stdout]   21:     0x64a23aebca32 - integration_test::with_output_format_markdown_table::h8219397cd528fe17
[INFO] [stdout]                                at /opt/rustwide/workdir/tests/integration_test.rs:91:25
[INFO] [stdout]   22:     0x64a23aebc927 - integration_test::with_output_format_markdown_table::{{closure}}::h1c860c19454ff0c0
[INFO] [stdout]                                at /opt/rustwide/workdir/tests/integration_test.rs:88:39
[INFO] [stdout]   23:     0x64a23aeb7786 - core::ops::function::FnOnce::call_once::hb8431d194c144341
[INFO] [stdout]                                at /rustc/6067b36314ab5eb2eb47cecc464545ba58e1ad24/library/core/src/ops/function.rs:250:5
[INFO] [stdout]   24:     0x64a23aefcdeb - core::ops::function::FnOnce::call_once::he27718dfdd183f43
[INFO] [stdout]                                at /rustc/6067b36314ab5eb2eb47cecc464545ba58e1ad24/library/core/src/ops/function.rs:250:5
[INFO] [stdout]   25:     0x64a23aefcdeb - test::__rust_begin_short_backtrace::h4e84902998457a5d
[INFO] [stdout]                                at /rustc/6067b36314ab5eb2eb47cecc464545ba58e1ad24/library/test/src/lib.rs:632:18
[INFO] [stdout]   26:     0x64a23aefbd23 - test::run_test_in_process::{{closure}}::h7176fd18fc1feca0
[INFO] [stdout]                                at /rustc/6067b36314ab5eb2eb47cecc464545ba58e1ad24/library/test/src/lib.rs:655:60
[INFO] [stdout]   27:     0x64a23aefbd23 - <core::panic::unwind_safe::AssertUnwindSafe<F> as core::ops::function::FnOnce<()>>::call_once::hf79cff2a624d8cf7
[INFO] [stdout]                                at /rustc/6067b36314ab5eb2eb47cecc464545ba58e1ad24/library/core/src/panic/unwind_safe.rs:272:9
[INFO] [stdout]   28:     0x64a23aefbd23 - std::panicking::try::do_call::h3da0561d9ab99c25
[INFO] [stdout]                                at /rustc/6067b36314ab5eb2eb47cecc464545ba58e1ad24/library/std/src/panicking.rs:587:40
[INFO] [stdout]   29:     0x64a23aefbd23 - std::panicking::try::h41c9fa508bc61df6
[INFO] [stdout]                                at /rustc/6067b36314ab5eb2eb47cecc464545ba58e1ad24/library/std/src/panicking.rs:550:19
[INFO] [stdout]   30:     0x64a23aefbd23 - std::panic::catch_unwind::h6b3ff07bb5afad93
[INFO] [stdout]                                at /rustc/6067b36314ab5eb2eb47cecc464545ba58e1ad24/library/std/src/panic.rs:358:14
[INFO] [stdout]   31:     0x64a23aefbd23 - test::run_test_in_process::hc7253dd11b39b9f4
[INFO] [stdout]                                at /rustc/6067b36314ab5eb2eb47cecc464545ba58e1ad24/library/test/src/lib.rs:655:27
[INFO] [stdout]   32:     0x64a23aefbd23 - test::run_test::{{closure}}::hfb2007f8649c30bb
[INFO] [stdout]                                at /rustc/6067b36314ab5eb2eb47cecc464545ba58e1ad24/library/test/src/lib.rs:576:43
[INFO] [stdout]   33:     0x64a23aebee05 - test::run_test::{{closure}}::h56a17aa7a282a9f4
[INFO] [stdout]                                at /rustc/6067b36314ab5eb2eb47cecc464545ba58e1ad24/library/test/src/lib.rs:606:41
[INFO] [stdout]   34:     0x64a23aebee05 - std::sys::backtrace::__rust_begin_short_backtrace::hd2d2d2fb8e8c6aac
[INFO] [stdout]                                at /rustc/6067b36314ab5eb2eb47cecc464545ba58e1ad24/library/std/src/sys/backtrace.rs:152:18
[INFO] [stdout]   35:     0x64a23aec26ea - std::thread::Builder::spawn_unchecked_::{{closure}}::{{closure}}::h4faa3f9db6133423
[INFO] [stdout]                                at /rustc/6067b36314ab5eb2eb47cecc464545ba58e1ad24/library/std/src/thread/mod.rs:559:17
[INFO] [stdout]   36:     0x64a23aec26ea - <core::panic::unwind_safe::AssertUnwindSafe<F> as core::ops::function::FnOnce<()>>::call_once::hf2e855a36a4ea846
[INFO] [stdout]                                at /rustc/6067b36314ab5eb2eb47cecc464545ba58e1ad24/library/core/src/panic/unwind_safe.rs:272:9
[INFO] [stdout]   37:     0x64a23aec26ea - std::panicking::try::do_call::h2f73af3616c35465
[INFO] [stdout]                                at /rustc/6067b36314ab5eb2eb47cecc464545ba58e1ad24/library/std/src/panicking.rs:587:40
[INFO] [stdout]   38:     0x64a23aec26ea - std::panicking::try::hd1660ce9efadef5a
[INFO] [stdout]                                at /rustc/6067b36314ab5eb2eb47cecc464545ba58e1ad24/library/std/src/panicking.rs:550:19
[INFO] [stdout]   39:     0x64a23aec26ea - std::panic::catch_unwind::h5ee8d7823b8ca744
[INFO] [stdout]                                at /rustc/6067b36314ab5eb2eb47cecc464545ba58e1ad24/library/std/src/panic.rs:358:14
[INFO] [stdout]   40:     0x64a23aec26ea - std::thread::Builder::spawn_unchecked_::{{closure}}::h53c3a1894dce8407
[INFO] [stdout]                                at /rustc/6067b36314ab5eb2eb47cecc464545ba58e1ad24/library/std/src/thread/mod.rs:557:30
[INFO] [stdout]   41:     0x64a23aec26ea - core::ops::function::FnOnce::call_once{{vtable.shim}}::h048ce291ad4f62bf
[INFO] [stdout]                                at /rustc/6067b36314ab5eb2eb47cecc464545ba58e1ad24/library/core/src/ops/function.rs:250:5
[INFO] [stdout]   42:     0x64a23af647ab - <alloc::boxed::Box<F,A> as core::ops::function::FnOnce<Args>>::call_once::ha52bedf99a3b4981
[INFO] [stdout]                                at /rustc/6067b36314ab5eb2eb47cecc464545ba58e1ad24/library/alloc/src/boxed.rs:2013:9
[INFO] [stdout]   43:     0x64a23af647ab - <alloc::boxed::Box<F,A> as core::ops::function::FnOnce<Args>>::call_once::h567748934d80ccf8
[INFO] [stdout]                                at /rustc/6067b36314ab5eb2eb47cecc464545ba58e1ad24/library/alloc/src/boxed.rs:2013:9
[INFO] [stdout]   44:     0x64a23af647ab - std::sys::pal::unix::thread::Thread::new::thread_start::h2d970728ae887adc
[INFO] [stdout]                                at /rustc/6067b36314ab5eb2eb47cecc464545ba58e1ad24/library/std/src/sys/pal/unix/thread.rs:106:17
[INFO] [stdout]   45:     0x7165638fbac3 - <unknown>
[INFO] [stdout]   46:     0x71656398ca04 - clone
[INFO] [stdout]   47:                0x0 - <unknown>
[INFO] [stdout] 
[INFO] [stdout] ---- test_reexports stdout ----
[INFO] [stdout] 
[INFO] [stdout] thread 'test_reexports' panicked at tests/integration_test.rs:33:68:
[INFO] [stdout] called `Result::unwrap()` on an `Err` value: Failed to cargo-check-external-types:
[INFO] [stdout] Status: 2
[INFO] [stdout] Stdout: error at src/main.rs:153:60: `cargo metadata` exited with an error: error: failed to write /opt/rustwide/workdir/test-workspace/Cargo.lock
[INFO] [stdout] 
[INFO] [stdout] Caused by:
[INFO] [stdout]   failed to open: /opt/rustwide/workdir/test-workspace/Cargo.lock
[INFO] [stdout] 
[INFO] [stdout] Caused by:
[INFO] [stdout]   Read-only file system (os error 30)
[INFO] [stdout] 
[INFO] [stdout] 
[INFO] [stdout] Stderr: [src/main.rs:105:30] err = Error {
[INFO] [stdout]     context: "error at src/main.rs:153:60",
[INFO] [stdout]     source: CargoMetadata {
[INFO] [stdout]         stderr: "error: failed to write /opt/rustwide/workdir/test-workspace/Cargo.lock\n\nCaused by:\n  failed to open: /opt/rustwide/workdir/test-workspace/Cargo.lock\n\nCaused by:\n  Read-only file system (os error 30)\n",
[INFO] [stdout]     },
[INFO] [stdout] }
[INFO] [stdout] 
[INFO] [stdout] 
[INFO] [stdout] 
[INFO] [stdout] Stack backtrace:
[INFO] [stdout]    0: anyhow::error::<impl anyhow::Error>::msg
[INFO] [stdout]              at /opt/rustwide/cargo-home/registry/src/index.crates.io-1949cf8c6b5b557f/anyhow-1.0.95/src/backtrace.rs:27:14
[INFO] [stdout]    1: cargo_check_external_types::cargo::capture_error
[INFO] [stdout]              at ./src/cargo.rs:129:5
[INFO] [stdout]    2: cargo_check_external_types::cargo::handle_failure
[INFO] [stdout]              at ./src/cargo.rs:112:20
[INFO] [stdout]    3: integration_test::run_with_args
[INFO] [stdout]              at ./tests/integration_test.rs:33:14
[INFO] [stdout]    4: integration_test::test_reexports
[INFO] [stdout]              at ./tests/integration_test.rs:126:25
[INFO] [stdout]    5: integration_test::test_reexports::{{closure}}
[INFO] [stdout]              at ./tests/integration_test.rs:124:20
[INFO] [stdout]    6: core::ops::function::FnOnce::call_once
[INFO] [stdout]              at /rustc/6067b36314ab5eb2eb47cecc464545ba58e1ad24/library/core/src/ops/function.rs:250:5
[INFO] [stdout]    7: core::ops::function::FnOnce::call_once
[INFO] [stdout]              at /rustc/6067b36314ab5eb2eb47cecc464545ba58e1ad24/library/core/src/ops/function.rs:250:5
[INFO] [stdout]    8: test::__rust_begin_short_backtrace
[INFO] [stdout]              at /rustc/6067b36314ab5eb2eb47cecc464545ba58e1ad24/library/test/src/lib.rs:632:18
[INFO] [stdout]    9: test::run_test_in_process::{{closure}}
[INFO] [stdout]              at /rustc/6067b36314ab5eb2eb47cecc464545ba58e1ad24/library/test/src/lib.rs:655:60
[INFO] [stdout]   10: <core::panic::unwind_safe::AssertUnwindSafe<F> as core::ops::function::FnOnce<()>>::call_once
[INFO] [stdout]              at /rustc/6067b36314ab5eb2eb47cecc464545ba58e1ad24/library/core/src/panic/unwind_safe.rs:272:9
[INFO] [stdout]   11: std::panicking::try::do_call
[INFO] [stdout]              at /rustc/6067b36314ab5eb2eb47cecc464545ba58e1ad24/library/std/src/panicking.rs:587:40
[INFO] [stdout]   12: std::panicking::try
[INFO] [stdout]              at /rustc/6067b36314ab5eb2eb47cecc464545ba58e1ad24/library/std/src/panicking.rs:550:19
[INFO] [stderr] error: test failed, to rerun pass `--test integration_test`
[INFO] [stdout]   13: std::panic::catch_unwind
[INFO] [stdout]              at /rustc/6067b36314ab5eb2eb47cecc464545ba58e1ad24/library/std/src/panic.rs:358:14
[INFO] [stdout]   14: test::run_test_in_process
[INFO] [stdout]              at /rustc/6067b36314ab5eb2eb47cecc464545ba58e1ad24/library/test/src/lib.rs:655:27
[INFO] [stdout]   15: test::run_test::{{closure}}
[INFO] [stdout]              at /rustc/6067b36314ab5eb2eb47cecc464545ba58e1ad24/library/test/src/lib.rs:576:43
[INFO] [stdout]   16: test::run_test::{{closure}}
[INFO] [stdout]              at /rustc/6067b36314ab5eb2eb47cecc464545ba58e1ad24/library/test/src/lib.rs:606:41
[INFO] [stdout]   17: std::sys::backtrace::__rust_begin_short_backtrace
[INFO] [stdout]              at /rustc/6067b36314ab5eb2eb47cecc464545ba58e1ad24/library/std/src/sys/backtrace.rs:152:18
[INFO] [stdout]   18: std::thread::Builder::spawn_unchecked_::{{closure}}::{{closure}}
[INFO] [stdout]              at /rustc/6067b36314ab5eb2eb47cecc464545ba58e1ad24/library/std/src/thread/mod.rs:559:17
[INFO] [stdout]   19: <core::panic::unwind_safe::AssertUnwindSafe<F> as core::ops::function::FnOnce<()>>::call_once
[INFO] [stdout]              at /rustc/6067b36314ab5eb2eb47cecc464545ba58e1ad24/library/core/src/panic/unwind_safe.rs:272:9
[INFO] [stdout]   20: std::panicking::try::do_call
[INFO] [stdout]              at /rustc/6067b36314ab5eb2eb47cecc464545ba58e1ad24/library/std/src/panicking.rs:587:40
[INFO] [stdout]   21: std::panicking::try
[INFO] [stdout]              at /rustc/6067b36314ab5eb2eb47cecc464545ba58e1ad24/library/std/src/panicking.rs:550:19
[INFO] [stdout]   22: std::panic::catch_unwind
[INFO] [stdout]              at /rustc/6067b36314ab5eb2eb47cecc464545ba58e1ad24/library/std/src/panic.rs:358:14
[INFO] [stdout]   23: std::thread::Builder::spawn_unchecked_::{{closure}}
[INFO] [stdout]              at /rustc/6067b36314ab5eb2eb47cecc464545ba58e1ad24/library/std/src/thread/mod.rs:557:30
[INFO] [stdout]   24: core::ops::function::FnOnce::call_once{{vtable.shim}}
[INFO] [stdout]              at /rustc/6067b36314ab5eb2eb47cecc464545ba58e1ad24/library/core/src/ops/function.rs:250:5
[INFO] [stdout]   25: <alloc::boxed::Box<F,A> as core::ops::function::FnOnce<Args>>::call_once
[INFO] [stdout]              at /rustc/6067b36314ab5eb2eb47cecc464545ba58e1ad24/library/alloc/src/boxed.rs:2013:9
[INFO] [stdout]   26: <alloc::boxed::Box<F,A> as core::ops::function::FnOnce<Args>>::call_once
[INFO] [stdout]              at /rustc/6067b36314ab5eb2eb47cecc464545ba58e1ad24/library/alloc/src/boxed.rs:2013:9
[INFO] [stdout]   27: std::sys::pal::unix::thread::Thread::new::thread_start
[INFO] [stdout]              at /rustc/6067b36314ab5eb2eb47cecc464545ba58e1ad24/library/std/src/sys/pal/unix/thread.rs:106:17
[INFO] [stdout]   28: <unknown>
[INFO] [stdout]   29: clone
[INFO] [stdout] stack backtrace:
[INFO] [stdout]    0:     0x64a23af5e69a - std::backtrace_rs::backtrace::libunwind::trace::hb059275cfc8d6126
[INFO] [stdout]                                at /rustc/6067b36314ab5eb2eb47cecc464545ba58e1ad24/library/std/src/../../backtrace/src/backtrace/libunwind.rs:116:5
[INFO] [stdout]    1:     0x64a23af5e69a - std::backtrace_rs::backtrace::trace_unsynchronized::h2da071e4327ce3ee
[INFO] [stdout]                                at /rustc/6067b36314ab5eb2eb47cecc464545ba58e1ad24/library/std/src/../../backtrace/src/backtrace/mod.rs:66:5
[INFO] [stdout]    2:     0x64a23af5e69a - std::sys::backtrace::_print_fmt::h842a1474e6f8d23f
[INFO] [stdout]                                at /rustc/6067b36314ab5eb2eb47cecc464545ba58e1ad24/library/std/src/sys/backtrace.rs:66:9
[INFO] [stdout]    3:     0x64a23af5e69a - <std::sys::backtrace::BacktraceLock::print::DisplayBacktrace as core::fmt::Display>::fmt::h71a62eb3b9696b12
[INFO] [stdout]                                at /rustc/6067b36314ab5eb2eb47cecc464545ba58e1ad24/library/std/src/sys/backtrace.rs:39:26
[INFO] [stdout]    4:     0x64a23af86143 - core::fmt::rt::Argument::fmt::hdb6b616786b41dc1
[INFO] [stdout]                                at /rustc/6067b36314ab5eb2eb47cecc464545ba58e1ad24/library/core/src/fmt/rt.rs:177:76
[INFO] [stdout]    5:     0x64a23af86143 - core::fmt::write::h2cc1698af7e2d686
[INFO] [stdout]                                at /rustc/6067b36314ab5eb2eb47cecc464545ba58e1ad24/library/core/src/fmt/mod.rs:1440:21
[INFO] [stdout]    6:     0x64a23af5af83 - std::io::Write::write_fmt::hab1b4cd059a79022
[INFO] [stdout]                                at /rustc/6067b36314ab5eb2eb47cecc464545ba58e1ad24/library/std/src/io/mod.rs:1887:15
[INFO] [stdout]    7:     0x64a23af5e4e2 - std::sys::backtrace::BacktraceLock::print::h147fe35b4ea13b08
[INFO] [stdout]                                at /rustc/6067b36314ab5eb2eb47cecc464545ba58e1ad24/library/std/src/sys/backtrace.rs:42:9
[INFO] [stdout]    8:     0x64a23af5fabf - std::panicking::default_hook::{{closure}}::hbd44223dbdc0d208
[INFO] [stdout]                                at /rustc/6067b36314ab5eb2eb47cecc464545ba58e1ad24/library/std/src/panicking.rs:298:22
[INFO] [stdout]    9:     0x64a23af5f8d8 - std::panicking::default_hook::h20f81eb0576efcec
[INFO] [stdout]                                at /rustc/6067b36314ab5eb2eb47cecc464545ba58e1ad24/library/std/src/panicking.rs:322:9
[INFO] [stdout]   10:     0x64a23aef7693 - <alloc::boxed::Box<F,A> as core::ops::function::Fn<Args>>::call::hdb53814c496a4d34
[INFO] [stdout]                                at /rustc/6067b36314ab5eb2eb47cecc464545ba58e1ad24/library/alloc/src/boxed.rs:2027:9
[INFO] [stdout]   11:     0x64a23aef7693 - test::test_main::{{closure}}::hc0a4963c59427c24
[INFO] [stdout]                                at /rustc/6067b36314ab5eb2eb47cecc464545ba58e1ad24/library/test/src/lib.rs:134:21
[INFO] [stdout]   12:     0x64a23af605b3 - <alloc::boxed::Box<F,A> as core::ops::function::Fn<Args>>::call::h591b2225413a77e9
[INFO] [stdout]                                at /rustc/6067b36314ab5eb2eb47cecc464545ba58e1ad24/library/alloc/src/boxed.rs:2027:9
[INFO] [stdout]   13:     0x64a23af605b3 - std::panicking::rust_panic_with_hook::h625eea43051b2edc
[INFO] [stdout]                                at /rustc/6067b36314ab5eb2eb47cecc464545ba58e1ad24/library/std/src/panicking.rs:839:13
[INFO] [stdout]   14:     0x64a23af6026a - std::panicking::begin_panic_handler::{{closure}}::h4f9159cfbc3f6bd3
[INFO] [stdout]                                at /rustc/6067b36314ab5eb2eb47cecc464545ba58e1ad24/library/std/src/panicking.rs:704:13
[INFO] [stdout]   15:     0x64a23af5eb99 - std::sys::backtrace::__rust_end_short_backtrace::h0390abce48353151
[INFO] [stdout]                                at /rustc/6067b36314ab5eb2eb47cecc464545ba58e1ad24/library/std/src/sys/backtrace.rs:168:18
[INFO] [stdout]   16:     0x64a23af5fefd - rust_begin_unwind
[INFO] [stdout]                                at /rustc/6067b36314ab5eb2eb47cecc464545ba58e1ad24/library/std/src/panicking.rs:695:5
[INFO] [stdout]   17:     0x64a23af84b50 - core::panicking::panic_fmt::h9e7c637e9e5f29c9
[INFO] [stdout]                                at /rustc/6067b36314ab5eb2eb47cecc464545ba58e1ad24/library/core/src/panicking.rs:75:14
[INFO] [stdout]   18:     0x64a23af84f96 - core::result::unwrap_failed::h7979f09313fe1849
[INFO] [stdout]                                at /rustc/6067b36314ab5eb2eb47cecc464545ba58e1ad24/library/core/src/result.rs:1704:5
[INFO] [stdout]   19:     0x64a23aebbc78 - core::result::Result<T,E>::unwrap::hb36c887b6707c8cc
[INFO] [stdout]                                at /rustc/6067b36314ab5eb2eb47cecc464545ba58e1ad24/library/core/src/result.rs:1109:23
[INFO] [stdout]   20:     0x64a23aebbc78 - integration_test::run_with_args::h37da375c4033ae10
[INFO] [stdout]                                at /opt/rustwide/workdir/tests/integration_test.rs:33:14
[INFO] [stdout]   21:     0x64a23aebd1af - integration_test::test_reexports::h35d309adcd1d1d8b
[INFO] [stdout]                                at /opt/rustwide/workdir/tests/integration_test.rs:126:25
[INFO] [stdout]   22:     0x64a23aebd0a7 - integration_test::test_reexports::{{closure}}::hac86425a1c678d77
[INFO] [stdout]                                at /opt/rustwide/workdir/tests/integration_test.rs:124:20
[INFO] [stdout]   23:     0x64a23aeb7656 - core::ops::function::FnOnce::call_once::h34ea840194295504
[INFO] [stdout]                                at /rustc/6067b36314ab5eb2eb47cecc464545ba58e1ad24/library/core/src/ops/function.rs:250:5
[INFO] [stdout]   24:     0x64a23aefcdeb - core::ops::function::FnOnce::call_once::he27718dfdd183f43
[INFO] [stdout]                                at /rustc/6067b36314ab5eb2eb47cecc464545ba58e1ad24/library/core/src/ops/function.rs:250:5
[INFO] [stdout]   25:     0x64a23aefcdeb - test::__rust_begin_short_backtrace::h4e84902998457a5d
[INFO] [stdout]                                at /rustc/6067b36314ab5eb2eb47cecc464545ba58e1ad24/library/test/src/lib.rs:632:18
[INFO] [stdout]   26:     0x64a23aefbd23 - test::run_test_in_process::{{closure}}::h7176fd18fc1feca0
[INFO] [stdout]                                at /rustc/6067b36314ab5eb2eb47cecc464545ba58e1ad24/library/test/src/lib.rs:655:60
[INFO] [stdout]   27:     0x64a23aefbd23 - <core::panic::unwind_safe::AssertUnwindSafe<F> as core::ops::function::FnOnce<()>>::call_once::hf79cff2a624d8cf7
[INFO] [stdout]                                at /rustc/6067b36314ab5eb2eb47cecc464545ba58e1ad24/library/core/src/panic/unwind_safe.rs:272:9
[INFO] [stdout]   28:     0x64a23aefbd23 - std::panicking::try::do_call::h3da0561d9ab99c25
[INFO] [stdout]                                at /rustc/6067b36314ab5eb2eb47cecc464545ba58e1ad24/library/std/src/panicking.rs:587:40
[INFO] [stdout]   29:     0x64a23aefbd23 - std::panicking::try::h41c9fa508bc61df6
[INFO] [stdout]                                at /rustc/6067b36314ab5eb2eb47cecc464545ba58e1ad24/library/std/src/panicking.rs:550:19
[INFO] [stdout]   30:     0x64a23aefbd23 - std::panic::catch_unwind::h6b3ff07bb5afad93
[INFO] [stdout]                                at /rustc/6067b36314ab5eb2eb47cecc464545ba58e1ad24/library/std/src/panic.rs:358:14
[INFO] [stdout]   31:     0x64a23aefbd23 - test::run_test_in_process::hc7253dd11b39b9f4
[INFO] [stdout]                                at /rustc/6067b36314ab5eb2eb47cecc464545ba58e1ad24/library/test/src/lib.rs:655:27
[INFO] [stdout]   32:     0x64a23aefbd23 - test::run_test::{{closure}}::hfb2007f8649c30bb
[INFO] [stdout]                                at /rustc/6067b36314ab5eb2eb47cecc464545ba58e1ad24/library/test/src/lib.rs:576:43
[INFO] [stdout]   33:     0x64a23aebee05 - test::run_test::{{closure}}::h56a17aa7a282a9f4
[INFO] [stdout]                                at /rustc/6067b36314ab5eb2eb47cecc464545ba58e1ad24/library/test/src/lib.rs:606:41
[INFO] [stdout]   34:     0x64a23aebee05 - std::sys::backtrace::__rust_begin_short_backtrace::hd2d2d2fb8e8c6aac
[INFO] [stdout]                                at /rustc/6067b36314ab5eb2eb47cecc464545ba58e1ad24/library/std/src/sys/backtrace.rs:152:18
[INFO] [stdout]   35:     0x64a23aec26ea - std::thread::Builder::spawn_unchecked_::{{closure}}::{{closure}}::h4faa3f9db6133423
[INFO] [stdout]                                at /rustc/6067b36314ab5eb2eb47cecc464545ba58e1ad24/library/std/src/thread/mod.rs:559:17
[INFO] [stdout]   36:     0x64a23aec26ea - <core::panic::unwind_safe::AssertUnwindSafe<F> as core::ops::function::FnOnce<()>>::call_once::hf2e855a36a4ea846
[INFO] [stdout]                                at /rustc/6067b36314ab5eb2eb47cecc464545ba58e1ad24/library/core/src/panic/unwind_safe.rs:272:9
[INFO] [stdout]   37:     0x64a23aec26ea - std::panicking::try::do_call::h2f73af3616c35465
[INFO] [stdout]                                at /rustc/6067b36314ab5eb2eb47cecc464545ba58e1ad24/library/std/src/panicking.rs:587:40
[INFO] [stdout]   38:     0x64a23aec26ea - std::panicking::try::hd1660ce9efadef5a
[INFO] [stdout]                                at /rustc/6067b36314ab5eb2eb47cecc464545ba58e1ad24/library/std/src/panicking.rs:550:19
[INFO] [stdout]   39:     0x64a23aec26ea - std::panic::catch_unwind::h5ee8d7823b8ca744
[INFO] [stdout]                                at /rustc/6067b36314ab5eb2eb47cecc464545ba58e1ad24/library/std/src/panic.rs:358:14
[INFO] [stdout]   40:     0x64a23aec26ea - std::thread::Builder::spawn_unchecked_::{{closure}}::h53c3a1894dce8407
[INFO] [stdout]                                at /rustc/6067b36314ab5eb2eb47cecc464545ba58e1ad24/library/std/src/thread/mod.rs:557:30
[INFO] [stdout]   41:     0x64a23aec26ea - core::ops::function::FnOnce::call_once{{vtable.shim}}::h048ce291ad4f62bf
[INFO] [stdout]                                at /rustc/6067b36314ab5eb2eb47cecc464545ba58e1ad24/library/core/src/ops/function.rs:250:5
[INFO] [stdout]   42:     0x64a23af647ab - <alloc::boxed::Box<F,A> as core::ops::function::FnOnce<Args>>::call_once::ha52bedf99a3b4981
[INFO] [stdout]                                at /rustc/6067b36314ab5eb2eb47cecc464545ba58e1ad24/library/alloc/src/boxed.rs:2013:9
[INFO] [stdout]   43:     0x64a23af647ab - <alloc::boxed::Box<F,A> as core::ops::function::FnOnce<Args>>::call_once::h567748934d80ccf8
[INFO] [stdout]                                at /rustc/6067b36314ab5eb2eb47cecc464545ba58e1ad24/library/alloc/src/boxed.rs:2013:9
[INFO] [stdout]   44:     0x64a23af647ab - std::sys::pal::unix::thread::Thread::new::thread_start::h2d970728ae887adc
[INFO] [stdout]                                at /rustc/6067b36314ab5eb2eb47cecc464545ba58e1ad24/library/std/src/sys/pal/unix/thread.rs:106:17
[INFO] [stdout]   45:     0x7165638fbac3 - <unknown>
[INFO] [stdout]   46:     0x71656398ca04 - clone
[INFO] [stdout]   47:                0x0 - <unknown>
[INFO] [stdout] 
[INFO] [stdout] 
[INFO] [stdout] failures:
[INFO] [stdout]     test_multiple_allowed_external_types
[INFO] [stdout]     test_reexports
[INFO] [stdout]     test_type_exported_from_hidden_module
[INFO] [stdout]     test_unused_allowed_external_types
[INFO] [stdout]     with_custom_lib_name
[INFO] [stdout]     with_default_config
[INFO] [stdout]     with_output_format_markdown_table
[INFO] [stdout]     with_some_allowed_types
[INFO] [stdout]     with_some_allowed_types_explicit_config_file
[INFO] [stdout]     with_some_allowed_types_in_metadata
[INFO] [stdout] 
[INFO] [stdout] test result: FAILED. 0 passed; 10 failed; 0 ignored; 0 measured; 0 filtered out; finished in 0.17s
[INFO] [stdout] 
[INFO] running `Command { std: "docker" "inspect" "8e6bf414a9a04d35f0141c74d18c086718c68372eb57d4d15ff10905ebdfd28f", kill_on_drop: false }`
[INFO] running `Command { std: "docker" "rm" "-f" "8e6bf414a9a04d35f0141c74d18c086718c68372eb57d4d15ff10905ebdfd28f", kill_on_drop: false }`
[INFO] [stdout] 8e6bf414a9a04d35f0141c74d18c086718c68372eb57d4d15ff10905ebdfd28f
