[INFO] cloning repository https://github.com/asynchronics/tai-time
[INFO] running `Command { std: "git" "-c" "credential.helper=" "-c" "credential.helper=/workspace/cargo-home/bin/git-credential-null" "clone" "--bare" "https://github.com/asynchronics/tai-time" "/workspace/cache/git-repos/https%3A%2F%2Fgithub.com%2Fasynchronics%2Ftai-time", kill_on_drop: false }`
[INFO] [stderr] Cloning into bare repository '/workspace/cache/git-repos/https%3A%2F%2Fgithub.com%2Fasynchronics%2Ftai-time'...
[INFO] running `Command { std: "git" "rev-parse" "HEAD", kill_on_drop: false }`
[INFO] [stdout] 913c6f8e23366c5063c72f0a4dfc42e9c63ef638
[INFO] testing asynchronics/tai-time against nightly-2025-01-18+rustflags=-Zrandomize-layout for randomize-layout-2
[INFO] running `Command { std: "git" "clone" "/workspace/cache/git-repos/https%3A%2F%2Fgithub.com%2Fasynchronics%2Ftai-time" "/workspace/builds/worker-3-tc2/source", kill_on_drop: false }`
[INFO] [stderr] Cloning into '/workspace/builds/worker-3-tc2/source'...
[INFO] [stderr] done.
[INFO] validating manifest of git repo https://github.com/asynchronics/tai-time on toolchain nightly-2025-01-18
[INFO] running `Command { std: CARGO_HOME="/workspace/cargo-home" RUSTUP_HOME="/workspace/rustup-home" "/workspace/cargo-home/bin/cargo" "+nightly-2025-01-18" "metadata" "--manifest-path" "Cargo.toml" "--no-deps", kill_on_drop: false }`
[INFO] started tweaking git repo https://github.com/asynchronics/tai-time
[INFO] finished tweaking git repo https://github.com/asynchronics/tai-time
[INFO] tweaked toml for git repo https://github.com/asynchronics/tai-time written to /workspace/builds/worker-3-tc2/source/Cargo.toml
[INFO] running `Command { std: CARGO_HOME="/workspace/cargo-home" RUSTUP_HOME="/workspace/rustup-home" "/workspace/cargo-home/bin/cargo" "+nightly-2025-01-18" "generate-lockfile" "--manifest-path" "Cargo.toml", kill_on_drop: false }`
[INFO] [stderr]     Updating crates.io index
[INFO] [stderr]      Locking 24 packages to latest compatible versions
[INFO] [stderr]       Adding nix v0.26.4 (available: v0.29.0)
[INFO] running `Command { std: CARGO_HOME="/workspace/cargo-home" RUSTUP_HOME="/workspace/rustup-home" "/workspace/cargo-home/bin/cargo" "+nightly-2025-01-18" "fetch" "--manifest-path" "Cargo.toml", kill_on_drop: false }`
[INFO] running `Command { std: "docker" "create" "-v" "/var/lib/crater-agent-workspace/builds/worker-3-tc2/target:/opt/rustwide/target:rw,Z" "-v" "/var/lib/crater-agent-workspace/builds/worker-3-tc2/source:/opt/rustwide/workdir:ro,Z" "-v" "/var/lib/crater-agent-workspace/cargo-home:/opt/rustwide/cargo-home:ro,Z" "-v" "/var/lib/crater-agent-workspace/rustup-home:/opt/rustwide/rustup-home:ro,Z" "-e" "SOURCE_DIR=/opt/rustwide/workdir" "-e" "CARGO_TARGET_DIR=/opt/rustwide/target" "-e" "CARGO_HOME=/opt/rustwide/cargo-home" "-e" "RUSTUP_HOME=/opt/rustwide/rustup-home" "-w" "/opt/rustwide/workdir" "-m" "1610612736" "--user" "0:0" "--network" "none" "ghcr.io/rust-lang/crates-build-env/linux@sha256:819108c5571ea2e421544af4d832f968d213c87fbe3707a016657f43d2f853bc" "/opt/rustwide/cargo-home/bin/cargo" "+nightly-2025-01-18" "metadata" "--no-deps" "--format-version=1", kill_on_drop: false }`
[INFO] [stdout] b860ef4b7eeb3ec882f638ca02064b77a0aa93dda91ccee86a18c07bc0b96808
[INFO] running `Command { std: "docker" "start" "-a" "b860ef4b7eeb3ec882f638ca02064b77a0aa93dda91ccee86a18c07bc0b96808", kill_on_drop: false }`
[INFO] running `Command { std: "docker" "inspect" "b860ef4b7eeb3ec882f638ca02064b77a0aa93dda91ccee86a18c07bc0b96808", kill_on_drop: false }`
[INFO] running `Command { std: "docker" "rm" "-f" "b860ef4b7eeb3ec882f638ca02064b77a0aa93dda91ccee86a18c07bc0b96808", kill_on_drop: false }`
[INFO] [stdout] b860ef4b7eeb3ec882f638ca02064b77a0aa93dda91ccee86a18c07bc0b96808
[INFO] running `Command { std: "docker" "create" "-v" "/var/lib/crater-agent-workspace/builds/worker-3-tc2/target:/opt/rustwide/target:rw,Z" "-v" "/var/lib/crater-agent-workspace/builds/worker-3-tc2/source:/opt/rustwide/workdir:ro,Z" "-v" "/var/lib/crater-agent-workspace/cargo-home:/opt/rustwide/cargo-home:ro,Z" "-v" "/var/lib/crater-agent-workspace/rustup-home:/opt/rustwide/rustup-home:ro,Z" "-e" "SOURCE_DIR=/opt/rustwide/workdir" "-e" "CARGO_TARGET_DIR=/opt/rustwide/target" "-e" "CARGO_INCREMENTAL=0" "-e" "RUST_BACKTRACE=full" "-e" "RUSTFLAGS=--cap-lints=forbid -Zrandomize-layout" "-e" "RUSTDOCFLAGS=--cap-lints=forbid" "-e" "CARGO_HOME=/opt/rustwide/cargo-home" "-e" "RUSTUP_HOME=/opt/rustwide/rustup-home" "-w" "/opt/rustwide/workdir" "-m" "1610612736" "--user" "0:0" "--network" "none" "ghcr.io/rust-lang/crates-build-env/linux@sha256:819108c5571ea2e421544af4d832f968d213c87fbe3707a016657f43d2f853bc" "/opt/rustwide/cargo-home/bin/cargo" "+nightly-2025-01-18" "build" "--frozen" "--message-format=json", kill_on_drop: false }`
[INFO] [stdout] ad0f3fbf88417b00030d2646aa22e06b839a42f7714bf09475e5fab3a0874d36
[INFO] running `Command { std: "docker" "start" "-a" "ad0f3fbf88417b00030d2646aa22e06b839a42f7714bf09475e5fab3a0874d36", kill_on_drop: false }`
[INFO] [stderr]    Compiling tai-time v0.3.3 (/opt/rustwide/workdir)
[INFO] [stderr]     Finished `dev` profile [unoptimized + debuginfo] target(s) in 0.45s
[INFO] running `Command { std: "docker" "inspect" "ad0f3fbf88417b00030d2646aa22e06b839a42f7714bf09475e5fab3a0874d36", kill_on_drop: false }`
[INFO] running `Command { std: "docker" "rm" "-f" "ad0f3fbf88417b00030d2646aa22e06b839a42f7714bf09475e5fab3a0874d36", kill_on_drop: false }`
[INFO] [stdout] ad0f3fbf88417b00030d2646aa22e06b839a42f7714bf09475e5fab3a0874d36
[INFO] running `Command { std: "docker" "create" "-v" "/var/lib/crater-agent-workspace/builds/worker-3-tc2/target:/opt/rustwide/target:rw,Z" "-v" "/var/lib/crater-agent-workspace/builds/worker-3-tc2/source:/opt/rustwide/workdir:ro,Z" "-v" "/var/lib/crater-agent-workspace/cargo-home:/opt/rustwide/cargo-home:ro,Z" "-v" "/var/lib/crater-agent-workspace/rustup-home:/opt/rustwide/rustup-home:ro,Z" "-e" "SOURCE_DIR=/opt/rustwide/workdir" "-e" "CARGO_TARGET_DIR=/opt/rustwide/target" "-e" "CARGO_INCREMENTAL=0" "-e" "RUST_BACKTRACE=full" "-e" "RUSTFLAGS=--cap-lints=forbid -Zrandomize-layout" "-e" "RUSTDOCFLAGS=--cap-lints=forbid" "-e" "CARGO_HOME=/opt/rustwide/cargo-home" "-e" "RUSTUP_HOME=/opt/rustwide/rustup-home" "-w" "/opt/rustwide/workdir" "-m" "1610612736" "--user" "0:0" "--network" "none" "ghcr.io/rust-lang/crates-build-env/linux@sha256:819108c5571ea2e421544af4d832f968d213c87fbe3707a016657f43d2f853bc" "/opt/rustwide/cargo-home/bin/cargo" "+nightly-2025-01-18" "test" "--frozen" "--no-run" "--message-format=json", kill_on_drop: false }`
[INFO] [stdout] a846278334d9c6ac7adf79752285b33d4bd632e4da29d0cb7c739685a5017593
[INFO] running `Command { std: "docker" "start" "-a" "a846278334d9c6ac7adf79752285b33d4bd632e4da29d0cb7c739685a5017593", kill_on_drop: false }`
[INFO] [stderr]    Compiling serde v1.0.217
[INFO] [stderr]    Compiling serde_json v1.0.137
[INFO] [stderr]    Compiling ryu v1.0.18
[INFO] [stderr]    Compiling memchr v2.7.4
[INFO] [stderr]    Compiling itoa v1.0.14
[INFO] [stderr]    Compiling tai-time v0.3.3 (/opt/rustwide/workdir)
[INFO] [stderr]     Finished `test` profile [unoptimized + debuginfo] target(s) in 7.02s
[INFO] running `Command { std: "docker" "inspect" "a846278334d9c6ac7adf79752285b33d4bd632e4da29d0cb7c739685a5017593", kill_on_drop: false }`
[INFO] running `Command { std: "docker" "rm" "-f" "a846278334d9c6ac7adf79752285b33d4bd632e4da29d0cb7c739685a5017593", kill_on_drop: false }`
[INFO] [stdout] a846278334d9c6ac7adf79752285b33d4bd632e4da29d0cb7c739685a5017593
[INFO] running `Command { std: "docker" "create" "-v" "/var/lib/crater-agent-workspace/builds/worker-3-tc2/target:/opt/rustwide/target:rw,Z" "-v" "/var/lib/crater-agent-workspace/builds/worker-3-tc2/source:/opt/rustwide/workdir:ro,Z" "-v" "/var/lib/crater-agent-workspace/cargo-home:/opt/rustwide/cargo-home:ro,Z" "-v" "/var/lib/crater-agent-workspace/rustup-home:/opt/rustwide/rustup-home:ro,Z" "-e" "SOURCE_DIR=/opt/rustwide/workdir" "-e" "CARGO_TARGET_DIR=/opt/rustwide/target" "-e" "CARGO_INCREMENTAL=0" "-e" "RUST_BACKTRACE=full" "-e" "RUSTFLAGS=--cap-lints=forbid -Zrandomize-layout" "-e" "RUSTDOCFLAGS=--cap-lints=forbid" "-e" "CARGO_HOME=/opt/rustwide/cargo-home" "-e" "RUSTUP_HOME=/opt/rustwide/rustup-home" "-w" "/opt/rustwide/workdir" "-m" "1610612736" "--user" "0:0" "--network" "none" "ghcr.io/rust-lang/crates-build-env/linux@sha256:819108c5571ea2e421544af4d832f968d213c87fbe3707a016657f43d2f853bc" "/opt/rustwide/cargo-home/bin/cargo" "+nightly-2025-01-18" "test" "--frozen", kill_on_drop: false }`
[INFO] [stdout] fbe6b396b78d1974a8465205c61ff4b9fefa2798171686f4f459b100a8b3d266
[INFO] running `Command { std: "docker" "start" "-a" "fbe6b396b78d1974a8465205c61ff4b9fefa2798171686f4f459b100a8b3d266", kill_on_drop: false }`
[INFO] [stderr]     Finished `test` profile [unoptimized + debuginfo] target(s) in 0.04s
[INFO] [stderr]      Running unittests src/lib.rs (/opt/rustwide/target/debug/deps/tai_time-47cff0e1836f7773)
[INFO] [stdout] 
[INFO] [stdout] running 33 tests
[INFO] [stdout] test tai_clock::tests::clock_init_from_future_instant_smoke ... ok
[INFO] [stdout] test tai_clock::tests::clock_init_at_smoke ... ok
[INFO] [stdout] test tai_clock::tests::clock_init_from_past_instant_smoke ... ok
[INFO] [stdout] test tai_clock::tests::clock_init_from_past_system_time_smoke ... ok
[INFO] [stdout] test tests::add_duration_extreme ... ok
[INFO] [stdout] test tai_clock::tests::clock_init_from_utc_smoke ... ok
[INFO] [stdout] test tests::as_unix_secs ... ok
[INFO] [stdout] test tests::date_time_invalid ... ok
[INFO] [stdout] test tai_clock::tests::clock_init_from_future_system_time_smoke ... ok
[INFO] [stdout] test tests::date_time_string_roundtrip ... ok
[INFO] [stdout] test tests::duration_since_extreme ... ok
[INFO] [stdout] test tests::add_duration_smoke ... ok
[INFO] [stdout] test tests::add_duration_with_carry ... ok
[INFO] [stdout] test tests::as_secs_and_nanos ... ok
[INFO] [stdout] test tests::duration_since_invalid ... ok
[INFO] [stdout] test tests::duration_since_smoke ... ok
[INFO] [stdout] test tests::from_unix_timestamp ... ok
[INFO] [stdout] test tests::from_unix_timestamp_with_carry ... ok
[INFO] [stdout] test tests::invalid_nanoseconds ... ok
[INFO] [stdout] test tests::now_from_utc_smoke ... ok
[INFO] [stdout] test tests::sub_duration_extreme ... ok
[INFO] [stdout] test tests::equality ... ok
[INFO] [stdout] test tests::sub_duration_smoke ... ok
[INFO] [stdout] test tests::sub_duration_with_carry ... ok
[INFO] [stdout] test tests::to_system_time ... ok
[INFO] [stdout] test tests::to_tai_time ... ok
[INFO] [stdout] test tests::duration_with_carry ... ok
[INFO] [stdout] test tests::epoch_smoke ... ok
[INFO] [stdout] test tests::ordering ... ok
[INFO] [stdout] test tests::date_time_second_count ... ok
[INFO] [stdout] test tests::add_duration_overflow - should panic ... ok
[INFO] [stdout] test tests::sub_duration_overflow - should panic ... ok
[INFO] [stdout] test tests::from_system_time ... ok
[INFO] [stdout] 
[INFO] [stdout] test result: ok. 33 passed; 0 failed; 0 ignored; 0 measured; 0 filtered out; finished in 0.04s
[INFO] [stdout] 
[INFO] [stderr]    Doc-tests tai_time
[INFO] [stdout] 
[INFO] [stdout] running 26 tests
[INFO] [stdout] test src/lib.rs - GpsTime (line 223) ... ok
[INFO] [stdout] test src/lib.rs - (line 162) ... FAILED
[INFO] [stdout] test src/lib.rs - MonotonicTime (line 206) ... ok
[INFO] [stdout] test src/lib.rs - BdtTime (line 257) ... ok
[INFO] [stdout] test src/lib.rs - GstTime (line 240) ... ok
[INFO] [stdout] test src/lib.rs - (line 136) ... ok
[INFO] [stdout] test src/lib.rs - (line 122) ... ok
[INFO] [stdout] test src/lib.rs - (line 95) ... ok
[INFO] [stdout] test src/lib.rs - Tai1958Time (line 278) ... ok
[INFO] [stdout] test src/lib.rs - TaiTime (line 321) ... ok
[INFO] [stdout] test src/lib.rs - Tai1972Time (line 295) ... ok
[INFO] [stdout] test src/lib.rs - TaiTime<EPOCH_REF>::as_secs (line 883) ... ok
[INFO] [stdout] test src/lib.rs - TaiTime<EPOCH_REF>::checked_add (line 1102) ... ok
[INFO] [stdout] test src/lib.rs - TaiTime<EPOCH_REF>::as_unix_secs (line 947) ... ok
[INFO] [stdout] test src/lib.rs - TaiTime<EPOCH_REF>::checked_duration_since (line 1227) ... ok
[INFO] [stdout] test src/lib.rs - TaiTime<EPOCH_REF>::checked_sub (line 1147) ... ok
[INFO] [stdout] test src/lib.rs - TaiTime<EPOCH_REF>::duration_since (line 1199) ... ok
[INFO] [stdout] test src/lib.rs - TaiTime<EPOCH_REF>::from_system_time (line 742) ... ok
[INFO] [stdout] test src/lib.rs - TaiTime<EPOCH_REF>::from_unix_timestamp (line 662) ... ok
[INFO] [stdout] test src/lib.rs - TaiTime<EPOCH_REF>::subsec_nanos (line 906) ... ok
[INFO] [stdout] test src/lib.rs - TaiTime<EPOCH_REF>::to_system_time (line 1028) ... ok
[INFO] [stdout] test src/lib.rs - TaiTime<EPOCH_REF>::new (line 387) ... ok
[INFO] [stdout] test src/lib.rs - TaiTime<EPOCH_REF>::to_tai_time (line 977) ... ok
[INFO] [stdout] test src/lib.rs - TaiTime<EPOCH_REF>::now_from_utc (line 527) ... ok
[INFO] [stdout] test src/lib.rs - TaiTime<EPOCH_REF>::try_from_date_time (line 580) ... ok
[INFO] [stdout] test src/tai_clock.rs - tai_clock::TaiClock (line 38) ... ok
[INFO] [stdout] 
[INFO] [stdout] failures:
[INFO] [stdout] 
[INFO] [stdout] ---- src/lib.rs - (line 162) stdout ----
[INFO] [stdout] error[E0599]: no function or associated item named `now` found for struct `TaiTime` in the current scope
[INFO] [stdout]    --> src/lib.rs:166:26
[INFO] [stdout]     |
[INFO] [stdout] 7   | let now = MonotonicTime::now();
[INFO] [stdout]     |                          ^^^ function or associated item not found in `TaiTime<0>`
[INFO] [stdout]     |
[INFO] [stdout] note: if you're trying to build a new `TaiTime<0>` consider using one of the following associated functions:
[INFO] [stdout]       TaiTime::<EPOCH_REF>::new
[INFO] [stdout]       TaiTime::<EPOCH_REF>::now_from_utc
[INFO] [stdout]       TaiTime::<EPOCH_REF>::try_now_from_utc
[INFO] [stdout]       TaiTime::<EPOCH_REF>::try_from_date_time
[INFO] [stdout]       and 4 others
[INFO] [stdout]    --> /opt/rustwide/workdir/src/lib.rs:398:5
[INFO] [stdout]     |
[INFO] [stdout] 398 |       pub const fn new(secs: i64, subsec_nanos: u32) -> Option<Self> {
[INFO] [stdout]     |       ^^^^^^^^^^^^^^^^^^^^^^^^^^^^^^^^^^^^^^^^^^^^^^^^^^^^^^^^^^^^^^
[INFO] [stdout] ...
[INFO] [stdout] 535 |       pub fn now_from_utc(leap_secs: i64) -> Self {
[INFO] [stdout]     |       ^^^^^^^^^^^^^^^^^^^^^^^^^^^^^^^^^^^^^^^^^^^
[INFO] [stdout] ...
[INFO] [stdout] 548 |       pub fn try_now_from_utc(leap_secs: i64) -> Result<Self, OutOfRangeError> {
[INFO] [stdout]     |       ^^^^^^^^^^^^^^^^^^^^^^^^^^^^^^^^^^^^^^^^^^^^^^^^^^^^^^^^^^^^^^^^^^^^^^^^
[INFO] [stdout] ...
[INFO] [stdout] 588 | /     pub const fn try_from_date_time(
[INFO] [stdout] 589 | |         year: i32,
[INFO] [stdout] 590 | |         month: u8,
[INFO] [stdout] 591 | |         day: u8,
[INFO] [stdout] ...   |
[INFO] [stdout] 595 | |         nano: u32,
[INFO] [stdout] 596 | |     ) -> Result<Self, DateTimeError> {
[INFO] [stdout]     | |____________________________________^
[INFO] [stdout] help: there is an associated function `new` with a similar name
[INFO] [stdout]    --> /opt/rustwide/workdir/src/lib.rs:398:5
[INFO] [stdout]     |
[INFO] [stdout] 398 |     pub const fn new(secs: i64, subsec_nanos: u32) -> Option<Self> {
[INFO] [stdout]     |     ^^^^^^^^^^^^^^^^^^^^^^^^^^^^^^^^^^^^^^^^^^^^^^^^^^^^^^^^^^^^^^
[INFO] [stdout] 
[INFO] [stdout] error: aborting due to 1 previous error
[INFO] [stdout] 
[INFO] [stdout] For more information about this error, try `rustc --explain E0599`.
[INFO] [stdout] Couldn't compile the test.
[INFO] [stdout] 
[INFO] [stdout] failures:
[INFO] [stdout]     src/lib.rs - (line 162)
[INFO] [stdout] 
[INFO] [stdout] test result: FAILED. 25 passed; 1 failed; 0 ignored; 0 measured; 0 filtered out; finished in 2.83s
[INFO] [stdout] 
[INFO] [stderr] error: doctest failed, to rerun pass `--doc`
[INFO] running `Command { std: "docker" "inspect" "fbe6b396b78d1974a8465205c61ff4b9fefa2798171686f4f459b100a8b3d266", kill_on_drop: false }`
[INFO] running `Command { std: "docker" "rm" "-f" "fbe6b396b78d1974a8465205c61ff4b9fefa2798171686f4f459b100a8b3d266", kill_on_drop: false }`
[INFO] [stdout] fbe6b396b78d1974a8465205c61ff4b9fefa2798171686f4f459b100a8b3d266
