[INFO] cloning repository https://github.com/astutecat/aoc-2024
[INFO] running `Command { std: "git" "-c" "credential.helper=" "-c" "credential.helper=/workspace/cargo-home/bin/git-credential-null" "clone" "--bare" "https://github.com/astutecat/aoc-2024" "/workspace/cache/git-repos/https%3A%2F%2Fgithub.com%2Fastutecat%2Faoc-2024", kill_on_drop: false }`
[INFO] [stderr] Cloning into bare repository '/workspace/cache/git-repos/https%3A%2F%2Fgithub.com%2Fastutecat%2Faoc-2024'...
[INFO] running `Command { std: "git" "rev-parse" "HEAD", kill_on_drop: false }`
[INFO] [stdout] 6224124e6a1e2f7830f75c6296af80bbe2c70a74
[INFO] testing astutecat/aoc-2024 against nightly-2025-01-18+rustflags=-Zrandomize-layout for randomize-layout-2
[INFO] running `Command { std: "git" "clone" "/workspace/cache/git-repos/https%3A%2F%2Fgithub.com%2Fastutecat%2Faoc-2024" "/workspace/builds/worker-1-tc2/source", kill_on_drop: false }`
[INFO] [stderr] Cloning into '/workspace/builds/worker-1-tc2/source'...
[INFO] [stderr] done.
[INFO] validating manifest of git repo https://github.com/astutecat/aoc-2024 on toolchain nightly-2025-01-18
[INFO] running `Command { std: CARGO_HOME="/workspace/cargo-home" RUSTUP_HOME="/workspace/rustup-home" "/workspace/cargo-home/bin/cargo" "+nightly-2025-01-18" "metadata" "--manifest-path" "Cargo.toml" "--no-deps", kill_on_drop: false }`
[INFO] removed /workspace/builds/worker-1-tc2/source/.cargo/config.toml
[INFO] started tweaking git repo https://github.com/astutecat/aoc-2024
[INFO] finished tweaking git repo https://github.com/astutecat/aoc-2024
[INFO] tweaked toml for git repo https://github.com/astutecat/aoc-2024 written to /workspace/builds/worker-1-tc2/source/Cargo.toml
[INFO] crate git repo https://github.com/astutecat/aoc-2024 already has a lockfile, it will not be regenerated
[INFO] running `Command { std: CARGO_HOME="/workspace/cargo-home" RUSTUP_HOME="/workspace/rustup-home" "/workspace/cargo-home/bin/cargo" "+nightly-2025-01-18" "fetch" "--manifest-path" "Cargo.toml", kill_on_drop: false }`
[INFO] running `Command { std: "docker" "create" "-v" "/var/lib/crater-agent-workspace/builds/worker-1-tc2/target:/opt/rustwide/target:rw,Z" "-v" "/var/lib/crater-agent-workspace/builds/worker-1-tc2/source:/opt/rustwide/workdir:ro,Z" "-v" "/var/lib/crater-agent-workspace/cargo-home:/opt/rustwide/cargo-home:ro,Z" "-v" "/var/lib/crater-agent-workspace/rustup-home:/opt/rustwide/rustup-home:ro,Z" "-e" "SOURCE_DIR=/opt/rustwide/workdir" "-e" "CARGO_TARGET_DIR=/opt/rustwide/target" "-e" "CARGO_HOME=/opt/rustwide/cargo-home" "-e" "RUSTUP_HOME=/opt/rustwide/rustup-home" "-w" "/opt/rustwide/workdir" "-m" "1610612736" "--user" "0:0" "--network" "none" "ghcr.io/rust-lang/crates-build-env/linux@sha256:819108c5571ea2e421544af4d832f968d213c87fbe3707a016657f43d2f853bc" "/opt/rustwide/cargo-home/bin/cargo" "+nightly-2025-01-18" "metadata" "--no-deps" "--format-version=1", kill_on_drop: false }`
[INFO] [stdout] 1b960d40398c5f2b98ea9e410a8bf4b485f82a92d4a2e1df4bb947fccfc9189f
[INFO] running `Command { std: "docker" "start" "-a" "1b960d40398c5f2b98ea9e410a8bf4b485f82a92d4a2e1df4bb947fccfc9189f", kill_on_drop: false }`
[INFO] running `Command { std: "docker" "inspect" "1b960d40398c5f2b98ea9e410a8bf4b485f82a92d4a2e1df4bb947fccfc9189f", kill_on_drop: false }`
[INFO] running `Command { std: "docker" "rm" "-f" "1b960d40398c5f2b98ea9e410a8bf4b485f82a92d4a2e1df4bb947fccfc9189f", kill_on_drop: false }`
[INFO] [stdout] 1b960d40398c5f2b98ea9e410a8bf4b485f82a92d4a2e1df4bb947fccfc9189f
[INFO] running `Command { std: "docker" "create" "-v" "/var/lib/crater-agent-workspace/builds/worker-1-tc2/target:/opt/rustwide/target:rw,Z" "-v" "/var/lib/crater-agent-workspace/builds/worker-1-tc2/source:/opt/rustwide/workdir:ro,Z" "-v" "/var/lib/crater-agent-workspace/cargo-home:/opt/rustwide/cargo-home:ro,Z" "-v" "/var/lib/crater-agent-workspace/rustup-home:/opt/rustwide/rustup-home:ro,Z" "-e" "SOURCE_DIR=/opt/rustwide/workdir" "-e" "CARGO_TARGET_DIR=/opt/rustwide/target" "-e" "CARGO_INCREMENTAL=0" "-e" "RUST_BACKTRACE=full" "-e" "RUSTFLAGS=--cap-lints=forbid -Zrandomize-layout" "-e" "RUSTDOCFLAGS=--cap-lints=forbid" "-e" "CARGO_HOME=/opt/rustwide/cargo-home" "-e" "RUSTUP_HOME=/opt/rustwide/rustup-home" "-w" "/opt/rustwide/workdir" "-m" "1610612736" "--user" "0:0" "--network" "none" "ghcr.io/rust-lang/crates-build-env/linux@sha256:819108c5571ea2e421544af4d832f968d213c87fbe3707a016657f43d2f853bc" "/opt/rustwide/cargo-home/bin/cargo" "+nightly-2025-01-18" "build" "--frozen" "--message-format=json", kill_on_drop: false }`
[INFO] [stdout] 4163cf2fc7199ae8bcb6e1417a8970d0e1ceb807b72eb373e45014f94113789b
[INFO] running `Command { std: "docker" "start" "-a" "4163cf2fc7199ae8bcb6e1417a8970d0e1ceb807b72eb373e45014f94113789b", kill_on_drop: false }`
[INFO] [stderr]    Compiling proc-macro2 v1.0.92
[INFO] [stderr]    Compiling unicode-ident v1.0.12
[INFO] [stderr]    Compiling autocfg v1.1.0
[INFO] [stderr]    Compiling semver v1.0.24
[INFO] [stderr]    Compiling thiserror v2.0.7
[INFO] [stderr]    Compiling equivalent v1.0.1
[INFO] [stderr]    Compiling hashbrown v0.15.2
[INFO] [stderr]    Compiling either v1.13.0
[INFO] [stderr]    Compiling rustc-hash v2.1.0
[INFO] [stderr]    Compiling memchr v2.6.4
[INFO] [stderr]    Compiling minimal-lexical v0.2.1
[INFO] [stderr]    Compiling pico-args v0.5.0
[INFO] [stderr]    Compiling tinyjson v2.5.1
[INFO] [stderr]    Compiling itertools v0.13.0
[INFO] [stderr]    Compiling num-traits v0.2.19
[INFO] [stderr]    Compiling quote v1.0.37
[INFO] [stderr]    Compiling nom v7.1.3
[INFO] [stderr]    Compiling syn v2.0.90
[INFO] [stderr]    Compiling indexmap v2.7.0
[INFO] [stderr]    Compiling integer-sqrt v0.1.5
[INFO] [stderr]    Compiling thiserror-impl v2.0.7
[INFO] [stderr]    Compiling deprecate-until v0.1.1
[INFO] [stderr]    Compiling pathfinding v4.12.0
[INFO] [stderr]    Compiling advent_of_code v0.11.0 (/opt/rustwide/workdir)
[INFO] [stderr]     Finished `dev` profile [unoptimized + debuginfo] target(s) in 12.37s
[INFO] running `Command { std: "docker" "inspect" "4163cf2fc7199ae8bcb6e1417a8970d0e1ceb807b72eb373e45014f94113789b", kill_on_drop: false }`
[INFO] running `Command { std: "docker" "rm" "-f" "4163cf2fc7199ae8bcb6e1417a8970d0e1ceb807b72eb373e45014f94113789b", kill_on_drop: false }`
[INFO] [stdout] 4163cf2fc7199ae8bcb6e1417a8970d0e1ceb807b72eb373e45014f94113789b
[INFO] running `Command { std: "docker" "create" "-v" "/var/lib/crater-agent-workspace/builds/worker-1-tc2/target:/opt/rustwide/target:rw,Z" "-v" "/var/lib/crater-agent-workspace/builds/worker-1-tc2/source:/opt/rustwide/workdir:ro,Z" "-v" "/var/lib/crater-agent-workspace/cargo-home:/opt/rustwide/cargo-home:ro,Z" "-v" "/var/lib/crater-agent-workspace/rustup-home:/opt/rustwide/rustup-home:ro,Z" "-e" "SOURCE_DIR=/opt/rustwide/workdir" "-e" "CARGO_TARGET_DIR=/opt/rustwide/target" "-e" "CARGO_INCREMENTAL=0" "-e" "RUST_BACKTRACE=full" "-e" "RUSTFLAGS=--cap-lints=forbid -Zrandomize-layout" "-e" "RUSTDOCFLAGS=--cap-lints=forbid" "-e" "CARGO_HOME=/opt/rustwide/cargo-home" "-e" "RUSTUP_HOME=/opt/rustwide/rustup-home" "-w" "/opt/rustwide/workdir" "-m" "1610612736" "--user" "0:0" "--network" "none" "ghcr.io/rust-lang/crates-build-env/linux@sha256:819108c5571ea2e421544af4d832f968d213c87fbe3707a016657f43d2f853bc" "/opt/rustwide/cargo-home/bin/cargo" "+nightly-2025-01-18" "test" "--frozen" "--no-run" "--message-format=json", kill_on_drop: false }`
[INFO] [stdout] 9b693a1740ac59933a21326db57c4d9aaa4a4fd391f5fa8a0ae5ad74cc9afefd
[INFO] running `Command { std: "docker" "start" "-a" "9b693a1740ac59933a21326db57c4d9aaa4a4fd391f5fa8a0ae5ad74cc9afefd", kill_on_drop: false }`
[INFO] [stderr]    Compiling advent_of_code v0.11.0 (/opt/rustwide/workdir)
[INFO] [stderr]     Finished `test` profile [unoptimized + debuginfo] target(s) in 1.33s
[INFO] running `Command { std: "docker" "inspect" "9b693a1740ac59933a21326db57c4d9aaa4a4fd391f5fa8a0ae5ad74cc9afefd", kill_on_drop: false }`
[INFO] running `Command { std: "docker" "rm" "-f" "9b693a1740ac59933a21326db57c4d9aaa4a4fd391f5fa8a0ae5ad74cc9afefd", kill_on_drop: false }`
[INFO] [stdout] 9b693a1740ac59933a21326db57c4d9aaa4a4fd391f5fa8a0ae5ad74cc9afefd
[INFO] running `Command { std: "docker" "create" "-v" "/var/lib/crater-agent-workspace/builds/worker-1-tc2/target:/opt/rustwide/target:rw,Z" "-v" "/var/lib/crater-agent-workspace/builds/worker-1-tc2/source:/opt/rustwide/workdir:ro,Z" "-v" "/var/lib/crater-agent-workspace/cargo-home:/opt/rustwide/cargo-home:ro,Z" "-v" "/var/lib/crater-agent-workspace/rustup-home:/opt/rustwide/rustup-home:ro,Z" "-e" "SOURCE_DIR=/opt/rustwide/workdir" "-e" "CARGO_TARGET_DIR=/opt/rustwide/target" "-e" "CARGO_INCREMENTAL=0" "-e" "RUST_BACKTRACE=full" "-e" "RUSTFLAGS=--cap-lints=forbid -Zrandomize-layout" "-e" "RUSTDOCFLAGS=--cap-lints=forbid" "-e" "CARGO_HOME=/opt/rustwide/cargo-home" "-e" "RUSTUP_HOME=/opt/rustwide/rustup-home" "-w" "/opt/rustwide/workdir" "-m" "1610612736" "--user" "0:0" "--network" "none" "ghcr.io/rust-lang/crates-build-env/linux@sha256:819108c5571ea2e421544af4d832f968d213c87fbe3707a016657f43d2f853bc" "/opt/rustwide/cargo-home/bin/cargo" "+nightly-2025-01-18" "test" "--frozen", kill_on_drop: false }`
[INFO] [stdout] 58cbab2ef8a4625d4e20c655d12beca269f383a92daa6e8bf4aa50a01c354d2f
[INFO] running `Command { std: "docker" "start" "-a" "58cbab2ef8a4625d4e20c655d12beca269f383a92daa6e8bf4aa50a01c354d2f", kill_on_drop: false }`
[INFO] [stderr]     Finished `test` profile [unoptimized + debuginfo] target(s) in 0.04s
[INFO] [stderr]      Running unittests src/lib.rs (/opt/rustwide/target/debug/deps/advent_of_code-2c5cfe4be1ede1f8)
[INFO] [stdout] 
[INFO] [stderr]      Running unittests src/bin/01.rs (/opt/rustwide/target/debug/deps/01-ec4cd0cb30c2f8f2)
[INFO] [stdout] running 0 tests
[INFO] [stdout] 
[INFO] [stdout] test result: ok. 0 passed; 0 failed; 0 ignored; 0 measured; 0 filtered out; finished in 0.00s
[INFO] [stdout] 
[INFO] [stdout] 
[INFO] [stdout] running 2 tests
[INFO] [stdout] test tests::test_part_one ... ok
[INFO] [stderr]      Running unittests src/bin/02.rs (/opt/rustwide/target/debug/deps/02-384f28c4a405bdf8)
[INFO] [stdout] test tests::test_part_two ... ok
[INFO] [stdout] 
[INFO] [stdout] test result: ok. 2 passed; 0 failed; 0 ignored; 0 measured; 0 filtered out; finished in 0.00s
[INFO] [stdout] 
[INFO] [stdout] 
[INFO] [stdout] running 2 tests
[INFO] [stdout] test tests::test_part_one ... ok
[INFO] [stdout] test tests::test_part_two ... ok
[INFO] [stdout] 
[INFO] [stdout] test result: ok. 2 passed; 0 failed; 0 ignored; 0 measured; 0 filtered out; finished in 0.00s
[INFO] [stdout] 
[INFO] [stderr]      Running unittests src/bin/03.rs (/opt/rustwide/target/debug/deps/03-aa7c8f429bff85ba)
[INFO] [stdout] 
[INFO] [stdout] running 2 tests
[INFO] [stdout] test tests::test_part_two ... ok
[INFO] [stdout] test tests::test_part_one ... ok
[INFO] [stdout] 
[INFO] [stdout] test result: ok. 2 passed; 0 failed; 0 ignored; 0 measured; 0 filtered out; finished in 0.01s
[INFO] [stdout] 
[INFO] [stderr]      Running unittests src/bin/04.rs (/opt/rustwide/target/debug/deps/04-5aa8056d2051115d)
[INFO] [stdout] 
[INFO] [stdout] running 2 tests
[INFO] [stdout] test tests::test_part_two ... ok
[INFO] [stdout] test tests::test_part_one ... FAILED
[INFO] [stdout] 
[INFO] [stdout] failures:
[INFO] [stdout] 
[INFO] [stdout] ---- tests::test_part_one stdout ----
[INFO] [stdout] [(1, 0), (1, 1), (0, 1)]
[INFO] [stdout] [(0, 0), (0, 1), (2, 0), (2, 1), (1, 1)]
[INFO] [stdout] [(1, 0), (1, 1), (3, 0), (3, 1), (2, 1)]
[INFO] [stdout] [(2, 0), (2, 1), (4, 0), (4, 1), (3, 1)]
[INFO] [stdout] [(3, 0), (3, 1), (5, 0), (5, 1), (4, 1)]
[INFO] [stdout] [(4, 0), (4, 1), (6, 0), (6, 1), (5, 1)]
[INFO] [stdout] [(5, 0), (5, 1), (7, 0), (7, 1), (6, 1)]
[INFO] [stdout] [(6, 0), (6, 1), (8, 0), (8, 1), (7, 1)]
[INFO] [stdout] [(7, 0), (7, 1), (9, 0), (9, 1), (8, 1)]
[INFO] [stdout] [(8, 0), (8, 1), (9, 1)]
[INFO] [stdout] [(1, 1), (1, 0), (1, 2), (0, 0), (0, 2)]
[INFO] [stdout] [(0, 1), (0, 0), (0, 2), (2, 1), (2, 0), (2, 2), (1, 0), (1, 2)]
[INFO] [stdout] [(1, 1), (1, 0), (1, 2), (3, 1), (3, 0), (3, 2), (2, 0), (2, 2)]
[INFO] [stdout] [(2, 1), (2, 0), (2, 2), (4, 1), (4, 0), (4, 2), (3, 0), (3, 2)]
[INFO] [stdout] [(3, 1), (3, 0), (3, 2), (5, 1), (5, 0), (5, 2), (4, 0), (4, 2)]
[INFO] [stdout] [(4, 1), (4, 0), (4, 2), (6, 1), (6, 0), (6, 2), (5, 0), (5, 2)]
[INFO] [stdout] [(5, 1), (5, 0), (5, 2), (7, 1), (7, 0), (7, 2), (6, 0), (6, 2)]
[INFO] [stdout] [(6, 1), (6, 0), (6, 2), (8, 1), (8, 0), (8, 2), (7, 0), (7, 2)]
[INFO] [stdout] [(7, 1), (7, 0), (7, 2), (9, 1), (9, 0), (9, 2), (8, 0), (8, 2)]
[INFO] [stdout] [(8, 1), (8, 0), (8, 2), (9, 0), (9, 2)]
[INFO] [stdout] [(1, 2), (1, 1), (1, 3), (0, 1), (0, 3)]
[INFO] [stdout] [(0, 2), (0, 1), (0, 3), (2, 2), (2, 1), (2, 3), (1, 1), (1, 3)]
[INFO] [stdout] [(1, 2), (1, 1), (1, 3), (3, 2), (3, 1), (3, 3), (2, 1), (2, 3)]
[INFO] [stdout] [(2, 2), (2, 1), (2, 3), (4, 2), (4, 1), (4, 3), (3, 1), (3, 3)]
[INFO] [stdout] [(3, 2), (3, 1), (3, 3), (5, 2), (5, 1), (5, 3), (4, 1), (4, 3)]
[INFO] [stdout] [(4, 2), (4, 1), (4, 3), (6, 2), (6, 1), (6, 3), (5, 1), (5, 3)]
[INFO] [stdout] [(5, 2), (5, 1), (5, 3), (7, 2), (7, 1), (7, 3), (6, 1), (6, 3)]
[INFO] [stdout] [(6, 2), (6, 1), (6, 3), (8, 2), (8, 1), (8, 3), (7, 1), (7, 3)]
[INFO] [stdout] [(7, 2), (7, 1), (7, 3), (9, 2), (9, 1), (9, 3), (8, 1), (8, 3)]
[INFO] [stdout] [(8, 2), (8, 1), (8, 3), (9, 1), (9, 3)]
[INFO] [stdout] [(1, 3), (1, 2), (1, 4), (0, 2), (0, 4)]
[INFO] [stdout] [(0, 3), (0, 2), (0, 4), (2, 3), (2, 2), (2, 4), (1, 2), (1, 4)]
[INFO] [stdout] [(1, 3), (1, 2), (1, 4), (3, 3), (3, 2), (3, 4), (2, 2), (2, 4)]
[INFO] [stdout] [(2, 3), (2, 2), (2, 4), (4, 3), (4, 2), (4, 4), (3, 2), (3, 4)]
[INFO] [stdout] [(3, 3), (3, 2), (3, 4), (5, 3), (5, 2), (5, 4), (4, 2), (4, 4)]
[INFO] [stdout] [(4, 3), (4, 2), (4, 4), (6, 3), (6, 2), (6, 4), (5, 2), (5, 4)]
[INFO] [stdout] [(5, 3), (5, 2), (5, 4), (7, 3), (7, 2), (7, 4), (6, 2), (6, 4)]
[INFO] [stdout] [(6, 3), (6, 2), (6, 4), (8, 3), (8, 2), (8, 4), (7, 2), (7, 4)]
[INFO] [stdout] [(7, 3), (7, 2), (7, 4), (9, 3), (9, 2), (9, 4), (8, 2), (8, 4)]
[INFO] [stdout] [(8, 3), (8, 2), (8, 4), (9, 2), (9, 4)]
[INFO] [stdout] [(1, 4), (1, 3), (1, 5), (0, 3), (0, 5)]
[INFO] [stdout] [(0, 4), (0, 3), (0, 5), (2, 4), (2, 3), (2, 5), (1, 3), (1, 5)]
[INFO] [stdout] [(1, 4), (1, 3), (1, 5), (3, 4), (3, 3), (3, 5), (2, 3), (2, 5)]
[INFO] [stdout] [(2, 4), (2, 3), (2, 5), (4, 4), (4, 3), (4, 5), (3, 3), (3, 5)]
[INFO] [stdout] [(3, 4), (3, 3), (3, 5), (5, 4), (5, 3), (5, 5), (4, 3), (4, 5)]
[INFO] [stdout] [(4, 4), (4, 3), (4, 5), (6, 4), (6, 3), (6, 5), (5, 3), (5, 5)]
[INFO] [stdout] [(5, 4), (5, 3), (5, 5), (7, 4), (7, 3), (7, 5), (6, 3), (6, 5)]
[INFO] [stdout] [(6, 4), (6, 3), (6, 5), (8, 4), (8, 3), (8, 5), (7, 3), (7, 5)]
[INFO] [stdout] [(7, 4), (7, 3), (7, 5), (9, 4), (9, 3), (9, 5), (8, 3), (8, 5)]
[INFO] [stdout] [(8, 4), (8, 3), (8, 5), (9, 3), (9, 5)]
[INFO] [stdout] [(1, 5), (1, 4), (1, 6), (0, 4), (0, 6)]
[INFO] [stdout] [(0, 5), (0, 4), (0, 6), (2, 5), (2, 4), (2, 6), (1, 4), (1, 6)]
[INFO] [stdout] [(1, 5), (1, 4), (1, 6), (3, 5), (3, 4), (3, 6), (2, 4), (2, 6)]
[INFO] [stdout] [(2, 5), (2, 4), (2, 6), (4, 5), (4, 4), (4, 6), (3, 4), (3, 6)]
[INFO] [stdout] [(3, 5), (3, 4), (3, 6), (5, 5), (5, 4), (5, 6), (4, 4), (4, 6)]
[INFO] [stdout] [(4, 5), (4, 4), (4, 6), (6, 5), (6, 4), (6, 6), (5, 4), (5, 6)]
[INFO] [stdout] [(5, 5), (5, 4), (5, 6), (7, 5), (7, 4), (7, 6), (6, 4), (6, 6)]
[INFO] [stdout] [(6, 5), (6, 4), (6, 6), (8, 5), (8, 4), (8, 6), (7, 4), (7, 6)]
[INFO] [stdout] [(7, 5), (7, 4), (7, 6), (9, 5), (9, 4), (9, 6), (8, 4), (8, 6)]
[INFO] [stdout] [(8, 5), (8, 4), (8, 6), (9, 4), (9, 6)]
[INFO] [stdout] [(1, 6), (1, 5), (1, 7), (0, 5), (0, 7)]
[INFO] [stdout] [(0, 6), (0, 5), (0, 7), (2, 6), (2, 5), (2, 7), (1, 5), (1, 7)]
[INFO] [stdout] [(1, 6), (1, 5), (1, 7), (3, 6), (3, 5), (3, 7), (2, 5), (2, 7)]
[INFO] [stdout] [(2, 6), (2, 5), (2, 7), (4, 6), (4, 5), (4, 7), (3, 5), (3, 7)]
[INFO] [stdout] [(3, 6), (3, 5), (3, 7), (5, 6), (5, 5), (5, 7), (4, 5), (4, 7)]
[INFO] [stdout] [(4, 6), (4, 5), (4, 7), (6, 6), (6, 5), (6, 7), (5, 5), (5, 7)]
[INFO] [stdout] [(5, 6), (5, 5), (5, 7), (7, 6), (7, 5), (7, 7), (6, 5), (6, 7)]
[INFO] [stdout] [(6, 6), (6, 5), (6, 7), (8, 6), (8, 5), (8, 7), (7, 5), (7, 7)]
[INFO] [stdout] [(7, 6), (7, 5), (7, 7), (9, 6), (9, 5), (9, 7), (8, 5), (8, 7)]
[INFO] [stdout] [(8, 6), (8, 5), (8, 7), (9, 5), (9, 7)]
[INFO] [stdout] [(1, 7), (1, 6), (1, 8), (0, 6), (0, 8)]
[INFO] [stdout] [(0, 7), (0, 6), (0, 8), (2, 7), (2, 6), (2, 8), (1, 6), (1, 8)]
[INFO] [stdout] [(1, 7), (1, 6), (1, 8), (3, 7), (3, 6), (3, 8), (2, 6), (2, 8)]
[INFO] [stdout] [(2, 7), (2, 6), (2, 8), (4, 7), (4, 6), (4, 8), (3, 6), (3, 8)]
[INFO] [stdout] [(3, 7), (3, 6), (3, 8), (5, 7), (5, 6), (5, 8), (4, 6), (4, 8)]
[INFO] [stdout] [(4, 7), (4, 6), (4, 8), (6, 7), (6, 6), (6, 8), (5, 6), (5, 8)]
[INFO] [stdout] [(5, 7), (5, 6), (5, 8), (7, 7), (7, 6), (7, 8), (6, 6), (6, 8)]
[INFO] [stdout] [(6, 7), (6, 6), (6, 8), (8, 7), (8, 6), (8, 8), (7, 6), (7, 8)]
[INFO] [stdout] [(7, 7), (7, 6), (7, 8), (9, 7), (9, 6), (9, 8), (8, 6), (8, 8)]
[INFO] [stdout] [(8, 7), (8, 6), (8, 8), (9, 6), (9, 8)]
[INFO] [stdout] [(1, 8), (1, 7), (1, 9), (0, 7), (0, 9)]
[INFO] [stdout] [(0, 8), (0, 7), (0, 9), (2, 8), (2, 7), (2, 9), (1, 7), (1, 9)]
[INFO] [stdout] [(1, 8), (1, 7), (1, 9), (3, 8), (3, 7), (3, 9), (2, 7), (2, 9)]
[INFO] [stdout] [(2, 8), (2, 7), (2, 9), (4, 8), (4, 7), (4, 9), (3, 7), (3, 9)]
[INFO] [stdout] [(3, 8), (3, 7), (3, 9), (5, 8), (5, 7), (5, 9), (4, 7), (4, 9)]
[INFO] [stdout] [(4, 8), (4, 7), (4, 9), (6, 8), (6, 7), (6, 9), (5, 7), (5, 9)]
[INFO] [stdout] [(5, 8), (5, 7), (5, 9), (7, 8), (7, 7), (7, 9), (6, 7), (6, 9)]
[INFO] [stdout] [(6, 8), (6, 7), (6, 9), (8, 8), (8, 7), (8, 9), (7, 7), (7, 9)]
[INFO] [stdout] [(7, 8), (7, 7), (7, 9), (9, 8), (9, 7), (9, 9), (8, 7), (8, 9)]
[INFO] [stdout] [(8, 8), (8, 7), (8, 9), (9, 7), (9, 9)]
[INFO] [stdout] [(1, 9), (1, 8), (0, 8)]
[INFO] [stdout] [(0, 9), (0, 8), (2, 9), (2, 8), (1, 8)]
[INFO] [stdout] [(1, 9), (1, 8), (3, 9), (3, 8), (2, 8)]
[INFO] [stdout] [(2, 9), (2, 8), (4, 9), (4, 8), (3, 8)]
[INFO] [stdout] [(3, 9), (3, 8), (5, 9), (5, 8), (4, 8)]
[INFO] [stdout] [(4, 9), (4, 8), (6, 9), (6, 8), (5, 8)]
[INFO] [stdout] [(5, 9), (5, 8), (7, 9), (7, 8), (6, 8)]
[INFO] [stdout] [(6, 9), (6, 8), (8, 9), (8, 8), (7, 8)]
[INFO] [stdout] [(7, 9), (7, 8), (9, 9), (9, 8), (8, 8)]
[INFO] [stdout] [(8, 9), (8, 8), (9, 8)]
[INFO] [stdout] 
[INFO] [stdout] thread 'tests::test_part_one' panicked at src/bin/04.rs:46:9:
[INFO] [stdout] assertion `left == right` failed
[INFO] [stdout]   left: None
[INFO] [stdout]  right: Some(18)
[INFO] [stdout] stack backtrace:
[INFO] [stdout]    0:     0x5891af2ae9ca - std::backtrace_rs::backtrace::libunwind::trace::hb059275cfc8d6126
[INFO] [stdout]                                at /rustc/6067b36314ab5eb2eb47cecc464545ba58e1ad24/library/std/src/../../backtrace/src/backtrace/libunwind.rs:116:5
[INFO] [stdout]    1:     0x5891af2ae9ca - std::backtrace_rs::backtrace::trace_unsynchronized::h2da071e4327ce3ee
[INFO] [stdout]                                at /rustc/6067b36314ab5eb2eb47cecc464545ba58e1ad24/library/std/src/../../backtrace/src/backtrace/mod.rs:66:5
[INFO] [stdout]    2:     0x5891af2ae9ca - std::sys::backtrace::_print_fmt::h842a1474e6f8d23f
[INFO] [stdout]                                at /rustc/6067b36314ab5eb2eb47cecc464545ba58e1ad24/library/std/src/sys/backtrace.rs:66:9
[INFO] [stdout]    3:     0x5891af2ae9ca - <std::sys::backtrace::BacktraceLock::print::DisplayBacktrace as core::fmt::Display>::fmt::h71a62eb3b9696b12
[INFO] [stdout]                                at /rustc/6067b36314ab5eb2eb47cecc464545ba58e1ad24/library/std/src/sys/backtrace.rs:39:26
[INFO] [stdout]    4:     0x5891af2d6013 - core::fmt::rt::Argument::fmt::hdb6b616786b41dc1
[INFO] [stdout]                                at /rustc/6067b36314ab5eb2eb47cecc464545ba58e1ad24/library/core/src/fmt/rt.rs:177:76
[INFO] [stdout]    5:     0x5891af2d6013 - core::fmt::write::h2cc1698af7e2d686
[INFO] [stdout]                                at /rustc/6067b36314ab5eb2eb47cecc464545ba58e1ad24/library/core/src/fmt/mod.rs:1440:21
[INFO] [stdout]    6:     0x5891af2ab383 - std::io::Write::write_fmt::hab1b4cd059a79022
[INFO] [stdout]                                at /rustc/6067b36314ab5eb2eb47cecc464545ba58e1ad24/library/std/src/io/mod.rs:1887:15
[INFO] [stdout]    7:     0x5891af2ae812 - std::sys::backtrace::BacktraceLock::print::h147fe35b4ea13b08
[INFO] [stdout]                                at /rustc/6067b36314ab5eb2eb47cecc464545ba58e1ad24/library/std/src/sys/backtrace.rs:42:9
[INFO] [stdout]    8:     0x5891af2afdef - std::panicking::default_hook::{{closure}}::hbd44223dbdc0d208
[INFO] [stdout]                                at /rustc/6067b36314ab5eb2eb47cecc464545ba58e1ad24/library/std/src/panicking.rs:298:22
[INFO] [stdout]    9:     0x5891af2afc08 - std::panicking::default_hook::h20f81eb0576efcec
[INFO] [stdout]                                at /rustc/6067b36314ab5eb2eb47cecc464545ba58e1ad24/library/std/src/panicking.rs:322:9
[INFO] [stdout]   10:     0x5891af26ed93 - <alloc::boxed::Box<F,A> as core::ops::function::Fn<Args>>::call::hdb53814c496a4d34
[INFO] [stdout]                                at /rustc/6067b36314ab5eb2eb47cecc464545ba58e1ad24/library/alloc/src/boxed.rs:2027:9
[INFO] [stdout]   11:     0x5891af26ed93 - test::test_main::{{closure}}::hc0a4963c59427c24
[INFO] [stdout]                                at /rustc/6067b36314ab5eb2eb47cecc464545ba58e1ad24/library/test/src/lib.rs:134:21
[INFO] [stdout]   12:     0x5891af2b08e3 - <alloc::boxed::Box<F,A> as core::ops::function::Fn<Args>>::call::h591b2225413a77e9
[INFO] [stdout]                                at /rustc/6067b36314ab5eb2eb47cecc464545ba58e1ad24/library/alloc/src/boxed.rs:2027:9
[INFO] [stdout]   13:     0x5891af2b08e3 - std::panicking::rust_panic_with_hook::h625eea43051b2edc
[INFO] [stdout]                                at /rustc/6067b36314ab5eb2eb47cecc464545ba58e1ad24/library/std/src/panicking.rs:839:13
[INFO] [stdout]   14:     0x5891af2b059a - std::panicking::begin_panic_handler::{{closure}}::h4f9159cfbc3f6bd3
[INFO] [stdout]                                at /rustc/6067b36314ab5eb2eb47cecc464545ba58e1ad24/library/std/src/panicking.rs:704:13
[INFO] [stdout]   15:     0x5891af2aeec9 - std::sys::backtrace::__rust_end_short_backtrace::h0390abce48353151
[INFO] [stdout]                                at /rustc/6067b36314ab5eb2eb47cecc464545ba58e1ad24/library/std/src/sys/backtrace.rs:168:18
[INFO] [stdout]   16:     0x5891af2b022d - rust_begin_unwind
[INFO] [stdout]                                at /rustc/6067b36314ab5eb2eb47cecc464545ba58e1ad24/library/std/src/panicking.rs:695:5
[INFO] [stdout]   17:     0x5891af2d4a90 - core::panicking::panic_fmt::h9e7c637e9e5f29c9
[INFO] [stdout]                                at /rustc/6067b36314ab5eb2eb47cecc464545ba58e1ad24/library/core/src/panicking.rs:75:14
[INFO] [stdout]   18:     0x5891af2d4de2 - core::panicking::assert_failed_inner::h538bec7c1374cd9c
[INFO] [stdout]   19:     0x5891af2330dc - core::panicking::assert_failed::he3db0ab8c1e6bd05
[INFO] [stdout]                                at /rustc/6067b36314ab5eb2eb47cecc464545ba58e1ad24/library/core/src/panicking.rs:364:5
[INFO] [stdout]   20:     0x5891af234b1a - _04::tests::test_part_one::h2d6e105b40a83416
[INFO] [stdout]                                at /opt/rustwide/workdir/src/bin/04.rs:46:9
[INFO] [stdout]   21:     0x5891af234a07 - _04::tests::test_part_one::{{closure}}::h8770861ec97d13f9
[INFO] [stdout]                                at /opt/rustwide/workdir/src/bin/04.rs:44:23
[INFO] [stdout]   22:     0x5891af2324a6 - core::ops::function::FnOnce::call_once::hb166357af12b450c
[INFO] [stdout]                                at /rustc/6067b36314ab5eb2eb47cecc464545ba58e1ad24/library/core/src/ops/function.rs:250:5
[INFO] [stdout]   23:     0x5891af2744eb - core::ops::function::FnOnce::call_once::he27718dfdd183f43
[INFO] [stdout]                                at /rustc/6067b36314ab5eb2eb47cecc464545ba58e1ad24/library/core/src/ops/function.rs:250:5
[INFO] [stdout]   24:     0x5891af2744eb - test::__rust_begin_short_backtrace::h4e84902998457a5d
[INFO] [stdout]                                at /rustc/6067b36314ab5eb2eb47cecc464545ba58e1ad24/library/test/src/lib.rs:632:18
[INFO] [stdout]   25:     0x5891af273423 - test::run_test_in_process::{{closure}}::h7176fd18fc1feca0
[INFO] [stdout]                                at /rustc/6067b36314ab5eb2eb47cecc464545ba58e1ad24/library/test/src/lib.rs:655:60
[INFO] [stdout]   26:     0x5891af273423 - <core::panic::unwind_safe::AssertUnwindSafe<F> as core::ops::function::FnOnce<()>>::call_once::hf79cff2a624d8cf7
[INFO] [stdout]                                at /rustc/6067b36314ab5eb2eb47cecc464545ba58e1ad24/library/core/src/panic/unwind_safe.rs:272:9
[INFO] [stdout]   27:     0x5891af273423 - std::panicking::try::do_call::h3da0561d9ab99c25
[INFO] [stdout]                                at /rustc/6067b36314ab5eb2eb47cecc464545ba58e1ad24/library/std/src/panicking.rs:587:40
[INFO] [stdout]   28:     0x5891af273423 - std::panicking::try::h41c9fa508bc61df6
[INFO] [stdout]                                at /rustc/6067b36314ab5eb2eb47cecc464545ba58e1ad24/library/std/src/panicking.rs:550:19
[INFO] [stdout]   29:     0x5891af273423 - std::panic::catch_unwind::h6b3ff07bb5afad93
[INFO] [stdout]                                at /rustc/6067b36314ab5eb2eb47cecc464545ba58e1ad24/library/std/src/panic.rs:358:14
[INFO] [stdout]   30:     0x5891af273423 - test::run_test_in_process::hc7253dd11b39b9f4
[INFO] [stdout]                                at /rustc/6067b36314ab5eb2eb47cecc464545ba58e1ad24/library/test/src/lib.rs:655:27
[INFO] [stdout]   31:     0x5891af273423 - test::run_test::{{closure}}::hfb2007f8649c30bb
[INFO] [stdout]                                at /rustc/6067b36314ab5eb2eb47cecc464545ba58e1ad24/library/test/src/lib.rs:576:43
[INFO] [stdout]   32:     0x5891af236505 - test::run_test::{{closure}}::h56a17aa7a282a9f4
[INFO] [stdout]                                at /rustc/6067b36314ab5eb2eb47cecc464545ba58e1ad24/library/test/src/lib.rs:606:41
[INFO] [stdout]   33:     0x5891af236505 - std::sys::backtrace::__rust_begin_short_backtrace::hd2d2d2fb8e8c6aac
[INFO] [stdout]                                at /rustc/6067b36314ab5eb2eb47cecc464545ba58e1ad24/library/std/src/sys/backtrace.rs:152:18
[INFO] [stdout]   34:     0x5891af239dea - std::thread::Builder::spawn_unchecked_::{{closure}}::{{closure}}::h4faa3f9db6133423
[INFO] [stdout]                                at /rustc/6067b36314ab5eb2eb47cecc464545ba58e1ad24/library/std/src/thread/mod.rs:559:17
[INFO] [stdout]   35:     0x5891af239dea - <core::panic::unwind_safe::AssertUnwindSafe<F> as core::ops::function::FnOnce<()>>::call_once::hf2e855a36a4ea846
[INFO] [stdout]                                at /rustc/6067b36314ab5eb2eb47cecc464545ba58e1ad24/library/core/src/panic/unwind_safe.rs:272:9
[INFO] [stdout]   36:     0x5891af239dea - std::panicking::try::do_call::h2f73af3616c35465
[INFO] [stdout]                                at /rustc/6067b36314ab5eb2eb47cecc464545ba58e1ad24/library/std/src/panicking.rs:587:40
[INFO] [stdout]   37:     0x5891af239dea - std::panicking::try::hd1660ce9efadef5a
[INFO] [stdout]                                at /rustc/6067b36314ab5eb2eb47cecc464545ba58e1ad24/library/std/src/panicking.rs:550:19
[INFO] [stdout]   38:     0x5891af239dea - std::panic::catch_unwind::h5ee8d7823b8ca744
[INFO] [stdout]                                at /rustc/6067b36314ab5eb2eb47cecc464545ba58e1ad24/library/std/src/panic.rs:358:14
[INFO] [stdout]   39:     0x5891af239dea - std::thread::Builder::spawn_unchecked_::{{closure}}::h53c3a1894dce8407
[INFO] [stdout]                                at /rustc/6067b36314ab5eb2eb47cecc464545ba58e1ad24/library/std/src/thread/mod.rs:557:30
[INFO] [stdout]   40:     0x5891af239dea - core::ops::function::FnOnce::call_once{{vtable.shim}}::h048ce291ad4f62bf
[INFO] [stdout]                                at /rustc/6067b36314ab5eb2eb47cecc464545ba58e1ad24/library/core/src/ops/function.rs:250:5
[INFO] [stdout]   41:     0x5891af2b481b - <alloc::boxed::Box<F,A> as core::ops::function::FnOnce<Args>>::call_once::ha52bedf99a3b4981
[INFO] [stdout]                                at /rustc/6067b36314ab5eb2eb47cecc464545ba58e1ad24/library/alloc/src/boxed.rs:2013:9
[INFO] [stdout]   42:     0x5891af2b481b - <alloc::boxed::Box<F,A> as core::ops::function::FnOnce<Args>>::call_once::h567748934d80ccf8
[INFO] [stdout]                                at /rustc/6067b36314ab5eb2eb47cecc464545ba58e1ad24/library/alloc/src/boxed.rs:2013:9
[INFO] [stdout]   43:     0x5891af2b481b - std::sys::pal::unix::thread::Thread::new::thread_start::h2d970728ae887adc
[INFO] [stdout]                                at /rustc/6067b36314ab5eb2eb47cecc464545ba58e1ad24/library/std/src/sys/pal/unix/thread.rs:106:17
[INFO] [stdout]   44:     0x7667cedd8ac3 - <unknown>
[INFO] [stdout]   45:     0x7667cee69a04 - clone
[INFO] [stdout]   46:                0x0 - <unknown>
[INFO] [stdout] 
[INFO] [stdout] 
[INFO] [stdout] failures:
[INFO] [stdout]     tests::test_part_one
[INFO] [stdout] 
[INFO] [stdout] test result: FAILED. 1 passed; 1 failed; 0 ignored; 0 measured; 0 filtered out; finished in 0.03s
[INFO] [stdout] 
[INFO] [stderr] error: test failed, to rerun pass `--bin 04`
[INFO] running `Command { std: "docker" "inspect" "58cbab2ef8a4625d4e20c655d12beca269f383a92daa6e8bf4aa50a01c354d2f", kill_on_drop: false }`
[INFO] running `Command { std: "docker" "rm" "-f" "58cbab2ef8a4625d4e20c655d12beca269f383a92daa6e8bf4aa50a01c354d2f", kill_on_drop: false }`
[INFO] [stdout] 58cbab2ef8a4625d4e20c655d12beca269f383a92daa6e8bf4aa50a01c354d2f
