[INFO] cloning repository https://github.com/ashayp22/monte-carlo-options-simd
[INFO] running `Command { std: "git" "-c" "credential.helper=" "-c" "credential.helper=/workspace/cargo-home/bin/git-credential-null" "clone" "--bare" "https://github.com/ashayp22/monte-carlo-options-simd" "/workspace/cache/git-repos/https%3A%2F%2Fgithub.com%2Fashayp22%2Fmonte-carlo-options-simd", kill_on_drop: false }`
[INFO] [stderr] Cloning into bare repository '/workspace/cache/git-repos/https%3A%2F%2Fgithub.com%2Fashayp22%2Fmonte-carlo-options-simd'...
[INFO] running `Command { std: "git" "rev-parse" "HEAD", kill_on_drop: false }`
[INFO] [stdout] a76503f081ab20e361a0ec4d4d91bbf2e4de2c7f
[INFO] testing ashayp22/monte-carlo-options-simd against nightly-2025-01-18 for randomize-layout-2
[INFO] running `Command { std: "git" "clone" "/workspace/cache/git-repos/https%3A%2F%2Fgithub.com%2Fashayp22%2Fmonte-carlo-options-simd" "/workspace/builds/worker-5-tc1/source", kill_on_drop: false }`
[INFO] [stderr] Cloning into '/workspace/builds/worker-5-tc1/source'...
[INFO] [stderr] done.
[INFO] validating manifest of git repo https://github.com/ashayp22/monte-carlo-options-simd on toolchain nightly-2025-01-18
[INFO] running `Command { std: CARGO_HOME="/workspace/cargo-home" RUSTUP_HOME="/workspace/rustup-home" "/workspace/cargo-home/bin/cargo" "+nightly-2025-01-18" "metadata" "--manifest-path" "Cargo.toml" "--no-deps", kill_on_drop: false }`
[INFO] started tweaking git repo https://github.com/ashayp22/monte-carlo-options-simd
[INFO] finished tweaking git repo https://github.com/ashayp22/monte-carlo-options-simd
[INFO] tweaked toml for git repo https://github.com/ashayp22/monte-carlo-options-simd written to /workspace/builds/worker-5-tc1/source/Cargo.toml
[INFO] crate git repo https://github.com/ashayp22/monte-carlo-options-simd already has a lockfile, it will not be regenerated
[INFO] running `Command { std: CARGO_HOME="/workspace/cargo-home" RUSTUP_HOME="/workspace/rustup-home" "/workspace/cargo-home/bin/cargo" "+nightly-2025-01-18" "fetch" "--manifest-path" "Cargo.toml", kill_on_drop: false }`
[INFO] [stderr]     Updating crates.io index
[INFO] [stderr]     Updating git repository `https://github.com/ashayp22/simd-rand`
[INFO] [stderr]  Downloading crates ...
[INFO] [stderr]   Downloaded mem v0.5.0
[INFO] [stderr]   Downloaded simba v0.6.0
[INFO] [stderr]   Downloaded statrs v0.16.0
[INFO] [stderr]   Downloaded nalgebra v0.29.0
[INFO] running `Command { std: "docker" "create" "-v" "/var/lib/crater-agent-workspace/builds/worker-5-tc1/target:/opt/rustwide/target:rw,Z" "-v" "/var/lib/crater-agent-workspace/builds/worker-5-tc1/source:/opt/rustwide/workdir:ro,Z" "-v" "/var/lib/crater-agent-workspace/cargo-home:/opt/rustwide/cargo-home:ro,Z" "-v" "/var/lib/crater-agent-workspace/rustup-home:/opt/rustwide/rustup-home:ro,Z" "-e" "SOURCE_DIR=/opt/rustwide/workdir" "-e" "CARGO_TARGET_DIR=/opt/rustwide/target" "-e" "CARGO_HOME=/opt/rustwide/cargo-home" "-e" "RUSTUP_HOME=/opt/rustwide/rustup-home" "-w" "/opt/rustwide/workdir" "-m" "1610612736" "--user" "0:0" "--network" "none" "ghcr.io/rust-lang/crates-build-env/linux@sha256:819108c5571ea2e421544af4d832f968d213c87fbe3707a016657f43d2f853bc" "/opt/rustwide/cargo-home/bin/cargo" "+nightly-2025-01-18" "metadata" "--no-deps" "--format-version=1", kill_on_drop: false }`
[INFO] [stdout] d0a605d5d4ed18c65e2b0eedc886fa4d78ebba64c7bd1910bb69abb96f762df2
[INFO] running `Command { std: "docker" "start" "-a" "d0a605d5d4ed18c65e2b0eedc886fa4d78ebba64c7bd1910bb69abb96f762df2", kill_on_drop: false }`
[INFO] running `Command { std: "docker" "inspect" "d0a605d5d4ed18c65e2b0eedc886fa4d78ebba64c7bd1910bb69abb96f762df2", kill_on_drop: false }`
[INFO] running `Command { std: "docker" "rm" "-f" "d0a605d5d4ed18c65e2b0eedc886fa4d78ebba64c7bd1910bb69abb96f762df2", kill_on_drop: false }`
[INFO] [stdout] d0a605d5d4ed18c65e2b0eedc886fa4d78ebba64c7bd1910bb69abb96f762df2
[INFO] running `Command { std: "docker" "create" "-v" "/var/lib/crater-agent-workspace/builds/worker-5-tc1/target:/opt/rustwide/target:rw,Z" "-v" "/var/lib/crater-agent-workspace/builds/worker-5-tc1/source:/opt/rustwide/workdir:ro,Z" "-v" "/var/lib/crater-agent-workspace/cargo-home:/opt/rustwide/cargo-home:ro,Z" "-v" "/var/lib/crater-agent-workspace/rustup-home:/opt/rustwide/rustup-home:ro,Z" "-e" "SOURCE_DIR=/opt/rustwide/workdir" "-e" "CARGO_TARGET_DIR=/opt/rustwide/target" "-e" "CARGO_INCREMENTAL=0" "-e" "RUST_BACKTRACE=full" "-e" "RUSTFLAGS=--cap-lints=forbid" "-e" "RUSTDOCFLAGS=--cap-lints=forbid" "-e" "CARGO_HOME=/opt/rustwide/cargo-home" "-e" "RUSTUP_HOME=/opt/rustwide/rustup-home" "-w" "/opt/rustwide/workdir" "-m" "1610612736" "--user" "0:0" "--network" "none" "ghcr.io/rust-lang/crates-build-env/linux@sha256:819108c5571ea2e421544af4d832f968d213c87fbe3707a016657f43d2f853bc" "/opt/rustwide/cargo-home/bin/cargo" "+nightly-2025-01-18" "build" "--frozen" "--message-format=json", kill_on_drop: false }`
[INFO] [stdout] c32462d1d577128b198f960faa306498da8b2fde1714f3a12de623958f9b2e56
[INFO] running `Command { std: "docker" "start" "-a" "c32462d1d577128b198f960faa306498da8b2fde1714f3a12de623958f9b2e56", kill_on_drop: false }`
[INFO] [stderr]    Compiling libc v0.2.152
[INFO] [stderr]    Compiling num-traits v0.2.17
[INFO] [stderr]    Compiling proc-macro2 v1.0.76
[INFO] [stderr]    Compiling crossbeam-utils v0.8.19
[INFO] [stderr]    Compiling num-integer v0.1.45
[INFO] [stderr]    Compiling libm v0.2.8
[INFO] [stderr]    Compiling syn v1.0.109
[INFO] [stderr]    Compiling paste v1.0.14
[INFO] [stderr]    Compiling ppv-lite86 v0.2.17
[INFO] [stderr]    Compiling bytemuck v1.14.0
[INFO] [stderr]    Compiling num-rational v0.4.1
[INFO] [stderr]    Compiling matrixmultiply v0.3.8
[INFO] [stderr]    Compiling safe_arch v0.7.1
[INFO] [stderr]    Compiling adler v1.0.2
[INFO] [stderr]    Compiling gimli v0.28.1
[INFO] [stderr]    Compiling memchr v2.7.1
[INFO] [stderr]    Compiling quote v1.0.35
[INFO] [stderr]    Compiling wide v0.7.13
[INFO] [stderr]    Compiling crossbeam-epoch v0.9.18
[INFO] [stderr]    Compiling miniz_oxide v0.7.1
[INFO] [stderr]    Compiling getrandom v0.2.12
[INFO] [stderr]    Compiling cc v1.0.83
[INFO] [stderr]    Compiling rand_core v0.6.4
[INFO] [stderr]    Compiling num-complex v0.4.4
[INFO] [stderr]    Compiling approx v0.5.1
[INFO] [stderr]    Compiling rand_chacha v0.3.1
[INFO] [stderr]    Compiling object v0.32.2
[INFO] [stderr]    Compiling rand v0.8.5
[INFO] [stderr]    Compiling addr2line v0.21.0
[INFO] [stderr]    Compiling backtrace v0.3.69
[INFO] [stderr]    Compiling rawpointer v0.2.1
[INFO] [stderr]    Compiling rustc-demangle v0.1.23
[INFO] [stderr]    Compiling rayon-core v1.12.0
[INFO] [stderr]    Compiling simba v0.6.0
[INFO] [stderr]    Compiling rand_distr v0.4.3
[INFO] [stderr]    Compiling crossbeam-deque v0.8.5
[INFO] [stderr]    Compiling either v1.9.0
[INFO] [stderr]    Compiling simd_rand v0.1.0 (https://github.com/ashayp22/simd-rand#b8c05978)
[INFO] [stderr]    Compiling rayon v1.8.0
[INFO] [stderr]    Compiling nalgebra-macros v0.1.0
[INFO] [stderr]    Compiling error-chain v0.10.0
[INFO] [stderr]    Compiling mem v0.5.0
[INFO] [stderr]    Compiling nalgebra v0.29.0
[INFO] [stderr]    Compiling statrs v0.16.0
[INFO] [stderr]    Compiling monte_carlo_options_simd v0.1.0 (/opt/rustwide/workdir)
[INFO] [stdout] warning: unused import: `crate::bs`
[INFO] [stdout]  --> src/mc.rs:3:5
[INFO] [stdout]   |
[INFO] [stdout] 3 | use crate::bs;
[INFO] [stdout]   |     ^^^^^^^^^
[INFO] [stdout]   |
[INFO] [stdout]   = note: `#[warn(unused_imports)]` on by default
[INFO] [stdout] 
[INFO] [stdout] 
[INFO] [stdout] warning: unused import: `crate::bs`
[INFO] [stdout]  --> src/mc_simd.rs:5:5
[INFO] [stdout]   |
[INFO] [stdout] 5 | use crate::bs;
[INFO] [stdout]   |     ^^^^^^^^^
[INFO] [stdout] 
[INFO] [stdout] 
[INFO] [stdout] warning: function `test_uniform_distribution` is never used
[INFO] [stdout]   --> src/rand32x8.rs:23:4
[INFO] [stdout]    |
[INFO] [stdout] 23 | fn test_uniform_distribution(samples: usize, diff_limit: f32) {
[INFO] [stdout]    |    ^^^^^^^^^^^^^^^^^^^^^^^^^
[INFO] [stdout]    |
[INFO] [stdout]    = note: `#[warn(dead_code)]` on by default
[INFO] [stdout] 
[INFO] [stdout] 
[INFO] [stdout] warning: function `erf` is never used
[INFO] [stdout]  --> src/bs.rs:3:4
[INFO] [stdout]   |
[INFO] [stdout] 3 | fn erf(x: f32) -> f32 {
[INFO] [stdout]   |    ^^^
[INFO] [stdout] 
[INFO] [stdout] 
[INFO] [stdout] warning: function `normal_cdf` is never used
[INFO] [stdout]   --> src/bs.rs:17:4
[INFO] [stdout]    |
[INFO] [stdout] 17 | fn normal_cdf(x: f32) -> f32 {
[INFO] [stdout]    |    ^^^^^^^^^^
[INFO] [stdout] 
[INFO] [stdout] 
[INFO] [stdout] warning: function `pdf` is never used
[INFO] [stdout]   --> src/bs.rs:21:4
[INFO] [stdout]    |
[INFO] [stdout] 21 | fn pdf(x: f32, mu: f32, sigma: f32) -> f32 {
[INFO] [stdout]    |    ^^^
[INFO] [stdout] 
[INFO] [stdout] 
[INFO] [stdout] warning: function `d` is never used
[INFO] [stdout]   --> src/bs.rs:26:4
[INFO] [stdout]    |
[INFO] [stdout] 26 | fn d(
[INFO] [stdout]    |    ^
[INFO] [stdout] 
[INFO] [stdout] 
[INFO] [stdout] warning: function `call_price` is never used
[INFO] [stdout]   --> src/bs.rs:42:15
[INFO] [stdout]    |
[INFO] [stdout] 42 | pub(crate) fn call_price(
[INFO] [stdout]    |               ^^^^^^^^^^
[INFO] [stdout] 
[INFO] [stdout] 
[INFO] [stdout] warning: function `put_price` is never used
[INFO] [stdout]   --> src/bs.rs:58:15
[INFO] [stdout]    |
[INFO] [stdout] 58 | pub(crate) fn put_price(
[INFO] [stdout]    |               ^^^^^^^^^
[INFO] [stdout] 
[INFO] [stdout] 
[INFO] [stdout] warning: function `gamma` is never used
[INFO] [stdout]   --> src/bs.rs:74:15
[INFO] [stdout]    |
[INFO] [stdout] 74 | pub(crate) fn gamma(
[INFO] [stdout]    |               ^^^^^
[INFO] [stdout] 
[INFO] [stdout] 
[INFO] [stdout] warning: function `call_delta` is never used
[INFO] [stdout]   --> src/bs.rs:87:15
[INFO] [stdout]    |
[INFO] [stdout] 87 | pub(crate) fn call_delta(
[INFO] [stdout]    |               ^^^^^^^^^^
[INFO] [stdout] 
[INFO] [stdout] 
[INFO] [stdout] warning: function `put_delta` is never used
[INFO] [stdout]    --> src/bs.rs:100:15
[INFO] [stdout]     |
[INFO] [stdout] 100 | pub(crate) fn put_delta(
[INFO] [stdout]     |               ^^^^^^^^^
[INFO] [stdout] 
[INFO] [stdout] 
[INFO] [stdout] warning: function `vega` is never used
[INFO] [stdout]    --> src/bs.rs:113:15
[INFO] [stdout]     |
[INFO] [stdout] 113 | pub(crate) fn vega(
[INFO] [stdout]     |               ^^^^
[INFO] [stdout] 
[INFO] [stdout] 
[INFO] [stdout] warning: function `call_rho` is never used
[INFO] [stdout]    --> src/bs.rs:126:15
[INFO] [stdout]     |
[INFO] [stdout] 126 | pub(crate) fn call_rho(
[INFO] [stdout]     |               ^^^^^^^^
[INFO] [stdout] 
[INFO] [stdout] 
[INFO] [stdout] warning: function `put_rho` is never used
[INFO] [stdout]    --> src/bs.rs:139:15
[INFO] [stdout]     |
[INFO] [stdout] 139 | pub(crate) fn put_rho(
[INFO] [stdout]     |               ^^^^^^^
[INFO] [stdout] 
[INFO] [stdout] 
[INFO] [stdout] warning: function `call_theta` is never used
[INFO] [stdout]    --> src/bs.rs:152:15
[INFO] [stdout]     |
[INFO] [stdout] 152 | pub(crate) fn call_theta(
[INFO] [stdout]     |               ^^^^^^^^^^
[INFO] [stdout] 
[INFO] [stdout] 
[INFO] [stdout] warning: function `put_theta` is never used
[INFO] [stdout]    --> src/bs.rs:169:15
[INFO] [stdout]     |
[INFO] [stdout] 169 | pub(crate) fn put_theta(
[INFO] [stdout]     |               ^^^^^^^^^
[INFO] [stdout] 
[INFO] [stdout] 
[INFO] [stderr]     Finished `dev` profile [unoptimized + debuginfo] target(s) in 53.33s
[INFO] running `Command { std: "docker" "inspect" "c32462d1d577128b198f960faa306498da8b2fde1714f3a12de623958f9b2e56", kill_on_drop: false }`
[INFO] running `Command { std: "docker" "rm" "-f" "c32462d1d577128b198f960faa306498da8b2fde1714f3a12de623958f9b2e56", kill_on_drop: false }`
[INFO] [stdout] c32462d1d577128b198f960faa306498da8b2fde1714f3a12de623958f9b2e56
[INFO] running `Command { std: "docker" "create" "-v" "/var/lib/crater-agent-workspace/builds/worker-5-tc1/target:/opt/rustwide/target:rw,Z" "-v" "/var/lib/crater-agent-workspace/builds/worker-5-tc1/source:/opt/rustwide/workdir:ro,Z" "-v" "/var/lib/crater-agent-workspace/cargo-home:/opt/rustwide/cargo-home:ro,Z" "-v" "/var/lib/crater-agent-workspace/rustup-home:/opt/rustwide/rustup-home:ro,Z" "-e" "SOURCE_DIR=/opt/rustwide/workdir" "-e" "CARGO_TARGET_DIR=/opt/rustwide/target" "-e" "CARGO_INCREMENTAL=0" "-e" "RUST_BACKTRACE=full" "-e" "RUSTFLAGS=--cap-lints=forbid" "-e" "RUSTDOCFLAGS=--cap-lints=forbid" "-e" "CARGO_HOME=/opt/rustwide/cargo-home" "-e" "RUSTUP_HOME=/opt/rustwide/rustup-home" "-w" "/opt/rustwide/workdir" "-m" "1610612736" "--user" "0:0" "--network" "none" "ghcr.io/rust-lang/crates-build-env/linux@sha256:819108c5571ea2e421544af4d832f968d213c87fbe3707a016657f43d2f853bc" "/opt/rustwide/cargo-home/bin/cargo" "+nightly-2025-01-18" "test" "--frozen" "--no-run" "--message-format=json", kill_on_drop: false }`
[INFO] [stdout] feb1f03eb5d2a55ffffebc932583c99a746fba05a1653725a57250f01bacb058
[INFO] running `Command { std: "docker" "start" "-a" "feb1f03eb5d2a55ffffebc932583c99a746fba05a1653725a57250f01bacb058", kill_on_drop: false }`
[INFO] [stderr]    Compiling serde v1.0.195
[INFO] [stderr]    Compiling syn v2.0.48
[INFO] [stderr]    Compiling either v1.9.0
[INFO] [stderr]    Compiling indexmap v1.9.3
[INFO] [stderr]    Compiling serde_json v1.0.111
[INFO] [stderr]    Compiling regex-syntax v0.8.2
[INFO] [stderr]    Compiling plotters-backend v0.3.5
[INFO] [stderr]    Compiling half v1.8.2
[INFO] [stderr]    Compiling ciborium-io v0.2.1
[INFO] [stderr]    Compiling ryu v1.0.16
[INFO] [stderr]    Compiling itoa v1.0.10
[INFO] [stderr]    Compiling hashbrown v0.12.3
[INFO] [stderr]    Compiling os_str_bytes v6.6.1
[INFO] [stderr]    Compiling plotters-svg v0.3.5
[INFO] [stderr]    Compiling itertools v0.10.5
[INFO] [stderr]    Compiling ciborium-ll v0.2.1
[INFO] [stderr]    Compiling clap_lex v0.2.4
[INFO] [stderr]    Compiling rayon v1.8.0
[INFO] [stderr]    Compiling cast v0.3.0
[INFO] [stderr]    Compiling same-file v1.0.6
[INFO] [stderr]    Compiling textwrap v0.16.0
[INFO] [stderr]    Compiling walkdir v2.4.0
[INFO] [stderr]    Compiling plotters v0.3.5
[INFO] [stderr]    Compiling atty v0.2.14
[INFO] [stderr]    Compiling oorandom v11.1.3
[INFO] [stderr]    Compiling anes v0.1.6
[INFO] [stderr]    Compiling regex-automata v0.4.3
[INFO] [stderr]    Compiling clap v3.2.25
[INFO] [stderr]    Compiling criterion-plot v0.5.0
[INFO] [stderr]    Compiling serde_derive v1.0.195
[INFO] [stderr]    Compiling monte_carlo_options_simd v0.1.0 (/opt/rustwide/workdir)
[INFO] [stdout] warning: unused import: `crate::bs`
[INFO] [stdout]  --> src/mc.rs:3:5
[INFO] [stdout]   |
[INFO] [stdout] 3 | use crate::bs;
[INFO] [stdout]   |     ^^^^^^^^^
[INFO] [stdout]   |
[INFO] [stdout]   = note: `#[warn(unused_imports)]` on by default
[INFO] [stdout] 
[INFO] [stdout] 
[INFO] [stdout] warning: unused import: `crate::bs`
[INFO] [stdout]  --> src/mc_simd.rs:5:5
[INFO] [stdout]   |
[INFO] [stdout] 5 | use crate::bs;
[INFO] [stdout]   |     ^^^^^^^^^
[INFO] [stdout] 
[INFO] [stdout] 
[INFO] [stdout] warning: function `test_uniform_distribution` is never used
[INFO] [stdout]   --> src/rand32x8.rs:23:4
[INFO] [stdout]    |
[INFO] [stdout] 23 | fn test_uniform_distribution(samples: usize, diff_limit: f32) {
[INFO] [stdout]    |    ^^^^^^^^^^^^^^^^^^^^^^^^^
[INFO] [stdout]    |
[INFO] [stdout]    = note: `#[warn(dead_code)]` on by default
[INFO] [stdout] 
[INFO] [stdout] 
[INFO] [stdout] warning: function `erf` is never used
[INFO] [stdout]  --> src/bs.rs:3:4
[INFO] [stdout]   |
[INFO] [stdout] 3 | fn erf(x: f32) -> f32 {
[INFO] [stdout]   |    ^^^
[INFO] [stdout] 
[INFO] [stdout] 
[INFO] [stdout] warning: function `normal_cdf` is never used
[INFO] [stdout]   --> src/bs.rs:17:4
[INFO] [stdout]    |
[INFO] [stdout] 17 | fn normal_cdf(x: f32) -> f32 {
[INFO] [stdout]    |    ^^^^^^^^^^
[INFO] [stdout] 
[INFO] [stdout] 
[INFO] [stdout] warning: function `pdf` is never used
[INFO] [stdout]   --> src/bs.rs:21:4
[INFO] [stdout]    |
[INFO] [stdout] 21 | fn pdf(x: f32, mu: f32, sigma: f32) -> f32 {
[INFO] [stdout]    |    ^^^
[INFO] [stdout] 
[INFO] [stdout] 
[INFO] [stdout] warning: function `d` is never used
[INFO] [stdout]   --> src/bs.rs:26:4
[INFO] [stdout]    |
[INFO] [stdout] 26 | fn d(
[INFO] [stdout]    |    ^
[INFO] [stdout] 
[INFO] [stdout] 
[INFO] [stdout] warning: function `call_price` is never used
[INFO] [stdout]   --> src/bs.rs:42:15
[INFO] [stdout]    |
[INFO] [stdout] 42 | pub(crate) fn call_price(
[INFO] [stdout]    |               ^^^^^^^^^^
[INFO] [stdout] 
[INFO] [stdout] 
[INFO] [stdout] warning: function `put_price` is never used
[INFO] [stdout]   --> src/bs.rs:58:15
[INFO] [stdout]    |
[INFO] [stdout] 58 | pub(crate) fn put_price(
[INFO] [stdout]    |               ^^^^^^^^^
[INFO] [stdout] 
[INFO] [stdout] 
[INFO] [stdout] warning: function `gamma` is never used
[INFO] [stdout]   --> src/bs.rs:74:15
[INFO] [stdout]    |
[INFO] [stdout] 74 | pub(crate) fn gamma(
[INFO] [stdout]    |               ^^^^^
[INFO] [stdout] 
[INFO] [stdout] 
[INFO] [stdout] warning: function `call_delta` is never used
[INFO] [stdout]   --> src/bs.rs:87:15
[INFO] [stdout]    |
[INFO] [stdout] 87 | pub(crate) fn call_delta(
[INFO] [stdout]    |               ^^^^^^^^^^
[INFO] [stdout] 
[INFO] [stdout] 
[INFO] [stdout] warning: function `put_delta` is never used
[INFO] [stdout]    --> src/bs.rs:100:15
[INFO] [stdout]     |
[INFO] [stdout] 100 | pub(crate) fn put_delta(
[INFO] [stdout]     |               ^^^^^^^^^
[INFO] [stdout] 
[INFO] [stdout] 
[INFO] [stdout] warning: function `vega` is never used
[INFO] [stdout]    --> src/bs.rs:113:15
[INFO] [stdout]     |
[INFO] [stdout] 113 | pub(crate) fn vega(
[INFO] [stdout]     |               ^^^^
[INFO] [stdout] 
[INFO] [stdout] 
[INFO] [stdout] warning: function `call_rho` is never used
[INFO] [stdout]    --> src/bs.rs:126:15
[INFO] [stdout]     |
[INFO] [stdout] 126 | pub(crate) fn call_rho(
[INFO] [stdout]     |               ^^^^^^^^
[INFO] [stdout] 
[INFO] [stdout] 
[INFO] [stdout] warning: function `put_rho` is never used
[INFO] [stdout]    --> src/bs.rs:139:15
[INFO] [stdout]     |
[INFO] [stdout] 139 | pub(crate) fn put_rho(
[INFO] [stdout]     |               ^^^^^^^
[INFO] [stdout] 
[INFO] [stdout] 
[INFO] [stdout] warning: function `call_theta` is never used
[INFO] [stdout]    --> src/bs.rs:152:15
[INFO] [stdout]     |
[INFO] [stdout] 152 | pub(crate) fn call_theta(
[INFO] [stdout]     |               ^^^^^^^^^^
[INFO] [stdout] 
[INFO] [stdout] 
[INFO] [stdout] warning: function `put_theta` is never used
[INFO] [stdout]    --> src/bs.rs:169:15
[INFO] [stdout]     |
[INFO] [stdout] 169 | pub(crate) fn put_theta(
[INFO] [stdout]     |               ^^^^^^^^^
[INFO] [stdout] 
[INFO] [stdout] 
[INFO] [stderr]    Compiling regex v1.10.2
[INFO] [stderr]    Compiling ciborium v0.2.1
[INFO] [stderr]    Compiling tinytemplate v1.2.1
[INFO] [stderr]    Compiling criterion v0.4.0
[INFO] [stderr]     Finished `test` profile [unoptimized + debuginfo] target(s) in 43.42s
[INFO] running `Command { std: "docker" "inspect" "feb1f03eb5d2a55ffffebc932583c99a746fba05a1653725a57250f01bacb058", kill_on_drop: false }`
[INFO] running `Command { std: "docker" "rm" "-f" "feb1f03eb5d2a55ffffebc932583c99a746fba05a1653725a57250f01bacb058", kill_on_drop: false }`
[INFO] [stdout] feb1f03eb5d2a55ffffebc932583c99a746fba05a1653725a57250f01bacb058
[INFO] running `Command { std: "docker" "create" "-v" "/var/lib/crater-agent-workspace/builds/worker-5-tc1/target:/opt/rustwide/target:rw,Z" "-v" "/var/lib/crater-agent-workspace/builds/worker-5-tc1/source:/opt/rustwide/workdir:ro,Z" "-v" "/var/lib/crater-agent-workspace/cargo-home:/opt/rustwide/cargo-home:ro,Z" "-v" "/var/lib/crater-agent-workspace/rustup-home:/opt/rustwide/rustup-home:ro,Z" "-e" "SOURCE_DIR=/opt/rustwide/workdir" "-e" "CARGO_TARGET_DIR=/opt/rustwide/target" "-e" "CARGO_INCREMENTAL=0" "-e" "RUST_BACKTRACE=full" "-e" "RUSTFLAGS=--cap-lints=forbid" "-e" "RUSTDOCFLAGS=--cap-lints=forbid" "-e" "CARGO_HOME=/opt/rustwide/cargo-home" "-e" "RUSTUP_HOME=/opt/rustwide/rustup-home" "-w" "/opt/rustwide/workdir" "-m" "1610612736" "--user" "0:0" "--network" "none" "ghcr.io/rust-lang/crates-build-env/linux@sha256:819108c5571ea2e421544af4d832f968d213c87fbe3707a016657f43d2f853bc" "/opt/rustwide/cargo-home/bin/cargo" "+nightly-2025-01-18" "test" "--frozen", kill_on_drop: false }`
[INFO] [stdout] 6a66290b0b71ede1abf49222cccc81dc9914150a26cd051fc64325827525ef84
[INFO] running `Command { std: "docker" "start" "-a" "6a66290b0b71ede1abf49222cccc81dc9914150a26cd051fc64325827525ef84", kill_on_drop: false }`
[INFO] [stderr] warning: unused import: `crate::bs`
[INFO] [stderr]  --> src/mc.rs:3:5
[INFO] [stderr]   |
[INFO] [stderr] 3 | use crate::bs;
[INFO] [stderr]   |     ^^^^^^^^^
[INFO] [stderr]   |
[INFO] [stderr]   = note: `#[warn(unused_imports)]` on by default
[INFO] [stderr] 
[INFO] [stderr] warning: unused import: `crate::bs`
[INFO] [stderr]  --> src/mc_simd.rs:5:5
[INFO] [stderr]   |
[INFO] [stderr] 5 | use crate::bs;
[INFO] [stderr]   |     ^^^^^^^^^
[INFO] [stderr] 
[INFO] [stderr] warning: function `test_uniform_distribution` is never used
[INFO] [stderr]   --> src/rand32x8.rs:23:4
[INFO] [stderr]    |
[INFO] [stderr] 23 | fn test_uniform_distribution(samples: usize, diff_limit: f32) {
[INFO] [stderr]    |    ^^^^^^^^^^^^^^^^^^^^^^^^^
[INFO] [stderr]    |
[INFO] [stderr]    = note: `#[warn(dead_code)]` on by default
[INFO] [stderr] 
[INFO] [stderr] warning: function `erf` is never used
[INFO] [stderr]  --> src/bs.rs:3:4
[INFO] [stderr]   |
[INFO] [stderr] 3 | fn erf(x: f32) -> f32 {
[INFO] [stderr]   |    ^^^
[INFO] [stderr] 
[INFO] [stderr] warning: function `normal_cdf` is never used
[INFO] [stderr]   --> src/bs.rs:17:4
[INFO] [stderr]    |
[INFO] [stderr] 17 | fn normal_cdf(x: f32) -> f32 {
[INFO] [stderr]    |    ^^^^^^^^^^
[INFO] [stderr] 
[INFO] [stderr] warning: function `pdf` is never used
[INFO] [stderr]   --> src/bs.rs:21:4
[INFO] [stderr]    |
[INFO] [stderr] 21 | fn pdf(x: f32, mu: f32, sigma: f32) -> f32 {
[INFO] [stderr]    |    ^^^
[INFO] [stderr] 
[INFO] [stderr] warning: function `d` is never used
[INFO] [stderr]   --> src/bs.rs:26:4
[INFO] [stderr]    |
[INFO] [stderr] 26 | fn d(
[INFO] [stderr]    |    ^
[INFO] [stderr] 
[INFO] [stderr] warning: function `call_price` is never used
[INFO] [stderr]   --> src/bs.rs:42:15
[INFO] [stderr]    |
[INFO] [stderr] 42 | pub(crate) fn call_price(
[INFO] [stderr]    |               ^^^^^^^^^^
[INFO] [stderr] 
[INFO] [stderr] warning: function `put_price` is never used
[INFO] [stderr]   --> src/bs.rs:58:15
[INFO] [stderr]    |
[INFO] [stderr] 58 | pub(crate) fn put_price(
[INFO] [stderr]    |               ^^^^^^^^^
[INFO] [stderr] 
[INFO] [stderr] warning: function `gamma` is never used
[INFO] [stderr]   --> src/bs.rs:74:15
[INFO] [stderr]    |
[INFO] [stderr] 74 | pub(crate) fn gamma(
[INFO] [stderr]    |               ^^^^^
[INFO] [stderr] 
[INFO] [stderr] warning: function `call_delta` is never used
[INFO] [stderr]   --> src/bs.rs:87:15
[INFO] [stderr]    |
[INFO] [stderr] 87 | pub(crate) fn call_delta(
[INFO] [stderr]    |               ^^^^^^^^^^
[INFO] [stderr] 
[INFO] [stderr] warning: function `put_delta` is never used
[INFO] [stderr]    --> src/bs.rs:100:15
[INFO] [stderr]     |
[INFO] [stderr] 100 | pub(crate) fn put_delta(
[INFO] [stderr]     |               ^^^^^^^^^
[INFO] [stderr] 
[INFO] [stderr] warning: function `vega` is never used
[INFO] [stderr]    --> src/bs.rs:113:15
[INFO] [stderr]     |
[INFO] [stderr] 113 | pub(crate) fn vega(
[INFO] [stderr]     |               ^^^^
[INFO] [stderr] 
[INFO] [stderr] warning: function `call_rho` is never used
[INFO] [stderr]    --> src/bs.rs:126:15
[INFO] [stderr]     |
[INFO] [stderr] 126 | pub(crate) fn call_rho(
[INFO] [stderr]     |               ^^^^^^^^
[INFO] [stderr] 
[INFO] [stderr] warning: function `put_rho` is never used
[INFO] [stderr]    --> src/bs.rs:139:15
[INFO] [stderr]     |
[INFO] [stderr] 139 | pub(crate) fn put_rho(
[INFO] [stderr]     |               ^^^^^^^
[INFO] [stderr] 
[INFO] [stderr] warning: function `call_theta` is never used
[INFO] [stderr]    --> src/bs.rs:152:15
[INFO] [stderr]     |
[INFO] [stderr] 152 | pub(crate) fn call_theta(
[INFO] [stderr]     |               ^^^^^^^^^^
[INFO] [stderr] 
[INFO] [stderr] warning: function `put_theta` is never used
[INFO] [stderr]    --> src/bs.rs:169:15
[INFO] [stderr]     |
[INFO] [stderr] 169 | pub(crate) fn put_theta(
[INFO] [stderr]     |               ^^^^^^^^^
[INFO] [stderr] 
[INFO] [stderr] warning: `monte_carlo_options_simd` (lib) generated 17 warnings (run `cargo fix --lib -p monte_carlo_options_simd` to apply 2 suggestions)
[INFO] [stderr]     Finished `test` profile [unoptimized + debuginfo] target(s) in 0.16s
[INFO] [stderr]      Running unittests src/lib.rs (/opt/rustwide/target/debug/deps/monte_carlo_options_simd-495213a8f22b64ee)
[INFO] [stdout] 
[INFO] [stdout] running 25 tests
[INFO] [stdout] test mc::valid_price1 ... ok
[INFO] [stdout] test mc_simd::valid_call_delta ... ok
[INFO] [stdout] test mc_simd::valid_call_rho ... ok
[INFO] [stdout] test mc_simd::valid_call_theta ... FAILED
[INFO] [stdout] test mc_simd::valid_gamma ... ok
[INFO] [stdout] test mc_simd::valid_price2 ... ok
[INFO] [stdout] test mc_simd::valid_price1 ... ok
[INFO] [stdout] test mc_simd::valid_price3 ... ok
[INFO] [stdout] test mc_simd::valid_price_av2 ... ok
[INFO] [stdout] test mc_simd::valid_price_4 ... ok
[INFO] [stdout] test mc::valid_price_6 ... ok
[INFO] [stdout] test mc::valid_price3 ... ok
[INFO] [stdout] test mc::valid_price_4 ... ok
[INFO] [stdout] test mc::valid_price_5 ... ok
[INFO] [stdout] test mc::valid_price2 ... ok
[INFO] [stdout] test rand32x8::test_uniform_distribution_100 ... ok
[INFO] [stdout] test rand32x8::test_uniform_distribution_1000 ... ok
[INFO] [stdout] test rand32x8::test_uniform_distribution_100000 ... ok
[INFO] [stdout] test mc_simd::valid_vega ... ok
[INFO] [stdout] test mc_simd::valid_put_theta2 ... ok
[INFO] [stdout] test mc_simd::valid_put_theta ... ok
[INFO] [stdout] test mc_simd::valid_put_rho ... ok
[INFO] [stdout] test mc_simd::valid_put_delta ... ok
[INFO] [stdout] test mc_simd::valid_price_av3 ... ok
[INFO] [stdout] test mc_simd::valid_price_av1 ... ok
[INFO] [stdout] 
[INFO] [stdout] failures:
[INFO] [stdout] 
[INFO] [stdout] ---- mc_simd::valid_call_theta stdout ----
[INFO] [stdout] mc_simd call theta -4.816234 vs -4.705108
[INFO] [stdout] 
[INFO] [stdout] thread 'mc_simd::valid_call_theta' panicked at src/mc_simd.rs:890:5:
[INFO] [stdout] assertion `left == right` failed
[INFO] [stdout]   left: false
[INFO] [stdout]  right: true
[INFO] [stdout] stack backtrace:
[INFO] [stdout]    0:     0x6067078e500a - std::backtrace_rs::backtrace::libunwind::trace::hb059275cfc8d6126
[INFO] [stdout]                                at /rustc/6067b36314ab5eb2eb47cecc464545ba58e1ad24/library/std/src/../../backtrace/src/backtrace/libunwind.rs:116:5
[INFO] [stdout]    1:     0x6067078e500a - std::backtrace_rs::backtrace::trace_unsynchronized::h2da071e4327ce3ee
[INFO] [stdout]                                at /rustc/6067b36314ab5eb2eb47cecc464545ba58e1ad24/library/std/src/../../backtrace/src/backtrace/mod.rs:66:5
[INFO] [stdout]    2:     0x6067078e500a - std::sys::backtrace::_print_fmt::h842a1474e6f8d23f
[INFO] [stdout]                                at /rustc/6067b36314ab5eb2eb47cecc464545ba58e1ad24/library/std/src/sys/backtrace.rs:66:9
[INFO] [stdout]    3:     0x6067078e500a - <std::sys::backtrace::BacktraceLock::print::DisplayBacktrace as core::fmt::Display>::fmt::h71a62eb3b9696b12
[INFO] [stdout]                                at /rustc/6067b36314ab5eb2eb47cecc464545ba58e1ad24/library/std/src/sys/backtrace.rs:39:26
[INFO] [stdout]    4:     0x60670790d543 - core::fmt::rt::Argument::fmt::hdb6b616786b41dc1
[INFO] [stdout]                                at /rustc/6067b36314ab5eb2eb47cecc464545ba58e1ad24/library/core/src/fmt/rt.rs:177:76
[INFO] [stdout]    5:     0x60670790d543 - core::fmt::write::h2cc1698af7e2d686
[INFO] [stdout]                                at /rustc/6067b36314ab5eb2eb47cecc464545ba58e1ad24/library/core/src/fmt/mod.rs:1440:21
[INFO] [stdout]    6:     0x6067078e1af3 - std::io::Write::write_fmt::hab1b4cd059a79022
[INFO] [stdout]                                at /rustc/6067b36314ab5eb2eb47cecc464545ba58e1ad24/library/std/src/io/mod.rs:1887:15
[INFO] [stdout]    7:     0x6067078e4e52 - std::sys::backtrace::BacktraceLock::print::h147fe35b4ea13b08
[INFO] [stdout]                                at /rustc/6067b36314ab5eb2eb47cecc464545ba58e1ad24/library/std/src/sys/backtrace.rs:42:9
[INFO] [stdout]    8:     0x6067078e642f - std::panicking::default_hook::{{closure}}::hbd44223dbdc0d208
[INFO] [stdout]                                at /rustc/6067b36314ab5eb2eb47cecc464545ba58e1ad24/library/std/src/panicking.rs:298:22
[INFO] [stdout]    9:     0x6067078e6248 - std::panicking::default_hook::h20f81eb0576efcec
[INFO] [stdout]                                at /rustc/6067b36314ab5eb2eb47cecc464545ba58e1ad24/library/std/src/panicking.rs:322:9
[INFO] [stdout]   10:     0x606707849cc3 - <alloc::boxed::Box<F,A> as core::ops::function::Fn<Args>>::call::hdb53814c496a4d34
[INFO] [stdout]                                at /rustc/6067b36314ab5eb2eb47cecc464545ba58e1ad24/library/alloc/src/boxed.rs:2027:9
[INFO] [stdout]   11:     0x606707849cc3 - test::test_main::{{closure}}::hc0a4963c59427c24
[INFO] [stdout]                                at /rustc/6067b36314ab5eb2eb47cecc464545ba58e1ad24/library/test/src/lib.rs:134:21
[INFO] [stdout]   12:     0x6067078e6f23 - <alloc::boxed::Box<F,A> as core::ops::function::Fn<Args>>::call::h591b2225413a77e9
[INFO] [stdout]                                at /rustc/6067b36314ab5eb2eb47cecc464545ba58e1ad24/library/alloc/src/boxed.rs:2027:9
[INFO] [stdout]   13:     0x6067078e6f23 - std::panicking::rust_panic_with_hook::h625eea43051b2edc
[INFO] [stdout]                                at /rustc/6067b36314ab5eb2eb47cecc464545ba58e1ad24/library/std/src/panicking.rs:839:13
[INFO] [stdout]   14:     0x6067078e6bda - std::panicking::begin_panic_handler::{{closure}}::h4f9159cfbc3f6bd3
[INFO] [stdout]                                at /rustc/6067b36314ab5eb2eb47cecc464545ba58e1ad24/library/std/src/panicking.rs:704:13
[INFO] [stdout]   15:     0x6067078e5509 - std::sys::backtrace::__rust_end_short_backtrace::h0390abce48353151
[INFO] [stdout]                                at /rustc/6067b36314ab5eb2eb47cecc464545ba58e1ad24/library/std/src/sys/backtrace.rs:168:18
[INFO] [stdout]   16:     0x6067078e686d - rust_begin_unwind
[INFO] [stdout]                                at /rustc/6067b36314ab5eb2eb47cecc464545ba58e1ad24/library/std/src/panicking.rs:695:5
[INFO] [stdout]   17:     0x60670790b860 - core::panicking::panic_fmt::h9e7c637e9e5f29c9
[INFO] [stdout]                                at /rustc/6067b36314ab5eb2eb47cecc464545ba58e1ad24/library/core/src/panicking.rs:75:14
[INFO] [stdout]   18:     0x60670790bc52 - core::panicking::assert_failed_inner::h538bec7c1374cd9c
[INFO] [stdout]   19:     0x6067077ec3ed - core::panicking::assert_failed::hb7c3f2ce90e53c41
[INFO] [stdout]                                at /rustc/6067b36314ab5eb2eb47cecc464545ba58e1ad24/library/core/src/panicking.rs:364:5
[INFO] [stdout]   20:     0x6067077fdea9 - monte_carlo_options_simd::mc_simd::valid_call_theta::hf37749c7f6dc8ffa
[INFO] [stdout]                                at /opt/rustwide/workdir/src/mc_simd.rs:890:5
[INFO] [stdout]   21:     0x6067077fdce7 - monte_carlo_options_simd::mc_simd::valid_call_theta::{{closure}}::hfe50f30af120db03
[INFO] [stdout]                                at /opt/rustwide/workdir/src/mc_simd.rs:886:22
[INFO] [stdout]   22:     0x6067077e0986 - core::ops::function::FnOnce::call_once::h61f08b696ed14a78
[INFO] [stdout]                                at /rustc/6067b36314ab5eb2eb47cecc464545ba58e1ad24/library/core/src/ops/function.rs:250:5
[INFO] [stdout]   23:     0x60670784f41b - core::ops::function::FnOnce::call_once::he27718dfdd183f43
[INFO] [stdout]                                at /rustc/6067b36314ab5eb2eb47cecc464545ba58e1ad24/library/core/src/ops/function.rs:250:5
[INFO] [stdout]   24:     0x60670784f41b - test::__rust_begin_short_backtrace::h4e84902998457a5d
[INFO] [stdout]                                at /rustc/6067b36314ab5eb2eb47cecc464545ba58e1ad24/library/test/src/lib.rs:632:18
[INFO] [stdout]   25:     0x60670784e353 - test::run_test_in_process::{{closure}}::h7176fd18fc1feca0
[INFO] [stdout]                                at /rustc/6067b36314ab5eb2eb47cecc464545ba58e1ad24/library/test/src/lib.rs:655:60
[INFO] [stdout]   26:     0x60670784e353 - <core::panic::unwind_safe::AssertUnwindSafe<F> as core::ops::function::FnOnce<()>>::call_once::hf79cff2a624d8cf7
[INFO] [stdout]                                at /rustc/6067b36314ab5eb2eb47cecc464545ba58e1ad24/library/core/src/panic/unwind_safe.rs:272:9
[INFO] [stdout]   27:     0x60670784e353 - std::panicking::try::do_call::h3da0561d9ab99c25
[INFO] [stdout]                                at /rustc/6067b36314ab5eb2eb47cecc464545ba58e1ad24/library/std/src/panicking.rs:587:40
[INFO] [stdout]   28:     0x60670784e353 - std::panicking::try::h41c9fa508bc61df6
[INFO] [stdout]                                at /rustc/6067b36314ab5eb2eb47cecc464545ba58e1ad24/library/std/src/panicking.rs:550:19
[INFO] [stdout]   29:     0x60670784e353 - std::panic::catch_unwind::h6b3ff07bb5afad93
[INFO] [stdout]                                at /rustc/6067b36314ab5eb2eb47cecc464545ba58e1ad24/library/std/src/panic.rs:358:14
[INFO] [stdout]   30:     0x60670784e353 - test::run_test_in_process::hc7253dd11b39b9f4
[INFO] [stdout]                                at /rustc/6067b36314ab5eb2eb47cecc464545ba58e1ad24/library/test/src/lib.rs:655:27
[INFO] [stdout]   31:     0x60670784e353 - test::run_test::{{closure}}::hfb2007f8649c30bb
[INFO] [stdout]                                at /rustc/6067b36314ab5eb2eb47cecc464545ba58e1ad24/library/test/src/lib.rs:576:43
[INFO] [stdout]   32:     0x606707811435 - test::run_test::{{closure}}::h56a17aa7a282a9f4
[INFO] [stdout]                                at /rustc/6067b36314ab5eb2eb47cecc464545ba58e1ad24/library/test/src/lib.rs:606:41
[INFO] [stdout]   33:     0x606707811435 - std::sys::backtrace::__rust_begin_short_backtrace::hd2d2d2fb8e8c6aac
[INFO] [stdout]                                at /rustc/6067b36314ab5eb2eb47cecc464545ba58e1ad24/library/std/src/sys/backtrace.rs:152:18
[INFO] [stdout]   34:     0x606707814d1a - std::thread::Builder::spawn_unchecked_::{{closure}}::{{closure}}::h4faa3f9db6133423
[INFO] [stdout]                                at /rustc/6067b36314ab5eb2eb47cecc464545ba58e1ad24/library/std/src/thread/mod.rs:559:17
[INFO] [stdout]   35:     0x606707814d1a - <core::panic::unwind_safe::AssertUnwindSafe<F> as core::ops::function::FnOnce<()>>::call_once::hf2e855a36a4ea846
[INFO] [stdout]                                at /rustc/6067b36314ab5eb2eb47cecc464545ba58e1ad24/library/core/src/panic/unwind_safe.rs:272:9
[INFO] [stdout]   36:     0x606707814d1a - std::panicking::try::do_call::h2f73af3616c35465
[INFO] [stdout]                                at /rustc/6067b36314ab5eb2eb47cecc464545ba58e1ad24/library/std/src/panicking.rs:587:40
[INFO] [stdout]   37:     0x606707814d1a - std::panicking::try::hd1660ce9efadef5a
[INFO] [stdout]                                at /rustc/6067b36314ab5eb2eb47cecc464545ba58e1ad24/library/std/src/panicking.rs:550:19
[INFO] [stdout]   38:     0x606707814d1a - std::panic::catch_unwind::h5ee8d7823b8ca744
[INFO] [stdout]                                at /rustc/6067b36314ab5eb2eb47cecc464545ba58e1ad24/library/std/src/panic.rs:358:14
[INFO] [stdout]   39:     0x606707814d1a - std::thread::Builder::spawn_unchecked_::{{closure}}::h53c3a1894dce8407
[INFO] [stdout]                                at /rustc/6067b36314ab5eb2eb47cecc464545ba58e1ad24/library/std/src/thread/mod.rs:557:30
[INFO] [stdout]   40:     0x606707814d1a - core::ops::function::FnOnce::call_once{{vtable.shim}}::h048ce291ad4f62bf
[INFO] [stdout]                                at /rustc/6067b36314ab5eb2eb47cecc464545ba58e1ad24/library/core/src/ops/function.rs:250:5
[INFO] [stdout]   41:     0x6067078eaf5b - <alloc::boxed::Box<F,A> as core::ops::function::FnOnce<Args>>::call_once::ha52bedf99a3b4981
[INFO] [stdout]                                at /rustc/6067b36314ab5eb2eb47cecc464545ba58e1ad24/library/alloc/src/boxed.rs:2013:9
[INFO] [stdout]   42:     0x6067078eaf5b - <alloc::boxed::Box<F,A> as core::ops::function::FnOnce<Args>>::call_once::h567748934d80ccf8
[INFO] [stdout]                                at /rustc/6067b36314ab5eb2eb47cecc464545ba58e1ad24/library/alloc/src/boxed.rs:2013:9
[INFO] [stdout]   43:     0x6067078eaf5b - std::sys::pal::unix::thread::Thread::new::thread_start::h2d970728ae887adc
[INFO] [stdout]                                at /rustc/6067b36314ab5eb2eb47cecc464545ba58e1ad24/library/std/src/sys/pal/unix/thread.rs:106:17
[INFO] [stdout]   44:     0x7932afbaeac3 - <unknown>
[INFO] [stdout]   45:     0x7932afc3fa04 - clone
[INFO] [stdout]   46:                0x0 - <unknown>
[INFO] [stdout] 
[INFO] [stdout] 
[INFO] [stdout] failures:
[INFO] [stdout]     mc_simd::valid_call_theta
[INFO] [stdout] 
[INFO] [stdout] test result: FAILED. 24 passed; 1 failed; 0 ignored; 0 measured; 0 filtered out; finished in 11.73s
[INFO] [stdout] 
[INFO] [stderr] error: test failed, to rerun pass `--lib`
[INFO] running `Command { std: "docker" "inspect" "6a66290b0b71ede1abf49222cccc81dc9914150a26cd051fc64325827525ef84", kill_on_drop: false }`
[INFO] running `Command { std: "docker" "rm" "-f" "6a66290b0b71ede1abf49222cccc81dc9914150a26cd051fc64325827525ef84", kill_on_drop: false }`
[INFO] [stdout] 6a66290b0b71ede1abf49222cccc81dc9914150a26cd051fc64325827525ef84
