[INFO] cloning repository https://github.com/as3richa/queensway
[INFO] running `Command { std: "git" "-c" "credential.helper=" "-c" "credential.helper=/workspace/cargo-home/bin/git-credential-null" "clone" "--bare" "https://github.com/as3richa/queensway" "/workspace/cache/git-repos/https%3A%2F%2Fgithub.com%2Fas3richa%2Fqueensway", kill_on_drop: false }`
[INFO] [stderr] Cloning into bare repository '/workspace/cache/git-repos/https%3A%2F%2Fgithub.com%2Fas3richa%2Fqueensway'...
[INFO] running `Command { std: "git" "rev-parse" "HEAD", kill_on_drop: false }`
[INFO] [stdout] 11aceefbded2287a02755c91eb90ad823f04fd16
[INFO] testing as3richa/queensway against nightly-2025-01-18 for randomize-layout-2
[INFO] running `Command { std: "git" "clone" "/workspace/cache/git-repos/https%3A%2F%2Fgithub.com%2Fas3richa%2Fqueensway" "/workspace/builds/worker-7-tc1/source", kill_on_drop: false }`
[INFO] [stderr] Cloning into '/workspace/builds/worker-7-tc1/source'...
[INFO] [stderr] done.
[INFO] validating manifest of git repo https://github.com/as3richa/queensway on toolchain nightly-2025-01-18
[INFO] running `Command { std: CARGO_HOME="/workspace/cargo-home" RUSTUP_HOME="/workspace/rustup-home" "/workspace/cargo-home/bin/cargo" "+nightly-2025-01-18" "metadata" "--manifest-path" "Cargo.toml" "--no-deps", kill_on_drop: false }`
[INFO] started tweaking git repo https://github.com/as3richa/queensway
[INFO] finished tweaking git repo https://github.com/as3richa/queensway
[INFO] tweaked toml for git repo https://github.com/as3richa/queensway written to /workspace/builds/worker-7-tc1/source/Cargo.toml
[INFO] crate git repo https://github.com/as3richa/queensway already has a lockfile, it will not be regenerated
[INFO] running `Command { std: CARGO_HOME="/workspace/cargo-home" RUSTUP_HOME="/workspace/rustup-home" "/workspace/cargo-home/bin/cargo" "+nightly-2025-01-18" "fetch" "--manifest-path" "Cargo.toml", kill_on_drop: false }`
[INFO] running `Command { std: "docker" "create" "-v" "/var/lib/crater-agent-workspace/builds/worker-7-tc1/target:/opt/rustwide/target:rw,Z" "-v" "/var/lib/crater-agent-workspace/builds/worker-7-tc1/source:/opt/rustwide/workdir:ro,Z" "-v" "/var/lib/crater-agent-workspace/cargo-home:/opt/rustwide/cargo-home:ro,Z" "-v" "/var/lib/crater-agent-workspace/rustup-home:/opt/rustwide/rustup-home:ro,Z" "-e" "SOURCE_DIR=/opt/rustwide/workdir" "-e" "CARGO_TARGET_DIR=/opt/rustwide/target" "-e" "CARGO_HOME=/opt/rustwide/cargo-home" "-e" "RUSTUP_HOME=/opt/rustwide/rustup-home" "-w" "/opt/rustwide/workdir" "-m" "1610612736" "--user" "0:0" "--network" "none" "ghcr.io/rust-lang/crates-build-env/linux@sha256:819108c5571ea2e421544af4d832f968d213c87fbe3707a016657f43d2f853bc" "/opt/rustwide/cargo-home/bin/cargo" "+nightly-2025-01-18" "metadata" "--no-deps" "--format-version=1", kill_on_drop: false }`
[INFO] [stdout] 953fbc952877d69cf10a839e66b318544829286864a4aad38341fd4850319682
[INFO] running `Command { std: "docker" "start" "-a" "953fbc952877d69cf10a839e66b318544829286864a4aad38341fd4850319682", kill_on_drop: false }`
[INFO] running `Command { std: "docker" "inspect" "953fbc952877d69cf10a839e66b318544829286864a4aad38341fd4850319682", kill_on_drop: false }`
[INFO] running `Command { std: "docker" "rm" "-f" "953fbc952877d69cf10a839e66b318544829286864a4aad38341fd4850319682", kill_on_drop: false }`
[INFO] [stdout] 953fbc952877d69cf10a839e66b318544829286864a4aad38341fd4850319682
[INFO] running `Command { std: "docker" "create" "-v" "/var/lib/crater-agent-workspace/builds/worker-7-tc1/target:/opt/rustwide/target:rw,Z" "-v" "/var/lib/crater-agent-workspace/builds/worker-7-tc1/source:/opt/rustwide/workdir:ro,Z" "-v" "/var/lib/crater-agent-workspace/cargo-home:/opt/rustwide/cargo-home:ro,Z" "-v" "/var/lib/crater-agent-workspace/rustup-home:/opt/rustwide/rustup-home:ro,Z" "-e" "SOURCE_DIR=/opt/rustwide/workdir" "-e" "CARGO_TARGET_DIR=/opt/rustwide/target" "-e" "CARGO_INCREMENTAL=0" "-e" "RUST_BACKTRACE=full" "-e" "RUSTFLAGS=--cap-lints=forbid" "-e" "RUSTDOCFLAGS=--cap-lints=forbid" "-e" "CARGO_HOME=/opt/rustwide/cargo-home" "-e" "RUSTUP_HOME=/opt/rustwide/rustup-home" "-w" "/opt/rustwide/workdir" "-m" "1610612736" "--user" "0:0" "--network" "none" "ghcr.io/rust-lang/crates-build-env/linux@sha256:819108c5571ea2e421544af4d832f968d213c87fbe3707a016657f43d2f853bc" "/opt/rustwide/cargo-home/bin/cargo" "+nightly-2025-01-18" "build" "--frozen" "--message-format=json", kill_on_drop: false }`
[INFO] [stdout] 8e4569334392acecd888f5f23d2072cd5f0a88b11605cb75dab746a4b191bf63
[INFO] running `Command { std: "docker" "start" "-a" "8e4569334392acecd888f5f23d2072cd5f0a88b11605cb75dab746a4b191bf63", kill_on_drop: false }`
[INFO] [stderr]    Compiling autocfg v1.1.0
[INFO] [stderr]    Compiling libc v0.2.126
[INFO] [stderr]    Compiling cfg-if v1.0.0
[INFO] [stderr]    Compiling scopeguard v1.1.0
[INFO] [stderr]    Compiling crossbeam-utils v0.8.8
[INFO] [stderr]    Compiling memchr v2.5.0
[INFO] [stderr]    Compiling lazy_static v1.4.0
[INFO] [stderr]    Compiling proc-macro2 v1.0.39
[INFO] [stderr]    Compiling unicode-ident v1.0.0
[INFO] [stderr]    Compiling log v0.4.17
[INFO] [stderr]    Compiling syn v1.0.95
[INFO] [stderr]    Compiling rayon-core v1.9.3
[INFO] [stderr]    Compiling parking_lot_core v0.9.3
[INFO] [stderr]    Compiling smallvec v1.8.0
[INFO] [stderr]    Compiling regex-syntax v0.6.26
[INFO] [stderr]    Compiling termcolor v1.1.3
[INFO] [stderr]    Compiling pin-project-lite v0.2.9
[INFO] [stderr]    Compiling humantime v2.1.0
[INFO] [stderr]    Compiling once_cell v1.11.0
[INFO] [stderr]    Compiling bytes v1.1.0
[INFO] [stderr]    Compiling either v1.6.1
[INFO] [stderr]    Compiling memoffset v0.6.5
[INFO] [stderr]    Compiling crossbeam-epoch v0.9.8
[INFO] [stderr]    Compiling lock_api v0.4.7
[INFO] [stderr]    Compiling rayon v1.5.3
[INFO] [stderr]    Compiling quote v1.0.18
[INFO] [stderr]    Compiling aho-corasick v0.7.18
[INFO] [stderr]    Compiling crossbeam-channel v0.5.4
[INFO] [stderr]    Compiling num_cpus v1.13.1
[INFO] [stderr]    Compiling signal-hook-registry v1.4.0
[INFO] [stderr]    Compiling mio v0.8.3
[INFO] [stderr]    Compiling atty v0.2.14
[INFO] [stderr]    Compiling socket2 v0.4.4
[INFO] [stderr]    Compiling parking_lot v0.12.0
[INFO] [stderr]    Compiling crossbeam-deque v0.8.1
[INFO] [stderr]    Compiling regex v1.5.6
[INFO] [stderr]    Compiling env_logger v0.9.0
[INFO] [stderr]    Compiling tokio-macros v1.7.0
[INFO] [stderr]    Compiling tokio v1.18.2
[INFO] [stderr]    Compiling queensway v0.1.0 (/opt/rustwide/workdir)
[INFO] [stdout] warning: unused import: `warn`
[INFO] [stdout]   --> src/server.rs:19:17
[INFO] [stdout]    |
[INFO] [stdout] 19 | use log::{info, warn};
[INFO] [stdout]    |                 ^^^^
[INFO] [stdout]    |
[INFO] [stdout]    = note: `#[warn(unused_imports)]` on by default
[INFO] [stdout] 
[INFO] [stdout] 
[INFO] [stdout] warning: unused variable: `pattern`
[INFO] [stdout]   --> src/matcher.rs:15:30
[INFO] [stdout]    |
[INFO] [stdout] 15 |             Self::Wildcard { pattern } => unimplemented!(), // FIXME
[INFO] [stdout]    |                              ^^^^^^^ help: try ignoring the field: `pattern: _`
[INFO] [stdout]    |
[INFO] [stdout]    = note: `#[warn(unused_variables)]` on by default
[INFO] [stdout] 
[INFO] [stdout] 
[INFO] [stdout] warning: variants `Exact`, `Wildcard`, `Set`, and `Regex` are never constructed
[INFO] [stdout]  --> src/matcher.rs:5:5
[INFO] [stdout]   |
[INFO] [stdout] 4 | pub enum Matcher {
[INFO] [stdout]   |          ------- variants in this enum
[INFO] [stdout] 5 |     Exact { name: String },
[INFO] [stdout]   |     ^^^^^
[INFO] [stdout] 6 |     Wildcard { pattern: String },
[INFO] [stdout]   |     ^^^^^^^^
[INFO] [stdout] 7 |     Set { names: HashSet<String> },
[INFO] [stdout]   |     ^^^
[INFO] [stdout] 8 |     Regex { regex: Regex },
[INFO] [stdout]   |     ^^^^^
[INFO] [stdout]   |
[INFO] [stdout]   = note: `#[warn(dead_code)]` on by default
[INFO] [stdout] 
[INFO] [stdout] 
[INFO] [stdout] warning: method `matches` is never used
[INFO] [stdout]   --> src/matcher.rs:12:12
[INFO] [stdout]    |
[INFO] [stdout] 11 | impl Matcher {
[INFO] [stdout]    | ------------ method in this implementation
[INFO] [stdout] 12 |     pub fn matches(&self, query: String) -> bool {
[INFO] [stdout]    |            ^^^^^^^
[INFO] [stdout] 
[INFO] [stdout] 
[INFO] [stdout] warning: associated function `from_parts` is never used
[INFO] [stdout]    --> src/protocol.rs:541:12
[INFO] [stdout]     |
[INFO] [stdout] 536 | impl Flags {
[INFO] [stdout]     | ---------- associated function in this implementation
[INFO] [stdout] ...
[INFO] [stdout] 541 |     pub fn from_parts(
[INFO] [stdout]     |            ^^^^^^^^^^
[INFO] [stdout] 
[INFO] [stdout] 
[INFO] [stdout] warning: field `rules` is never read
[INFO] [stdout]   --> src/server.rs:29:9
[INFO] [stdout]    |
[INFO] [stdout] 21 | pub struct Config {
[INFO] [stdout]    |            ------ field in this struct
[INFO] [stdout] ...
[INFO] [stdout] 29 |     pub rules: Vec<(Matcher, Vec<Record>)>,
[INFO] [stdout]    |         ^^^^^
[INFO] [stdout] 
[INFO] [stdout] 
[INFO] [stdout] warning: function `transform_query` is never used
[INFO] [stdout]    --> src/server.rs:166:10
[INFO] [stdout]     |
[INFO] [stdout] 166 | async fn transform_query(query: Message) -> (Option<Message>, Vec<Record>) {
[INFO] [stdout]     |          ^^^^^^^^^^^^^^^
[INFO] [stdout] 
[INFO] [stdout] 
[INFO] [stdout] warning: function `transform_response` is never used
[INFO] [stdout]    --> src/server.rs:170:10
[INFO] [stdout]     |
[INFO] [stdout] 170 | async fn transform_response(reply: Message) -> Message {
[INFO] [stdout]     |          ^^^^^^^^^^^^^^^^^^
[INFO] [stdout] 
[INFO] [stdout] 
[INFO] [stderr]     Finished `dev` profile [unoptimized + debuginfo] target(s) in 22.77s
[INFO] running `Command { std: "docker" "inspect" "8e4569334392acecd888f5f23d2072cd5f0a88b11605cb75dab746a4b191bf63", kill_on_drop: false }`
[INFO] running `Command { std: "docker" "rm" "-f" "8e4569334392acecd888f5f23d2072cd5f0a88b11605cb75dab746a4b191bf63", kill_on_drop: false }`
[INFO] [stdout] 8e4569334392acecd888f5f23d2072cd5f0a88b11605cb75dab746a4b191bf63
[INFO] running `Command { std: "docker" "create" "-v" "/var/lib/crater-agent-workspace/builds/worker-7-tc1/target:/opt/rustwide/target:rw,Z" "-v" "/var/lib/crater-agent-workspace/builds/worker-7-tc1/source:/opt/rustwide/workdir:ro,Z" "-v" "/var/lib/crater-agent-workspace/cargo-home:/opt/rustwide/cargo-home:ro,Z" "-v" "/var/lib/crater-agent-workspace/rustup-home:/opt/rustwide/rustup-home:ro,Z" "-e" "SOURCE_DIR=/opt/rustwide/workdir" "-e" "CARGO_TARGET_DIR=/opt/rustwide/target" "-e" "CARGO_INCREMENTAL=0" "-e" "RUST_BACKTRACE=full" "-e" "RUSTFLAGS=--cap-lints=forbid" "-e" "RUSTDOCFLAGS=--cap-lints=forbid" "-e" "CARGO_HOME=/opt/rustwide/cargo-home" "-e" "RUSTUP_HOME=/opt/rustwide/rustup-home" "-w" "/opt/rustwide/workdir" "-m" "1610612736" "--user" "0:0" "--network" "none" "ghcr.io/rust-lang/crates-build-env/linux@sha256:819108c5571ea2e421544af4d832f968d213c87fbe3707a016657f43d2f853bc" "/opt/rustwide/cargo-home/bin/cargo" "+nightly-2025-01-18" "test" "--frozen" "--no-run" "--message-format=json", kill_on_drop: false }`
[INFO] [stdout] 885805e2427f2f950901604092ad4e9bec8b54073f9c28c5b807adb2c5b091ad
[INFO] running `Command { std: "docker" "start" "-a" "885805e2427f2f950901604092ad4e9bec8b54073f9c28c5b807adb2c5b091ad", kill_on_drop: false }`
[INFO] [stderr]    Compiling queensway v0.1.0 (/opt/rustwide/workdir)
[INFO] [stdout] warning: unused import: `warn`
[INFO] [stdout]   --> src/server.rs:19:17
[INFO] [stdout]    |
[INFO] [stdout] 19 | use log::{info, warn};
[INFO] [stdout]    |                 ^^^^
[INFO] [stdout]    |
[INFO] [stdout]    = note: `#[warn(unused_imports)]` on by default
[INFO] [stdout] 
[INFO] [stdout] 
[INFO] [stdout] warning: unused variable: `pattern`
[INFO] [stdout]   --> src/matcher.rs:15:30
[INFO] [stdout]    |
[INFO] [stdout] 15 |             Self::Wildcard { pattern } => unimplemented!(), // FIXME
[INFO] [stdout]    |                              ^^^^^^^ help: try ignoring the field: `pattern: _`
[INFO] [stdout]    |
[INFO] [stdout]    = note: `#[warn(unused_variables)]` on by default
[INFO] [stdout] 
[INFO] [stdout] 
[INFO] [stdout] warning: variants `Exact`, `Wildcard`, `Set`, and `Regex` are never constructed
[INFO] [stdout]  --> src/matcher.rs:5:5
[INFO] [stdout]   |
[INFO] [stdout] 4 | pub enum Matcher {
[INFO] [stdout]   |          ------- variants in this enum
[INFO] [stdout] 5 |     Exact { name: String },
[INFO] [stdout]   |     ^^^^^
[INFO] [stdout] 6 |     Wildcard { pattern: String },
[INFO] [stdout]   |     ^^^^^^^^
[INFO] [stdout] 7 |     Set { names: HashSet<String> },
[INFO] [stdout]   |     ^^^
[INFO] [stdout] 8 |     Regex { regex: Regex },
[INFO] [stdout]   |     ^^^^^
[INFO] [stdout]   |
[INFO] [stdout]   = note: `#[warn(dead_code)]` on by default
[INFO] [stdout] 
[INFO] [stdout] 
[INFO] [stdout] warning: method `matches` is never used
[INFO] [stdout]   --> src/matcher.rs:12:12
[INFO] [stdout]    |
[INFO] [stdout] 11 | impl Matcher {
[INFO] [stdout]    | ------------ method in this implementation
[INFO] [stdout] 12 |     pub fn matches(&self, query: String) -> bool {
[INFO] [stdout]    |            ^^^^^^^
[INFO] [stdout] 
[INFO] [stdout] 
[INFO] [stdout] warning: associated function `from_parts` is never used
[INFO] [stdout]    --> src/protocol.rs:541:12
[INFO] [stdout]     |
[INFO] [stdout] 536 | impl Flags {
[INFO] [stdout]     | ---------- associated function in this implementation
[INFO] [stdout] ...
[INFO] [stdout] 541 |     pub fn from_parts(
[INFO] [stdout]     |            ^^^^^^^^^^
[INFO] [stdout] 
[INFO] [stdout] 
[INFO] [stdout] warning: field `rules` is never read
[INFO] [stdout]   --> src/server.rs:29:9
[INFO] [stdout]    |
[INFO] [stdout] 21 | pub struct Config {
[INFO] [stdout]    |            ------ field in this struct
[INFO] [stdout] ...
[INFO] [stdout] 29 |     pub rules: Vec<(Matcher, Vec<Record>)>,
[INFO] [stdout]    |         ^^^^^
[INFO] [stdout] 
[INFO] [stdout] 
[INFO] [stdout] warning: function `transform_query` is never used
[INFO] [stdout]    --> src/server.rs:166:10
[INFO] [stdout]     |
[INFO] [stdout] 166 | async fn transform_query(query: Message) -> (Option<Message>, Vec<Record>) {
[INFO] [stdout]     |          ^^^^^^^^^^^^^^^
[INFO] [stdout] 
[INFO] [stdout] 
[INFO] [stdout] warning: function `transform_response` is never used
[INFO] [stdout]    --> src/server.rs:170:10
[INFO] [stdout]     |
[INFO] [stdout] 170 | async fn transform_response(reply: Message) -> Message {
[INFO] [stdout]     |          ^^^^^^^^^^^^^^^^^^
[INFO] [stdout] 
[INFO] [stdout] 
[INFO] [stderr]     Finished `test` profile [unoptimized + debuginfo] target(s) in 0.82s
[INFO] running `Command { std: "docker" "inspect" "885805e2427f2f950901604092ad4e9bec8b54073f9c28c5b807adb2c5b091ad", kill_on_drop: false }`
[INFO] running `Command { std: "docker" "rm" "-f" "885805e2427f2f950901604092ad4e9bec8b54073f9c28c5b807adb2c5b091ad", kill_on_drop: false }`
[INFO] [stdout] 885805e2427f2f950901604092ad4e9bec8b54073f9c28c5b807adb2c5b091ad
[INFO] running `Command { std: "docker" "create" "-v" "/var/lib/crater-agent-workspace/builds/worker-7-tc1/target:/opt/rustwide/target:rw,Z" "-v" "/var/lib/crater-agent-workspace/builds/worker-7-tc1/source:/opt/rustwide/workdir:ro,Z" "-v" "/var/lib/crater-agent-workspace/cargo-home:/opt/rustwide/cargo-home:ro,Z" "-v" "/var/lib/crater-agent-workspace/rustup-home:/opt/rustwide/rustup-home:ro,Z" "-e" "SOURCE_DIR=/opt/rustwide/workdir" "-e" "CARGO_TARGET_DIR=/opt/rustwide/target" "-e" "CARGO_INCREMENTAL=0" "-e" "RUST_BACKTRACE=full" "-e" "RUSTFLAGS=--cap-lints=forbid" "-e" "RUSTDOCFLAGS=--cap-lints=forbid" "-e" "CARGO_HOME=/opt/rustwide/cargo-home" "-e" "RUSTUP_HOME=/opt/rustwide/rustup-home" "-w" "/opt/rustwide/workdir" "-m" "1610612736" "--user" "0:0" "--network" "none" "ghcr.io/rust-lang/crates-build-env/linux@sha256:819108c5571ea2e421544af4d832f968d213c87fbe3707a016657f43d2f853bc" "/opt/rustwide/cargo-home/bin/cargo" "+nightly-2025-01-18" "test" "--frozen", kill_on_drop: false }`
[INFO] [stdout] ea17d34a08500a4e99e76a2fb81b0eae79b05e59c289debde03bbaeef1491bec
[INFO] running `Command { std: "docker" "start" "-a" "ea17d34a08500a4e99e76a2fb81b0eae79b05e59c289debde03bbaeef1491bec", kill_on_drop: false }`
[INFO] [stderr] warning: unused import: `warn`
[INFO] [stderr]   --> src/server.rs:19:17
[INFO] [stderr]    |
[INFO] [stderr] 19 | use log::{info, warn};
[INFO] [stderr]    |                 ^^^^
[INFO] [stderr]    |
[INFO] [stderr]    = note: `#[warn(unused_imports)]` on by default
[INFO] [stderr] 
[INFO] [stderr] warning: unused variable: `pattern`
[INFO] [stderr]   --> src/matcher.rs:15:30
[INFO] [stderr]    |
[INFO] [stderr] 15 |             Self::Wildcard { pattern } => unimplemented!(), // FIXME
[INFO] [stderr]    |                              ^^^^^^^ help: try ignoring the field: `pattern: _`
[INFO] [stderr]    |
[INFO] [stderr]    = note: `#[warn(unused_variables)]` on by default
[INFO] [stderr] 
[INFO] [stderr] warning: variants `Exact`, `Wildcard`, `Set`, and `Regex` are never constructed
[INFO] [stderr]  --> src/matcher.rs:5:5
[INFO] [stderr]   |
[INFO] [stderr] 4 | pub enum Matcher {
[INFO] [stderr]   |          ------- variants in this enum
[INFO] [stderr] 5 |     Exact { name: String },
[INFO] [stderr]   |     ^^^^^
[INFO] [stderr] 6 |     Wildcard { pattern: String },
[INFO] [stderr]   |     ^^^^^^^^
[INFO] [stderr] 7 |     Set { names: HashSet<String> },
[INFO] [stderr]   |     ^^^
[INFO] [stderr] 8 |     Regex { regex: Regex },
[INFO] [stderr]   |     ^^^^^
[INFO] [stderr]   |
[INFO] [stderr]   = note: `#[warn(dead_code)]` on by default
[INFO] [stderr] 
[INFO] [stderr] warning: method `matches` is never used
[INFO] [stderr]   --> src/matcher.rs:12:12
[INFO] [stderr]    |
[INFO] [stderr] 11 | impl Matcher {
[INFO] [stderr]    | ------------ method in this implementation
[INFO] [stderr] 12 |     pub fn matches(&self, query: String) -> bool {
[INFO] [stderr]    |            ^^^^^^^
[INFO] [stderr] 
[INFO] [stderr] warning: associated function `from_parts` is never used
[INFO] [stderr]    --> src/protocol.rs:541:12
[INFO] [stderr]     |
[INFO] [stderr] 536 | impl Flags {
[INFO] [stderr]     | ---------- associated function in this implementation
[INFO] [stderr] ...
[INFO] [stderr] 541 |     pub fn from_parts(
[INFO] [stderr]     |            ^^^^^^^^^^
[INFO] [stderr] 
[INFO] [stderr] warning: field `rules` is never read
[INFO] [stderr]   --> src/server.rs:29:9
[INFO] [stderr]    |
[INFO] [stderr] 21 | pub struct Config {
[INFO] [stderr]    |            ------ field in this struct
[INFO] [stderr] ...
[INFO] [stderr] 29 |     pub rules: Vec<(Matcher, Vec<Record>)>,
[INFO] [stderr]    |         ^^^^^
[INFO] [stderr] 
[INFO] [stderr] warning: function `transform_query` is never used
[INFO] [stderr]    --> src/server.rs:166:10
[INFO] [stderr]     |
[INFO] [stderr] 166 | async fn transform_query(query: Message) -> (Option<Message>, Vec<Record>) {
[INFO] [stderr]     |          ^^^^^^^^^^^^^^^
[INFO] [stderr] 
[INFO] [stderr] warning: function `transform_response` is never used
[INFO] [stderr]    --> src/server.rs:170:10
[INFO] [stderr]     |
[INFO] [stderr] 170 | async fn transform_response(reply: Message) -> Message {
[INFO] [stderr]     |          ^^^^^^^^^^^^^^^^^^
[INFO] [stderr] 
[INFO] [stderr] warning: `queensway` (bin "queensway" test) generated 8 warnings (run `cargo fix --bin "queensway" --tests` to apply 1 suggestion)
[INFO] [stderr]     Finished `test` profile [unoptimized + debuginfo] target(s) in 0.09s
[INFO] [stderr]      Running unittests src/main.rs (/opt/rustwide/target/debug/deps/queensway-fd6a5c5b58bb0039)
[INFO] [stdout] 
[INFO] [stdout] running 1 test
[INFO] [stderr] error: test failed, to rerun pass `--bin queensway`
[INFO] [stdout] test protocol::test::test_message_parse ... FAILED
[INFO] [stdout] 
[INFO] [stdout] failures:
[INFO] [stdout] 
[INFO] [stdout] ---- protocol::test::test_message_parse stdout ----
[INFO] [stdout] 
[INFO] [stdout] thread 'protocol::test::test_message_parse' panicked at src/protocol.rs:745:9:
[INFO] [stdout] assertion `left == right` failed
[INFO] [stdout]   left: Message { id: 16862, flags: Flags { value: 288 }, questions: [Question { name: Name { name: [120, 107, 99, 100, 46, 99, 111, 109] }, type_: RecordType { value: 1 }, class: RecordClass { value: 1 } }], answers: [], authority_rrs: [], additional_rrs: [Record { name: Name { name: [] }, type_: RecordType { value: 41 }, class: RecordClass { value: 4096 }, ttl: Ttl { seconds: 0 }, rdata: Other { data: [0, 10, 0, 8, 143, 45, 227, 123, 116, 93, 107, 77] } }] }
[INFO] [stdout]  right: Message { id: 16862, flags: Flags { value: 288 }, questions: [Question { name: Name { name: [120, 107, 99, 100, 46, 99, 111, 109] }, type_: RecordType { value: 1 }, class: RecordClass { value: 1 } }], answers: [], authority_rrs: [], additional_rrs: [Record { name: Name { name: [] }, type_: RecordType { value: 41 }, class: RecordClass { value: 4096 }, ttl: Ttl { seconds: 0 }, rdata: Other { data: [] } }] }
[INFO] [stdout] stack backtrace:
[INFO] [stdout]    0:     0x5672f5a1000a - std::backtrace_rs::backtrace::libunwind::trace::hb059275cfc8d6126
[INFO] [stdout]                                at /rustc/6067b36314ab5eb2eb47cecc464545ba58e1ad24/library/std/src/../../backtrace/src/backtrace/libunwind.rs:116:5
[INFO] [stdout]    1:     0x5672f5a1000a - std::backtrace_rs::backtrace::trace_unsynchronized::h2da071e4327ce3ee
[INFO] [stdout]                                at /rustc/6067b36314ab5eb2eb47cecc464545ba58e1ad24/library/std/src/../../backtrace/src/backtrace/mod.rs:66:5
[INFO] [stdout]    2:     0x5672f5a1000a - std::sys::backtrace::_print_fmt::h842a1474e6f8d23f
[INFO] [stdout]                                at /rustc/6067b36314ab5eb2eb47cecc464545ba58e1ad24/library/std/src/sys/backtrace.rs:66:9
[INFO] [stdout]    3:     0x5672f5a1000a - <std::sys::backtrace::BacktraceLock::print::DisplayBacktrace as core::fmt::Display>::fmt::h71a62eb3b9696b12
[INFO] [stdout]                                at /rustc/6067b36314ab5eb2eb47cecc464545ba58e1ad24/library/std/src/sys/backtrace.rs:39:26
[INFO] [stdout]    4:     0x5672f5a384e3 - core::fmt::rt::Argument::fmt::hdb6b616786b41dc1
[INFO] [stdout]                                at /rustc/6067b36314ab5eb2eb47cecc464545ba58e1ad24/library/core/src/fmt/rt.rs:177:76
[INFO] [stdout]    5:     0x5672f5a384e3 - core::fmt::write::h2cc1698af7e2d686
[INFO] [stdout]                                at /rustc/6067b36314ab5eb2eb47cecc464545ba58e1ad24/library/core/src/fmt/mod.rs:1440:21
[INFO] [stdout]    6:     0x5672f5a0cb63 - std::io::Write::write_fmt::hab1b4cd059a79022
[INFO] [stdout]                                at /rustc/6067b36314ab5eb2eb47cecc464545ba58e1ad24/library/std/src/io/mod.rs:1887:15
[INFO] [stdout]    7:     0x5672f5a0fe52 - std::sys::backtrace::BacktraceLock::print::h147fe35b4ea13b08
[INFO] [stdout]                                at /rustc/6067b36314ab5eb2eb47cecc464545ba58e1ad24/library/std/src/sys/backtrace.rs:42:9
[INFO] [stdout]    8:     0x5672f5a1142f - std::panicking::default_hook::{{closure}}::hbd44223dbdc0d208
[INFO] [stdout]                                at /rustc/6067b36314ab5eb2eb47cecc464545ba58e1ad24/library/std/src/panicking.rs:298:22
[INFO] [stdout]    9:     0x5672f5a11248 - std::panicking::default_hook::h20f81eb0576efcec
[INFO] [stdout]                                at /rustc/6067b36314ab5eb2eb47cecc464545ba58e1ad24/library/std/src/panicking.rs:322:9
[INFO] [stdout]   10:     0x5672f59d7fa3 - <alloc::boxed::Box<F,A> as core::ops::function::Fn<Args>>::call::hdb53814c496a4d34
[INFO] [stdout]                                at /rustc/6067b36314ab5eb2eb47cecc464545ba58e1ad24/library/alloc/src/boxed.rs:2027:9
[INFO] [stdout]   11:     0x5672f59d7fa3 - test::test_main::{{closure}}::hc0a4963c59427c24
[INFO] [stdout]                                at /rustc/6067b36314ab5eb2eb47cecc464545ba58e1ad24/library/test/src/lib.rs:134:21
[INFO] [stdout]   12:     0x5672f5a11f23 - <alloc::boxed::Box<F,A> as core::ops::function::Fn<Args>>::call::h591b2225413a77e9
[INFO] [stdout]                                at /rustc/6067b36314ab5eb2eb47cecc464545ba58e1ad24/library/alloc/src/boxed.rs:2027:9
[INFO] [stdout]   13:     0x5672f5a11f23 - std::panicking::rust_panic_with_hook::h625eea43051b2edc
[INFO] [stdout]                                at /rustc/6067b36314ab5eb2eb47cecc464545ba58e1ad24/library/std/src/panicking.rs:839:13
[INFO] [stdout]   14:     0x5672f5a11bda - std::panicking::begin_panic_handler::{{closure}}::h4f9159cfbc3f6bd3
[INFO] [stdout]                                at /rustc/6067b36314ab5eb2eb47cecc464545ba58e1ad24/library/std/src/panicking.rs:704:13
[INFO] [stdout]   15:     0x5672f5a10509 - std::sys::backtrace::__rust_end_short_backtrace::h0390abce48353151
[INFO] [stdout]                                at /rustc/6067b36314ab5eb2eb47cecc464545ba58e1ad24/library/std/src/sys/backtrace.rs:168:18
[INFO] [stdout]   16:     0x5672f5a1186d - rust_begin_unwind
[INFO] [stdout]                                at /rustc/6067b36314ab5eb2eb47cecc464545ba58e1ad24/library/std/src/panicking.rs:695:5
[INFO] [stdout]   17:     0x5672f5a36ca0 - core::panicking::panic_fmt::h9e7c637e9e5f29c9
[INFO] [stdout]                                at /rustc/6067b36314ab5eb2eb47cecc464545ba58e1ad24/library/core/src/panicking.rs:75:14
[INFO] [stdout]   18:     0x5672f5a37092 - core::panicking::assert_failed_inner::h538bec7c1374cd9c
[INFO] [stdout]   19:     0x5672f5998358 - core::panicking::assert_failed::ha1f47106831caee3
[INFO] [stdout]                                at /rustc/6067b36314ab5eb2eb47cecc464545ba58e1ad24/library/core/src/panicking.rs:364:5
[INFO] [stdout]   20:     0x5672f599de4b - queensway::protocol::test::test_message_parse::hecc0ef9790475025
[INFO] [stdout]                                at /opt/rustwide/workdir/src/protocol.rs:745:9
[INFO] [stdout]   21:     0x5672f599d647 - queensway::protocol::test::test_message_parse::{{closure}}::h8414b1d6824e903f
[INFO] [stdout]                                at /opt/rustwide/workdir/src/protocol.rs:742:28
[INFO] [stdout]   22:     0x5672f59972f6 - core::ops::function::FnOnce::call_once::ha35a92c9e8e2b5fd
[INFO] [stdout]                                at /rustc/6067b36314ab5eb2eb47cecc464545ba58e1ad24/library/core/src/ops/function.rs:250:5
[INFO] [stdout]   23:     0x5672f59dd6fb - core::ops::function::FnOnce::call_once::he27718dfdd183f43
[INFO] [stdout]                                at /rustc/6067b36314ab5eb2eb47cecc464545ba58e1ad24/library/core/src/ops/function.rs:250:5
[INFO] [stdout]   24:     0x5672f59dd6fb - test::__rust_begin_short_backtrace::h4e84902998457a5d
[INFO] [stdout]                                at /rustc/6067b36314ab5eb2eb47cecc464545ba58e1ad24/library/test/src/lib.rs:632:18
[INFO] [stdout]   25:     0x5672f59dc633 - test::run_test_in_process::{{closure}}::h7176fd18fc1feca0
[INFO] [stdout]                                at /rustc/6067b36314ab5eb2eb47cecc464545ba58e1ad24/library/test/src/lib.rs:655:60
[INFO] [stdout]   26:     0x5672f59dc633 - <core::panic::unwind_safe::AssertUnwindSafe<F> as core::ops::function::FnOnce<()>>::call_once::hf79cff2a624d8cf7
[INFO] [stdout]                                at /rustc/6067b36314ab5eb2eb47cecc464545ba58e1ad24/library/core/src/panic/unwind_safe.rs:272:9
[INFO] [stdout]   27:     0x5672f59dc633 - std::panicking::try::do_call::h3da0561d9ab99c25
[INFO] [stdout]                                at /rustc/6067b36314ab5eb2eb47cecc464545ba58e1ad24/library/std/src/panicking.rs:587:40
[INFO] [stdout]   28:     0x5672f59dc633 - std::panicking::try::h41c9fa508bc61df6
[INFO] [stdout]                                at /rustc/6067b36314ab5eb2eb47cecc464545ba58e1ad24/library/std/src/panicking.rs:550:19
[INFO] [stdout]   29:     0x5672f59dc633 - std::panic::catch_unwind::h6b3ff07bb5afad93
[INFO] [stdout]                                at /rustc/6067b36314ab5eb2eb47cecc464545ba58e1ad24/library/std/src/panic.rs:358:14
[INFO] [stdout]   30:     0x5672f59dc633 - test::run_test_in_process::hc7253dd11b39b9f4
[INFO] [stdout]                                at /rustc/6067b36314ab5eb2eb47cecc464545ba58e1ad24/library/test/src/lib.rs:655:27
[INFO] [stdout]   31:     0x5672f59dc633 - test::run_test::{{closure}}::hfb2007f8649c30bb
[INFO] [stdout]                                at /rustc/6067b36314ab5eb2eb47cecc464545ba58e1ad24/library/test/src/lib.rs:576:43
[INFO] [stdout]   32:     0x5672f599f715 - test::run_test::{{closure}}::h56a17aa7a282a9f4
[INFO] [stdout]                                at /rustc/6067b36314ab5eb2eb47cecc464545ba58e1ad24/library/test/src/lib.rs:606:41
[INFO] [stdout]   33:     0x5672f599f715 - std::sys::backtrace::__rust_begin_short_backtrace::hd2d2d2fb8e8c6aac
[INFO] [stdout]                                at /rustc/6067b36314ab5eb2eb47cecc464545ba58e1ad24/library/std/src/sys/backtrace.rs:152:18
[INFO] [stdout]   34:     0x5672f59a2ffa - std::thread::Builder::spawn_unchecked_::{{closure}}::{{closure}}::h4faa3f9db6133423
[INFO] [stdout]                                at /rustc/6067b36314ab5eb2eb47cecc464545ba58e1ad24/library/std/src/thread/mod.rs:559:17
[INFO] [stdout]   35:     0x5672f59a2ffa - <core::panic::unwind_safe::AssertUnwindSafe<F> as core::ops::function::FnOnce<()>>::call_once::hf2e855a36a4ea846
[INFO] [stdout]                                at /rustc/6067b36314ab5eb2eb47cecc464545ba58e1ad24/library/core/src/panic/unwind_safe.rs:272:9
[INFO] [stdout]   36:     0x5672f59a2ffa - std::panicking::try::do_call::h2f73af3616c35465
[INFO] [stdout]                                at /rustc/6067b36314ab5eb2eb47cecc464545ba58e1ad24/library/std/src/panicking.rs:587:40
[INFO] [stdout]   37:     0x5672f59a2ffa - std::panicking::try::hd1660ce9efadef5a
[INFO] [stdout]                                at /rustc/6067b36314ab5eb2eb47cecc464545ba58e1ad24/library/std/src/panicking.rs:550:19
[INFO] [stdout]   38:     0x5672f59a2ffa - std::panic::catch_unwind::h5ee8d7823b8ca744
[INFO] [stdout]                                at /rustc/6067b36314ab5eb2eb47cecc464545ba58e1ad24/library/std/src/panic.rs:358:14
[INFO] [stdout]   39:     0x5672f59a2ffa - std::thread::Builder::spawn_unchecked_::{{closure}}::h53c3a1894dce8407
[INFO] [stdout]                                at /rustc/6067b36314ab5eb2eb47cecc464545ba58e1ad24/library/std/src/thread/mod.rs:557:30
[INFO] [stdout]   40:     0x5672f59a2ffa - core::ops::function::FnOnce::call_once{{vtable.shim}}::h048ce291ad4f62bf
[INFO] [stdout]                                at /rustc/6067b36314ab5eb2eb47cecc464545ba58e1ad24/library/core/src/ops/function.rs:250:5
[INFO] [stdout]   41:     0x5672f5a15e5b - <alloc::boxed::Box<F,A> as core::ops::function::FnOnce<Args>>::call_once::ha52bedf99a3b4981
[INFO] [stdout]                                at /rustc/6067b36314ab5eb2eb47cecc464545ba58e1ad24/library/alloc/src/boxed.rs:2013:9
[INFO] [stdout]   42:     0x5672f5a15e5b - <alloc::boxed::Box<F,A> as core::ops::function::FnOnce<Args>>::call_once::h567748934d80ccf8
[INFO] [stdout]                                at /rustc/6067b36314ab5eb2eb47cecc464545ba58e1ad24/library/alloc/src/boxed.rs:2013:9
[INFO] [stdout]   43:     0x5672f5a15e5b - std::sys::pal::unix::thread::Thread::new::thread_start::h2d970728ae887adc
[INFO] [stdout]                                at /rustc/6067b36314ab5eb2eb47cecc464545ba58e1ad24/library/std/src/sys/pal/unix/thread.rs:106:17
[INFO] [stdout]   44:     0x747a779fcac3 - <unknown>
[INFO] [stdout]   45:     0x747a77a8da04 - clone
[INFO] [stdout]   46:                0x0 - <unknown>
[INFO] [stdout] 
[INFO] [stdout] 
[INFO] [stdout] failures:
[INFO] [stdout]     protocol::test::test_message_parse
[INFO] [stdout] 
[INFO] [stdout] test result: FAILED. 0 passed; 1 failed; 0 ignored; 0 measured; 0 filtered out; finished in 0.06s
[INFO] [stdout] 
[INFO] running `Command { std: "docker" "inspect" "ea17d34a08500a4e99e76a2fb81b0eae79b05e59c289debde03bbaeef1491bec", kill_on_drop: false }`
[INFO] running `Command { std: "docker" "rm" "-f" "ea17d34a08500a4e99e76a2fb81b0eae79b05e59c289debde03bbaeef1491bec", kill_on_drop: false }`
[INFO] [stdout] ea17d34a08500a4e99e76a2fb81b0eae79b05e59c289debde03bbaeef1491bec
