[INFO] cloning repository https://github.com/aryan-regmi/smsolver
[INFO] running `Command { std: "git" "-c" "credential.helper=" "-c" "credential.helper=/workspace/cargo-home/bin/git-credential-null" "clone" "--bare" "https://github.com/aryan-regmi/smsolver" "/workspace/cache/git-repos/https%3A%2F%2Fgithub.com%2Faryan-regmi%2Fsmsolver", kill_on_drop: false }`
[INFO] [stderr] Cloning into bare repository '/workspace/cache/git-repos/https%3A%2F%2Fgithub.com%2Faryan-regmi%2Fsmsolver'...
[INFO] running `Command { std: "git" "rev-parse" "HEAD", kill_on_drop: false }`
[INFO] [stdout] fea6b455b05531bacb8568db86b7644fe227f855
[INFO] testing aryan-regmi/smsolver against nightly-2025-01-18 for randomize-layout-2
[INFO] running `Command { std: "git" "clone" "/workspace/cache/git-repos/https%3A%2F%2Fgithub.com%2Faryan-regmi%2Fsmsolver" "/workspace/builds/worker-4-tc1/source", kill_on_drop: false }`
[INFO] [stderr] Cloning into '/workspace/builds/worker-4-tc1/source'...
[INFO] [stderr] done.
[INFO] validating manifest of git repo https://github.com/aryan-regmi/smsolver on toolchain nightly-2025-01-18
[INFO] running `Command { std: CARGO_HOME="/workspace/cargo-home" RUSTUP_HOME="/workspace/rustup-home" "/workspace/cargo-home/bin/cargo" "+nightly-2025-01-18" "metadata" "--manifest-path" "Cargo.toml" "--no-deps", kill_on_drop: false }`
[INFO] started tweaking git repo https://github.com/aryan-regmi/smsolver
[INFO] finished tweaking git repo https://github.com/aryan-regmi/smsolver
[INFO] tweaked toml for git repo https://github.com/aryan-regmi/smsolver written to /workspace/builds/worker-4-tc1/source/Cargo.toml
[INFO] crate git repo https://github.com/aryan-regmi/smsolver already has a lockfile, it will not be regenerated
[INFO] running `Command { std: CARGO_HOME="/workspace/cargo-home" RUSTUP_HOME="/workspace/rustup-home" "/workspace/cargo-home/bin/cargo" "+nightly-2025-01-18" "fetch" "--manifest-path" "Cargo.toml", kill_on_drop: false }`
[INFO] [stderr]     Blocking waiting for file lock on package cache
[INFO] running `Command { std: "docker" "create" "-v" "/var/lib/crater-agent-workspace/builds/worker-4-tc1/target:/opt/rustwide/target:rw,Z" "-v" "/var/lib/crater-agent-workspace/builds/worker-4-tc1/source:/opt/rustwide/workdir:ro,Z" "-v" "/var/lib/crater-agent-workspace/cargo-home:/opt/rustwide/cargo-home:ro,Z" "-v" "/var/lib/crater-agent-workspace/rustup-home:/opt/rustwide/rustup-home:ro,Z" "-e" "SOURCE_DIR=/opt/rustwide/workdir" "-e" "CARGO_TARGET_DIR=/opt/rustwide/target" "-e" "CARGO_HOME=/opt/rustwide/cargo-home" "-e" "RUSTUP_HOME=/opt/rustwide/rustup-home" "-w" "/opt/rustwide/workdir" "-m" "1610612736" "--user" "0:0" "--network" "none" "ghcr.io/rust-lang/crates-build-env/linux@sha256:819108c5571ea2e421544af4d832f968d213c87fbe3707a016657f43d2f853bc" "/opt/rustwide/cargo-home/bin/cargo" "+nightly-2025-01-18" "metadata" "--no-deps" "--format-version=1", kill_on_drop: false }`
[INFO] [stdout] bf51a6523107f248742d66d5ffc68794a543160f7c631e911b55d9a0bc9a2b02
[INFO] running `Command { std: "docker" "start" "-a" "bf51a6523107f248742d66d5ffc68794a543160f7c631e911b55d9a0bc9a2b02", kill_on_drop: false }`
[INFO] running `Command { std: "docker" "inspect" "bf51a6523107f248742d66d5ffc68794a543160f7c631e911b55d9a0bc9a2b02", kill_on_drop: false }`
[INFO] running `Command { std: "docker" "rm" "-f" "bf51a6523107f248742d66d5ffc68794a543160f7c631e911b55d9a0bc9a2b02", kill_on_drop: false }`
[INFO] [stdout] bf51a6523107f248742d66d5ffc68794a543160f7c631e911b55d9a0bc9a2b02
[INFO] running `Command { std: "docker" "create" "-v" "/var/lib/crater-agent-workspace/builds/worker-4-tc1/target:/opt/rustwide/target:rw,Z" "-v" "/var/lib/crater-agent-workspace/builds/worker-4-tc1/source:/opt/rustwide/workdir:ro,Z" "-v" "/var/lib/crater-agent-workspace/cargo-home:/opt/rustwide/cargo-home:ro,Z" "-v" "/var/lib/crater-agent-workspace/rustup-home:/opt/rustwide/rustup-home:ro,Z" "-e" "SOURCE_DIR=/opt/rustwide/workdir" "-e" "CARGO_TARGET_DIR=/opt/rustwide/target" "-e" "CARGO_INCREMENTAL=0" "-e" "RUST_BACKTRACE=full" "-e" "RUSTFLAGS=--cap-lints=forbid" "-e" "RUSTDOCFLAGS=--cap-lints=forbid" "-e" "CARGO_HOME=/opt/rustwide/cargo-home" "-e" "RUSTUP_HOME=/opt/rustwide/rustup-home" "-w" "/opt/rustwide/workdir" "-m" "1610612736" "--user" "0:0" "--network" "none" "ghcr.io/rust-lang/crates-build-env/linux@sha256:819108c5571ea2e421544af4d832f968d213c87fbe3707a016657f43d2f853bc" "/opt/rustwide/cargo-home/bin/cargo" "+nightly-2025-01-18" "build" "--frozen" "--message-format=json", kill_on_drop: false }`
[INFO] [stdout] 876efa62d470b20a9107ef03a4eb31ed1df0c3cc7d6c6de3b4c6a72db0a045aa
[INFO] running `Command { std: "docker" "start" "-a" "876efa62d470b20a9107ef03a4eb31ed1df0c3cc7d6c6de3b4c6a72db0a045aa", kill_on_drop: false }`
[INFO] [stderr]    Compiling smsolver v0.1.0 (/opt/rustwide/workdir)
[INFO] [stdout] warning: variable does not need to be mutable
[INFO] [stdout]    --> src/matrix.rs:490:13
[INFO] [stdout]     |
[INFO] [stdout] 490 |         let mut q = {
[INFO] [stdout]     |             ----^
[INFO] [stdout]     |             |
[INFO] [stdout]     |             help: remove this `mut`
[INFO] [stdout]     |
[INFO] [stdout]     = note: `#[warn(unused_mut)]` on by default
[INFO] [stdout] 
[INFO] [stdout] 
[INFO] [stdout] warning: variable does not need to be mutable
[INFO] [stdout]    --> src/matrix.rs:501:13
[INFO] [stdout]     |
[INFO] [stdout] 501 |         let mut r = self.clone();
[INFO] [stdout]     |             ----^
[INFO] [stdout]     |             |
[INFO] [stdout]     |             help: remove this `mut`
[INFO] [stdout] 
[INFO] [stdout] 
[INFO] [stdout] warning: unused variable: `x`
[INFO] [stdout]    --> src/matrix.rs:540:13
[INFO] [stdout]     |
[INFO] [stdout] 540 |         let x = r.inverse().mul::<M>(&q.transpose());
[INFO] [stdout]     |             ^ help: if this is intentional, prefix it with an underscore: `_x`
[INFO] [stdout]     |
[INFO] [stdout]     = note: `#[warn(unused_variables)]` on by default
[INFO] [stdout] 
[INFO] [stdout] 
[INFO] [stdout] warning: function cannot return without recursing
[INFO] [stdout]    --> src/matrix.rs:537:5
[INFO] [stdout]     |
[INFO] [stdout] 537 |     fn inverse(&self) -> Self {
[INFO] [stdout]     |     ^^^^^^^^^^^^^^^^^^^^^^^^^ cannot return without recursing
[INFO] [stdout] ...
[INFO] [stdout] 540 |         let x = r.inverse().mul::<M>(&q.transpose());
[INFO] [stdout]     |                 ----------- recursive call site
[INFO] [stdout]     |
[INFO] [stdout]     = help: a `loop` may express intention better if this is on purpose
[INFO] [stdout]     = note: `#[warn(unconditional_recursion)]` on by default
[INFO] [stdout] 
[INFO] [stdout] 
[INFO] [stdout] warning: variable does not need to be mutable
[INFO] [stdout]    --> src/matrix.rs:545:24
[INFO] [stdout]     |
[INFO] [stdout] 545 |     fn inverse_inplace(mut self) -> Self {
[INFO] [stdout]     |                        ----^^^^
[INFO] [stdout]     |                        |
[INFO] [stdout]     |                        help: remove this `mut`
[INFO] [stdout] 
[INFO] [stdout] 
[INFO] [stdout] warning: unused variable: `mat`
[INFO] [stdout]    --> src/system.rs:240:25
[INFO] [stdout]     |
[INFO] [stdout] 240 |     fn qr_factorization(mat: Matrix) -> (Matrix, Matrix) {
[INFO] [stdout]     |                         ^^^ help: if this is intentional, prefix it with an underscore: `_mat`
[INFO] [stdout] 
[INFO] [stdout] 
[INFO] [stdout] warning: unused variable: `q`
[INFO] [stdout]    --> src/system.rs:248:14
[INFO] [stdout]     |
[INFO] [stdout] 248 |         let (q, r) = System::qr_factorization(mat);
[INFO] [stdout]     |              ^ help: if this is intentional, prefix it with an underscore: `_q`
[INFO] [stdout] 
[INFO] [stdout] 
[INFO] [stdout] warning: unused variable: `r`
[INFO] [stdout]    --> src/system.rs:248:17
[INFO] [stdout]     |
[INFO] [stdout] 248 |         let (q, r) = System::qr_factorization(mat);
[INFO] [stdout]     |                 ^ help: if this is intentional, prefix it with an underscore: `_r`
[INFO] [stdout] 
[INFO] [stdout] 
[INFO] [stdout] warning: unused variable: `ncols`
[INFO] [stdout]    --> src/system.rs:257:13
[INFO] [stdout]     |
[INFO] [stdout] 257 |         let ncols = 2 * self.nodes.len();
[INFO] [stdout]     |             ^^^^^ help: if this is intentional, prefix it with an underscore: `_ncols`
[INFO] [stdout] 
[INFO] [stdout] 
[INFO] [stdout] warning: unused variable: `a`
[INFO] [stdout]    --> src/system.rs:259:13
[INFO] [stdout]     |
[INFO] [stdout] 259 |         let a = self.a_matrix();
[INFO] [stdout]     |             ^ help: if this is intentional, prefix it with an underscore: `_a`
[INFO] [stdout] 
[INFO] [stdout] 
[INFO] [stdout] warning: unused variable: `b`
[INFO] [stdout]    --> src/system.rs:260:13
[INFO] [stdout]     |
[INFO] [stdout] 260 |         let b = self.b_matrix()?;
[INFO] [stdout]     |             ^ help: if this is intentional, prefix it with an underscore: `_b`
[INFO] [stdout] 
[INFO] [stdout] 
[INFO] [stderr]     Finished `dev` profile [unoptimized + debuginfo] target(s) in 0.25s
[INFO] running `Command { std: "docker" "inspect" "876efa62d470b20a9107ef03a4eb31ed1df0c3cc7d6c6de3b4c6a72db0a045aa", kill_on_drop: false }`
[INFO] running `Command { std: "docker" "rm" "-f" "876efa62d470b20a9107ef03a4eb31ed1df0c3cc7d6c6de3b4c6a72db0a045aa", kill_on_drop: false }`
[INFO] [stdout] 876efa62d470b20a9107ef03a4eb31ed1df0c3cc7d6c6de3b4c6a72db0a045aa
[INFO] running `Command { std: "docker" "create" "-v" "/var/lib/crater-agent-workspace/builds/worker-4-tc1/target:/opt/rustwide/target:rw,Z" "-v" "/var/lib/crater-agent-workspace/builds/worker-4-tc1/source:/opt/rustwide/workdir:ro,Z" "-v" "/var/lib/crater-agent-workspace/cargo-home:/opt/rustwide/cargo-home:ro,Z" "-v" "/var/lib/crater-agent-workspace/rustup-home:/opt/rustwide/rustup-home:ro,Z" "-e" "SOURCE_DIR=/opt/rustwide/workdir" "-e" "CARGO_TARGET_DIR=/opt/rustwide/target" "-e" "CARGO_INCREMENTAL=0" "-e" "RUST_BACKTRACE=full" "-e" "RUSTFLAGS=--cap-lints=forbid" "-e" "RUSTDOCFLAGS=--cap-lints=forbid" "-e" "CARGO_HOME=/opt/rustwide/cargo-home" "-e" "RUSTUP_HOME=/opt/rustwide/rustup-home" "-w" "/opt/rustwide/workdir" "-m" "1610612736" "--user" "0:0" "--network" "none" "ghcr.io/rust-lang/crates-build-env/linux@sha256:819108c5571ea2e421544af4d832f968d213c87fbe3707a016657f43d2f853bc" "/opt/rustwide/cargo-home/bin/cargo" "+nightly-2025-01-18" "test" "--frozen" "--no-run" "--message-format=json", kill_on_drop: false }`
[INFO] [stdout] ca5579796e98adc23dd270ffefcf7fec0823936f1aaafac6e2d248d91cdd76f2
[INFO] running `Command { std: "docker" "start" "-a" "ca5579796e98adc23dd270ffefcf7fec0823936f1aaafac6e2d248d91cdd76f2", kill_on_drop: false }`
[INFO] [stderr]    Compiling proc-macro2 v1.0.78
[INFO] [stderr]    Compiling unicode-ident v1.0.12
[INFO] [stdout] warning: variable does not need to be mutable
[INFO] [stdout]    --> src/matrix.rs:490:13
[INFO] [stdout]     |
[INFO] [stdout] 490 |         let mut q = {
[INFO] [stdout]     |             ----^
[INFO] [stdout]     |             |
[INFO] [stdout]     |             help: remove this `mut`
[INFO] [stdout]     |
[INFO] [stdout]     = note: `#[warn(unused_mut)]` on by default
[INFO] [stdout] 
[INFO] [stdout] 
[INFO] [stderr]    Compiling thiserror v1.0.56
[INFO] [stdout] warning: variable does not need to be mutable
[INFO] [stdout]    --> src/matrix.rs:501:13
[INFO] [stdout]     |
[INFO] [stdout] 501 |         let mut r = self.clone();
[INFO] [stdout]     |             ----^
[INFO] [stdout]     |             |
[INFO] [stdout]     |             help: remove this `mut`
[INFO] [stdout] 
[INFO] [stdout] 
[INFO] [stdout] warning: unused variable: `x`
[INFO] [stdout]    --> src/matrix.rs:540:13
[INFO] [stdout]     |
[INFO] [stdout] 540 |         let x = r.inverse().mul::<M>(&q.transpose());
[INFO] [stdout]     |             ^ help: if this is intentional, prefix it with an underscore: `_x`
[INFO] [stdout]     |
[INFO] [stdout]     = note: `#[warn(unused_variables)]` on by default
[INFO] [stdout] 
[INFO] [stdout] 
[INFO] [stdout] warning: function cannot return without recursing
[INFO] [stdout]    --> src/matrix.rs:537:5
[INFO] [stdout]     |
[INFO] [stdout] 537 |     fn inverse(&self) -> Self {
[INFO] [stdout]     |     ^^^^^^^^^^^^^^^^^^^^^^^^^ cannot return without recursing
[INFO] [stdout] ...
[INFO] [stdout] 540 |         let x = r.inverse().mul::<M>(&q.transpose());
[INFO] [stdout]     |                 ----------- recursive call site
[INFO] [stdout]     |
[INFO] [stdout]     = help: a `loop` may express intention better if this is on purpose
[INFO] [stdout]     = note: `#[warn(unconditional_recursion)]` on by default
[INFO] [stdout] 
[INFO] [stdout] 
[INFO] [stdout] warning: variable does not need to be mutable
[INFO] [stdout]    --> src/matrix.rs:545:24
[INFO] [stdout]     |
[INFO] [stdout] 545 |     fn inverse_inplace(mut self) -> Self {
[INFO] [stdout]     |                        ----^^^^
[INFO] [stdout]     |                        |
[INFO] [stdout]     |                        help: remove this `mut`
[INFO] [stdout] 
[INFO] [stdout] 
[INFO] [stdout] warning: unused variable: `mat`
[INFO] [stdout]    --> src/system.rs:240:25
[INFO] [stdout]     |
[INFO] [stdout] 240 |     fn qr_factorization(mat: Matrix) -> (Matrix, Matrix) {
[INFO] [stdout]     |                         ^^^ help: if this is intentional, prefix it with an underscore: `_mat`
[INFO] [stdout] 
[INFO] [stdout] 
[INFO] [stdout] warning: unused variable: `q`
[INFO] [stdout]    --> src/system.rs:248:14
[INFO] [stdout]     |
[INFO] [stdout] 248 |         let (q, r) = System::qr_factorization(mat);
[INFO] [stdout]     |              ^ help: if this is intentional, prefix it with an underscore: `_q`
[INFO] [stdout] 
[INFO] [stdout] 
[INFO] [stdout] warning: unused variable: `r`
[INFO] [stdout]    --> src/system.rs:248:17
[INFO] [stdout]     |
[INFO] [stdout] 248 |         let (q, r) = System::qr_factorization(mat);
[INFO] [stdout]     |                 ^ help: if this is intentional, prefix it with an underscore: `_r`
[INFO] [stdout] 
[INFO] [stdout] 
[INFO] [stdout] warning: unused variable: `ncols`
[INFO] [stdout]    --> src/system.rs:257:13
[INFO] [stdout]     |
[INFO] [stdout] 257 |         let ncols = 2 * self.nodes.len();
[INFO] [stdout]     |             ^^^^^ help: if this is intentional, prefix it with an underscore: `_ncols`
[INFO] [stdout] 
[INFO] [stdout] 
[INFO] [stdout] warning: unused variable: `a`
[INFO] [stdout]    --> src/system.rs:259:13
[INFO] [stdout]     |
[INFO] [stdout] 259 |         let a = self.a_matrix();
[INFO] [stdout]     |             ^ help: if this is intentional, prefix it with an underscore: `_a`
[INFO] [stdout] 
[INFO] [stdout] 
[INFO] [stdout] warning: unused variable: `b`
[INFO] [stdout]    --> src/system.rs:260:13
[INFO] [stdout]     |
[INFO] [stdout] 260 |         let b = self.b_matrix()?;
[INFO] [stdout]     |             ^ help: if this is intentional, prefix it with an underscore: `_b`
[INFO] [stdout] 
[INFO] [stdout] 
[INFO] [stderr]    Compiling quote v1.0.35
[INFO] [stderr]    Compiling syn v2.0.48
[INFO] [stderr]    Compiling thiserror-impl v1.0.56
[INFO] [stderr]    Compiling smsolver v0.1.0 (/opt/rustwide/workdir)
[INFO] [stdout] warning: variable does not need to be mutable
[INFO] [stdout]    --> src/matrix.rs:490:13
[INFO] [stdout]     |
[INFO] [stdout] 490 |         let mut q = {
[INFO] [stdout]     |             ----^
[INFO] [stdout]     |             |
[INFO] [stdout]     |             help: remove this `mut`
[INFO] [stdout]     |
[INFO] [stdout]     = note: `#[warn(unused_mut)]` on by default
[INFO] [stdout] 
[INFO] [stdout] 
[INFO] [stdout] warning: variable does not need to be mutable
[INFO] [stdout]    --> src/matrix.rs:501:13
[INFO] [stdout]     |
[INFO] [stdout] 501 |         let mut r = self.clone();
[INFO] [stdout]     |             ----^
[INFO] [stdout]     |             |
[INFO] [stdout]     |             help: remove this `mut`
[INFO] [stdout] 
[INFO] [stdout] 
[INFO] [stdout] warning: unused variable: `x`
[INFO] [stdout]    --> src/matrix.rs:540:13
[INFO] [stdout]     |
[INFO] [stdout] 540 |         let x = r.inverse().mul::<M>(&q.transpose());
[INFO] [stdout]     |             ^ help: if this is intentional, prefix it with an underscore: `_x`
[INFO] [stdout]     |
[INFO] [stdout]     = note: `#[warn(unused_variables)]` on by default
[INFO] [stdout] 
[INFO] [stdout] 
[INFO] [stdout] warning: function cannot return without recursing
[INFO] [stdout]    --> src/matrix.rs:537:5
[INFO] [stdout]     |
[INFO] [stdout] 537 |     fn inverse(&self) -> Self {
[INFO] [stdout]     |     ^^^^^^^^^^^^^^^^^^^^^^^^^ cannot return without recursing
[INFO] [stdout] ...
[INFO] [stdout] 540 |         let x = r.inverse().mul::<M>(&q.transpose());
[INFO] [stdout]     |                 ----------- recursive call site
[INFO] [stdout]     |
[INFO] [stdout]     = help: a `loop` may express intention better if this is on purpose
[INFO] [stdout]     = note: `#[warn(unconditional_recursion)]` on by default
[INFO] [stdout] 
[INFO] [stdout] 
[INFO] [stdout] warning: variable does not need to be mutable
[INFO] [stdout]    --> src/matrix.rs:545:24
[INFO] [stdout]     |
[INFO] [stdout] 545 |     fn inverse_inplace(mut self) -> Self {
[INFO] [stdout]     |                        ----^^^^
[INFO] [stdout]     |                        |
[INFO] [stdout]     |                        help: remove this `mut`
[INFO] [stdout] 
[INFO] [stdout] 
[INFO] [stdout] warning: unused variable: `mat`
[INFO] [stdout]    --> src/system.rs:240:25
[INFO] [stdout]     |
[INFO] [stdout] 240 |     fn qr_factorization(mat: Matrix) -> (Matrix, Matrix) {
[INFO] [stdout]     |                         ^^^ help: if this is intentional, prefix it with an underscore: `_mat`
[INFO] [stdout] 
[INFO] [stdout] 
[INFO] [stdout] warning: unused variable: `q`
[INFO] [stdout]    --> src/system.rs:248:14
[INFO] [stdout]     |
[INFO] [stdout] 248 |         let (q, r) = System::qr_factorization(mat);
[INFO] [stdout]     |              ^ help: if this is intentional, prefix it with an underscore: `_q`
[INFO] [stdout] 
[INFO] [stdout] 
[INFO] [stdout] warning: unused variable: `r`
[INFO] [stdout]    --> src/system.rs:248:17
[INFO] [stdout]     |
[INFO] [stdout] 248 |         let (q, r) = System::qr_factorization(mat);
[INFO] [stdout]     |                 ^ help: if this is intentional, prefix it with an underscore: `_r`
[INFO] [stdout] 
[INFO] [stdout] 
[INFO] [stdout] warning: unused variable: `ncols`
[INFO] [stdout]    --> src/system.rs:257:13
[INFO] [stdout]     |
[INFO] [stdout] 257 |         let ncols = 2 * self.nodes.len();
[INFO] [stdout]     |             ^^^^^ help: if this is intentional, prefix it with an underscore: `_ncols`
[INFO] [stdout] 
[INFO] [stdout] 
[INFO] [stdout] warning: unused variable: `a`
[INFO] [stdout]    --> src/system.rs:259:13
[INFO] [stdout]     |
[INFO] [stdout] 259 |         let a = self.a_matrix();
[INFO] [stdout]     |             ^ help: if this is intentional, prefix it with an underscore: `_a`
[INFO] [stdout] 
[INFO] [stdout] 
[INFO] [stdout] warning: unused variable: `b`
[INFO] [stdout]    --> src/system.rs:260:13
[INFO] [stdout]     |
[INFO] [stdout] 260 |         let b = self.b_matrix()?;
[INFO] [stdout]     |             ^ help: if this is intentional, prefix it with an underscore: `_b`
[INFO] [stdout] 
[INFO] [stdout] 
[INFO] [stderr]     Finished `test` profile [unoptimized + debuginfo] target(s) in 6.26s
[INFO] running `Command { std: "docker" "inspect" "ca5579796e98adc23dd270ffefcf7fec0823936f1aaafac6e2d248d91cdd76f2", kill_on_drop: false }`
[INFO] running `Command { std: "docker" "rm" "-f" "ca5579796e98adc23dd270ffefcf7fec0823936f1aaafac6e2d248d91cdd76f2", kill_on_drop: false }`
[INFO] [stdout] ca5579796e98adc23dd270ffefcf7fec0823936f1aaafac6e2d248d91cdd76f2
[INFO] running `Command { std: "docker" "create" "-v" "/var/lib/crater-agent-workspace/builds/worker-4-tc1/target:/opt/rustwide/target:rw,Z" "-v" "/var/lib/crater-agent-workspace/builds/worker-4-tc1/source:/opt/rustwide/workdir:ro,Z" "-v" "/var/lib/crater-agent-workspace/cargo-home:/opt/rustwide/cargo-home:ro,Z" "-v" "/var/lib/crater-agent-workspace/rustup-home:/opt/rustwide/rustup-home:ro,Z" "-e" "SOURCE_DIR=/opt/rustwide/workdir" "-e" "CARGO_TARGET_DIR=/opt/rustwide/target" "-e" "CARGO_INCREMENTAL=0" "-e" "RUST_BACKTRACE=full" "-e" "RUSTFLAGS=--cap-lints=forbid" "-e" "RUSTDOCFLAGS=--cap-lints=forbid" "-e" "CARGO_HOME=/opt/rustwide/cargo-home" "-e" "RUSTUP_HOME=/opt/rustwide/rustup-home" "-w" "/opt/rustwide/workdir" "-m" "1610612736" "--user" "0:0" "--network" "none" "ghcr.io/rust-lang/crates-build-env/linux@sha256:819108c5571ea2e421544af4d832f968d213c87fbe3707a016657f43d2f853bc" "/opt/rustwide/cargo-home/bin/cargo" "+nightly-2025-01-18" "test" "--frozen", kill_on_drop: false }`
[INFO] [stdout] 8322b3747d0ad71c69ca51e97e75bb680aa5699fc12cdacbd1da163d9b4318e0
[INFO] running `Command { std: "docker" "start" "-a" "8322b3747d0ad71c69ca51e97e75bb680aa5699fc12cdacbd1da163d9b4318e0", kill_on_drop: false }`
[INFO] [stderr] warning: variable does not need to be mutable
[INFO] [stdout] 
[INFO] [stderr]    --> src/matrix.rs:490:13
[INFO] [stdout] running 6 tests
[INFO] [stderr]     |
[INFO] [stdout] test matrix::tests::can_index ... ok
[INFO] [stderr] 490 |         let mut q = {
[INFO] [stderr]     |             ----^
[INFO] [stderr]     |             |
[INFO] [stderr]     |             help: remove this `mut`
[INFO] [stderr]     |
[INFO] [stderr]     = note: `#[warn(unused_mut)]` on by default
[INFO] [stderr] 
[INFO] [stderr] warning: variable does not need to be mutable
[INFO] [stderr]    --> src/matrix.rs:501:13
[INFO] [stderr]     |
[INFO] [stderr] 501 |         let mut r = self.clone();
[INFO] [stderr]     |             ----^
[INFO] [stderr]     |             |
[INFO] [stderr]     |             help: remove this `mut`
[INFO] [stderr] 
[INFO] [stderr] warning: unused variable: `x`
[INFO] [stderr]    --> src/matrix.rs:540:13
[INFO] [stderr]     |
[INFO] [stderr] 540 |         let x = r.inverse().mul::<M>(&q.transpose());
[INFO] [stderr]     |             ^ help: if this is intentional, prefix it with an underscore: `_x`
[INFO] [stderr]     |
[INFO] [stderr]     = note: `#[warn(unused_variables)]` on by default
[INFO] [stderr] 
[INFO] [stderr] warning: function cannot return without recursing
[INFO] [stderr]    --> src/matrix.rs:537:5
[INFO] [stderr]     |
[INFO] [stderr] 537 |     fn inverse(&self) -> Self {
[INFO] [stderr]     |     ^^^^^^^^^^^^^^^^^^^^^^^^^ cannot return without recursing
[INFO] [stderr] ...
[INFO] [stderr] 540 |         let x = r.inverse().mul::<M>(&q.transpose());
[INFO] [stderr]     |                 ----------- recursive call site
[INFO] [stderr]     |
[INFO] [stderr]     = help: a `loop` may express intention better if this is on purpose
[INFO] [stderr]     = note: `#[warn(unconditional_recursion)]` on by default
[INFO] [stderr] 
[INFO] [stderr] warning: variable does not need to be mutable
[INFO] [stderr]    --> src/matrix.rs:545:24
[INFO] [stderr]     |
[INFO] [stderr] 545 |     fn inverse_inplace(mut self) -> Self {
[INFO] [stderr]     |                        ----^^^^
[INFO] [stderr]     |                        |
[INFO] [stderr]     |                        help: remove this `mut`
[INFO] [stderr] 
[INFO] [stderr] warning: unused variable: `mat`
[INFO] [stderr]    --> src/system.rs:240:25
[INFO] [stderr]     |
[INFO] [stderr] 240 |     fn qr_factorization(mat: Matrix) -> (Matrix, Matrix) {
[INFO] [stderr]     |                         ^^^ help: if this is intentional, prefix it with an underscore: `_mat`
[INFO] [stderr] 
[INFO] [stderr] warning: unused variable: `q`
[INFO] [stderr]    --> src/system.rs:248:14
[INFO] [stderr]     |
[INFO] [stderr] 248 |         let (q, r) = System::qr_factorization(mat);
[INFO] [stderr]     |              ^ help: if this is intentional, prefix it with an underscore: `_q`
[INFO] [stderr] 
[INFO] [stderr] warning: unused variable: `r`
[INFO] [stderr]    --> src/system.rs:248:17
[INFO] [stderr]     |
[INFO] [stderr] 248 |         let (q, r) = System::qr_factorization(mat);
[INFO] [stderr]     |                 ^ help: if this is intentional, prefix it with an underscore: `_r`
[INFO] [stderr] 
[INFO] [stderr] warning: unused variable: `ncols`
[INFO] [stderr]    --> src/system.rs:257:13
[INFO] [stderr]     |
[INFO] [stderr] 257 |         let ncols = 2 * self.nodes.len();
[INFO] [stderr]     |             ^^^^^ help: if this is intentional, prefix it with an underscore: `_ncols`
[INFO] [stderr] 
[INFO] [stderr] warning: unused variable: `a`
[INFO] [stderr]    --> src/system.rs:259:13
[INFO] [stderr]     |
[INFO] [stderr] 259 |         let a = self.a_matrix();
[INFO] [stderr]     |             ^ help: if this is intentional, prefix it with an underscore: `_a`
[INFO] [stderr] 
[INFO] [stderr] warning: unused variable: `b`
[INFO] [stderr]    --> src/system.rs:260:13
[INFO] [stderr]     |
[INFO] [stderr] 260 |         let b = self.b_matrix()?;
[INFO] [stderr]     |             ^ help: if this is intentional, prefix it with an underscore: `_b`
[INFO] [stderr] 
[INFO] [stderr] warning: `smsolver` (lib) generated 11 warnings (run `cargo fix --lib -p smsolver` to apply 3 suggestions)
[INFO] [stderr] warning: `smsolver` (lib test) generated 11 warnings (11 duplicates)
[INFO] [stderr]     Finished `test` profile [unoptimized + debuginfo] target(s) in 0.03s
[INFO] [stderr]      Running unittests src/lib.rs (/opt/rustwide/target/debug/deps/smsolver-c4f81f41ed9eb89c)
[INFO] [stdout] test matrix::tests::can_scale ... ok
[INFO] [stdout] test matrix::tests::can_mul ... ok
[INFO] [stdout] test system::tests::can_create_system ... ok
[INFO] [stdout] test matrix::tests::can_init ... ok
[INFO] [stdout] test matrix::tests::can_inverse ... FAILED
[INFO] [stdout] 
[INFO] [stdout] failures:
[INFO] [stdout] 
[INFO] [stdout] ---- matrix::tests::can_inverse stdout ----
[INFO] [stdout] [src/matrix.rs:691:9] &mat = Matrix<2, 2> [
[INFO] [stdout] 	[ 4  7 ]
[INFO] [stdout] 	[ 2  6 ]
[INFO] [stdout] ]
[INFO] [stdout] 
[INFO] [stdout] thread 'matrix::tests::can_inverse' panicked at src/matrix.rs:267:13:
[INFO] [stdout] IndexOutOfBounds: The index (0, 1) is out of bounds. The row and
[INFO] [stdout]                 column indicies must be less than 2 and 1 respectively.
[INFO] [stdout] stack backtrace:
[INFO] [stdout]    0:     0x5fb54df1108a - std::backtrace_rs::backtrace::libunwind::trace::hb059275cfc8d6126
[INFO] [stdout]                                at /rustc/6067b36314ab5eb2eb47cecc464545ba58e1ad24/library/std/src/../../backtrace/src/backtrace/libunwind.rs:116:5
[INFO] [stdout]    1:     0x5fb54df1108a - std::backtrace_rs::backtrace::trace_unsynchronized::h2da071e4327ce3ee
[INFO] [stdout]                                at /rustc/6067b36314ab5eb2eb47cecc464545ba58e1ad24/library/std/src/../../backtrace/src/backtrace/mod.rs:66:5
[INFO] [stdout]    2:     0x5fb54df1108a - std::sys::backtrace::_print_fmt::h842a1474e6f8d23f
[INFO] [stdout]                                at /rustc/6067b36314ab5eb2eb47cecc464545ba58e1ad24/library/std/src/sys/backtrace.rs:66:9
[INFO] [stdout]    3:     0x5fb54df1108a - <std::sys::backtrace::BacktraceLock::print::DisplayBacktrace as core::fmt::Display>::fmt::h71a62eb3b9696b12
[INFO] [stdout]                                at /rustc/6067b36314ab5eb2eb47cecc464545ba58e1ad24/library/std/src/sys/backtrace.rs:39:26
[INFO] [stdout]    4:     0x5fb54df39133 - core::fmt::rt::Argument::fmt::hdb6b616786b41dc1
[INFO] [stdout]                                at /rustc/6067b36314ab5eb2eb47cecc464545ba58e1ad24/library/core/src/fmt/rt.rs:177:76
[INFO] [stdout]    5:     0x5fb54df39133 - core::fmt::write::h2cc1698af7e2d686
[INFO] [stdout]                                at /rustc/6067b36314ab5eb2eb47cecc464545ba58e1ad24/library/core/src/fmt/mod.rs:1440:21
[INFO] [stdout]    6:     0x5fb54df0dbe3 - std::io::Write::write_fmt::hab1b4cd059a79022
[INFO] [stdout]                                at /rustc/6067b36314ab5eb2eb47cecc464545ba58e1ad24/library/std/src/io/mod.rs:1887:15
[INFO] [stdout]    7:     0x5fb54df10ed2 - std::sys::backtrace::BacktraceLock::print::h147fe35b4ea13b08
[INFO] [stdout]                                at /rustc/6067b36314ab5eb2eb47cecc464545ba58e1ad24/library/std/src/sys/backtrace.rs:42:9
[INFO] [stdout]    8:     0x5fb54df124af - std::panicking::default_hook::{{closure}}::hbd44223dbdc0d208
[INFO] [stdout]                                at /rustc/6067b36314ab5eb2eb47cecc464545ba58e1ad24/library/std/src/panicking.rs:298:22
[INFO] [stdout]    9:     0x5fb54df122c8 - std::panicking::default_hook::h20f81eb0576efcec
[INFO] [stdout]                                at /rustc/6067b36314ab5eb2eb47cecc464545ba58e1ad24/library/std/src/panicking.rs:322:9
[INFO] [stdout]   10:     0x5fb54dedb013 - <alloc::boxed::Box<F,A> as core::ops::function::Fn<Args>>::call::hdb53814c496a4d34
[INFO] [stdout]                                at /rustc/6067b36314ab5eb2eb47cecc464545ba58e1ad24/library/alloc/src/boxed.rs:2027:9
[INFO] [stdout]   11:     0x5fb54dedb013 - test::test_main::{{closure}}::hc0a4963c59427c24
[INFO] [stdout]                                at /rustc/6067b36314ab5eb2eb47cecc464545ba58e1ad24/library/test/src/lib.rs:134:21
[INFO] [stdout]   12:     0x5fb54df12fa3 - <alloc::boxed::Box<F,A> as core::ops::function::Fn<Args>>::call::h591b2225413a77e9
[INFO] [stdout]                                at /rustc/6067b36314ab5eb2eb47cecc464545ba58e1ad24/library/alloc/src/boxed.rs:2027:9
[INFO] [stdout]   13:     0x5fb54df12fa3 - std::panicking::rust_panic_with_hook::h625eea43051b2edc
[INFO] [stdout]                                at /rustc/6067b36314ab5eb2eb47cecc464545ba58e1ad24/library/std/src/panicking.rs:839:13
[INFO] [stdout]   14:     0x5fb54df12c5a - std::panicking::begin_panic_handler::{{closure}}::h4f9159cfbc3f6bd3
[INFO] [stdout]                                at /rustc/6067b36314ab5eb2eb47cecc464545ba58e1ad24/library/std/src/panicking.rs:704:13
[INFO] [stdout]   15:     0x5fb54df11589 - std::sys::backtrace::__rust_end_short_backtrace::h0390abce48353151
[INFO] [stdout]                                at /rustc/6067b36314ab5eb2eb47cecc464545ba58e1ad24/library/std/src/sys/backtrace.rs:168:18
[INFO] [stdout]   16:     0x5fb54df128ed - rust_begin_unwind
[INFO] [stdout]                                at /rustc/6067b36314ab5eb2eb47cecc464545ba58e1ad24/library/std/src/panicking.rs:695:5
[INFO] [stdout]   17:     0x5fb54df370e0 - core::panicking::panic_fmt::h9e7c637e9e5f29c9
[INFO] [stdout]                                at /rustc/6067b36314ab5eb2eb47cecc464545ba58e1ad24/library/core/src/panicking.rs:75:14
[INFO] [stdout]   18:     0x5fb54de900c4 - smsolver::matrix::Matrix<_,_>::index_mut::h17867a2f6cb01cc4
[INFO] [stdout]                                at /opt/rustwide/workdir/src/matrix.rs:267:13
[INFO] [stdout]   19:     0x5fb54de93159 - smsolver::matrix::Matrix<_,_>::qr_factorization::h3f6071c2fa41217d
[INFO] [stdout]                                at /opt/rustwide/workdir/src/matrix.rs:511:14
[INFO] [stdout]   20:     0x5fb54de938ce - smsolver::matrix::Matrix<_,_>::inverse::h419535f8352f5313
[INFO] [stdout]                                at /opt/rustwide/workdir/src/matrix.rs:538:22
[INFO] [stdout]   21:     0x5fb54de95e12 - smsolver::matrix::tests::can_inverse::h84444470eba6b0a2
[INFO] [stdout]                                at /opt/rustwide/workdir/src/matrix.rs:692:15
[INFO] [stdout]   22:     0x5fb54de95c07 - smsolver::matrix::tests::can_inverse::{{closure}}::h0d0f04e90254e7af
[INFO] [stdout]                                at /opt/rustwide/workdir/src/matrix.rs:689:21
[INFO] [stdout]   23:     0x5fb54de9a496 - core::ops::function::FnOnce::call_once::h98079f76dc0d8256
[INFO] [stdout]                                at /rustc/6067b36314ab5eb2eb47cecc464545ba58e1ad24/library/core/src/ops/function.rs:250:5
[INFO] [stdout]   24:     0x5fb54dee076b - core::ops::function::FnOnce::call_once::he27718dfdd183f43
[INFO] [stdout]                                at /rustc/6067b36314ab5eb2eb47cecc464545ba58e1ad24/library/core/src/ops/function.rs:250:5
[INFO] [stdout]   25:     0x5fb54dee076b - test::__rust_begin_short_backtrace::h4e84902998457a5d
[INFO] [stdout]                                at /rustc/6067b36314ab5eb2eb47cecc464545ba58e1ad24/library/test/src/lib.rs:632:18
[INFO] [stdout]   26:     0x5fb54dedf6a3 - test::run_test_in_process::{{closure}}::h7176fd18fc1feca0
[INFO] [stdout]                                at /rustc/6067b36314ab5eb2eb47cecc464545ba58e1ad24/library/test/src/lib.rs:655:60
[INFO] [stdout]   27:     0x5fb54dedf6a3 - <core::panic::unwind_safe::AssertUnwindSafe<F> as core::ops::function::FnOnce<()>>::call_once::hf79cff2a624d8cf7
[INFO] [stdout]                                at /rustc/6067b36314ab5eb2eb47cecc464545ba58e1ad24/library/core/src/panic/unwind_safe.rs:272:9
[INFO] [stdout]   28:     0x5fb54dedf6a3 - std::panicking::try::do_call::h3da0561d9ab99c25
[INFO] [stdout]                                at /rustc/6067b36314ab5eb2eb47cecc464545ba58e1ad24/library/std/src/panicking.rs:587:40
[INFO] [stdout]   29:     0x5fb54dedf6a3 - std::panicking::try::h41c9fa508bc61df6
[INFO] [stdout]                                at /rustc/6067b36314ab5eb2eb47cecc464545ba58e1ad24/library/std/src/panicking.rs:550:19
[INFO] [stdout]   30:     0x5fb54dedf6a3 - std::panic::catch_unwind::h6b3ff07bb5afad93
[INFO] [stdout]                                at /rustc/6067b36314ab5eb2eb47cecc464545ba58e1ad24/library/std/src/panic.rs:358:14
[INFO] [stdout]   31:     0x5fb54dedf6a3 - test::run_test_in_process::hc7253dd11b39b9f4
[INFO] [stdout]                                at /rustc/6067b36314ab5eb2eb47cecc464545ba58e1ad24/library/test/src/lib.rs:655:27
[INFO] [stdout]   32:     0x5fb54dedf6a3 - test::run_test::{{closure}}::hfb2007f8649c30bb
[INFO] [stdout]                                at /rustc/6067b36314ab5eb2eb47cecc464545ba58e1ad24/library/test/src/lib.rs:576:43
[INFO] [stdout]   33:     0x5fb54dea2785 - test::run_test::{{closure}}::h56a17aa7a282a9f4
[INFO] [stdout]                                at /rustc/6067b36314ab5eb2eb47cecc464545ba58e1ad24/library/test/src/lib.rs:606:41
[INFO] [stdout]   34:     0x5fb54dea2785 - std::sys::backtrace::__rust_begin_short_backtrace::hd2d2d2fb8e8c6aac
[INFO] [stdout]                                at /rustc/6067b36314ab5eb2eb47cecc464545ba58e1ad24/library/std/src/sys/backtrace.rs:152:18
[INFO] [stdout]   35:     0x5fb54dea606a - std::thread::Builder::spawn_unchecked_::{{closure}}::{{closure}}::h4faa3f9db6133423
[INFO] [stdout]                                at /rustc/6067b36314ab5eb2eb47cecc464545ba58e1ad24/library/std/src/thread/mod.rs:559:17
[INFO] [stdout]   36:     0x5fb54dea606a - <core::panic::unwind_safe::AssertUnwindSafe<F> as core::ops::function::FnOnce<()>>::call_once::hf2e855a36a4ea846
[INFO] [stdout]                                at /rustc/6067b36314ab5eb2eb47cecc464545ba58e1ad24/library/core/src/panic/unwind_safe.rs:272:9
[INFO] [stdout]   37:     0x5fb54dea606a - std::panicking::try::do_call::h2f73af3616c35465
[INFO] [stdout]                                at /rustc/6067b36314ab5eb2eb47cecc464545ba58e1ad24/library/std/src/panicking.rs:587:40
[INFO] [stdout]   38:     0x5fb54dea606a - std::panicking::try::hd1660ce9efadef5a
[INFO] [stdout]                                at /rustc/6067b36314ab5eb2eb47cecc464545ba58e1ad24/library/std/src/panicking.rs:550:19
[INFO] [stdout]   39:     0x5fb54dea606a - std::panic::catch_unwind::h5ee8d7823b8ca744
[INFO] [stdout]                                at /rustc/6067b36314ab5eb2eb47cecc464545ba58e1ad24/library/std/src/panic.rs:358:14
[INFO] [stdout]   40:     0x5fb54dea606a - std::thread::Builder::spawn_unchecked_::{{closure}}::h53c3a1894dce8407
[INFO] [stdout]                                at /rustc/6067b36314ab5eb2eb47cecc464545ba58e1ad24/library/std/src/thread/mod.rs:557:30
[INFO] [stdout]   41:     0x5fb54dea606a - core::ops::function::FnOnce::call_once{{vtable.shim}}::h048ce291ad4f62bf
[INFO] [stdout]                                at /rustc/6067b36314ab5eb2eb47cecc464545ba58e1ad24/library/core/src/ops/function.rs:250:5
[INFO] [stdout]   42:     0x5fb54df16edb - <alloc::boxed::Box<F,A> as core::ops::function::FnOnce<Args>>::call_once::ha52bedf99a3b4981
[INFO] [stdout]                                at /rustc/6067b36314ab5eb2eb47cecc464545ba58e1ad24/library/alloc/src/boxed.rs:2013:9
[INFO] [stdout]   43:     0x5fb54df16edb - <alloc::boxed::Box<F,A> as core::ops::function::FnOnce<Args>>::call_once::h567748934d80ccf8
[INFO] [stdout]                                at /rustc/6067b36314ab5eb2eb47cecc464545ba58e1ad24/library/alloc/src/boxed.rs:2013:9
[INFO] [stdout]   44:     0x5fb54df16edb - std::sys::pal::unix::thread::Thread::new::thread_start::h2d970728ae887adc
[INFO] [stdout]                                at /rustc/6067b36314ab5eb2eb47cecc464545ba58e1ad24/library/std/src/sys/pal/unix/thread.rs:106:17
[INFO] [stdout]   45:     0x7a0428609ac3 - <unknown>
[INFO] [stdout]   46:     0x7a042869aa04 - clone
[INFO] [stdout]   47:                0x0 - <unknown>
[INFO] [stdout] 
[INFO] [stdout] 
[INFO] [stdout] failures:
[INFO] [stdout]     matrix::tests::can_inverse
[INFO] [stdout] 
[INFO] [stdout] test result: FAILED. 5 passed; 1 failed; 0 ignored; 0 measured; 0 filtered out; finished in 0.03s
[INFO] [stdout] 
[INFO] [stderr] error: test failed, to rerun pass `--lib`
[INFO] running `Command { std: "docker" "inspect" "8322b3747d0ad71c69ca51e97e75bb680aa5699fc12cdacbd1da163d9b4318e0", kill_on_drop: false }`
[INFO] running `Command { std: "docker" "rm" "-f" "8322b3747d0ad71c69ca51e97e75bb680aa5699fc12cdacbd1da163d9b4318e0", kill_on_drop: false }`
[INFO] [stdout] 8322b3747d0ad71c69ca51e97e75bb680aa5699fc12cdacbd1da163d9b4318e0
