[INFO] cloning repository https://github.com/arnohaase/rust-huge-table
[INFO] running `Command { std: "git" "-c" "credential.helper=" "-c" "credential.helper=/workspace/cargo-home/bin/git-credential-null" "clone" "--bare" "https://github.com/arnohaase/rust-huge-table" "/workspace/cache/git-repos/https%3A%2F%2Fgithub.com%2Farnohaase%2Frust-huge-table", kill_on_drop: false }`
[INFO] [stderr] Cloning into bare repository '/workspace/cache/git-repos/https%3A%2F%2Fgithub.com%2Farnohaase%2Frust-huge-table'...
[INFO] running `Command { std: "git" "rev-parse" "HEAD", kill_on_drop: false }`
[INFO] [stdout] cdc1cd07ef54c042817fd476670519f49e18a286
[INFO] testing arnohaase/rust-huge-table against nightly-2025-01-18+rustflags=-Zrandomize-layout for randomize-layout-2
[INFO] running `Command { std: "git" "clone" "/workspace/cache/git-repos/https%3A%2F%2Fgithub.com%2Farnohaase%2Frust-huge-table" "/workspace/builds/worker-5-tc2/source", kill_on_drop: false }`
[INFO] [stderr] Cloning into '/workspace/builds/worker-5-tc2/source'...
[INFO] [stderr] done.
[INFO] validating manifest of git repo https://github.com/arnohaase/rust-huge-table on toolchain nightly-2025-01-18
[INFO] running `Command { std: CARGO_HOME="/workspace/cargo-home" RUSTUP_HOME="/workspace/rustup-home" "/workspace/cargo-home/bin/cargo" "+nightly-2025-01-18" "metadata" "--manifest-path" "Cargo.toml" "--no-deps", kill_on_drop: false }`
[INFO] started tweaking git repo https://github.com/arnohaase/rust-huge-table
[INFO] finished tweaking git repo https://github.com/arnohaase/rust-huge-table
[INFO] tweaked toml for git repo https://github.com/arnohaase/rust-huge-table written to /workspace/builds/worker-5-tc2/source/Cargo.toml
[INFO] crate git repo https://github.com/arnohaase/rust-huge-table already has a lockfile, it will not be regenerated
[INFO] running `Command { std: CARGO_HOME="/workspace/cargo-home" RUSTUP_HOME="/workspace/rustup-home" "/workspace/cargo-home/bin/cargo" "+nightly-2025-01-18" "fetch" "--manifest-path" "Cargo.toml", kill_on_drop: false }`
[INFO] running `Command { std: "docker" "create" "-v" "/var/lib/crater-agent-workspace/builds/worker-5-tc2/target:/opt/rustwide/target:rw,Z" "-v" "/var/lib/crater-agent-workspace/builds/worker-5-tc2/source:/opt/rustwide/workdir:ro,Z" "-v" "/var/lib/crater-agent-workspace/cargo-home:/opt/rustwide/cargo-home:ro,Z" "-v" "/var/lib/crater-agent-workspace/rustup-home:/opt/rustwide/rustup-home:ro,Z" "-e" "SOURCE_DIR=/opt/rustwide/workdir" "-e" "CARGO_TARGET_DIR=/opt/rustwide/target" "-e" "CARGO_HOME=/opt/rustwide/cargo-home" "-e" "RUSTUP_HOME=/opt/rustwide/rustup-home" "-w" "/opt/rustwide/workdir" "-m" "1610612736" "--user" "0:0" "--network" "none" "ghcr.io/rust-lang/crates-build-env/linux@sha256:819108c5571ea2e421544af4d832f968d213c87fbe3707a016657f43d2f853bc" "/opt/rustwide/cargo-home/bin/cargo" "+nightly-2025-01-18" "metadata" "--no-deps" "--format-version=1", kill_on_drop: false }`
[INFO] [stdout] b385502086ded16a2dd3bf2c4beb09934d3c8f33acf93f30e4ad7230efe3f7d3
[INFO] running `Command { std: "docker" "start" "-a" "b385502086ded16a2dd3bf2c4beb09934d3c8f33acf93f30e4ad7230efe3f7d3", kill_on_drop: false }`
[INFO] running `Command { std: "docker" "inspect" "b385502086ded16a2dd3bf2c4beb09934d3c8f33acf93f30e4ad7230efe3f7d3", kill_on_drop: false }`
[INFO] running `Command { std: "docker" "rm" "-f" "b385502086ded16a2dd3bf2c4beb09934d3c8f33acf93f30e4ad7230efe3f7d3", kill_on_drop: false }`
[INFO] [stdout] b385502086ded16a2dd3bf2c4beb09934d3c8f33acf93f30e4ad7230efe3f7d3
[INFO] running `Command { std: "docker" "create" "-v" "/var/lib/crater-agent-workspace/builds/worker-5-tc2/target:/opt/rustwide/target:rw,Z" "-v" "/var/lib/crater-agent-workspace/builds/worker-5-tc2/source:/opt/rustwide/workdir:ro,Z" "-v" "/var/lib/crater-agent-workspace/cargo-home:/opt/rustwide/cargo-home:ro,Z" "-v" "/var/lib/crater-agent-workspace/rustup-home:/opt/rustwide/rustup-home:ro,Z" "-e" "SOURCE_DIR=/opt/rustwide/workdir" "-e" "CARGO_TARGET_DIR=/opt/rustwide/target" "-e" "CARGO_INCREMENTAL=0" "-e" "RUST_BACKTRACE=full" "-e" "RUSTFLAGS=--cap-lints=forbid -Zrandomize-layout" "-e" "RUSTDOCFLAGS=--cap-lints=forbid" "-e" "CARGO_HOME=/opt/rustwide/cargo-home" "-e" "RUSTUP_HOME=/opt/rustwide/rustup-home" "-w" "/opt/rustwide/workdir" "-m" "1610612736" "--user" "0:0" "--network" "none" "ghcr.io/rust-lang/crates-build-env/linux@sha256:819108c5571ea2e421544af4d832f968d213c87fbe3707a016657f43d2f853bc" "/opt/rustwide/cargo-home/bin/cargo" "+nightly-2025-01-18" "build" "--frozen" "--message-format=json", kill_on_drop: false }`
[INFO] [stdout] 54368db64bfee9bfa01e9dbb2fc2267bf2b50673307a9783bdc06e4d44579404
[INFO] running `Command { std: "docker" "start" "-a" "54368db64bfee9bfa01e9dbb2fc2267bf2b50673307a9783bdc06e4d44579404", kill_on_drop: false }`
[INFO] [stderr]    Compiling libc v0.2.69
[INFO] [stderr]    Compiling cfg-if v0.1.10
[INFO] [stderr]    Compiling getrandom v0.1.14
[INFO] [stderr]    Compiling memchr v2.3.3
[INFO] [stderr]    Compiling gcc v0.3.55
[INFO] [stderr]    Compiling autocfg v1.0.0
[INFO] [stderr]    Compiling lazy_static v1.4.0
[INFO] [stderr]    Compiling log v0.4.8
[INFO] [stderr]    Compiling ppv-lite86 v0.2.6
[INFO] [stderr]    Compiling regex-syntax v0.6.17
[INFO] [stderr]    Compiling quick-error v1.2.3
[INFO] [stderr]    Compiling termcolor v1.1.0
[INFO] [stderr]    Compiling seahash v3.0.7
[INFO] [stderr]    Compiling thread_local v1.0.1
[INFO] [stderr]    Compiling humantime v1.3.0
[INFO] [stderr]    Compiling num-traits v0.2.11
[INFO] [stderr]    Compiling fasthash-sys v0.3.2
[INFO] [stderr]    Compiling aho-corasick v0.7.10
[INFO] [stderr]    Compiling rand v0.4.6
[INFO] [stderr]    Compiling atty v0.2.14
[INFO] [stderr]    Compiling memmap v0.7.0
[INFO] [stderr]    Compiling rand_core v0.5.1
[INFO] [stderr]    Compiling rand_chacha v0.2.2
[INFO] [stderr]    Compiling rand v0.7.3
[INFO] [stderr]    Compiling xoroshiro128 v0.3.0
[INFO] [stderr]    Compiling uuid v0.8.1
[INFO] [stderr]    Compiling regex v1.3.7
[INFO] [stderr]    Compiling env_logger v0.7.1
[INFO] [stderr]    Compiling fasthash v0.4.0
[INFO] [stderr]    Compiling rust-huge-table v0.1.0 (/opt/rustwide/workdir)
[INFO] [stdout] warning: field `0` is never read
[INFO] [stdout]  --> src/prelude.rs:7:8
[INFO] [stdout]   |
[INFO] [stdout] 7 |     Io(std::io::Error),
[INFO] [stdout]   |     -- ^^^^^^^^^^^^^^
[INFO] [stdout]   |     |
[INFO] [stdout]   |     field in this variant
[INFO] [stdout]   |
[INFO] [stdout]   = note: `HtError` has a derived impl for the trait `Debug`, but this is intentionally ignored during dead code analysis
[INFO] [stdout]   = note: `#[warn(dead_code)]` on by default
[INFO] [stdout] help: consider changing the field to be of unit type to suppress this warning while preserving the field numbering, or remove the field
[INFO] [stdout]   |
[INFO] [stdout] 7 |     Io(()),
[INFO] [stdout]   |        ~~
[INFO] [stdout] 
[INFO] [stdout] 
[INFO] [stdout] warning: field `0` is never read
[INFO] [stdout]  --> src/prelude.rs:8:10
[INFO] [stdout]   |
[INFO] [stdout] 8 |     Misc(String),
[INFO] [stdout]   |     ---- ^^^^^^
[INFO] [stdout]   |     |
[INFO] [stdout]   |     field in this variant
[INFO] [stdout]   |
[INFO] [stdout]   = note: `HtError` has a derived impl for the trait `Debug`, but this is intentionally ignored during dead code analysis
[INFO] [stdout] help: consider changing the field to be of unit type to suppress this warning while preserving the field numbering, or remove the field
[INFO] [stdout]   |
[INFO] [stdout] 8 |     Misc(()),
[INFO] [stdout]   |          ~~
[INFO] [stdout] 
[INFO] [stdout] 
[INFO] [stdout] warning: struct `TableConfig` is never constructed
[INFO] [stdout]  --> src/config.rs:4:12
[INFO] [stdout]   |
[INFO] [stdout] 4 | pub struct TableConfig {
[INFO] [stdout]   |            ^^^^^^^^^^^
[INFO] [stdout] 
[INFO] [stdout] 
[INFO] [stdout] warning: method `new_file` is never used
[INFO] [stdout]  --> src/config.rs:9:12
[INFO] [stdout]   |
[INFO] [stdout] 8 | impl TableConfig {
[INFO] [stdout]   | ---------------- method in this implementation
[INFO] [stdout] 9 |     pub fn new_file(&self, name_base: &str, extension: &str, writeable: bool) -> std::io::Result<File> {
[INFO] [stdout]   |            ^^^^^^^^
[INFO] [stdout] 
[INFO] [stdout] 
[INFO] [stdout] warning: struct `MemTable` is never constructed
[INFO] [stdout]  --> src/memtable.rs:7:12
[INFO] [stdout]   |
[INFO] [stdout] 7 | pub struct MemTable {
[INFO] [stdout]   |            ^^^^^^^^
[INFO] [stdout] 
[INFO] [stdout] 
[INFO] [stdout] warning: associated items `new`, `add`, and `get` are never used
[INFO] [stdout]   --> src/memtable.rs:15:12
[INFO] [stdout]    |
[INFO] [stdout] 14 | impl MemTable {
[INFO] [stdout]    | ------------- associated items in this implementation
[INFO] [stdout] 15 |     pub fn new(config: &Arc<TableConfig>, schema: &Arc<TableSchema>) -> MemTable {
[INFO] [stdout]    |            ^^^
[INFO] [stdout] ...
[INFO] [stdout] 24 |     pub fn add(&mut self, row: DetachedRowData) {
[INFO] [stdout]    |            ^^^
[INFO] [stdout] ...
[INFO] [stdout] 37 |     pub fn get(&self, pk_data: &DetachedRowData) -> Option<&DetachedRowData> {
[INFO] [stdout]    |            ^^^
[INFO] [stdout] 
[INFO] [stdout] 
[INFO] [stdout] warning: method `encode` is never used
[INFO] [stdout]  --> src/primitives.rs:8:8
[INFO] [stdout]   |
[INFO] [stdout] 7 | pub trait Encode<T> {
[INFO] [stdout]   |           ------ method in this trait
[INFO] [stdout] 8 |     fn encode(&mut self, value: T) -> std::io::Result<()>;
[INFO] [stdout]   |        ^^^^^^
[INFO] [stdout] 
[INFO] [stdout] 
[INFO] [stdout] warning: multiple methods are never used
[INFO] [stdout]   --> src/primitives.rs:18:8
[INFO] [stdout]    |
[INFO] [stdout] 15 | pub trait EncodePrimitives {
[INFO] [stdout]    |           ---------------- methods in this trait
[INFO] [stdout] ...
[INFO] [stdout] 18 |     fn encode_varint_u64(&mut self, value: u64) -> std::io::Result<()>;
[INFO] [stdout]    |        ^^^^^^^^^^^^^^^^^
[INFO] [stdout] ...
[INFO] [stdout] 22 |     fn encode_varint_i64(&mut self, value: i64) -> std::io::Result<()> {
[INFO] [stdout]    |        ^^^^^^^^^^^^^^^^^
[INFO] [stdout] ...
[INFO] [stdout] 30 |     fn encode_varint_i32(&mut self, value: i32) -> std::io::Result<()> {
[INFO] [stdout]    |        ^^^^^^^^^^^^^^^^^
[INFO] [stdout] ...
[INFO] [stdout] 40 |     fn encode_fixed_f64(&mut self, value: f64) -> std::io::Result<()>;
[INFO] [stdout]    |        ^^^^^^^^^^^^^^^^
[INFO] [stdout] 41 |     fn encode_fixed_u32(&mut self, value: u32) -> std::io::Result<()>;
[INFO] [stdout] 42 |     fn encode_fixed_f32(&mut self, value: f32) -> std::io::Result<()>;
[INFO] [stdout]    |        ^^^^^^^^^^^^^^^^
[INFO] [stdout] 43 |
[INFO] [stdout] 44 |     fn encode_bool(&mut self, value: bool) -> std::io::Result<()>;
[INFO] [stdout]    |        ^^^^^^^^^^^
[INFO] [stdout] 45 |     fn encode_utf8(&mut self, value: &str) -> std::io::Result<()>;
[INFO] [stdout]    |        ^^^^^^^^^^^
[INFO] [stdout] 
[INFO] [stdout] 
[INFO] [stdout] warning: methods `decode_fixed_f64` and `decode_fixed_f32` are never used
[INFO] [stdout]    --> src/primitives.rs:136:8
[INFO] [stdout]     |
[INFO] [stdout] 108 | pub trait DecodePrimitives {
[INFO] [stdout]     |           ---------------- methods in this trait
[INFO] [stdout] ...
[INFO] [stdout] 136 |     fn decode_fixed_f64(&self, offs: &mut usize) -> f64;
[INFO] [stdout]     |        ^^^^^^^^^^^^^^^^
[INFO] [stdout] 137 |     fn decode_fixed_u32(&self, offs: &mut usize) -> u32;
[INFO] [stdout] 138 |     fn decode_fixed_f32(&self, offs: &mut usize) -> f32;
[INFO] [stdout]     |        ^^^^^^^^^^^^^^^^
[INFO] [stdout] 
[INFO] [stdout] 
[INFO] [stdout] warning: struct `SsTable` is never constructed
[INFO] [stdout]   --> src/sstable.rs:14:8
[INFO] [stdout]    |
[INFO] [stdout] 14 | struct SsTable {
[INFO] [stdout]    |        ^^^^^^^
[INFO] [stdout] 
[INFO] [stdout] 
[INFO] [stdout] warning: associated items `create`, `open`, `find_by_full_pk`, `index_slice`, and `data_at` are never used
[INFO] [stdout]   --> src/sstable.rs:22:12
[INFO] [stdout]    |
[INFO] [stdout] 21 | impl SsTable {
[INFO] [stdout]    | ------------ associated items in this implementation
[INFO] [stdout] 22 |     pub fn create<'a, RI>(config: &Arc<TableConfig>,
[INFO] [stdout]    |            ^^^^^^
[INFO] [stdout] ...
[INFO] [stdout] 48 |     pub fn open(config: &Arc<TableConfig>, schema: &Arc<TableSchema>, name_base: &str) -> HtResult<SsTable> {
[INFO] [stdout]    |            ^^^^
[INFO] [stdout] ...
[INFO] [stdout] 57 |     pub fn find_by_full_pk(&self, pks: &RowData<'_>) -> HtResult<Option<RowData>> {
[INFO] [stdout]    |            ^^^^^^^^^^^^^^^
[INFO] [stdout] ...
[INFO] [stdout] 81 |     fn index_slice(&self) -> &[u64] {
[INFO] [stdout]    |        ^^^^^^^^^^^
[INFO] [stdout] ...
[INFO] [stdout] 87 |     fn data_at(&self, offs: u64) -> HtResult<RowData> {
[INFO] [stdout]    |        ^^^^^^^
[INFO] [stdout] 
[INFO] [stdout] 
[INFO] [stdout] warning: variants `Boolean`, `Int`, `BigInt`, and `Text` are never constructed
[INFO] [stdout]   --> src/table.rs:32:5
[INFO] [stdout]    |
[INFO] [stdout] 31 | pub enum ColumnType {
[INFO] [stdout]    |          ---------- variants in this enum
[INFO] [stdout] 32 |     Boolean,
[INFO] [stdout]    |     ^^^^^^^
[INFO] [stdout] 33 |     Int,
[INFO] [stdout]    |     ^^^
[INFO] [stdout] 34 |     BigInt,
[INFO] [stdout]    |     ^^^^^^
[INFO] [stdout] 35 |     Text,
[INFO] [stdout]    |     ^^^^
[INFO] [stdout]    |
[INFO] [stdout]    = note: `ColumnType` has derived impls for the traits `Debug` and `Clone`, but these are intentionally ignored during dead code analysis
[INFO] [stdout] 
[INFO] [stdout] 
[INFO] [stdout] warning: method `is_primary_key` is never used
[INFO] [stdout]   --> src/table.rs:47:8
[INFO] [stdout]    |
[INFO] [stdout] 46 | impl ColumnSchema {
[INFO] [stdout]    | ----------------- method in this implementation
[INFO] [stdout] 47 |     fn is_primary_key(&self) -> bool {
[INFO] [stdout]    |        ^^^^^^^^^^^^^^
[INFO] [stdout] 
[INFO] [stdout] 
[INFO] [stdout] warning: variants `PartitionKey`, `ClusterKey`, and `Regular` are never constructed
[INFO] [stdout]   --> src/table.rs:58:5
[INFO] [stdout]    |
[INFO] [stdout] 57 | pub enum PrimaryKeySpec {
[INFO] [stdout]    |          -------------- variants in this enum
[INFO] [stdout] 58 |     PartitionKey,
[INFO] [stdout]    |     ^^^^^^^^^^^^
[INFO] [stdout] 59 |     ClusterKey(bool),
[INFO] [stdout]    |     ^^^^^^^^^^
[INFO] [stdout] 60 |     Regular,
[INFO] [stdout]    |     ^^^^^^^
[INFO] [stdout]    |
[INFO] [stdout]    = note: `PrimaryKeySpec` has derived impls for the traits `Debug` and `Clone`, but these are intentionally ignored during dead code analysis
[INFO] [stdout] 
[INFO] [stdout] 
[INFO] [stdout] warning: associated function `new` is never used
[INFO] [stdout]   --> src/table.rs:72:12
[INFO] [stdout]    |
[INFO] [stdout] 71 | impl TableSchema {
[INFO] [stdout]    | ---------------- associated function in this implementation
[INFO] [stdout] 72 |     pub fn new(name: &str, table_id: &Uuid, columns: Vec<ColumnSchema>) -> TableSchema {
[INFO] [stdout]    |            ^^^
[INFO] [stdout] 
[INFO] [stdout] 
[INFO] [stdout] warning: methods `schema`, `validate`, `write_to`, `read_col_by_id`, `columns`, and `merge` are never used
[INFO] [stdout]    --> src/table.rs:143:12
[INFO] [stdout]     |
[INFO] [stdout] 135 | impl<'a> RowData<'a> {
[INFO] [stdout]     | -------------------- methods in this implementation
[INFO] [stdout] ...
[INFO] [stdout] 143 |     pub fn schema(&self) -> &TableSchema {
[INFO] [stdout]     |            ^^^^^^
[INFO] [stdout] ...
[INFO] [stdout] 148 |     pub fn validate(&self) -> HtResult<()> {
[INFO] [stdout]     |            ^^^^^^^^
[INFO] [stdout] ...
[INFO] [stdout] 161 |     pub fn write_to<W>(&self, w: &mut W) -> HtResult<()> where W: Write {
[INFO] [stdout]     |            ^^^^^^^^
[INFO] [stdout] ...
[INFO] [stdout] 188 |     pub fn read_col_by_id(&self, col_id: ColumnId) -> Option<ColumnData> {
[INFO] [stdout]     |            ^^^^^^^^^^^^^^
[INFO] [stdout] ...
[INFO] [stdout] 274 |     pub fn columns(&'a self) -> RowColumnIter<'a> {
[INFO] [stdout]     |            ^^^^^^^
[INFO] [stdout] ...
[INFO] [stdout] 278 |     pub fn merge(&self, other: &RowData) -> DetachedRowData {
[INFO] [stdout]     |            ^^^^^
[INFO] [stdout] 
[INFO] [stdout] 
[INFO] [stdout] warning: associated function `new` is never used
[INFO] [stdout]    --> src/table.rs:344:12
[INFO] [stdout]     |
[INFO] [stdout] 343 | impl <'a> RowColumnIter<'a> {
[INFO] [stdout]     | --------------------------- associated function in this implementation
[INFO] [stdout] 344 |     pub fn new(row: &'a RowData<'a>) -> RowColumnIter<'a> {
[INFO] [stdout]     |            ^^^
[INFO] [stdout] 
[INFO] [stdout] 
[INFO] [stdout] warning: associated functions `most_frequent_timestamp`, `most_frequent_expiry`, `encode_column`, and `assemble` are never used
[INFO] [stdout]    --> src/table.rs:378:8
[INFO] [stdout]     |
[INFO] [stdout] 373 | impl DetachedRowData {
[INFO] [stdout]     | -------------------- associated functions in this implementation
[INFO] [stdout] ...
[INFO] [stdout] 378 |     fn most_frequent_timestamp(columns: &Vec<ColumnData>) -> MergeTimestamp {
[INFO] [stdout]     |        ^^^^^^^^^^^^^^^^^^^^^^^
[INFO] [stdout] ...
[INFO] [stdout] 392 |     fn most_frequent_expiry(columns: &Vec<ColumnData>) -> Option<TtlTimestamp> {
[INFO] [stdout]     |        ^^^^^^^^^^^^^^^^^^^^
[INFO] [stdout] ...
[INFO] [stdout] 410 |     fn encode_column(buf: &mut Vec<u8>, col: &ColumnData, row_timestamp: MergeTimestamp, row_expiry: Option<TtlTimestamp>) {
[INFO] [stdout]     |        ^^^^^^^^^^^^^
[INFO] [stdout] ...
[INFO] [stdout] 436 |     pub fn assemble(schema: &Arc<TableSchema>, columns: &Vec<ColumnData>) -> DetachedRowData {
[INFO] [stdout]     |            ^^^^^^^^
[INFO] [stdout] 
[INFO] [stdout] 
[INFO] [stdout] warning: associated function `create` is never used
[INFO] [stdout]    --> src/table.rs:477:12
[INFO] [stdout]     |
[INFO] [stdout] 474 | impl RowFlags {
[INFO] [stdout]     | ------------- associated function in this implementation
[INFO] [stdout] ...
[INFO] [stdout] 477 |     pub fn create(has_row_expiry: bool) -> RowFlags {
[INFO] [stdout]     |            ^^^^^^
[INFO] [stdout] 
[INFO] [stdout] 
[INFO] [stdout] warning: associated function `new` is never used
[INFO] [stdout]    --> src/table.rs:518:8
[INFO] [stdout]     |
[INFO] [stdout] 506 | impl ColumnFlags {
[INFO] [stdout]     | ---------------- associated function in this implementation
[INFO] [stdout] ...
[INFO] [stdout] 518 |     fn new(
[INFO] [stdout]     |        ^^^
[INFO] [stdout] 
[INFO] [stdout] 
[INFO] [stdout] warning: associated function `merge` is never used
[INFO] [stdout]    --> src/table.rs:594:12
[INFO] [stdout]     |
[INFO] [stdout] 587 | impl<'a> ColumnData<'a> {
[INFO] [stdout]     | ----------------------- associated function in this implementation
[INFO] [stdout] ...
[INFO] [stdout] 594 |     pub fn merge<'b>(col1: ColumnData<'b>, col2: ColumnData<'b>) -> ColumnData<'b> {
[INFO] [stdout]     |            ^^^^^
[INFO] [stdout] 
[INFO] [stdout] 
[INFO] [stdout] warning: methods `counter_part`, `unique_context`, `time_travel_part`, and `as_system_time` are never used
[INFO] [stdout]   --> src/time.rs:65:8
[INFO] [stdout]    |
[INFO] [stdout] 44 | impl MergeTimestamp {
[INFO] [stdout]    | ------------------- methods in this implementation
[INFO] [stdout] ...
[INFO] [stdout] 65 |     fn counter_part(&self) -> u64 {
[INFO] [stdout]    |        ^^^^^^^^^^^^
[INFO] [stdout] ...
[INFO] [stdout] 68 |     fn unique_context(&self) -> u64 {
[INFO] [stdout]    |        ^^^^^^^^^^^^^^
[INFO] [stdout] ...
[INFO] [stdout] 71 |     fn time_travel_part(&self) -> u64 {
[INFO] [stdout]    |        ^^^^^^^^^^^^^^^^
[INFO] [stdout] ...
[INFO] [stdout] 75 |     pub fn as_system_time(&self) -> SystemTime {
[INFO] [stdout]    |            ^^^^^^^^^^^^^^
[INFO] [stdout] 
[INFO] [stdout] 
[INFO] [stdout] warning: method `as_system_time` is never used
[INFO] [stdout]    --> src/time.rs:104:12
[INFO] [stdout]     |
[INFO] [stdout] 99  | impl TtlTimestamp {
[INFO] [stdout]     | ----------------- method in this implementation
[INFO] [stdout] ...
[INFO] [stdout] 104 |     pub fn as_system_time(&self) -> SystemTime {
[INFO] [stdout]     |            ^^^^^^^^^^^^^^
[INFO] [stdout] 
[INFO] [stdout] 
[INFO] [stdout] warning: method `ttl_timestamp` is never used
[INFO] [stdout]    --> src/time.rs:124:8
[INFO] [stdout]     |
[INFO] [stdout] 122 | pub trait HtClock {
[INFO] [stdout]     |           ------- method in this trait
[INFO] [stdout] 123 |     fn now(&self) -> MergeTimestamp;
[INFO] [stdout] 124 |     fn ttl_timestamp(&self, ttl_seconds: u32) -> TtlTimestamp;
[INFO] [stdout]     |        ^^^^^^^^^^^^^
[INFO] [stdout] 
[INFO] [stdout] 
[INFO] [stdout] warning: struct `TombStone` is never constructed
[INFO] [stdout]  --> src/tombstones.rs:8:12
[INFO] [stdout]   |
[INFO] [stdout] 8 | pub struct TombStone<'a> {
[INFO] [stdout]   |            ^^^^^^^^^
[INFO] [stdout] 
[INFO] [stdout] 
[INFO] [stdout] warning: method `matches` is never used
[INFO] [stdout]   --> src/tombstones.rs:18:12
[INFO] [stdout]    |
[INFO] [stdout] 17 | impl <'a> TombStone<'a> {
[INFO] [stdout]    | ----------------------- method in this implementation
[INFO] [stdout] 18 |     pub fn matches(&self, row: &'a RowData) -> bool {
[INFO] [stdout]    |            ^^^^^^^
[INFO] [stdout] 
[INFO] [stdout] 
[INFO] [stdout] warning: struct `TombStoneFlags` is never constructed
[INFO] [stdout]   --> src/tombstones.rs:45:12
[INFO] [stdout]    |
[INFO] [stdout] 45 | pub struct TombStoneFlags(u8);
[INFO] [stdout]    |            ^^^^^^^^^^^^^^
[INFO] [stdout] 
[INFO] [stdout] 
[INFO] [stdout] warning: multiple associated items are never used
[INFO] [stdout]   --> src/tombstones.rs:48:11
[INFO] [stdout]    |
[INFO] [stdout] 47 | impl TombStoneFlags {
[INFO] [stdout]    | ------------------- associated items in this implementation
[INFO] [stdout] 48 |     const HAS_LOWER_BOUND: u8 = 1;
[INFO] [stdout]    |           ^^^^^^^^^^^^^^^
[INFO] [stdout] 49 |     const LOWER_BOUND_INCLUSIVE: u8 = 2;
[INFO] [stdout]    |           ^^^^^^^^^^^^^^^^^^^^^
[INFO] [stdout] 50 |     const HAS_UPPER_BOUND: u8 = 4;
[INFO] [stdout]    |           ^^^^^^^^^^^^^^^
[INFO] [stdout] 51 |     const UPPER_BOUND_INCLUSIVE: u8 = 8;
[INFO] [stdout]    |           ^^^^^^^^^^^^^^^^^^^^^
[INFO] [stdout] 52 |
[INFO] [stdout] 53 |     pub fn has_lower_bound(&self) -> bool {
[INFO] [stdout]    |            ^^^^^^^^^^^^^^^
[INFO] [stdout] ...
[INFO] [stdout] 56 |     pub fn lower_bound_inclusive(&self) -> bool {
[INFO] [stdout]    |            ^^^^^^^^^^^^^^^^^^^^^
[INFO] [stdout] ...
[INFO] [stdout] 59 |     pub fn has_upper_bound(&self) -> bool {
[INFO] [stdout]    |            ^^^^^^^^^^^^^^^
[INFO] [stdout] ...
[INFO] [stdout] 62 |     pub fn upper_bound_inclusive(&self) -> bool {
[INFO] [stdout]    |            ^^^^^^^^^^^^^^^^^^^^^
[INFO] [stdout] 
[INFO] [stdout] 
[INFO] [stdout] warning: struct `PartialClusterKey` is never constructed
[INFO] [stdout]   --> src/tombstones.rs:67:12
[INFO] [stdout]    |
[INFO] [stdout] 67 | pub struct PartialClusterKey<'a> {
[INFO] [stdout]    |            ^^^^^^^^^^^^^^^^^
[INFO] [stdout] 
[INFO] [stdout] 
[INFO] [stdout] warning: method `compare_to` is never used
[INFO] [stdout]   --> src/tombstones.rs:73:12
[INFO] [stdout]    |
[INFO] [stdout] 72 | impl <'a> PartialClusterKey<'a> {
[INFO] [stdout]    | ------------------------------- method in this implementation
[INFO] [stdout] 73 |     pub fn compare_to(&self, row: &'a RowData) -> Ordering {
[INFO] [stdout]    |            ^^^^^^^^^^
[INFO] [stdout] 
[INFO] [stdout] 
[INFO] [stderr]     Finished `dev` profile [unoptimized + debuginfo] target(s) in 14.86s
[INFO] running `Command { std: "docker" "inspect" "54368db64bfee9bfa01e9dbb2fc2267bf2b50673307a9783bdc06e4d44579404", kill_on_drop: false }`
[INFO] running `Command { std: "docker" "rm" "-f" "54368db64bfee9bfa01e9dbb2fc2267bf2b50673307a9783bdc06e4d44579404", kill_on_drop: false }`
[INFO] [stdout] 54368db64bfee9bfa01e9dbb2fc2267bf2b50673307a9783bdc06e4d44579404
[INFO] running `Command { std: "docker" "create" "-v" "/var/lib/crater-agent-workspace/builds/worker-5-tc2/target:/opt/rustwide/target:rw,Z" "-v" "/var/lib/crater-agent-workspace/builds/worker-5-tc2/source:/opt/rustwide/workdir:ro,Z" "-v" "/var/lib/crater-agent-workspace/cargo-home:/opt/rustwide/cargo-home:ro,Z" "-v" "/var/lib/crater-agent-workspace/rustup-home:/opt/rustwide/rustup-home:ro,Z" "-e" "SOURCE_DIR=/opt/rustwide/workdir" "-e" "CARGO_TARGET_DIR=/opt/rustwide/target" "-e" "CARGO_INCREMENTAL=0" "-e" "RUST_BACKTRACE=full" "-e" "RUSTFLAGS=--cap-lints=forbid -Zrandomize-layout" "-e" "RUSTDOCFLAGS=--cap-lints=forbid" "-e" "CARGO_HOME=/opt/rustwide/cargo-home" "-e" "RUSTUP_HOME=/opt/rustwide/rustup-home" "-w" "/opt/rustwide/workdir" "-m" "1610612736" "--user" "0:0" "--network" "none" "ghcr.io/rust-lang/crates-build-env/linux@sha256:819108c5571ea2e421544af4d832f968d213c87fbe3707a016657f43d2f853bc" "/opt/rustwide/cargo-home/bin/cargo" "+nightly-2025-01-18" "test" "--frozen" "--no-run" "--message-format=json", kill_on_drop: false }`
[INFO] [stdout] 390d5ae6753a2960e63fd206ec59983e7dbea2a174b91ccbd7c7e2429d2a1f05
[INFO] running `Command { std: "docker" "start" "-a" "390d5ae6753a2960e63fd206ec59983e7dbea2a174b91ccbd7c7e2429d2a1f05", kill_on_drop: false }`
[INFO] [stderr]    Compiling rust-huge-table v0.1.0 (/opt/rustwide/workdir)
[INFO] [stdout] warning: unused import: `HtClock`
[INFO] [stdout]   --> src/memtable.rs:48:23
[INFO] [stdout]    |
[INFO] [stdout] 48 |     use crate::time::{HtClock, MergeTimestamp};
[INFO] [stdout]    |                       ^^^^^^^
[INFO] [stdout]    |
[INFO] [stdout]    = note: `#[warn(unused_imports)]` on by default
[INFO] [stdout] 
[INFO] [stdout] 
[INFO] [stdout] warning: field `0` is never read
[INFO] [stdout]  --> src/prelude.rs:7:8
[INFO] [stdout]   |
[INFO] [stdout] 7 |     Io(std::io::Error),
[INFO] [stdout]   |     -- ^^^^^^^^^^^^^^
[INFO] [stdout]   |     |
[INFO] [stdout]   |     field in this variant
[INFO] [stdout]   |
[INFO] [stdout]   = note: `HtError` has a derived impl for the trait `Debug`, but this is intentionally ignored during dead code analysis
[INFO] [stdout]   = note: `#[warn(dead_code)]` on by default
[INFO] [stdout] help: consider changing the field to be of unit type to suppress this warning while preserving the field numbering, or remove the field
[INFO] [stdout]   |
[INFO] [stdout] 7 |     Io(()),
[INFO] [stdout]   |        ~~
[INFO] [stdout] 
[INFO] [stdout] 
[INFO] [stdout] warning: field `0` is never read
[INFO] [stdout]  --> src/prelude.rs:8:10
[INFO] [stdout]   |
[INFO] [stdout] 8 |     Misc(String),
[INFO] [stdout]   |     ---- ^^^^^^
[INFO] [stdout]   |     |
[INFO] [stdout]   |     field in this variant
[INFO] [stdout]   |
[INFO] [stdout]   = note: `HtError` has a derived impl for the trait `Debug`, but this is intentionally ignored during dead code analysis
[INFO] [stdout] help: consider changing the field to be of unit type to suppress this warning while preserving the field numbering, or remove the field
[INFO] [stdout]   |
[INFO] [stdout] 8 |     Misc(()),
[INFO] [stdout]   |          ~~
[INFO] [stdout] 
[INFO] [stdout] 
[INFO] [stdout] warning: fields `config` and `schema` are never read
[INFO] [stdout]  --> src/memtable.rs:8:5
[INFO] [stdout]   |
[INFO] [stdout] 7 | pub struct MemTable {
[INFO] [stdout]   |            -------- fields in this struct
[INFO] [stdout] 8 |     config: Arc<TableConfig>,
[INFO] [stdout]   |     ^^^^^^
[INFO] [stdout] 9 |     schema: Arc<TableSchema>,
[INFO] [stdout]   |     ^^^^^^
[INFO] [stdout] 
[INFO] [stdout] 
[INFO] [stdout] warning: methods `schema` and `validate` are never used
[INFO] [stdout]    --> src/table.rs:143:12
[INFO] [stdout]     |
[INFO] [stdout] 135 | impl<'a> RowData<'a> {
[INFO] [stdout]     | -------------------- methods in this implementation
[INFO] [stdout] ...
[INFO] [stdout] 143 |     pub fn schema(&self) -> &TableSchema {
[INFO] [stdout]     |            ^^^^^^
[INFO] [stdout] ...
[INFO] [stdout] 148 |     pub fn validate(&self) -> HtResult<()> {
[INFO] [stdout]     |            ^^^^^^^^
[INFO] [stdout] 
[INFO] [stdout] 
[INFO] [stdout] warning: associated function `new` is never used
[INFO] [stdout]    --> src/table.rs:344:12
[INFO] [stdout]     |
[INFO] [stdout] 343 | impl <'a> RowColumnIter<'a> {
[INFO] [stdout]     | --------------------------- associated function in this implementation
[INFO] [stdout] 344 |     pub fn new(row: &'a RowData<'a>) -> RowColumnIter<'a> {
[INFO] [stdout]     |            ^^^
[INFO] [stdout] 
[INFO] [stdout] 
[INFO] [stdout] warning: associated function `merge` is never used
[INFO] [stdout]    --> src/table.rs:594:12
[INFO] [stdout]     |
[INFO] [stdout] 587 | impl<'a> ColumnData<'a> {
[INFO] [stdout]     | ----------------------- associated function in this implementation
[INFO] [stdout] ...
[INFO] [stdout] 594 |     pub fn merge<'b>(col1: ColumnData<'b>, col2: ColumnData<'b>) -> ColumnData<'b> {
[INFO] [stdout]     |            ^^^^^
[INFO] [stdout] 
[INFO] [stdout] 
[INFO] [stdout] warning: method `counter_part` is never used
[INFO] [stdout]   --> src/time.rs:65:8
[INFO] [stdout]    |
[INFO] [stdout] 44 | impl MergeTimestamp {
[INFO] [stdout]    | ------------------- method in this implementation
[INFO] [stdout] ...
[INFO] [stdout] 65 |     fn counter_part(&self) -> u64 {
[INFO] [stdout]    |        ^^^^^^^^^^^^
[INFO] [stdout] 
[INFO] [stdout] 
[INFO] [stdout] warning: method `as_system_time` is never used
[INFO] [stdout]    --> src/time.rs:104:12
[INFO] [stdout]     |
[INFO] [stdout] 99  | impl TtlTimestamp {
[INFO] [stdout]     | ----------------- method in this implementation
[INFO] [stdout] ...
[INFO] [stdout] 104 |     pub fn as_system_time(&self) -> SystemTime {
[INFO] [stdout]     |            ^^^^^^^^^^^^^^
[INFO] [stdout] 
[INFO] [stdout] 
[INFO] [stdout] warning: method `ttl_timestamp` is never used
[INFO] [stdout]    --> src/time.rs:124:8
[INFO] [stdout]     |
[INFO] [stdout] 122 | pub trait HtClock {
[INFO] [stdout]     |           ------- method in this trait
[INFO] [stdout] 123 |     fn now(&self) -> MergeTimestamp;
[INFO] [stdout] 124 |     fn ttl_timestamp(&self, ttl_seconds: u32) -> TtlTimestamp;
[INFO] [stdout]     |        ^^^^^^^^^^^^^
[INFO] [stdout] 
[INFO] [stdout] 
[INFO] [stdout] warning: struct `TombStone` is never constructed
[INFO] [stdout]  --> src/tombstones.rs:8:12
[INFO] [stdout]   |
[INFO] [stdout] 8 | pub struct TombStone<'a> {
[INFO] [stdout]   |            ^^^^^^^^^
[INFO] [stdout] 
[INFO] [stdout] 
[INFO] [stdout] warning: method `matches` is never used
[INFO] [stdout]   --> src/tombstones.rs:18:12
[INFO] [stdout]    |
[INFO] [stdout] 17 | impl <'a> TombStone<'a> {
[INFO] [stdout]    | ----------------------- method in this implementation
[INFO] [stdout] 18 |     pub fn matches(&self, row: &'a RowData) -> bool {
[INFO] [stdout]    |            ^^^^^^^
[INFO] [stdout] 
[INFO] [stdout] 
[INFO] [stdout] warning: struct `TombStoneFlags` is never constructed
[INFO] [stdout]   --> src/tombstones.rs:45:12
[INFO] [stdout]    |
[INFO] [stdout] 45 | pub struct TombStoneFlags(u8);
[INFO] [stdout]    |            ^^^^^^^^^^^^^^
[INFO] [stdout] 
[INFO] [stdout] 
[INFO] [stdout] warning: multiple associated items are never used
[INFO] [stdout]   --> src/tombstones.rs:48:11
[INFO] [stdout]    |
[INFO] [stdout] 47 | impl TombStoneFlags {
[INFO] [stdout]    | ------------------- associated items in this implementation
[INFO] [stdout] 48 |     const HAS_LOWER_BOUND: u8 = 1;
[INFO] [stdout]    |           ^^^^^^^^^^^^^^^
[INFO] [stdout] 49 |     const LOWER_BOUND_INCLUSIVE: u8 = 2;
[INFO] [stdout]    |           ^^^^^^^^^^^^^^^^^^^^^
[INFO] [stdout] 50 |     const HAS_UPPER_BOUND: u8 = 4;
[INFO] [stdout]    |           ^^^^^^^^^^^^^^^
[INFO] [stdout] 51 |     const UPPER_BOUND_INCLUSIVE: u8 = 8;
[INFO] [stdout]    |           ^^^^^^^^^^^^^^^^^^^^^
[INFO] [stdout] 52 |
[INFO] [stdout] 53 |     pub fn has_lower_bound(&self) -> bool {
[INFO] [stdout]    |            ^^^^^^^^^^^^^^^
[INFO] [stdout] ...
[INFO] [stdout] 56 |     pub fn lower_bound_inclusive(&self) -> bool {
[INFO] [stdout]    |            ^^^^^^^^^^^^^^^^^^^^^
[INFO] [stdout] ...
[INFO] [stdout] 59 |     pub fn has_upper_bound(&self) -> bool {
[INFO] [stdout]    |            ^^^^^^^^^^^^^^^
[INFO] [stdout] ...
[INFO] [stdout] 62 |     pub fn upper_bound_inclusive(&self) -> bool {
[INFO] [stdout]    |            ^^^^^^^^^^^^^^^^^^^^^
[INFO] [stdout] 
[INFO] [stdout] 
[INFO] [stdout] warning: struct `PartialClusterKey` is never constructed
[INFO] [stdout]   --> src/tombstones.rs:67:12
[INFO] [stdout]    |
[INFO] [stdout] 67 | pub struct PartialClusterKey<'a> {
[INFO] [stdout]    |            ^^^^^^^^^^^^^^^^^
[INFO] [stdout] 
[INFO] [stdout] 
[INFO] [stdout] warning: method `compare_to` is never used
[INFO] [stdout]   --> src/tombstones.rs:73:12
[INFO] [stdout]    |
[INFO] [stdout] 72 | impl <'a> PartialClusterKey<'a> {
[INFO] [stdout]    | ------------------------------- method in this implementation
[INFO] [stdout] 73 |     pub fn compare_to(&self, row: &'a RowData) -> Ordering {
[INFO] [stdout]    |            ^^^^^^^^^^
[INFO] [stdout] 
[INFO] [stdout] 
[INFO] [stderr]     Finished `test` profile [unoptimized + debuginfo] target(s) in 1.25s
[INFO] running `Command { std: "docker" "inspect" "390d5ae6753a2960e63fd206ec59983e7dbea2a174b91ccbd7c7e2429d2a1f05", kill_on_drop: false }`
[INFO] running `Command { std: "docker" "rm" "-f" "390d5ae6753a2960e63fd206ec59983e7dbea2a174b91ccbd7c7e2429d2a1f05", kill_on_drop: false }`
[INFO] [stdout] 390d5ae6753a2960e63fd206ec59983e7dbea2a174b91ccbd7c7e2429d2a1f05
[INFO] running `Command { std: "docker" "create" "-v" "/var/lib/crater-agent-workspace/builds/worker-5-tc2/target:/opt/rustwide/target:rw,Z" "-v" "/var/lib/crater-agent-workspace/builds/worker-5-tc2/source:/opt/rustwide/workdir:ro,Z" "-v" "/var/lib/crater-agent-workspace/cargo-home:/opt/rustwide/cargo-home:ro,Z" "-v" "/var/lib/crater-agent-workspace/rustup-home:/opt/rustwide/rustup-home:ro,Z" "-e" "SOURCE_DIR=/opt/rustwide/workdir" "-e" "CARGO_TARGET_DIR=/opt/rustwide/target" "-e" "CARGO_INCREMENTAL=0" "-e" "RUST_BACKTRACE=full" "-e" "RUSTFLAGS=--cap-lints=forbid -Zrandomize-layout" "-e" "RUSTDOCFLAGS=--cap-lints=forbid" "-e" "CARGO_HOME=/opt/rustwide/cargo-home" "-e" "RUSTUP_HOME=/opt/rustwide/rustup-home" "-w" "/opt/rustwide/workdir" "-m" "1610612736" "--user" "0:0" "--network" "none" "ghcr.io/rust-lang/crates-build-env/linux@sha256:819108c5571ea2e421544af4d832f968d213c87fbe3707a016657f43d2f853bc" "/opt/rustwide/cargo-home/bin/cargo" "+nightly-2025-01-18" "test" "--frozen", kill_on_drop: false }`
[INFO] [stdout] 0389dc3049f6e5dda334d3a7c1ea7f6a7d9ce1e1b00360d711571a3495df8b98
[INFO] running `Command { std: "docker" "start" "-a" "0389dc3049f6e5dda334d3a7c1ea7f6a7d9ce1e1b00360d711571a3495df8b98", kill_on_drop: false }`
[INFO] [stderr] warning: unused import: `HtClock`
[INFO] [stderr]   --> src/memtable.rs:48:23
[INFO] [stderr]    |
[INFO] [stderr] 48 |     use crate::time::{HtClock, MergeTimestamp};
[INFO] [stderr]    |                       ^^^^^^^
[INFO] [stderr]    |
[INFO] [stderr]    = note: `#[warn(unused_imports)]` on by default
[INFO] [stderr] 
[INFO] [stderr] warning: field `0` is never read
[INFO] [stderr]  --> src/prelude.rs:7:8
[INFO] [stderr]   |
[INFO] [stderr] 7 |     Io(std::io::Error),
[INFO] [stderr]   |     -- ^^^^^^^^^^^^^^
[INFO] [stderr]   |     |
[INFO] [stderr]   |     field in this variant
[INFO] [stderr]   |
[INFO] [stderr]   = note: `HtError` has a derived impl for the trait `Debug`, but this is intentionally ignored during dead code analysis
[INFO] [stderr]   = note: `#[warn(dead_code)]` on by default
[INFO] [stderr] help: consider changing the field to be of unit type to suppress this warning while preserving the field numbering, or remove the field
[INFO] [stderr]   |
[INFO] [stderr] 7 |     Io(()),
[INFO] [stderr]   |        ~~
[INFO] [stderr] 
[INFO] [stderr] warning: field `0` is never read
[INFO] [stderr]  --> src/prelude.rs:8:10
[INFO] [stderr]   |
[INFO] [stderr] 8 |     Misc(String),
[INFO] [stderr]   |     ---- ^^^^^^
[INFO] [stderr]   |     |
[INFO] [stderr]   |     field in this variant
[INFO] [stderr]   |
[INFO] [stderr]   = note: `HtError` has a derived impl for the trait `Debug`, but this is intentionally ignored during dead code analysis
[INFO] [stderr] help: consider changing the field to be of unit type to suppress this warning while preserving the field numbering, or remove the field
[INFO] [stderr]   |
[INFO] [stderr] 8 |     Misc(()),
[INFO] [stderr]   |          ~~
[INFO] [stderr] 
[INFO] [stderr] warning: fields `config` and `schema` are never read
[INFO] [stderr]  --> src/memtable.rs:8:5
[INFO] [stderr]   |
[INFO] [stderr] 7 | pub struct MemTable {
[INFO] [stderr]   |            -------- fields in this struct
[INFO] [stderr] 8 |     config: Arc<TableConfig>,
[INFO] [stderr]   |     ^^^^^^
[INFO] [stderr] 9 |     schema: Arc<TableSchema>,
[INFO] [stderr]   |     ^^^^^^
[INFO] [stderr] 
[INFO] [stderr] warning: methods `schema` and `validate` are never used
[INFO] [stderr]    --> src/table.rs:143:12
[INFO] [stderr]     |
[INFO] [stderr] 135 | impl<'a> RowData<'a> {
[INFO] [stderr]     | -------------------- methods in this implementation
[INFO] [stderr] ...
[INFO] [stderr] 143 |     pub fn schema(&self) -> &TableSchema {
[INFO] [stderr]     |            ^^^^^^
[INFO] [stderr] ...
[INFO] [stderr] 148 |     pub fn validate(&self) -> HtResult<()> {
[INFO] [stderr]     |            ^^^^^^^^
[INFO] [stderr] 
[INFO] [stderr] warning: associated function `new` is never used
[INFO] [stderr]    --> src/table.rs:344:12
[INFO] [stderr]     |
[INFO] [stderr] 343 | impl <'a> RowColumnIter<'a> {
[INFO] [stderr]     | --------------------------- associated function in this implementation
[INFO] [stderr] 344 |     pub fn new(row: &'a RowData<'a>) -> RowColumnIter<'a> {
[INFO] [stderr]     |            ^^^
[INFO] [stderr] 
[INFO] [stderr] warning: associated function `merge` is never used
[INFO] [stderr]    --> src/table.rs:594:12
[INFO] [stderr]     |
[INFO] [stderr] 587 | impl<'a> ColumnData<'a> {
[INFO] [stderr]     | ----------------------- associated function in this implementation
[INFO] [stderr] ...
[INFO] [stderr] 594 |     pub fn merge<'b>(col1: ColumnData<'b>, col2: ColumnData<'b>) -> ColumnData<'b> {
[INFO] [stderr]     |            ^^^^^
[INFO] [stderr] 
[INFO] [stderr] warning: method `counter_part` is never used
[INFO] [stderr]   --> src/time.rs:65:8
[INFO] [stderr]    |
[INFO] [stderr] 44 | impl MergeTimestamp {
[INFO] [stderr]    | ------------------- method in this implementation
[INFO] [stderr] ...
[INFO] [stderr] 65 |     fn counter_part(&self) -> u64 {
[INFO] [stderr]    |        ^^^^^^^^^^^^
[INFO] [stderr] 
[INFO] [stderr] warning: method `as_system_time` is never used
[INFO] [stderr]    --> src/time.rs:104:12
[INFO] [stderr]     |
[INFO] [stderr] 99  | impl TtlTimestamp {
[INFO] [stderr]     | ----------------- method in this implementation
[INFO] [stderr] ...
[INFO] [stderr] 104 |     pub fn as_system_time(&self) -> SystemTime {
[INFO] [stderr]     |            ^^^^^^^^^^^^^^
[INFO] [stderr] 
[INFO] [stderr] warning: method `ttl_timestamp` is never used
[INFO] [stderr]    --> src/time.rs:124:8
[INFO] [stderr]     |
[INFO] [stderr] 122 | pub trait HtClock {
[INFO] [stderr]     |           ------- method in this trait
[INFO] [stderr] 123 |     fn now(&self) -> MergeTimestamp;
[INFO] [stderr] 124 |     fn ttl_timestamp(&self, ttl_seconds: u32) -> TtlTimestamp;
[INFO] [stderr]     |        ^^^^^^^^^^^^^
[INFO] [stderr] 
[INFO] [stderr] warning: struct `TombStone` is never constructed
[INFO] [stderr]  --> src/tombstones.rs:8:12
[INFO] [stderr]   |
[INFO] [stderr] 8 | pub struct TombStone<'a> {
[INFO] [stderr]   |            ^^^^^^^^^
[INFO] [stderr] 
[INFO] [stderr] warning: method `matches` is never used
[INFO] [stderr]   --> src/tombstones.rs:18:12
[INFO] [stderr]    |
[INFO] [stderr] 17 | impl <'a> TombStone<'a> {
[INFO] [stderr]    | ----------------------- method in this implementation
[INFO] [stderr] 18 |     pub fn matches(&self, row: &'a RowData) -> bool {
[INFO] [stderr]    |            ^^^^^^^
[INFO] [stderr] 
[INFO] [stderr] warning: struct `TombStoneFlags` is never constructed
[INFO] [stderr]   --> src/tombstones.rs:45:12
[INFO] [stderr]    |
[INFO] [stderr] 45 | pub struct TombStoneFlags(u8);
[INFO] [stderr]    |            ^^^^^^^^^^^^^^
[INFO] [stderr] 
[INFO] [stderr] warning: multiple associated items are never used
[INFO] [stderr]   --> src/tombstones.rs:48:11
[INFO] [stderr]    |
[INFO] [stderr] 47 | impl TombStoneFlags {
[INFO] [stderr]    | ------------------- associated items in this implementation
[INFO] [stderr] 48 |     const HAS_LOWER_BOUND: u8 = 1;
[INFO] [stderr]    |           ^^^^^^^^^^^^^^^
[INFO] [stderr] 49 |     const LOWER_BOUND_INCLUSIVE: u8 = 2;
[INFO] [stderr]    |           ^^^^^^^^^^^^^^^^^^^^^
[INFO] [stderr] 50 |     const HAS_UPPER_BOUND: u8 = 4;
[INFO] [stderr]    |           ^^^^^^^^^^^^^^^
[INFO] [stderr] 51 |     const UPPER_BOUND_INCLUSIVE: u8 = 8;
[INFO] [stderr]    |           ^^^^^^^^^^^^^^^^^^^^^
[INFO] [stderr] 52 |
[INFO] [stderr] 53 |     pub fn has_lower_bound(&self) -> bool {
[INFO] [stderr]    |            ^^^^^^^^^^^^^^^
[INFO] [stderr] ...
[INFO] [stderr] 56 |     pub fn lower_bound_inclusive(&self) -> bool {
[INFO] [stderr]    |            ^^^^^^^^^^^^^^^^^^^^^
[INFO] [stderr] ...
[INFO] [stderr] 59 |     pub fn has_upper_bound(&self) -> bool {
[INFO] [stderr]    |            ^^^^^^^^^^^^^^^
[INFO] [stderr] ...
[INFO] [stderr] 62 |     pub fn upper_bound_inclusive(&self) -> bool {
[INFO] [stderr]    |            ^^^^^^^^^^^^^^^^^^^^^
[INFO] [stderr] 
[INFO] [stderr] warning: struct `PartialClusterKey` is never constructed
[INFO] [stderr]   --> src/tombstones.rs:67:12
[INFO] [stderr]    |
[INFO] [stderr] 67 | pub struct PartialClusterKey<'a> {
[INFO] [stderr]    |            ^^^^^^^^^^^^^^^^^
[INFO] [stderr] 
[INFO] [stderr] warning: method `compare_to` is never used
[INFO] [stderr]   --> src/tombstones.rs:73:12
[INFO] [stderr]    |
[INFO] [stderr] 72 | impl <'a> PartialClusterKey<'a> {
[INFO] [stderr]    | ------------------------------- method in this implementation
[INFO] [stderr] 73 |     pub fn compare_to(&self, row: &'a RowData) -> Ordering {
[INFO] [stderr]    |            ^^^^^^^^^^
[INFO] [stderr] 
[INFO] [stderr] warning: `rust-huge-table` (bin "rust-huge-table" test) generated 16 warnings (run `cargo fix --bin "rust-huge-table" --tests` to apply 1 suggestion)
[INFO] [stderr]     Finished `test` profile [unoptimized + debuginfo] target(s) in 0.05s
[INFO] [stderr]      Running unittests src/main.rs (/opt/rustwide/target/debug/deps/rust_huge_table-54be18c18977a018)
[INFO] [stdout] 
[INFO] [stdout] running 22 tests
[INFO] [stdout] test primitives::test::test_fixed_u32 ... ok
[INFO] [stdout] test primitives::test::test_fixed_f64 ... ok
[INFO] [stdout] test primitives::test::test_u8 ... ok
[INFO] [stdout] test primitives::test::test_fixed_f32 ... ok
[INFO] [stdout] test primitives::test::test_bool ... ok
[INFO] [stdout] test primitives::test::test_utf8 ... ok
[INFO] [stdout] test primitives::test::test_fixed_u64 ... ok
[INFO] [stdout] test primitives::test::test_varint_i32 ... ok
[INFO] [stdout] test primitives::test::test_varint_i64 ... ok
[INFO] [stdout] test primitives::test::test_varint_u32 ... ok
[INFO] [stdout] test primitives::test::test_varint_u64 ... ok
[INFO] [stdout] test table::test::test_table_schema ... ok
[INFO] [stdout] test time::test::test_wallclock_time ... ok
[INFO] [stdout] test table::test::test_compare_by_pk ... ok
[INFO] [stdout] test table::test::test_detached_row_data ... ok
[INFO] [stdout] test table::test::test_row_data_null_value ... ok
[INFO] [stdout] test primitives::test::test_varint_usize ... ok
[INFO] [stdout] test time::test::test_manual_clock ... ok
[INFO] [stdout] test memtable::test::test_simple ... FAILED
[INFO] [stdout] test sstable::test::test_simple ... FAILED
[INFO] [stdout] test table::test::test_merge_rows ... FAILED
[INFO] [stderr] error: test failed, to rerun pass `--bin rust-huge-table`
[INFO] [stdout] test time::test::test_wallclock_strictly_monotonous ... ok
[INFO] [stdout] 
[INFO] [stdout] failures:
[INFO] [stdout] 
[INFO] [stdout] ---- memtable::test::test_simple stdout ----
[INFO] [stdout] 
[INFO] [stdout] thread 'memtable::test::test_simple' panicked at src/primitives.rs:215:38:
[INFO] [stdout] mid > len
[INFO] [stdout] stack backtrace:
[INFO] [stdout]    0:     0x64082e97a66a - std::backtrace_rs::backtrace::libunwind::trace::hb059275cfc8d6126
[INFO] [stdout]                                at /rustc/6067b36314ab5eb2eb47cecc464545ba58e1ad24/library/std/src/../../backtrace/src/backtrace/libunwind.rs:116:5
[INFO] [stdout]    1:     0x64082e97a66a - std::backtrace_rs::backtrace::trace_unsynchronized::h2da071e4327ce3ee
[INFO] [stdout]                                at /rustc/6067b36314ab5eb2eb47cecc464545ba58e1ad24/library/std/src/../../backtrace/src/backtrace/mod.rs:66:5
[INFO] [stdout]    2:     0x64082e97a66a - std::sys::backtrace::_print_fmt::h842a1474e6f8d23f
[INFO] [stdout]                                at /rustc/6067b36314ab5eb2eb47cecc464545ba58e1ad24/library/std/src/sys/backtrace.rs:66:9
[INFO] [stdout]    3:     0x64082e97a66a - <std::sys::backtrace::BacktraceLock::print::DisplayBacktrace as core::fmt::Display>::fmt::h71a62eb3b9696b12
[INFO] [stdout]                                at /rustc/6067b36314ab5eb2eb47cecc464545ba58e1ad24/library/std/src/sys/backtrace.rs:39:26
[INFO] [stdout]    4:     0x64082e9a3613 - core::fmt::rt::Argument::fmt::hdb6b616786b41dc1
[INFO] [stdout]                                at /rustc/6067b36314ab5eb2eb47cecc464545ba58e1ad24/library/core/src/fmt/rt.rs:177:76
[INFO] [stdout]    5:     0x64082e9a3613 - core::fmt::write::h2cc1698af7e2d686
[INFO] [stdout]                                at /rustc/6067b36314ab5eb2eb47cecc464545ba58e1ad24/library/core/src/fmt/mod.rs:1440:21
[INFO] [stdout]    6:     0x64082e9770c3 - std::io::Write::write_fmt::hab1b4cd059a79022
[INFO] [stdout]                                at /rustc/6067b36314ab5eb2eb47cecc464545ba58e1ad24/library/std/src/io/mod.rs:1887:15
[INFO] [stdout]    7:     0x64082e97a4b2 - std::sys::backtrace::BacktraceLock::print::h147fe35b4ea13b08
[INFO] [stdout]                                at /rustc/6067b36314ab5eb2eb47cecc464545ba58e1ad24/library/std/src/sys/backtrace.rs:42:9
[INFO] [stdout]    8:     0x64082e97ba8f - std::panicking::default_hook::{{closure}}::hbd44223dbdc0d208
[INFO] [stdout]                                at /rustc/6067b36314ab5eb2eb47cecc464545ba58e1ad24/library/std/src/panicking.rs:298:22
[INFO] [stdout]    9:     0x64082e97b8a8 - std::panicking::default_hook::h20f81eb0576efcec
[INFO] [stdout]                                at /rustc/6067b36314ab5eb2eb47cecc464545ba58e1ad24/library/std/src/panicking.rs:322:9
[INFO] [stdout]   10:     0x64082e90b0b3 - <alloc::boxed::Box<F,A> as core::ops::function::Fn<Args>>::call::hdb53814c496a4d34
[INFO] [stdout]                                at /rustc/6067b36314ab5eb2eb47cecc464545ba58e1ad24/library/alloc/src/boxed.rs:2027:9
[INFO] [stdout]   11:     0x64082e90b0b3 - test::test_main::{{closure}}::hc0a4963c59427c24
[INFO] [stdout]                                at /rustc/6067b36314ab5eb2eb47cecc464545ba58e1ad24/library/test/src/lib.rs:134:21
[INFO] [stdout]   12:     0x64082e97c583 - <alloc::boxed::Box<F,A> as core::ops::function::Fn<Args>>::call::h591b2225413a77e9
[INFO] [stdout]                                at /rustc/6067b36314ab5eb2eb47cecc464545ba58e1ad24/library/alloc/src/boxed.rs:2027:9
[INFO] [stdout]   13:     0x64082e97c583 - std::panicking::rust_panic_with_hook::h625eea43051b2edc
[INFO] [stdout]                                at /rustc/6067b36314ab5eb2eb47cecc464545ba58e1ad24/library/std/src/panicking.rs:839:13
[INFO] [stdout]   14:     0x64082e97c206 - std::panicking::begin_panic_handler::{{closure}}::h4f9159cfbc3f6bd3
[INFO] [stdout]                                at /rustc/6067b36314ab5eb2eb47cecc464545ba58e1ad24/library/std/src/panicking.rs:697:13
[INFO] [stdout]   15:     0x64082e97ab69 - std::sys::backtrace::__rust_end_short_backtrace::h0390abce48353151
[INFO] [stdout]                                at /rustc/6067b36314ab5eb2eb47cecc464545ba58e1ad24/library/std/src/sys/backtrace.rs:168:18
[INFO] [stdout]   16:     0x64082e97becd - rust_begin_unwind
[INFO] [stdout]                                at /rustc/6067b36314ab5eb2eb47cecc464545ba58e1ad24/library/std/src/panicking.rs:695:5
[INFO] [stdout]   17:     0x64082e9a0ca0 - core::panicking::panic_fmt::h9e7c637e9e5f29c9
[INFO] [stdout]                                at /rustc/6067b36314ab5eb2eb47cecc464545ba58e1ad24/library/core/src/panicking.rs:75:14
[INFO] [stdout]   18:     0x64082e8bcef6 - core::slice::<impl [T]>::split_at::hedb005ee20225c9f
[INFO] [stdout]                                at /rustc/6067b36314ab5eb2eb47cecc464545ba58e1ad24/library/core/src/slice/mod.rs:1916:21
[INFO] [stdout]   19:     0x64082e8bdd04 - <D as rust_huge_table::primitives::DecodePrimitives>::decode_fixed_u64::h2381bfaf0a7d7bf6
[INFO] [stdout]                                at /opt/rustwide/workdir/src/primitives.rs:215:24
[INFO] [stdout]   20:     0x64082e8cb5bc - rust_huge_table::table::RowData::read_col::ha04b3a23a450d2ea
[INFO] [stdout]                                at /opt/rustwide/workdir/src/table.rs:204:48
[INFO] [stdout]   21:     0x64082e8cc3f1 - <rust_huge_table::table::RowColumnIter as core::iter::traits::iterator::Iterator>::next::hfda54f328901326d
[INFO] [stdout]                                at /opt/rustwide/workdir/src/table.rs:361:18
[INFO] [stdout]   22:     0x64082e8cc24e - rust_huge_table::table::RowData::merge::hee6daae4f8c0ef21
[INFO] [stdout]                                at /opt/rustwide/workdir/src/table.rs:307:36
[INFO] [stdout]   23:     0x64082e8c5103 - rust_huge_table::memtable::MemTable::add::h14685b6c78e3c71a
[INFO] [stdout]                                at /opt/rustwide/workdir/src/memtable.rs:29:17
[INFO] [stdout]   24:     0x64082e8c0574 - rust_huge_table::memtable::test::test_simple::h016e3b3fcb8ee419
[INFO] [stdout]                                at /opt/rustwide/workdir/src/memtable.rs:83:9
[INFO] [stdout]   25:     0x64082e8bfa77 - rust_huge_table::memtable::test::test_simple::{{closure}}::hd1a4e3b1212fb1b3
[INFO] [stdout]                                at /opt/rustwide/workdir/src/memtable.rs:51:25
[INFO] [stdout]   26:     0x64082e8c1fc6 - core::ops::function::FnOnce::call_once::hdc591f28cd24cbb5
[INFO] [stdout]                                at /rustc/6067b36314ab5eb2eb47cecc464545ba58e1ad24/library/core/src/ops/function.rs:250:5
[INFO] [stdout]   27:     0x64082e91080b - core::ops::function::FnOnce::call_once::he27718dfdd183f43
[INFO] [stdout]                                at /rustc/6067b36314ab5eb2eb47cecc464545ba58e1ad24/library/core/src/ops/function.rs:250:5
[INFO] [stdout]   28:     0x64082e91080b - test::__rust_begin_short_backtrace::h4e84902998457a5d
[INFO] [stdout]                                at /rustc/6067b36314ab5eb2eb47cecc464545ba58e1ad24/library/test/src/lib.rs:632:18
[INFO] [stdout]   29:     0x64082e90f743 - test::run_test_in_process::{{closure}}::h7176fd18fc1feca0
[INFO] [stdout]                                at /rustc/6067b36314ab5eb2eb47cecc464545ba58e1ad24/library/test/src/lib.rs:655:60
[INFO] [stdout]   30:     0x64082e90f743 - <core::panic::unwind_safe::AssertUnwindSafe<F> as core::ops::function::FnOnce<()>>::call_once::hf79cff2a624d8cf7
[INFO] [stdout]                                at /rustc/6067b36314ab5eb2eb47cecc464545ba58e1ad24/library/core/src/panic/unwind_safe.rs:272:9
[INFO] [stdout]   31:     0x64082e90f743 - std::panicking::try::do_call::h3da0561d9ab99c25
[INFO] [stdout]                                at /rustc/6067b36314ab5eb2eb47cecc464545ba58e1ad24/library/std/src/panicking.rs:587:40
[INFO] [stdout]   32:     0x64082e90f743 - std::panicking::try::h41c9fa508bc61df6
[INFO] [stdout]                                at /rustc/6067b36314ab5eb2eb47cecc464545ba58e1ad24/library/std/src/panicking.rs:550:19
[INFO] [stdout]   33:     0x64082e90f743 - std::panic::catch_unwind::h6b3ff07bb5afad93
[INFO] [stdout]                                at /rustc/6067b36314ab5eb2eb47cecc464545ba58e1ad24/library/std/src/panic.rs:358:14
[INFO] [stdout]   34:     0x64082e90f743 - test::run_test_in_process::hc7253dd11b39b9f4
[INFO] [stdout]                                at /rustc/6067b36314ab5eb2eb47cecc464545ba58e1ad24/library/test/src/lib.rs:655:27
[INFO] [stdout]   35:     0x64082e90f743 - test::run_test::{{closure}}::hfb2007f8649c30bb
[INFO] [stdout]                                at /rustc/6067b36314ab5eb2eb47cecc464545ba58e1ad24/library/test/src/lib.rs:576:43
[INFO] [stdout]   36:     0x64082e8d2825 - test::run_test::{{closure}}::h56a17aa7a282a9f4
[INFO] [stdout]                                at /rustc/6067b36314ab5eb2eb47cecc464545ba58e1ad24/library/test/src/lib.rs:606:41
[INFO] [stdout]   37:     0x64082e8d2825 - std::sys::backtrace::__rust_begin_short_backtrace::hd2d2d2fb8e8c6aac
[INFO] [stdout]                                at /rustc/6067b36314ab5eb2eb47cecc464545ba58e1ad24/library/std/src/sys/backtrace.rs:152:18
[INFO] [stdout]   38:     0x64082e8d610a - std::thread::Builder::spawn_unchecked_::{{closure}}::{{closure}}::h4faa3f9db6133423
[INFO] [stdout]                                at /rustc/6067b36314ab5eb2eb47cecc464545ba58e1ad24/library/std/src/thread/mod.rs:559:17
[INFO] [stdout]   39:     0x64082e8d610a - <core::panic::unwind_safe::AssertUnwindSafe<F> as core::ops::function::FnOnce<()>>::call_once::hf2e855a36a4ea846
[INFO] [stdout]                                at /rustc/6067b36314ab5eb2eb47cecc464545ba58e1ad24/library/core/src/panic/unwind_safe.rs:272:9
[INFO] [stdout]   40:     0x64082e8d610a - std::panicking::try::do_call::h2f73af3616c35465
[INFO] [stdout]                                at /rustc/6067b36314ab5eb2eb47cecc464545ba58e1ad24/library/std/src/panicking.rs:587:40
[INFO] [stdout]   41:     0x64082e8d610a - std::panicking::try::hd1660ce9efadef5a
[INFO] [stdout]                                at /rustc/6067b36314ab5eb2eb47cecc464545ba58e1ad24/library/std/src/panicking.rs:550:19
[INFO] [stdout]   42:     0x64082e8d610a - std::panic::catch_unwind::h5ee8d7823b8ca744
[INFO] [stdout]                                at /rustc/6067b36314ab5eb2eb47cecc464545ba58e1ad24/library/std/src/panic.rs:358:14
[INFO] [stdout]   43:     0x64082e8d610a - std::thread::Builder::spawn_unchecked_::{{closure}}::h53c3a1894dce8407
[INFO] [stdout]                                at /rustc/6067b36314ab5eb2eb47cecc464545ba58e1ad24/library/std/src/thread/mod.rs:557:30
[INFO] [stdout]   44:     0x64082e8d610a - core::ops::function::FnOnce::call_once{{vtable.shim}}::h048ce291ad4f62bf
[INFO] [stdout]                                at /rustc/6067b36314ab5eb2eb47cecc464545ba58e1ad24/library/core/src/ops/function.rs:250:5
[INFO] [stdout]   45:     0x64082e9804fb - <alloc::boxed::Box<F,A> as core::ops::function::FnOnce<Args>>::call_once::ha52bedf99a3b4981
[INFO] [stdout]                                at /rustc/6067b36314ab5eb2eb47cecc464545ba58e1ad24/library/alloc/src/boxed.rs:2013:9
[INFO] [stdout]   46:     0x64082e9804fb - <alloc::boxed::Box<F,A> as core::ops::function::FnOnce<Args>>::call_once::h567748934d80ccf8
[INFO] [stdout]                                at /rustc/6067b36314ab5eb2eb47cecc464545ba58e1ad24/library/alloc/src/boxed.rs:2013:9
[INFO] [stdout]   47:     0x64082e9804fb - std::sys::pal::unix::thread::Thread::new::thread_start::h2d970728ae887adc
[INFO] [stdout]                                at /rustc/6067b36314ab5eb2eb47cecc464545ba58e1ad24/library/std/src/sys/pal/unix/thread.rs:106:17
[INFO] [stdout]   48:     0x77e40e7b7ac3 - <unknown>
[INFO] [stdout]   49:     0x77e40e848a04 - clone
[INFO] [stdout]   50:                0x0 - <unknown>
[INFO] [stdout] 
[INFO] [stdout] ---- sstable::test::test_simple stdout ----
[INFO] [stdout] 
[INFO] [stdout] thread 'sstable::test::test_simple' panicked at src/sstable.rs:137:68:
[INFO] [stdout] called `Result::unwrap()` on an `Err` value: Io(Os { code: 2, kind: NotFound, message: "No such file or directory" })
[INFO] [stdout] stack backtrace:
[INFO] [stdout]    0:     0x64082e97a66a - std::backtrace_rs::backtrace::libunwind::trace::hb059275cfc8d6126
[INFO] [stdout]                                at /rustc/6067b36314ab5eb2eb47cecc464545ba58e1ad24/library/std/src/../../backtrace/src/backtrace/libunwind.rs:116:5
[INFO] [stdout]    1:     0x64082e97a66a - std::backtrace_rs::backtrace::trace_unsynchronized::h2da071e4327ce3ee
[INFO] [stdout]                                at /rustc/6067b36314ab5eb2eb47cecc464545ba58e1ad24/library/std/src/../../backtrace/src/backtrace/mod.rs:66:5
[INFO] [stdout]    2:     0x64082e97a66a - std::sys::backtrace::_print_fmt::h842a1474e6f8d23f
[INFO] [stdout]                                at /rustc/6067b36314ab5eb2eb47cecc464545ba58e1ad24/library/std/src/sys/backtrace.rs:66:9
[INFO] [stdout]    3:     0x64082e97a66a - <std::sys::backtrace::BacktraceLock::print::DisplayBacktrace as core::fmt::Display>::fmt::h71a62eb3b9696b12
[INFO] [stdout]                                at /rustc/6067b36314ab5eb2eb47cecc464545ba58e1ad24/library/std/src/sys/backtrace.rs:39:26
[INFO] [stdout]    4:     0x64082e9a3613 - core::fmt::rt::Argument::fmt::hdb6b616786b41dc1
[INFO] [stdout]                                at /rustc/6067b36314ab5eb2eb47cecc464545ba58e1ad24/library/core/src/fmt/rt.rs:177:76
[INFO] [stdout]    5:     0x64082e9a3613 - core::fmt::write::h2cc1698af7e2d686
[INFO] [stdout]                                at /rustc/6067b36314ab5eb2eb47cecc464545ba58e1ad24/library/core/src/fmt/mod.rs:1440:21
[INFO] [stdout]    6:     0x64082e9770c3 - std::io::Write::write_fmt::hab1b4cd059a79022
[INFO] [stdout]                                at /rustc/6067b36314ab5eb2eb47cecc464545ba58e1ad24/library/std/src/io/mod.rs:1887:15
[INFO] [stdout]    7:     0x64082e97a4b2 - std::sys::backtrace::BacktraceLock::print::h147fe35b4ea13b08
[INFO] [stdout]                                at /rustc/6067b36314ab5eb2eb47cecc464545ba58e1ad24/library/std/src/sys/backtrace.rs:42:9
[INFO] [stdout]    8:     0x64082e97ba8f - std::panicking::default_hook::{{closure}}::hbd44223dbdc0d208
[INFO] [stdout]                                at /rustc/6067b36314ab5eb2eb47cecc464545ba58e1ad24/library/std/src/panicking.rs:298:22
[INFO] [stdout]    9:     0x64082e97b8a8 - std::panicking::default_hook::h20f81eb0576efcec
[INFO] [stdout]                                at /rustc/6067b36314ab5eb2eb47cecc464545ba58e1ad24/library/std/src/panicking.rs:322:9
[INFO] [stdout]   10:     0x64082e90b0b3 - <alloc::boxed::Box<F,A> as core::ops::function::Fn<Args>>::call::hdb53814c496a4d34
[INFO] [stdout]                                at /rustc/6067b36314ab5eb2eb47cecc464545ba58e1ad24/library/alloc/src/boxed.rs:2027:9
[INFO] [stdout]   11:     0x64082e90b0b3 - test::test_main::{{closure}}::hc0a4963c59427c24
[INFO] [stdout]                                at /rustc/6067b36314ab5eb2eb47cecc464545ba58e1ad24/library/test/src/lib.rs:134:21
[INFO] [stdout]   12:     0x64082e97c583 - <alloc::boxed::Box<F,A> as core::ops::function::Fn<Args>>::call::h591b2225413a77e9
[INFO] [stdout]                                at /rustc/6067b36314ab5eb2eb47cecc464545ba58e1ad24/library/alloc/src/boxed.rs:2027:9
[INFO] [stdout]   13:     0x64082e97c583 - std::panicking::rust_panic_with_hook::h625eea43051b2edc
[INFO] [stdout]                                at /rustc/6067b36314ab5eb2eb47cecc464545ba58e1ad24/library/std/src/panicking.rs:839:13
[INFO] [stdout]   14:     0x64082e97c23a - std::panicking::begin_panic_handler::{{closure}}::h4f9159cfbc3f6bd3
[INFO] [stdout]                                at /rustc/6067b36314ab5eb2eb47cecc464545ba58e1ad24/library/std/src/panicking.rs:704:13
[INFO] [stdout]   15:     0x64082e97ab69 - std::sys::backtrace::__rust_end_short_backtrace::h0390abce48353151
[INFO] [stdout]                                at /rustc/6067b36314ab5eb2eb47cecc464545ba58e1ad24/library/std/src/sys/backtrace.rs:168:18
[INFO] [stdout]   16:     0x64082e97becd - rust_begin_unwind
[INFO] [stdout]                                at /rustc/6067b36314ab5eb2eb47cecc464545ba58e1ad24/library/std/src/panicking.rs:695:5
[INFO] [stdout]   17:     0x64082e9a0ca0 - core::panicking::panic_fmt::h9e7c637e9e5f29c9
[INFO] [stdout]                                at /rustc/6067b36314ab5eb2eb47cecc464545ba58e1ad24/library/core/src/panicking.rs:75:14
[INFO] [stdout]   18:     0x64082e9a1116 - core::result::unwrap_failed::h7979f09313fe1849
[INFO] [stdout]                                at /rustc/6067b36314ab5eb2eb47cecc464545ba58e1ad24/library/core/src/result.rs:1704:5
[INFO] [stdout]   19:     0x64082e8b51b2 - core::result::Result<T,E>::unwrap::h9ac56eba3176859a
[INFO] [stdout]                                at /rustc/6067b36314ab5eb2eb47cecc464545ba58e1ad24/library/core/src/result.rs:1109:23
[INFO] [stdout]   20:     0x64082e8b51b2 - rust_huge_table::sstable::test::test_simple::hc54e50a92db4e6ce
[INFO] [stdout]                                at /opt/rustwide/workdir/src/sstable.rs:137:24
[INFO] [stdout]   21:     0x64082e8b4cd7 - rust_huge_table::sstable::test::test_simple::{{closure}}::hb94ddabb701d229b
[INFO] [stdout]                                at /opt/rustwide/workdir/src/sstable.rs:100:25
[INFO] [stdout]   22:     0x64082e8c1be6 - core::ops::function::FnOnce::call_once::h7b11b20d2b6c9c86
[INFO] [stdout]                                at /rustc/6067b36314ab5eb2eb47cecc464545ba58e1ad24/library/core/src/ops/function.rs:250:5
[INFO] [stdout]   23:     0x64082e91080b - core::ops::function::FnOnce::call_once::he27718dfdd183f43
[INFO] [stdout]                                at /rustc/6067b36314ab5eb2eb47cecc464545ba58e1ad24/library/core/src/ops/function.rs:250:5
[INFO] [stdout]   24:     0x64082e91080b - test::__rust_begin_short_backtrace::h4e84902998457a5d
[INFO] [stdout]                                at /rustc/6067b36314ab5eb2eb47cecc464545ba58e1ad24/library/test/src/lib.rs:632:18
[INFO] [stdout]   25:     0x64082e90f743 - test::run_test_in_process::{{closure}}::h7176fd18fc1feca0
[INFO] [stdout]                                at /rustc/6067b36314ab5eb2eb47cecc464545ba58e1ad24/library/test/src/lib.rs:655:60
[INFO] [stdout]   26:     0x64082e90f743 - <core::panic::unwind_safe::AssertUnwindSafe<F> as core::ops::function::FnOnce<()>>::call_once::hf79cff2a624d8cf7
[INFO] [stdout]                                at /rustc/6067b36314ab5eb2eb47cecc464545ba58e1ad24/library/core/src/panic/unwind_safe.rs:272:9
[INFO] [stdout]   27:     0x64082e90f743 - std::panicking::try::do_call::h3da0561d9ab99c25
[INFO] [stdout]                                at /rustc/6067b36314ab5eb2eb47cecc464545ba58e1ad24/library/std/src/panicking.rs:587:40
[INFO] [stdout]   28:     0x64082e90f743 - std::panicking::try::h41c9fa508bc61df6
[INFO] [stdout]                                at /rustc/6067b36314ab5eb2eb47cecc464545ba58e1ad24/library/std/src/panicking.rs:550:19
[INFO] [stdout]   29:     0x64082e90f743 - std::panic::catch_unwind::h6b3ff07bb5afad93
[INFO] [stdout]                                at /rustc/6067b36314ab5eb2eb47cecc464545ba58e1ad24/library/std/src/panic.rs:358:14
[INFO] [stdout]   30:     0x64082e90f743 - test::run_test_in_process::hc7253dd11b39b9f4
[INFO] [stdout]                                at /rustc/6067b36314ab5eb2eb47cecc464545ba58e1ad24/library/test/src/lib.rs:655:27
[INFO] [stdout]   31:     0x64082e90f743 - test::run_test::{{closure}}::hfb2007f8649c30bb
[INFO] [stdout]                                at /rustc/6067b36314ab5eb2eb47cecc464545ba58e1ad24/library/test/src/lib.rs:576:43
[INFO] [stdout]   32:     0x64082e8d2825 - test::run_test::{{closure}}::h56a17aa7a282a9f4
[INFO] [stdout]                                at /rustc/6067b36314ab5eb2eb47cecc464545ba58e1ad24/library/test/src/lib.rs:606:41
[INFO] [stdout]   33:     0x64082e8d2825 - std::sys::backtrace::__rust_begin_short_backtrace::hd2d2d2fb8e8c6aac
[INFO] [stdout]                                at /rustc/6067b36314ab5eb2eb47cecc464545ba58e1ad24/library/std/src/sys/backtrace.rs:152:18
[INFO] [stdout]   34:     0x64082e8d610a - std::thread::Builder::spawn_unchecked_::{{closure}}::{{closure}}::h4faa3f9db6133423
[INFO] [stdout]                                at /rustc/6067b36314ab5eb2eb47cecc464545ba58e1ad24/library/std/src/thread/mod.rs:559:17
[INFO] [stdout]   35:     0x64082e8d610a - <core::panic::unwind_safe::AssertUnwindSafe<F> as core::ops::function::FnOnce<()>>::call_once::hf2e855a36a4ea846
[INFO] [stdout]                                at /rustc/6067b36314ab5eb2eb47cecc464545ba58e1ad24/library/core/src/panic/unwind_safe.rs:272:9
[INFO] [stdout]   36:     0x64082e8d610a - std::panicking::try::do_call::h2f73af3616c35465
[INFO] [stdout]                                at /rustc/6067b36314ab5eb2eb47cecc464545ba58e1ad24/library/std/src/panicking.rs:587:40
[INFO] [stdout]   37:     0x64082e8d610a - std::panicking::try::hd1660ce9efadef5a
[INFO] [stdout]                                at /rustc/6067b36314ab5eb2eb47cecc464545ba58e1ad24/library/std/src/panicking.rs:550:19
[INFO] [stdout]   38:     0x64082e8d610a - std::panic::catch_unwind::h5ee8d7823b8ca744
[INFO] [stdout]                                at /rustc/6067b36314ab5eb2eb47cecc464545ba58e1ad24/library/std/src/panic.rs:358:14
[INFO] [stdout]   39:     0x64082e8d610a - std::thread::Builder::spawn_unchecked_::{{closure}}::h53c3a1894dce8407
[INFO] [stdout]                                at /rustc/6067b36314ab5eb2eb47cecc464545ba58e1ad24/library/std/src/thread/mod.rs:557:30
[INFO] [stdout]   40:     0x64082e8d610a - core::ops::function::FnOnce::call_once{{vtable.shim}}::h048ce291ad4f62bf
[INFO] [stdout]                                at /rustc/6067b36314ab5eb2eb47cecc464545ba58e1ad24/library/core/src/ops/function.rs:250:5
[INFO] [stdout]   41:     0x64082e9804fb - <alloc::boxed::Box<F,A> as core::ops::function::FnOnce<Args>>::call_once::ha52bedf99a3b4981
[INFO] [stdout]                                at /rustc/6067b36314ab5eb2eb47cecc464545ba58e1ad24/library/alloc/src/boxed.rs:2013:9
[INFO] [stdout]   42:     0x64082e9804fb - <alloc::boxed::Box<F,A> as core::ops::function::FnOnce<Args>>::call_once::h567748934d80ccf8
[INFO] [stdout]                                at /rustc/6067b36314ab5eb2eb47cecc464545ba58e1ad24/library/alloc/src/boxed.rs:2013:9
[INFO] [stdout]   43:     0x64082e9804fb - std::sys::pal::unix::thread::Thread::new::thread_start::h2d970728ae887adc
[INFO] [stdout]                                at /rustc/6067b36314ab5eb2eb47cecc464545ba58e1ad24/library/std/src/sys/pal/unix/thread.rs:106:17
[INFO] [stdout]   44:     0x77e40e7b7ac3 - <unknown>
[INFO] [stdout]   45:     0x77e40e848a04 - clone
[INFO] [stdout]   46:                0x0 - <unknown>
[INFO] [stdout] 
[INFO] [stdout] ---- table::test::test_merge_rows stdout ----
[INFO] [stdout] 
[INFO] [stdout] thread 'table::test::test_merge_rows' panicked at src/table.rs:841:9:
[INFO] [stdout] todo
[INFO] [stdout] stack backtrace:
[INFO] [stdout]    0:     0x64082e97a66a - std::backtrace_rs::backtrace::libunwind::trace::hb059275cfc8d6126
[INFO] [stdout]                                at /rustc/6067b36314ab5eb2eb47cecc464545ba58e1ad24/library/std/src/../../backtrace/src/backtrace/libunwind.rs:116:5
[INFO] [stdout]    1:     0x64082e97a66a - std::backtrace_rs::backtrace::trace_unsynchronized::h2da071e4327ce3ee
[INFO] [stdout]                                at /rustc/6067b36314ab5eb2eb47cecc464545ba58e1ad24/library/std/src/../../backtrace/src/backtrace/mod.rs:66:5
[INFO] [stdout]    2:     0x64082e97a66a - std::sys::backtrace::_print_fmt::h842a1474e6f8d23f
[INFO] [stdout]                                at /rustc/6067b36314ab5eb2eb47cecc464545ba58e1ad24/library/std/src/sys/backtrace.rs:66:9
[INFO] [stdout]    3:     0x64082e97a66a - <std::sys::backtrace::BacktraceLock::print::DisplayBacktrace as core::fmt::Display>::fmt::h71a62eb3b9696b12
[INFO] [stdout]                                at /rustc/6067b36314ab5eb2eb47cecc464545ba58e1ad24/library/std/src/sys/backtrace.rs:39:26
[INFO] [stdout]    4:     0x64082e9a3613 - core::fmt::rt::Argument::fmt::hdb6b616786b41dc1
[INFO] [stdout]                                at /rustc/6067b36314ab5eb2eb47cecc464545ba58e1ad24/library/core/src/fmt/rt.rs:177:76
[INFO] [stdout]    5:     0x64082e9a3613 - core::fmt::write::h2cc1698af7e2d686
[INFO] [stdout]                                at /rustc/6067b36314ab5eb2eb47cecc464545ba58e1ad24/library/core/src/fmt/mod.rs:1440:21
[INFO] [stdout]    6:     0x64082e9770c3 - std::io::Write::write_fmt::hab1b4cd059a79022
[INFO] [stdout]                                at /rustc/6067b36314ab5eb2eb47cecc464545ba58e1ad24/library/std/src/io/mod.rs:1887:15
[INFO] [stdout]    7:     0x64082e97a4b2 - std::sys::backtrace::BacktraceLock::print::h147fe35b4ea13b08
[INFO] [stdout]                                at /rustc/6067b36314ab5eb2eb47cecc464545ba58e1ad24/library/std/src/sys/backtrace.rs:42:9
[INFO] [stdout]    8:     0x64082e97ba8f - std::panicking::default_hook::{{closure}}::hbd44223dbdc0d208
[INFO] [stdout]                                at /rustc/6067b36314ab5eb2eb47cecc464545ba58e1ad24/library/std/src/panicking.rs:298:22
[INFO] [stdout]    9:     0x64082e97b8a8 - std::panicking::default_hook::h20f81eb0576efcec
[INFO] [stdout]                                at /rustc/6067b36314ab5eb2eb47cecc464545ba58e1ad24/library/std/src/panicking.rs:322:9
[INFO] [stdout]   10:     0x64082e90b0b3 - <alloc::boxed::Box<F,A> as core::ops::function::Fn<Args>>::call::hdb53814c496a4d34
[INFO] [stdout]                                at /rustc/6067b36314ab5eb2eb47cecc464545ba58e1ad24/library/alloc/src/boxed.rs:2027:9
[INFO] [stdout]   11:     0x64082e90b0b3 - test::test_main::{{closure}}::hc0a4963c59427c24
[INFO] [stdout]                                at /rustc/6067b36314ab5eb2eb47cecc464545ba58e1ad24/library/test/src/lib.rs:134:21
[INFO] [stdout]   12:     0x64082e97c583 - <alloc::boxed::Box<F,A> as core::ops::function::Fn<Args>>::call::h591b2225413a77e9
[INFO] [stdout]                                at /rustc/6067b36314ab5eb2eb47cecc464545ba58e1ad24/library/alloc/src/boxed.rs:2027:9
[INFO] [stdout]   13:     0x64082e97c583 - std::panicking::rust_panic_with_hook::h625eea43051b2edc
[INFO] [stdout]                                at /rustc/6067b36314ab5eb2eb47cecc464545ba58e1ad24/library/std/src/panicking.rs:839:13
[INFO] [stdout]   14:     0x64082e97c38c - std::panicking::begin_panic::{{closure}}::hb6f83f64bbc6469c
[INFO] [stdout]                                at /rustc/6067b36314ab5eb2eb47cecc464545ba58e1ad24/library/std/src/panicking.rs:768:9
[INFO] [stdout]   15:     0x64082e97ab79 - std::sys::backtrace::__rust_end_short_backtrace::h892ae3ae8be3daf3
[INFO] [stdout]                                at /rustc/6067b36314ab5eb2eb47cecc464545ba58e1ad24/library/std/src/sys/backtrace.rs:168:18
[INFO] [stdout]   16:     0x64082e97c292 - std::panicking::begin_panic::h855074417e0a5787
[INFO] [stdout]                                at /rustc/6067b36314ab5eb2eb47cecc464545ba58e1ad24/library/std/src/panicking.rs:767:5
[INFO] [stdout]   17:     0x64082e8d0fed - rust_huge_table::table::test::test_merge_rows::h9b0a2ef102950bf4
[INFO] [stdout]                                at /opt/rustwide/workdir/src/table.rs:841:9
[INFO] [stdout]   18:     0x64082e8d0fb7 - rust_huge_table::table::test::test_merge_rows::{{closure}}::hce8261009919ea83
[INFO] [stdout]                                at /opt/rustwide/workdir/src/table.rs:840:29
[INFO] [stdout]   19:     0x64082e8c2046 - core::ops::function::FnOnce::call_once::he6ec7ea52969043f
[INFO] [stdout]                                at /rustc/6067b36314ab5eb2eb47cecc464545ba58e1ad24/library/core/src/ops/function.rs:250:5
[INFO] [stdout]   20:     0x64082e91080b - core::ops::function::FnOnce::call_once::he27718dfdd183f43
[INFO] [stdout]                                at /rustc/6067b36314ab5eb2eb47cecc464545ba58e1ad24/library/core/src/ops/function.rs:250:5
[INFO] [stdout]   21:     0x64082e91080b - test::__rust_begin_short_backtrace::h4e84902998457a5d
[INFO] [stdout]                                at /rustc/6067b36314ab5eb2eb47cecc464545ba58e1ad24/library/test/src/lib.rs:632:18
[INFO] [stdout]   22:     0x64082e90f743 - test::run_test_in_process::{{closure}}::h7176fd18fc1feca0
[INFO] [stdout]                                at /rustc/6067b36314ab5eb2eb47cecc464545ba58e1ad24/library/test/src/lib.rs:655:60
[INFO] [stdout]   23:     0x64082e90f743 - <core::panic::unwind_safe::AssertUnwindSafe<F> as core::ops::function::FnOnce<()>>::call_once::hf79cff2a624d8cf7
[INFO] [stdout]                                at /rustc/6067b36314ab5eb2eb47cecc464545ba58e1ad24/library/core/src/panic/unwind_safe.rs:272:9
[INFO] [stdout]   24:     0x64082e90f743 - std::panicking::try::do_call::h3da0561d9ab99c25
[INFO] [stdout]                                at /rustc/6067b36314ab5eb2eb47cecc464545ba58e1ad24/library/std/src/panicking.rs:587:40
[INFO] [stdout]   25:     0x64082e90f743 - std::panicking::try::h41c9fa508bc61df6
[INFO] [stdout]                                at /rustc/6067b36314ab5eb2eb47cecc464545ba58e1ad24/library/std/src/panicking.rs:550:19
[INFO] [stdout]   26:     0x64082e90f743 - std::panic::catch_unwind::h6b3ff07bb5afad93
[INFO] [stdout]                                at /rustc/6067b36314ab5eb2eb47cecc464545ba58e1ad24/library/std/src/panic.rs:358:14
[INFO] [stdout]   27:     0x64082e90f743 - test::run_test_in_process::hc7253dd11b39b9f4
[INFO] [stdout]                                at /rustc/6067b36314ab5eb2eb47cecc464545ba58e1ad24/library/test/src/lib.rs:655:27
[INFO] [stdout]   28:     0x64082e90f743 - test::run_test::{{closure}}::hfb2007f8649c30bb
[INFO] [stdout]                                at /rustc/6067b36314ab5eb2eb47cecc464545ba58e1ad24/library/test/src/lib.rs:576:43
[INFO] [stdout]   29:     0x64082e8d2825 - test::run_test::{{closure}}::h56a17aa7a282a9f4
[INFO] [stdout]                                at /rustc/6067b36314ab5eb2eb47cecc464545ba58e1ad24/library/test/src/lib.rs:606:41
[INFO] [stdout]   30:     0x64082e8d2825 - std::sys::backtrace::__rust_begin_short_backtrace::hd2d2d2fb8e8c6aac
[INFO] [stdout]                                at /rustc/6067b36314ab5eb2eb47cecc464545ba58e1ad24/library/std/src/sys/backtrace.rs:152:18
[INFO] [stdout]   31:     0x64082e8d610a - std::thread::Builder::spawn_unchecked_::{{closure}}::{{closure}}::h4faa3f9db6133423
[INFO] [stdout]                                at /rustc/6067b36314ab5eb2eb47cecc464545ba58e1ad24/library/std/src/thread/mod.rs:559:17
[INFO] [stdout]   32:     0x64082e8d610a - <core::panic::unwind_safe::AssertUnwindSafe<F> as core::ops::function::FnOnce<()>>::call_once::hf2e855a36a4ea846
[INFO] [stdout]                                at /rustc/6067b36314ab5eb2eb47cecc464545ba58e1ad24/library/core/src/panic/unwind_safe.rs:272:9
[INFO] [stdout]   33:     0x64082e8d610a - std::panicking::try::do_call::h2f73af3616c35465
[INFO] [stdout]                                at /rustc/6067b36314ab5eb2eb47cecc464545ba58e1ad24/library/std/src/panicking.rs:587:40
[INFO] [stdout]   34:     0x64082e8d610a - std::panicking::try::hd1660ce9efadef5a
[INFO] [stdout]                                at /rustc/6067b36314ab5eb2eb47cecc464545ba58e1ad24/library/std/src/panicking.rs:550:19
[INFO] [stdout]   35:     0x64082e8d610a - std::panic::catch_unwind::h5ee8d7823b8ca744
[INFO] [stdout]                                at /rustc/6067b36314ab5eb2eb47cecc464545ba58e1ad24/library/std/src/panic.rs:358:14
[INFO] [stdout]   36:     0x64082e8d610a - std::thread::Builder::spawn_unchecked_::{{closure}}::h53c3a1894dce8407
[INFO] [stdout]                                at /rustc/6067b36314ab5eb2eb47cecc464545ba58e1ad24/library/std/src/thread/mod.rs:557:30
[INFO] [stdout]   37:     0x64082e8d610a - core::ops::function::FnOnce::call_once{{vtable.shim}}::h048ce291ad4f62bf
[INFO] [stdout]                                at /rustc/6067b36314ab5eb2eb47cecc464545ba58e1ad24/library/core/src/ops/function.rs:250:5
[INFO] [stdout]   38:     0x64082e9804fb - <alloc::boxed::Box<F,A> as core::ops::function::FnOnce<Args>>::call_once::ha52bedf99a3b4981
[INFO] [stdout]                                at /rustc/6067b36314ab5eb2eb47cecc464545ba58e1ad24/library/alloc/src/boxed.rs:2013:9
[INFO] [stdout]   39:     0x64082e9804fb - <alloc::boxed::Box<F,A> as core::ops::function::FnOnce<Args>>::call_once::h567748934d80ccf8
[INFO] [stdout]                                at /rustc/6067b36314ab5eb2eb47cecc464545ba58e1ad24/library/alloc/src/boxed.rs:2013:9
[INFO] [stdout]   40:     0x64082e9804fb - std::sys::pal::unix::thread::Thread::new::thread_start::h2d970728ae887adc
[INFO] [stdout]                                at /rustc/6067b36314ab5eb2eb47cecc464545ba58e1ad24/library/std/src/sys/pal/unix/thread.rs:106:17
[INFO] [stdout]   41:     0x77e40e7b7ac3 - <unknown>
[INFO] [stdout]   42:     0x77e40e848a04 - clone
[INFO] [stdout]   43:                0x0 - <unknown>
[INFO] [stdout] 
[INFO] [stdout] 
[INFO] [stdout] failures:
[INFO] [stdout]     memtable::test::test_simple
[INFO] [stdout]     sstable::test::test_simple
[INFO] [stdout]     table::test::test_merge_rows
[INFO] [stdout] 
[INFO] [stdout] test result: FAILED. 19 passed; 3 failed; 0 ignored; 0 measured; 0 filtered out; finished in 0.04s
[INFO] [stdout] 
[INFO] running `Command { std: "docker" "inspect" "0389dc3049f6e5dda334d3a7c1ea7f6a7d9ce1e1b00360d711571a3495df8b98", kill_on_drop: false }`
[INFO] running `Command { std: "docker" "rm" "-f" "0389dc3049f6e5dda334d3a7c1ea7f6a7d9ce1e1b00360d711571a3495df8b98", kill_on_drop: false }`
[INFO] [stdout] 0389dc3049f6e5dda334d3a7c1ea7f6a7d9ce1e1b00360d711571a3495df8b98
