[INFO] cloning repository https://github.com/arisygdc/sipusu
[INFO] running `Command { std: "git" "-c" "credential.helper=" "-c" "credential.helper=/workspace/cargo-home/bin/git-credential-null" "clone" "--bare" "https://github.com/arisygdc/sipusu" "/workspace/cache/git-repos/https%3A%2F%2Fgithub.com%2Farisygdc%2Fsipusu", kill_on_drop: false }`
[INFO] [stderr] Cloning into bare repository '/workspace/cache/git-repos/https%3A%2F%2Fgithub.com%2Farisygdc%2Fsipusu'...
[INFO] running `Command { std: "git" "rev-parse" "HEAD", kill_on_drop: false }`
[INFO] [stdout] fa19b0d6d480a6a412c29254cd54623631bcef1c
[INFO] testing arisygdc/sipusu against nightly-2025-01-18 for randomize-layout-2
[INFO] running `Command { std: "git" "clone" "/workspace/cache/git-repos/https%3A%2F%2Fgithub.com%2Farisygdc%2Fsipusu" "/workspace/builds/worker-6-tc1/source", kill_on_drop: false }`
[INFO] [stderr] Cloning into '/workspace/builds/worker-6-tc1/source'...
[INFO] [stderr] done.
[INFO] validating manifest of git repo https://github.com/arisygdc/sipusu on toolchain nightly-2025-01-18
[INFO] running `Command { std: CARGO_HOME="/workspace/cargo-home" RUSTUP_HOME="/workspace/rustup-home" "/workspace/cargo-home/bin/cargo" "+nightly-2025-01-18" "metadata" "--manifest-path" "Cargo.toml" "--no-deps", kill_on_drop: false }`
[INFO] started tweaking git repo https://github.com/arisygdc/sipusu
[INFO] finished tweaking git repo https://github.com/arisygdc/sipusu
[INFO] tweaked toml for git repo https://github.com/arisygdc/sipusu written to /workspace/builds/worker-6-tc1/source/Cargo.toml
[INFO] crate git repo https://github.com/arisygdc/sipusu already has a lockfile, it will not be regenerated
[INFO] running `Command { std: CARGO_HOME="/workspace/cargo-home" RUSTUP_HOME="/workspace/rustup-home" "/workspace/cargo-home/bin/cargo" "+nightly-2025-01-18" "fetch" "--manifest-path" "Cargo.toml", kill_on_drop: false }`
[INFO] [stderr]  Downloading crates ...
[INFO] [stderr]   Downloaded clang-sys v1.8.0
[INFO] [stderr]   Downloaded aws-lc-rs v1.7.2
[INFO] [stderr]   Downloaded rust-argon2 v2.1.0
[INFO] [stderr]   Downloaded rustls v0.23.8
[INFO] [stderr]   Downloaded aws-lc-sys v0.17.0
[INFO] running `Command { std: "docker" "create" "-v" "/var/lib/crater-agent-workspace/builds/worker-6-tc1/target:/opt/rustwide/target:rw,Z" "-v" "/var/lib/crater-agent-workspace/builds/worker-6-tc1/source:/opt/rustwide/workdir:ro,Z" "-v" "/var/lib/crater-agent-workspace/cargo-home:/opt/rustwide/cargo-home:ro,Z" "-v" "/var/lib/crater-agent-workspace/rustup-home:/opt/rustwide/rustup-home:ro,Z" "-e" "SOURCE_DIR=/opt/rustwide/workdir" "-e" "CARGO_TARGET_DIR=/opt/rustwide/target" "-e" "CARGO_HOME=/opt/rustwide/cargo-home" "-e" "RUSTUP_HOME=/opt/rustwide/rustup-home" "-w" "/opt/rustwide/workdir" "-m" "1610612736" "--user" "0:0" "--network" "none" "ghcr.io/rust-lang/crates-build-env/linux@sha256:819108c5571ea2e421544af4d832f968d213c87fbe3707a016657f43d2f853bc" "/opt/rustwide/cargo-home/bin/cargo" "+nightly-2025-01-18" "metadata" "--no-deps" "--format-version=1", kill_on_drop: false }`
[INFO] [stdout] 73ff723a8508903b55b0b0b63682224fc6d1842067b30aacdf3769ab702f0eb5
[INFO] running `Command { std: "docker" "start" "-a" "73ff723a8508903b55b0b0b63682224fc6d1842067b30aacdf3769ab702f0eb5", kill_on_drop: false }`
[INFO] running `Command { std: "docker" "inspect" "73ff723a8508903b55b0b0b63682224fc6d1842067b30aacdf3769ab702f0eb5", kill_on_drop: false }`
[INFO] running `Command { std: "docker" "rm" "-f" "73ff723a8508903b55b0b0b63682224fc6d1842067b30aacdf3769ab702f0eb5", kill_on_drop: false }`
[INFO] [stdout] 73ff723a8508903b55b0b0b63682224fc6d1842067b30aacdf3769ab702f0eb5
[INFO] running `Command { std: "docker" "create" "-v" "/var/lib/crater-agent-workspace/builds/worker-6-tc1/target:/opt/rustwide/target:rw,Z" "-v" "/var/lib/crater-agent-workspace/builds/worker-6-tc1/source:/opt/rustwide/workdir:ro,Z" "-v" "/var/lib/crater-agent-workspace/cargo-home:/opt/rustwide/cargo-home:ro,Z" "-v" "/var/lib/crater-agent-workspace/rustup-home:/opt/rustwide/rustup-home:ro,Z" "-e" "SOURCE_DIR=/opt/rustwide/workdir" "-e" "CARGO_TARGET_DIR=/opt/rustwide/target" "-e" "CARGO_INCREMENTAL=0" "-e" "RUST_BACKTRACE=full" "-e" "RUSTFLAGS=--cap-lints=forbid" "-e" "RUSTDOCFLAGS=--cap-lints=forbid" "-e" "CARGO_HOME=/opt/rustwide/cargo-home" "-e" "RUSTUP_HOME=/opt/rustwide/rustup-home" "-w" "/opt/rustwide/workdir" "-m" "1610612736" "--user" "0:0" "--network" "none" "ghcr.io/rust-lang/crates-build-env/linux@sha256:819108c5571ea2e421544af4d832f968d213c87fbe3707a016657f43d2f853bc" "/opt/rustwide/cargo-home/bin/cargo" "+nightly-2025-01-18" "build" "--frozen" "--message-format=json", kill_on_drop: false }`
[INFO] [stdout] 2b180ef81c65e957d65e855cb38a6363bd7c6a037120eddd35c8702737fec355
[INFO] running `Command { std: "docker" "start" "-a" "2b180ef81c65e957d65e855cb38a6363bd7c6a037120eddd35c8702737fec355", kill_on_drop: false }`
[INFO] [stderr]    Compiling libc v0.2.155
[INFO] [stderr]    Compiling once_cell v1.19.0
[INFO] [stderr]    Compiling proc-macro2 v1.0.84
[INFO] [stderr]    Compiling unicode-ident v1.0.12
[INFO] [stderr]    Compiling dunce v1.0.4
[INFO] [stderr]    Compiling fs_extra v1.3.0
[INFO] [stderr]    Compiling autocfg v1.3.0
[INFO] [stderr]    Compiling paste v1.0.15
[INFO] [stderr]    Compiling aws-lc-rs v1.7.2
[INFO] [stderr]    Compiling parking_lot_core v0.9.10
[INFO] [stderr]    Compiling smallvec v1.13.2
[INFO] [stderr]    Compiling cfg-if v1.0.0
[INFO] [stderr]    Compiling scopeguard v1.2.0
[INFO] [stderr]    Compiling rustls-pki-types v1.7.0
[INFO] [stderr]    Compiling mirai-annotations v1.12.0
[INFO] [stderr]    Compiling rustls v0.23.8
[INFO] [stderr]    Compiling untrusted v0.9.0
[INFO] [stderr]    Compiling subtle v2.5.0
[INFO] [stderr]    Compiling pin-project-lite v0.2.14
[INFO] [stderr]    Compiling constant_time_eq v0.3.0
[INFO] [stderr]    Compiling arrayref v0.3.7
[INFO] [stderr]    Compiling arrayvec v0.7.4
[INFO] [stderr]    Compiling bytes v1.6.0
[INFO] [stderr]    Compiling log v0.4.21
[INFO] [stderr]    Compiling base64 v0.22.1
[INFO] [stderr]    Compiling blake2b_simd v1.0.2
[INFO] [stderr]    Compiling hashbrown v0.14.5
[INFO] [stderr]    Compiling base64 v0.21.7
[INFO] [stderr]    Compiling lock_api v0.4.12
[INFO] [stderr]    Compiling rustls-pemfile v2.1.2
[INFO] [stderr]    Compiling rust-argon2 v2.1.0
[INFO] [stderr]    Compiling jobserver v0.1.31
[INFO] [stderr]    Compiling socket2 v0.5.7
[INFO] [stderr]    Compiling num_cpus v1.16.0
[INFO] [stderr]    Compiling signal-hook-registry v1.4.2
[INFO] [stderr]    Compiling mio v0.8.11
[INFO] [stderr]    Compiling quote v1.0.36
[INFO] [stderr]    Compiling parking_lot v0.12.3
[INFO] [stderr]    Compiling dashmap v5.5.3
[INFO] [stderr]    Compiling cc v1.0.98
[INFO] [stderr]    Compiling syn v2.0.66
[INFO] [stderr]    Compiling cmake v0.1.50
[INFO] [stderr]    Compiling aws-lc-sys v0.17.0
[INFO] [stderr]    Compiling zeroize_derive v1.4.2
[INFO] [stderr]    Compiling tokio-macros v2.2.0
[INFO] [stderr]    Compiling zeroize v1.8.1
[INFO] [stderr]    Compiling tokio v1.37.0
[INFO] [stderr]    Compiling rustls-webpki v0.102.4
[INFO] [stderr]    Compiling tokio-rustls v0.26.0
[INFO] [stderr]    Compiling sipusu v0.1.0 (/opt/rustwide/workdir)
[INFO] [stdout] warning: constant `WILDCARD_SUPPORT` is never used
[INFO] [stdout]   --> src/message_broker/mod.rs:13:11
[INFO] [stdout]    |
[INFO] [stdout] 13 | pub const WILDCARD_SUPPORT: bool = false;
[INFO] [stdout]    |           ^^^^^^^^^^^^^^^^
[INFO] [stdout]    |
[INFO] [stdout]    = note: `#[warn(dead_code)]` on by default
[INFO] [stdout] 
[INFO] [stdout] 
[INFO] [stdout] warning: constant `SUBS_ID_SUPPORT` is never used
[INFO] [stdout]   --> src/message_broker/mod.rs:14:11
[INFO] [stdout]    |
[INFO] [stdout] 14 | pub const SUBS_ID_SUPPORT: bool = false;
[INFO] [stdout]    |           ^^^^^^^^^^^^^^^
[INFO] [stdout] 
[INFO] [stdout] 
[INFO] [stdout] warning: constant `SHARED_SUBS_SUPPORT` is never used
[INFO] [stdout]   --> src/message_broker/mod.rs:15:11
[INFO] [stdout]    |
[INFO] [stdout] 15 | pub const SHARED_SUBS_SUPPORT: bool = false;
[INFO] [stdout]    |           ^^^^^^^^^^^^^^^^^^^
[INFO] [stdout] 
[INFO] [stdout] 
[INFO] [stdout] warning: struct `MessageCoordinator` is never constructed
[INFO] [stdout]  --> src/message_broker/msg_state.rs:8:12
[INFO] [stdout]   |
[INFO] [stdout] 8 | pub struct MessageCoordinator {
[INFO] [stdout]   |            ^^^^^^^^^^^^^^^^^^
[INFO] [stdout]   |
[INFO] [stdout]   = note: `MessageCoordinator` has a derived impl for the trait `Clone`, but this is intentionally ignored during dead code analysis
[INFO] [stdout] 
[INFO] [stdout] 
[INFO] [stdout] warning: associated function `new` is never used
[INFO] [stdout]   --> src/message_broker/msg_state.rs:13:12
[INFO] [stdout]    |
[INFO] [stdout] 12 | impl MessageCoordinator {
[INFO] [stdout]    | ----------------------- associated function in this implementation
[INFO] [stdout] 13 |     pub fn new() -> Self {
[INFO] [stdout]    |            ^^^
[INFO] [stdout] 
[INFO] [stdout] 
[INFO] [stdout] warning: enum `MsgState` is never used
[INFO] [stdout]   --> src/message_broker/msg_state.rs:21:10
[INFO] [stdout]    |
[INFO] [stdout] 21 | pub enum MsgState {
[INFO] [stdout]    |          ^^^^^^^^
[INFO] [stdout] 
[INFO] [stdout] 
[INFO] [stdout] warning: associated items `step` and `last_step` are never used
[INFO] [stdout]   --> src/message_broker/msg_state.rs:28:8
[INFO] [stdout]    |
[INFO] [stdout] 27 | impl MsgState {
[INFO] [stdout]    | ------------- associated items in this implementation
[INFO] [stdout] 28 |     fn step(&self) -> u8 {
[INFO] [stdout]    |        ^^^^
[INFO] [stdout] ...
[INFO] [stdout] 36 |     fn last_step() -> u8 {
[INFO] [stdout]    |        ^^^^^^^^^
[INFO] [stdout] 
[INFO] [stdout] 
[INFO] [stdout] warning: struct `Map` is never constructed
[INFO] [stdout]   --> src/message_broker/msg_state.rs:41:12
[INFO] [stdout]    |
[INFO] [stdout] 41 | pub struct Map {
[INFO] [stdout]    |            ^^^
[INFO] [stdout] 
[INFO] [stdout] 
[INFO] [stdout] warning: struct `SaveState` is never constructed
[INFO] [stdout]   --> src/message_broker/msg_state.rs:46:12
[INFO] [stdout]    |
[INFO] [stdout] 46 | pub struct SaveState {
[INFO] [stdout]    |            ^^^^^^^^^
[INFO] [stdout] 
[INFO] [stdout] 
[INFO] [stdout] warning: enum `MsgAckErrors` is never used
[INFO] [stdout]   --> src/message_broker/msg_state.rs:52:10
[INFO] [stdout]    |
[INFO] [stdout] 52 | pub enum MsgAckErrors {
[INFO] [stdout]    |          ^^^^^^^^^^^^
[INFO] [stdout] 
[INFO] [stdout] 
[INFO] [stdout] warning: methods `create` and `resolve` are never used
[INFO] [stdout]   --> src/message_broker/msg_state.rs:60:18
[INFO] [stdout]    |
[INFO] [stdout] 59 | impl MessageCoordinator {
[INFO] [stdout]    | ----------------------- methods in this implementation
[INFO] [stdout] 60 |     pub async fn create(&self, clid: ClientID, packet_id: u16, expr_intrval_sec: u64) -> Result<(), MsgAckErrors> {
[INFO] [stdout]    |                  ^^^^^^
[INFO] [stdout] ...
[INFO] [stdout] 89 |     pub async fn resolve(&self, clid: ClientID, packet_id: u16, ack: MsgState) -> Result<(), MsgAckErrors> {
[INFO] [stdout]    |                  ^^^^^^^
[INFO] [stdout] 
[INFO] [stdout] 
[INFO] [stdout] warning: associated function `max_qos` is never used
[INFO] [stdout]   --> src/protocol/v5/mod.rs:26:12
[INFO] [stdout]    |
[INFO] [stdout] 17 | impl ServiceLevel {
[INFO] [stdout]    | ----------------- associated function in this implementation
[INFO] [stdout] ...
[INFO] [stdout] 26 |     pub fn max_qos() -> u8 {
[INFO] [stdout]    |            ^^^^^^^
[INFO] [stdout] 
[INFO] [stdout] 
[INFO] [stdout] warning: variants `ReceiveMax`, `PacketTooLarge`, `RetainNotSupported`, `SharedSubsUnsuppported`, `SubsIdUnSupported`, and `WildcardSubsUnSupported` are never constructed
[INFO] [stdout]   --> src/protocol/v5/malform.rs:17:5
[INFO] [stdout]    |
[INFO] [stdout] 14 | pub enum Malformed {
[INFO] [stdout]    |          --------- variants in this enum
[INFO] [stdout] ...
[INFO] [stdout] 17 |     ReceiveMax,
[INFO] [stdout]    |     ^^^^^^^^^^
[INFO] [stdout] 18 |     PacketTooLarge,
[INFO] [stdout]    |     ^^^^^^^^^^^^^^
[INFO] [stdout] 19 |     RetainNotSupported,
[INFO] [stdout]    |     ^^^^^^^^^^^^^^^^^^
[INFO] [stdout] 20 |     QoSNotSupported,
[INFO] [stdout] 21 |     SharedSubsUnsuppported,
[INFO] [stdout]    |     ^^^^^^^^^^^^^^^^^^^^^^
[INFO] [stdout] 22 |     SubsIdUnSupported,
[INFO] [stdout]    |     ^^^^^^^^^^^^^^^^^
[INFO] [stdout] 23 |     WildcardSubsUnSupported
[INFO] [stdout]    |     ^^^^^^^^^^^^^^^^^^^^^^^
[INFO] [stdout]    |
[INFO] [stdout]    = note: `Malformed` has a derived impl for the trait `Debug`, but this is intentionally ignored during dead code analysis
[INFO] [stdout] 
[INFO] [stdout] 
[INFO] [stdout] warning: method `code` is never used
[INFO] [stdout]   --> src/protocol/v5/malform.rs:27:12
[INFO] [stdout]    |
[INFO] [stdout] 26 | impl Malformed {
[INFO] [stdout]    | -------------- method in this implementation
[INFO] [stdout] 27 |     pub fn code(&self) -> u8 {
[INFO] [stdout]    |            ^^^^
[INFO] [stdout] 
[INFO] [stdout] 
[INFO] [stdout] warning: method `delete` is never used
[INFO] [stdout]   --> src/ds/trie.rs:10:8
[INFO] [stdout]    |
[INFO] [stdout] 6  | pub trait BaseLeaf: Default
[INFO] [stdout]    |           -------- method in this trait
[INFO] [stdout] ...
[INFO] [stdout] 10 |     fn delete(&self);
[INFO] [stdout]    |        ^^^^^^
[INFO] [stdout] 
[INFO] [stdout] 
[INFO] [stdout] warning: trait `LeafCollection` is never used
[INFO] [stdout]   --> src/ds/trie.rs:21:11
[INFO] [stdout]    |
[INFO] [stdout] 21 | pub trait LeafCollection<T>: Default
[INFO] [stdout]    |           ^^^^^^^^^^^^^^
[INFO] [stdout] 
[INFO] [stdout] 
[INFO] [stdout] warning: associated function `truncate` is never used
[INFO] [stdout]    --> src/ds/trie.rs:142:15
[INFO] [stdout]     |
[INFO] [stdout] 78  | / impl<T, L> Trie<T, L>
[INFO] [stdout] 79  | | where
[INFO] [stdout] 80  | |     T: Clone + PartialEq + Sync,
[INFO] [stdout] 81  | |     L: BaseLeaf
[INFO] [stdout]     | |_______________- associated function in this implementation
[INFO] [stdout] ...
[INFO] [stdout] 142 |       unsafe fn truncate(node_ptr: *mut Child<T, L>) {
[INFO] [stdout]     |                 ^^^^^^^^
[INFO] [stdout] 
[INFO] [stdout] 
[INFO] [stdout] warning: associated function `new_multi` is never used
[INFO] [stdout]    --> src/ds/trie.rs:192:12
[INFO] [stdout]     |
[INFO] [stdout] 187 | / impl<T, L> Trie<T, L>
[INFO] [stdout] 188 | | where
[INFO] [stdout] 189 | |     T: Clone + PartialEq + Sync,
[INFO] [stdout] 190 | |     L: BaseLeaf + LeafCollection<T>
[INFO] [stdout]     | |___________________________________- associated function in this implementation
[INFO] [stdout] 191 |   {
[INFO] [stdout] 192 |       pub fn new_multi() -> Self {
[INFO] [stdout]     |              ^^^^^^^^^
[INFO] [stdout] 
[INFO] [stdout] 
[INFO] [stderr]     Finished `dev` profile [unoptimized + debuginfo] target(s) in 25.49s
[INFO] running `Command { std: "docker" "inspect" "2b180ef81c65e957d65e855cb38a6363bd7c6a037120eddd35c8702737fec355", kill_on_drop: false }`
[INFO] running `Command { std: "docker" "rm" "-f" "2b180ef81c65e957d65e855cb38a6363bd7c6a037120eddd35c8702737fec355", kill_on_drop: false }`
[INFO] [stdout] 2b180ef81c65e957d65e855cb38a6363bd7c6a037120eddd35c8702737fec355
[INFO] running `Command { std: "docker" "create" "-v" "/var/lib/crater-agent-workspace/builds/worker-6-tc1/target:/opt/rustwide/target:rw,Z" "-v" "/var/lib/crater-agent-workspace/builds/worker-6-tc1/source:/opt/rustwide/workdir:ro,Z" "-v" "/var/lib/crater-agent-workspace/cargo-home:/opt/rustwide/cargo-home:ro,Z" "-v" "/var/lib/crater-agent-workspace/rustup-home:/opt/rustwide/rustup-home:ro,Z" "-e" "SOURCE_DIR=/opt/rustwide/workdir" "-e" "CARGO_TARGET_DIR=/opt/rustwide/target" "-e" "CARGO_INCREMENTAL=0" "-e" "RUST_BACKTRACE=full" "-e" "RUSTFLAGS=--cap-lints=forbid" "-e" "RUSTDOCFLAGS=--cap-lints=forbid" "-e" "CARGO_HOME=/opt/rustwide/cargo-home" "-e" "RUSTUP_HOME=/opt/rustwide/rustup-home" "-w" "/opt/rustwide/workdir" "-m" "1610612736" "--user" "0:0" "--network" "none" "ghcr.io/rust-lang/crates-build-env/linux@sha256:819108c5571ea2e421544af4d832f968d213c87fbe3707a016657f43d2f853bc" "/opt/rustwide/cargo-home/bin/cargo" "+nightly-2025-01-18" "test" "--frozen" "--no-run" "--message-format=json", kill_on_drop: false }`
[INFO] [stdout] 557822fd698eb1be2017b31e76bd090527b8c6e410ce32d6301b2c75163d0f45
[INFO] running `Command { std: "docker" "start" "-a" "557822fd698eb1be2017b31e76bd090527b8c6e410ce32d6301b2c75163d0f45", kill_on_drop: false }`
[INFO] [stderr]    Compiling sipusu v0.1.0 (/opt/rustwide/workdir)
[INFO] [stdout] warning: constant `WILDCARD_SUPPORT` is never used
[INFO] [stdout]   --> src/message_broker/mod.rs:13:11
[INFO] [stdout]    |
[INFO] [stdout] 13 | pub const WILDCARD_SUPPORT: bool = false;
[INFO] [stdout]    |           ^^^^^^^^^^^^^^^^
[INFO] [stdout]    |
[INFO] [stdout]    = note: `#[warn(dead_code)]` on by default
[INFO] [stdout] 
[INFO] [stdout] 
[INFO] [stdout] warning: constant `SUBS_ID_SUPPORT` is never used
[INFO] [stdout]   --> src/message_broker/mod.rs:14:11
[INFO] [stdout]    |
[INFO] [stdout] 14 | pub const SUBS_ID_SUPPORT: bool = false;
[INFO] [stdout]    |           ^^^^^^^^^^^^^^^
[INFO] [stdout] 
[INFO] [stdout] 
[INFO] [stdout] warning: constant `SHARED_SUBS_SUPPORT` is never used
[INFO] [stdout]   --> src/message_broker/mod.rs:15:11
[INFO] [stdout]    |
[INFO] [stdout] 15 | pub const SHARED_SUBS_SUPPORT: bool = false;
[INFO] [stdout]    |           ^^^^^^^^^^^^^^^^^^^
[INFO] [stdout] 
[INFO] [stdout] 
[INFO] [stdout] warning: struct `MessageCoordinator` is never constructed
[INFO] [stdout]  --> src/message_broker/msg_state.rs:8:12
[INFO] [stdout]   |
[INFO] [stdout] 8 | pub struct MessageCoordinator {
[INFO] [stdout]   |            ^^^^^^^^^^^^^^^^^^
[INFO] [stdout]   |
[INFO] [stdout]   = note: `MessageCoordinator` has a derived impl for the trait `Clone`, but this is intentionally ignored during dead code analysis
[INFO] [stdout] 
[INFO] [stdout] 
[INFO] [stdout] warning: associated function `new` is never used
[INFO] [stdout]   --> src/message_broker/msg_state.rs:13:12
[INFO] [stdout]    |
[INFO] [stdout] 12 | impl MessageCoordinator {
[INFO] [stdout]    | ----------------------- associated function in this implementation
[INFO] [stdout] 13 |     pub fn new() -> Self {
[INFO] [stdout]    |            ^^^
[INFO] [stdout] 
[INFO] [stdout] 
[INFO] [stdout] warning: enum `MsgState` is never used
[INFO] [stdout]   --> src/message_broker/msg_state.rs:21:10
[INFO] [stdout]    |
[INFO] [stdout] 21 | pub enum MsgState {
[INFO] [stdout]    |          ^^^^^^^^
[INFO] [stdout] 
[INFO] [stdout] 
[INFO] [stdout] warning: associated items `step` and `last_step` are never used
[INFO] [stdout]   --> src/message_broker/msg_state.rs:28:8
[INFO] [stdout]    |
[INFO] [stdout] 27 | impl MsgState {
[INFO] [stdout]    | ------------- associated items in this implementation
[INFO] [stdout] 28 |     fn step(&self) -> u8 {
[INFO] [stdout]    |        ^^^^
[INFO] [stdout] ...
[INFO] [stdout] 36 |     fn last_step() -> u8 {
[INFO] [stdout]    |        ^^^^^^^^^
[INFO] [stdout] 
[INFO] [stdout] 
[INFO] [stdout] warning: struct `Map` is never constructed
[INFO] [stdout]   --> src/message_broker/msg_state.rs:41:12
[INFO] [stdout]    |
[INFO] [stdout] 41 | pub struct Map {
[INFO] [stdout]    |            ^^^
[INFO] [stdout] 
[INFO] [stdout] 
[INFO] [stdout] warning: struct `SaveState` is never constructed
[INFO] [stdout]   --> src/message_broker/msg_state.rs:46:12
[INFO] [stdout]    |
[INFO] [stdout] 46 | pub struct SaveState {
[INFO] [stdout]    |            ^^^^^^^^^
[INFO] [stdout] 
[INFO] [stdout] 
[INFO] [stdout] warning: enum `MsgAckErrors` is never used
[INFO] [stdout]   --> src/message_broker/msg_state.rs:52:10
[INFO] [stdout]    |
[INFO] [stdout] 52 | pub enum MsgAckErrors {
[INFO] [stdout]    |          ^^^^^^^^^^^^
[INFO] [stdout] 
[INFO] [stdout] 
[INFO] [stdout] warning: methods `create` and `resolve` are never used
[INFO] [stdout]   --> src/message_broker/msg_state.rs:60:18
[INFO] [stdout]    |
[INFO] [stdout] 59 | impl MessageCoordinator {
[INFO] [stdout]    | ----------------------- methods in this implementation
[INFO] [stdout] 60 |     pub async fn create(&self, clid: ClientID, packet_id: u16, expr_intrval_sec: u64) -> Result<(), MsgAckErrors> {
[INFO] [stdout]    |                  ^^^^^^
[INFO] [stdout] ...
[INFO] [stdout] 89 |     pub async fn resolve(&self, clid: ClientID, packet_id: u16, ack: MsgState) -> Result<(), MsgAckErrors> {
[INFO] [stdout]    |                  ^^^^^^^
[INFO] [stdout] 
[INFO] [stdout] 
[INFO] [stdout] warning: associated function `max_qos` is never used
[INFO] [stdout]   --> src/protocol/v5/mod.rs:26:12
[INFO] [stdout]    |
[INFO] [stdout] 17 | impl ServiceLevel {
[INFO] [stdout]    | ----------------- associated function in this implementation
[INFO] [stdout] ...
[INFO] [stdout] 26 |     pub fn max_qos() -> u8 {
[INFO] [stdout]    |            ^^^^^^^
[INFO] [stdout] 
[INFO] [stdout] 
[INFO] [stdout] warning: variants `ReceiveMax`, `PacketTooLarge`, `RetainNotSupported`, `SharedSubsUnsuppported`, `SubsIdUnSupported`, and `WildcardSubsUnSupported` are never constructed
[INFO] [stdout]   --> src/protocol/v5/malform.rs:17:5
[INFO] [stdout]    |
[INFO] [stdout] 14 | pub enum Malformed {
[INFO] [stdout]    |          --------- variants in this enum
[INFO] [stdout] ...
[INFO] [stdout] 17 |     ReceiveMax,
[INFO] [stdout]    |     ^^^^^^^^^^
[INFO] [stdout] 18 |     PacketTooLarge,
[INFO] [stdout]    |     ^^^^^^^^^^^^^^
[INFO] [stdout] 19 |     RetainNotSupported,
[INFO] [stdout]    |     ^^^^^^^^^^^^^^^^^^
[INFO] [stdout] 20 |     QoSNotSupported,
[INFO] [stdout] 21 |     SharedSubsUnsuppported,
[INFO] [stdout]    |     ^^^^^^^^^^^^^^^^^^^^^^
[INFO] [stdout] 22 |     SubsIdUnSupported,
[INFO] [stdout]    |     ^^^^^^^^^^^^^^^^^
[INFO] [stdout] 23 |     WildcardSubsUnSupported
[INFO] [stdout]    |     ^^^^^^^^^^^^^^^^^^^^^^^
[INFO] [stdout]    |
[INFO] [stdout]    = note: `Malformed` has a derived impl for the trait `Debug`, but this is intentionally ignored during dead code analysis
[INFO] [stdout] 
[INFO] [stdout] 
[INFO] [stdout] warning: method `code` is never used
[INFO] [stdout]   --> src/protocol/v5/malform.rs:27:12
[INFO] [stdout]    |
[INFO] [stdout] 26 | impl Malformed {
[INFO] [stdout]    | -------------- method in this implementation
[INFO] [stdout] 27 |     pub fn code(&self) -> u8 {
[INFO] [stdout]    |            ^^^^
[INFO] [stdout] 
[INFO] [stdout] 
[INFO] [stdout] warning: method `delete` is never used
[INFO] [stdout]   --> src/ds/trie.rs:10:8
[INFO] [stdout]    |
[INFO] [stdout] 6  | pub trait BaseLeaf: Default
[INFO] [stdout]    |           -------- method in this trait
[INFO] [stdout] ...
[INFO] [stdout] 10 |     fn delete(&self);
[INFO] [stdout]    |        ^^^^^^
[INFO] [stdout] 
[INFO] [stdout] 
[INFO] [stdout] warning: trait `LeafCollection` is never used
[INFO] [stdout]   --> src/ds/trie.rs:21:11
[INFO] [stdout]    |
[INFO] [stdout] 21 | pub trait LeafCollection<T>: Default
[INFO] [stdout]    |           ^^^^^^^^^^^^^^
[INFO] [stdout] 
[INFO] [stdout] 
[INFO] [stdout] warning: associated function `truncate` is never used
[INFO] [stdout]    --> src/ds/trie.rs:142:15
[INFO] [stdout]     |
[INFO] [stdout] 78  | / impl<T, L> Trie<T, L>
[INFO] [stdout] 79  | | where
[INFO] [stdout] 80  | |     T: Clone + PartialEq + Sync,
[INFO] [stdout] 81  | |     L: BaseLeaf
[INFO] [stdout]     | |_______________- associated function in this implementation
[INFO] [stdout] ...
[INFO] [stdout] 142 |       unsafe fn truncate(node_ptr: *mut Child<T, L>) {
[INFO] [stdout]     |                 ^^^^^^^^
[INFO] [stdout] 
[INFO] [stdout] 
[INFO] [stdout] warning: associated function `new_multi` is never used
[INFO] [stdout]    --> src/ds/trie.rs:192:12
[INFO] [stdout]     |
[INFO] [stdout] 187 | / impl<T, L> Trie<T, L>
[INFO] [stdout] 188 | | where
[INFO] [stdout] 189 | |     T: Clone + PartialEq + Sync,
[INFO] [stdout] 190 | |     L: BaseLeaf + LeafCollection<T>
[INFO] [stdout]     | |___________________________________- associated function in this implementation
[INFO] [stdout] 191 |   {
[INFO] [stdout] 192 |       pub fn new_multi() -> Self {
[INFO] [stdout]     |              ^^^^^^^^^
[INFO] [stdout] 
[INFO] [stdout] 
[INFO] [stderr]     Finished `test` profile [unoptimized + debuginfo] target(s) in 2.15s
[INFO] running `Command { std: "docker" "inspect" "557822fd698eb1be2017b31e76bd090527b8c6e410ce32d6301b2c75163d0f45", kill_on_drop: false }`
[INFO] running `Command { std: "docker" "rm" "-f" "557822fd698eb1be2017b31e76bd090527b8c6e410ce32d6301b2c75163d0f45", kill_on_drop: false }`
[INFO] [stdout] 557822fd698eb1be2017b31e76bd090527b8c6e410ce32d6301b2c75163d0f45
[INFO] running `Command { std: "docker" "create" "-v" "/var/lib/crater-agent-workspace/builds/worker-6-tc1/target:/opt/rustwide/target:rw,Z" "-v" "/var/lib/crater-agent-workspace/builds/worker-6-tc1/source:/opt/rustwide/workdir:ro,Z" "-v" "/var/lib/crater-agent-workspace/cargo-home:/opt/rustwide/cargo-home:ro,Z" "-v" "/var/lib/crater-agent-workspace/rustup-home:/opt/rustwide/rustup-home:ro,Z" "-e" "SOURCE_DIR=/opt/rustwide/workdir" "-e" "CARGO_TARGET_DIR=/opt/rustwide/target" "-e" "CARGO_INCREMENTAL=0" "-e" "RUST_BACKTRACE=full" "-e" "RUSTFLAGS=--cap-lints=forbid" "-e" "RUSTDOCFLAGS=--cap-lints=forbid" "-e" "CARGO_HOME=/opt/rustwide/cargo-home" "-e" "RUSTUP_HOME=/opt/rustwide/rustup-home" "-w" "/opt/rustwide/workdir" "-m" "1610612736" "--user" "0:0" "--network" "none" "ghcr.io/rust-lang/crates-build-env/linux@sha256:819108c5571ea2e421544af4d832f968d213c87fbe3707a016657f43d2f853bc" "/opt/rustwide/cargo-home/bin/cargo" "+nightly-2025-01-18" "test" "--frozen", kill_on_drop: false }`
[INFO] [stdout] 61a5c9183a829db23a633adbc07fe91983cc3c6ccfacad4e5811adc7b1d7cfe2
[INFO] running `Command { std: "docker" "start" "-a" "61a5c9183a829db23a633adbc07fe91983cc3c6ccfacad4e5811adc7b1d7cfe2", kill_on_drop: false }`
[INFO] [stderr] warning: constant `WILDCARD_SUPPORT` is never used
[INFO] [stderr]   --> src/message_broker/mod.rs:13:11
[INFO] [stderr]    |
[INFO] [stderr] 13 | pub const WILDCARD_SUPPORT: bool = false;
[INFO] [stderr]    |           ^^^^^^^^^^^^^^^^
[INFO] [stderr]    |
[INFO] [stderr]    = note: `#[warn(dead_code)]` on by default
[INFO] [stderr] 
[INFO] [stderr] warning: constant `SUBS_ID_SUPPORT` is never used
[INFO] [stderr]   --> src/message_broker/mod.rs:14:11
[INFO] [stderr]    |
[INFO] [stderr] 14 | pub const SUBS_ID_SUPPORT: bool = false;
[INFO] [stderr]    |           ^^^^^^^^^^^^^^^
[INFO] [stderr] 
[INFO] [stderr] warning: constant `SHARED_SUBS_SUPPORT` is never used
[INFO] [stderr]   --> src/message_broker/mod.rs:15:11
[INFO] [stderr]    |
[INFO] [stderr] 15 | pub const SHARED_SUBS_SUPPORT: bool = false;
[INFO] [stderr]    |           ^^^^^^^^^^^^^^^^^^^
[INFO] [stderr] 
[INFO] [stderr] warning: struct `MessageCoordinator` is never constructed
[INFO] [stderr]  --> src/message_broker/msg_state.rs:8:12
[INFO] [stderr]   |
[INFO] [stderr] 8 | pub struct MessageCoordinator {
[INFO] [stderr]   |            ^^^^^^^^^^^^^^^^^^
[INFO] [stderr]   |
[INFO] [stderr]   = note: `MessageCoordinator` has a derived impl for the trait `Clone`, but this is intentionally ignored during dead code analysis
[INFO] [stderr] 
[INFO] [stderr] warning: associated function `new` is never used
[INFO] [stderr]   --> src/message_broker/msg_state.rs:13:12
[INFO] [stderr]    |
[INFO] [stderr] 12 | impl MessageCoordinator {
[INFO] [stderr]    | ----------------------- associated function in this implementation
[INFO] [stderr] 13 |     pub fn new() -> Self {
[INFO] [stderr]    |            ^^^
[INFO] [stderr] 
[INFO] [stderr] warning: enum `MsgState` is never used
[INFO] [stderr]   --> src/message_broker/msg_state.rs:21:10
[INFO] [stderr]    |
[INFO] [stderr] 21 | pub enum MsgState {
[INFO] [stderr]    |          ^^^^^^^^
[INFO] [stderr] 
[INFO] [stderr] warning: associated items `step` and `last_step` are never used
[INFO] [stderr]   --> src/message_broker/msg_state.rs:28:8
[INFO] [stderr]    |
[INFO] [stderr] 27 | impl MsgState {
[INFO] [stderr]    | ------------- associated items in this implementation
[INFO] [stderr] 28 |     fn step(&self) -> u8 {
[INFO] [stderr]    |        ^^^^
[INFO] [stderr] ...
[INFO] [stderr] 36 |     fn last_step() -> u8 {
[INFO] [stderr]    |        ^^^^^^^^^
[INFO] [stderr] 
[INFO] [stderr] warning: struct `Map` is never constructed
[INFO] [stderr]   --> src/message_broker/msg_state.rs:41:12
[INFO] [stderr]    |
[INFO] [stderr] 41 | pub struct Map {
[INFO] [stderr]    |            ^^^
[INFO] [stderr] 
[INFO] [stderr] warning: struct `SaveState` is never constructed
[INFO] [stderr]   --> src/message_broker/msg_state.rs:46:12
[INFO] [stderr]    |
[INFO] [stderr] 46 | pub struct SaveState {
[INFO] [stderr]    |            ^^^^^^^^^
[INFO] [stderr] 
[INFO] [stderr] warning: enum `MsgAckErrors` is never used
[INFO] [stderr]   --> src/message_broker/msg_state.rs:52:10
[INFO] [stderr]    |
[INFO] [stderr] 52 | pub enum MsgAckErrors {
[INFO] [stderr]    |          ^^^^^^^^^^^^
[INFO] [stderr] 
[INFO] [stderr] warning: methods `create` and `resolve` are never used
[INFO] [stderr]   --> src/message_broker/msg_state.rs:60:18
[INFO] [stderr]    |
[INFO] [stderr] 59 | impl MessageCoordinator {
[INFO] [stderr]    | ----------------------- methods in this implementation
[INFO] [stderr] 60 |     pub async fn create(&self, clid: ClientID, packet_id: u16, expr_intrval_sec: u64) -> Result<(), MsgAckErrors> {
[INFO] [stderr]    |                  ^^^^^^
[INFO] [stderr] ...
[INFO] [stderr] 89 |     pub async fn resolve(&self, clid: ClientID, packet_id: u16, ack: MsgState) -> Result<(), MsgAckErrors> {
[INFO] [stderr]    |                  ^^^^^^^
[INFO] [stderr] 
[INFO] [stderr] warning: associated function `max_qos` is never used
[INFO] [stderr]   --> src/protocol/v5/mod.rs:26:12
[INFO] [stderr]    |
[INFO] [stderr] 17 | impl ServiceLevel {
[INFO] [stderr]    | ----------------- associated function in this implementation
[INFO] [stderr] ...
[INFO] [stderr] 26 |     pub fn max_qos() -> u8 {
[INFO] [stderr]    |            ^^^^^^^
[INFO] [stderr] 
[INFO] [stderr] warning: variants `ReceiveMax`, `PacketTooLarge`, `RetainNotSupported`, `SharedSubsUnsuppported`, `SubsIdUnSupported`, and `WildcardSubsUnSupported` are never constructed
[INFO] [stderr]   --> src/protocol/v5/malform.rs:17:5
[INFO] [stderr]    |
[INFO] [stderr] 14 | pub enum Malformed {
[INFO] [stderr]    |          --------- variants in this enum
[INFO] [stderr] ...
[INFO] [stderr] 17 |     ReceiveMax,
[INFO] [stderr]    |     ^^^^^^^^^^
[INFO] [stderr] 18 |     PacketTooLarge,
[INFO] [stderr]    |     ^^^^^^^^^^^^^^
[INFO] [stderr] 19 |     RetainNotSupported,
[INFO] [stderr]    |     ^^^^^^^^^^^^^^^^^^
[INFO] [stderr] 20 |     QoSNotSupported,
[INFO] [stderr] 21 |     SharedSubsUnsuppported,
[INFO] [stderr]    |     ^^^^^^^^^^^^^^^^^^^^^^
[INFO] [stderr] 22 |     SubsIdUnSupported,
[INFO] [stderr]    |     ^^^^^^^^^^^^^^^^^
[INFO] [stderr] 23 |     WildcardSubsUnSupported
[INFO] [stderr]    |     ^^^^^^^^^^^^^^^^^^^^^^^
[INFO] [stderr]    |
[INFO] [stderr]    = note: `Malformed` has a derived impl for the trait `Debug`, but this is intentionally ignored during dead code analysis
[INFO] [stderr] 
[INFO] [stderr] warning: method `code` is never used
[INFO] [stderr]   --> src/protocol/v5/malform.rs:27:12
[INFO] [stderr]    |
[INFO] [stderr] 26 | impl Malformed {
[INFO] [stderr]    | -------------- method in this implementation
[INFO] [stderr] 27 |     pub fn code(&self) -> u8 {
[INFO] [stderr]    |            ^^^^
[INFO] [stderr] 
[INFO] [stderr] warning: method `delete` is never used
[INFO] [stderr]   --> src/ds/trie.rs:10:8
[INFO] [stderr]    |
[INFO] [stderr] 6  | pub trait BaseLeaf: Default
[INFO] [stderr]    |           -------- method in this trait
[INFO] [stderr] ...
[INFO] [stderr] 10 |     fn delete(&self);
[INFO] [stderr]    |        ^^^^^^
[INFO] [stderr] 
[INFO] [stderr] warning: trait `LeafCollection` is never used
[INFO] [stderr]   --> src/ds/trie.rs:21:11
[INFO] [stderr]    |
[INFO] [stderr] 21 | pub trait LeafCollection<T>: Default
[INFO] [stderr]    |           ^^^^^^^^^^^^^^
[INFO] [stderr] 
[INFO] [stderr] warning: associated function `truncate` is never used
[INFO] [stderr]    --> src/ds/trie.rs:142:15
[INFO] [stderr]     |
[INFO] [stderr] 78  | / impl<T, L> Trie<T, L>
[INFO] [stderr] 79  | | where
[INFO] [stderr] 80  | |     T: Clone + PartialEq + Sync,
[INFO] [stderr] 81  | |     L: BaseLeaf
[INFO] [stderr]     | |_______________- associated function in this implementation
[INFO] [stderr] ...
[INFO] [stderr] 142 |       unsafe fn truncate(node_ptr: *mut Child<T, L>) {
[INFO] [stderr]     |                 ^^^^^^^^
[INFO] [stderr] 
[INFO] [stderr] warning: associated function `new_multi` is never used
[INFO] [stderr]    --> src/ds/trie.rs:192:12
[INFO] [stderr]     |
[INFO] [stderr] 187 | / impl<T, L> Trie<T, L>
[INFO] [stderr] 188 | | where
[INFO] [stderr] 189 | |     T: Clone + PartialEq + Sync,
[INFO] [stderr] 190 | |     L: BaseLeaf + LeafCollection<T>
[INFO] [stderr]     | |___________________________________- associated function in this implementation
[INFO] [stderr] 191 |   {
[INFO] [stderr] 192 |       pub fn new_multi() -> Self {
[INFO] [stderr]     |              ^^^^^^^^^
[INFO] [stderr] 
[INFO] [stderr] warning: `sipusu` (bin "sipusu" test) generated 18 warnings
[INFO] [stderr]     Finished `test` profile [unoptimized + debuginfo] target(s) in 0.09s
[INFO] [stderr]      Running unittests src/main.rs (/opt/rustwide/target/debug/deps/sipusu-e25bf435d378a62d)
[INFO] [stdout] 
[INFO] [stdout] running 17 tests
[INFO] [stdout] test ds::linked_list::tests::concurrent_push ... ok
[INFO] [stdout] test ds::linked_list::tests::single_test ... ok
[INFO] [stdout] test protocol::v5::connect::tests::test_decode_connect_packet ... ok
[INFO] [stdout] test protocol::v5::connect::tests::test_decode_connect_packet_with_invalid_protocol ... ok
[INFO] [stdout] test protocol::v5::connect::tests::test_decode_connect_packet_with_will ... ok
[INFO] [stdout] test protocol::v5::puback::tests::test_encode_puback ... ok
[INFO] [stdout] test protocol::v5::connect::tests::test_decode_connect_packet_with_invalid_protocol_level ... ok
[INFO] [stdout] test protocol::v5::connect::tests::test_decode_connect_packet_with_username_password ... ok
[INFO] [stdout] test protocol::v5::publish::tests::test_decode_publish ... ok
[INFO] [stdout] test ds::linked_list::tests::concurrent_pop ... ok
[INFO] [stdout] test protocol::v5::subscribe::tests::test_subscribe_packet_deserialization ... ok
[INFO] [stdout] test protocol::v5::subsack::tests::test_encode_suback ... ok
[INFO] [stdout] test protocol::v5::publish::tests::dif ... ok
[INFO] [stdout] test authentication::test::ensure_create_or_open ... FAILED
[INFO] [stdout] test authentication::test::create_user_checked ... FAILED
[INFO] [stdout] test protocol::v5::connack::tests::test_encode_connack ... FAILED
[INFO] [stdout] test authentication::test::decode_checked ... FAILED
[INFO] [stdout] 
[INFO] [stdout] failures:
[INFO] [stdout] 
[INFO] [stdout] ---- authentication::test::ensure_create_or_open stdout ----
[INFO] [stdout] [storage] No such file or directory (os error 2)
[INFO] [stdout] [storage] creating...
[INFO] [stdout] [auth] Read-only file system (os error 30)
[INFO] [stdout] 
[INFO] [stdout] thread 'authentication::test::ensure_create_or_open' panicked at src/authentication.rs:349:17:
[INFO] [stdout] explicit panic
[INFO] [stdout] stack backtrace:
[INFO] [stdout]    0:     0x63cbba391fea - std::backtrace_rs::backtrace::libunwind::trace::hb059275cfc8d6126
[INFO] [stdout]                                at /rustc/6067b36314ab5eb2eb47cecc464545ba58e1ad24/library/std/src/../../backtrace/src/backtrace/libunwind.rs:116:5
[INFO] [stdout]    1:     0x63cbba391fea - std::backtrace_rs::backtrace::trace_unsynchronized::h2da071e4327ce3ee
[INFO] [stdout]                                at /rustc/6067b36314ab5eb2eb47cecc464545ba58e1ad24/library/std/src/../../backtrace/src/backtrace/mod.rs:66:5
[INFO] [stdout]    2:     0x63cbba391fea - std::sys::backtrace::_print_fmt::h842a1474e6f8d23f
[INFO] [stdout]                                at /rustc/6067b36314ab5eb2eb47cecc464545ba58e1ad24/library/std/src/sys/backtrace.rs:66:9
[INFO] [stdout]    3:     0x63cbba391fea - <std::sys::backtrace::BacktraceLock::print::DisplayBacktrace as core::fmt::Display>::fmt::h71a62eb3b9696b12
[INFO] [stdout]                                at /rustc/6067b36314ab5eb2eb47cecc464545ba58e1ad24/library/std/src/sys/backtrace.rs:39:26
[INFO] [stdout]    4:     0x63cbba3ba2a3 - core::fmt::rt::Argument::fmt::hdb6b616786b41dc1
[INFO] [stdout]                                at /rustc/6067b36314ab5eb2eb47cecc464545ba58e1ad24/library/core/src/fmt/rt.rs:177:76
[INFO] [stdout]    5:     0x63cbba3ba2a3 - core::fmt::write::h2cc1698af7e2d686
[INFO] [stdout]                                at /rustc/6067b36314ab5eb2eb47cecc464545ba58e1ad24/library/core/src/fmt/mod.rs:1440:21
[INFO] [stdout]    6:     0x63cbba38e753 - std::io::Write::write_fmt::hab1b4cd059a79022
[INFO] [stdout]                                at /rustc/6067b36314ab5eb2eb47cecc464545ba58e1ad24/library/std/src/io/mod.rs:1887:15
[INFO] [stdout]    7:     0x63cbba391e32 - std::sys::backtrace::BacktraceLock::print::h147fe35b4ea13b08
[INFO] [stdout]                                at /rustc/6067b36314ab5eb2eb47cecc464545ba58e1ad24/library/std/src/sys/backtrace.rs:42:9
[INFO] [stdout]    8:     0x63cbba39340f - std::panicking::default_hook::{{closure}}::hbd44223dbdc0d208
[INFO] [stdout]                                at /rustc/6067b36314ab5eb2eb47cecc464545ba58e1ad24/library/std/src/panicking.rs:298:22
[INFO] [stdout]    9:     0x63cbba393228 - std::panicking::default_hook::h20f81eb0576efcec
[INFO] [stdout]                                at /rustc/6067b36314ab5eb2eb47cecc464545ba58e1ad24/library/std/src/panicking.rs:322:9
[INFO] [stdout]   10:     0x63cbba257bd3 - <alloc::boxed::Box<F,A> as core::ops::function::Fn<Args>>::call::hdb53814c496a4d34
[INFO] [stdout]                                at /rustc/6067b36314ab5eb2eb47cecc464545ba58e1ad24/library/alloc/src/boxed.rs:2027:9
[INFO] [stdout]   11:     0x63cbba257bd3 - test::test_main::{{closure}}::hc0a4963c59427c24
[INFO] [stdout]                                at /rustc/6067b36314ab5eb2eb47cecc464545ba58e1ad24/library/test/src/lib.rs:134:21
[INFO] [stdout]   12:     0x63cbba393f03 - <alloc::boxed::Box<F,A> as core::ops::function::Fn<Args>>::call::h591b2225413a77e9
[INFO] [stdout]                                at /rustc/6067b36314ab5eb2eb47cecc464545ba58e1ad24/library/alloc/src/boxed.rs:2027:9
[INFO] [stdout]   13:     0x63cbba393f03 - std::panicking::rust_panic_with_hook::h625eea43051b2edc
[INFO] [stdout]                                at /rustc/6067b36314ab5eb2eb47cecc464545ba58e1ad24/library/std/src/panicking.rs:839:13
[INFO] [stdout]   14:     0x63cbba393bba - std::panicking::begin_panic_handler::{{closure}}::h4f9159cfbc3f6bd3
[INFO] [stdout]                                at /rustc/6067b36314ab5eb2eb47cecc464545ba58e1ad24/library/std/src/panicking.rs:704:13
[INFO] [stdout]   15:     0x63cbba3924e9 - std::sys::backtrace::__rust_end_short_backtrace::h0390abce48353151
[INFO] [stdout]                                at /rustc/6067b36314ab5eb2eb47cecc464545ba58e1ad24/library/std/src/sys/backtrace.rs:168:18
[INFO] [stdout]   16:     0x63cbba39384d - rust_begin_unwind
[INFO] [stdout]                                at /rustc/6067b36314ab5eb2eb47cecc464545ba58e1ad24/library/std/src/panicking.rs:695:5
[INFO] [stdout]   17:     0x63cbba3b8c20 - core::panicking::panic_fmt::h9e7c637e9e5f29c9
[INFO] [stdout]                                at /rustc/6067b36314ab5eb2eb47cecc464545ba58e1ad24/library/core/src/panicking.rs:75:14
[INFO] [stdout]   18:     0x63cbba3b8da6 - core::panicking::panic_display::hd8e666a41baebd7d
[INFO] [stdout]                                at /rustc/6067b36314ab5eb2eb47cecc464545ba58e1ad24/library/core/src/panicking.rs:261:5
[INFO] [stdout]   19:     0x63cbba3b8da6 - core::panicking::panic_explicit::h9407dada34874bb0
[INFO] [stdout]                                at /rustc/6067b36314ab5eb2eb47cecc464545ba58e1ad24/library/core/src/panicking.rs:234:5
[INFO] [stdout]   20:     0x63cbba1e71ba - sipusu::authentication::test::ensure_create_or_open::{{closure}}::panic_cold_explicit::he16672e4967b1fd7
[INFO] [stdout]                                at /rustc/6067b36314ab5eb2eb47cecc464545ba58e1ad24/library/core/src/panic.rs:88:13
[INFO] [stdout]   21:     0x63cbba1e6f5d - sipusu::authentication::test::ensure_create_or_open::{{closure}}::h5d9d10ee57080cba
[INFO] [stdout]                                at /opt/rustwide/workdir/src/authentication.rs:349:17
[INFO] [stdout]   22:     0x63cbba1efd02 - <core::pin::Pin<P> as core::future::future::Future>::poll::h66fb03aaf85b8a0d
[INFO] [stdout]                                at /rustc/6067b36314ab5eb2eb47cecc464545ba58e1ad24/library/core/src/future/future.rs:124:9
[INFO] [stdout]   23:     0x63cbba1efdbd - <core::pin::Pin<P> as core::future::future::Future>::poll::hc75eec5354f80dda
[INFO] [stdout]                                at /rustc/6067b36314ab5eb2eb47cecc464545ba58e1ad24/library/core/src/future/future.rs:124:9
[INFO] [stdout]   24:     0x63cbba203aef - tokio::runtime::scheduler::current_thread::CoreGuard::block_on::{{closure}}::{{closure}}::{{closure}}::ha102940762446241
[INFO] [stdout]                                at /opt/rustwide/cargo-home/registry/src/index.crates.io-1949cf8c6b5b557f/tokio-1.37.0/src/runtime/scheduler/current_thread/mod.rs:659:57
[INFO] [stdout]   25:     0x63cbba203a35 - tokio::runtime::coop::with_budget::hd9e033bcccd63971
[INFO] [stdout]                                at /opt/rustwide/cargo-home/registry/src/index.crates.io-1949cf8c6b5b557f/tokio-1.37.0/src/runtime/coop.rs:107:5
[INFO] [stdout]   26:     0x63cbba203a35 - tokio::runtime::coop::budget::hdba5fd91f54643df
[INFO] [stdout]                                at /opt/rustwide/cargo-home/registry/src/index.crates.io-1949cf8c6b5b557f/tokio-1.37.0/src/runtime/coop.rs:73:5
[INFO] [stdout]   27:     0x63cbba203a35 - tokio::runtime::scheduler::current_thread::CoreGuard::block_on::{{closure}}::{{closure}}::hea42e2f4e561b485
[INFO] [stdout]                                at /opt/rustwide/cargo-home/registry/src/index.crates.io-1949cf8c6b5b557f/tokio-1.37.0/src/runtime/scheduler/current_thread/mod.rs:659:25
[INFO] [stdout]   28:     0x63cbba2027d0 - tokio::runtime::scheduler::current_thread::Context::enter::hb3ad9bca600b49ef
[INFO] [stdout]                                at /opt/rustwide/cargo-home/registry/src/index.crates.io-1949cf8c6b5b557f/tokio-1.37.0/src/runtime/scheduler/current_thread/mod.rs:404:19
[INFO] [stdout]   29:     0x63cbba20328e - tokio::runtime::scheduler::current_thread::CoreGuard::block_on::{{closure}}::hc32858ab721d27db
[INFO] [stdout]                                at /opt/rustwide/cargo-home/registry/src/index.crates.io-1949cf8c6b5b557f/tokio-1.37.0/src/runtime/scheduler/current_thread/mod.rs:658:36
[INFO] [stdout]   30:     0x63cbba203004 - tokio::runtime::scheduler::current_thread::CoreGuard::enter::{{closure}}::h8f26148c7fcb3775
[INFO] [stdout]                                at /opt/rustwide/cargo-home/registry/src/index.crates.io-1949cf8c6b5b557f/tokio-1.37.0/src/runtime/scheduler/current_thread/mod.rs:737:68
[INFO] [stdout]   31:     0x63cbba1e3d5b - tokio::runtime::context::scoped::Scoped<T>::set::h428c79f607f8b4ca
[INFO] [stdout]                                at /opt/rustwide/cargo-home/registry/src/index.crates.io-1949cf8c6b5b557f/tokio-1.37.0/src/runtime/context/scoped.rs:40:9
[INFO] [stdout]   32:     0x63cbba1fa7d9 - tokio::runtime::context::set_scheduler::{{closure}}::h3c48b9a074acf49b
[INFO] [stdout]                                at /opt/rustwide/cargo-home/registry/src/index.crates.io-1949cf8c6b5b557f/tokio-1.37.0/src/runtime/context.rs:176:26
[INFO] [stdout]   33:     0x63cbba1fddc2 - std::thread::local::LocalKey<T>::try_with::h4650694bc230d827
[INFO] [stdout]                                at /rustc/6067b36314ab5eb2eb47cecc464545ba58e1ad24/library/std/src/thread/local.rs:308:12
[INFO] [stdout]   34:     0x63cbba1fd65a - std::thread::local::LocalKey<T>::with::h80f197f6bb52f778
[INFO] [stdout]                                at /rustc/6067b36314ab5eb2eb47cecc464545ba58e1ad24/library/std/src/thread/local.rs:272:9
[INFO] [stdout]   35:     0x63cbba1fa78d - tokio::runtime::context::set_scheduler::ha4a640be0376b22f
[INFO] [stdout]                                at /opt/rustwide/cargo-home/registry/src/index.crates.io-1949cf8c6b5b557f/tokio-1.37.0/src/runtime/context.rs:176:9
[INFO] [stdout]   36:     0x63cbba202db0 - tokio::runtime::scheduler::current_thread::CoreGuard::enter::hbc13f13f36a58ab9
[INFO] [stdout]                                at /opt/rustwide/cargo-home/registry/src/index.crates.io-1949cf8c6b5b557f/tokio-1.37.0/src/runtime/scheduler/current_thread/mod.rs:737:27
[INFO] [stdout]   37:     0x63cbba203023 - tokio::runtime::scheduler::current_thread::CoreGuard::block_on::h1a93cd9a5f94d7c6
[INFO] [stdout]                                at /opt/rustwide/cargo-home/registry/src/index.crates.io-1949cf8c6b5b557f/tokio-1.37.0/src/runtime/scheduler/current_thread/mod.rs:646:19
[INFO] [stdout]   38:     0x63cbba20167d - tokio::runtime::scheduler::current_thread::CurrentThread::block_on::{{closure}}::h4afec7b1aa89cb1e
[INFO] [stdout]                                at /opt/rustwide/cargo-home/registry/src/index.crates.io-1949cf8c6b5b557f/tokio-1.37.0/src/runtime/scheduler/current_thread/mod.rs:175:28
[INFO] [stdout]   39:     0x63cbba1e40a6 - tokio::runtime::context::runtime::enter_runtime::he38a535424ffb0d7
[INFO] [stdout]                                at /opt/rustwide/cargo-home/registry/src/index.crates.io-1949cf8c6b5b557f/tokio-1.37.0/src/runtime/context/runtime.rs:65:16
[INFO] [stdout]   40:     0x63cbba201591 - tokio::runtime::scheduler::current_thread::CurrentThread::block_on::h042c9c548eb5c817
[INFO] [stdout]                                at /opt/rustwide/cargo-home/registry/src/index.crates.io-1949cf8c6b5b557f/tokio-1.37.0/src/runtime/scheduler/current_thread/mod.rs:167:9
[INFO] [stdout]   41:     0x63cbba1ef1dd - tokio::runtime::runtime::Runtime::block_on::hda1ef307b67cdd28
[INFO] [stdout]                                at /opt/rustwide/cargo-home/registry/src/index.crates.io-1949cf8c6b5b557f/tokio-1.37.0/src/runtime/runtime.rs:349:47
[INFO] [stdout]   42:     0x63cbba1e6afe - sipusu::authentication::test::ensure_create_or_open::h89aa8b04f30ba2dc
[INFO] [stdout]                                at /opt/rustwide/workdir/src/authentication.rs:353:9
[INFO] [stdout]   43:     0x63cbba1e69a7 - sipusu::authentication::test::ensure_create_or_open::{{closure}}::h895b91b2cc084822
[INFO] [stdout]                                at /opt/rustwide/workdir/src/authentication.rs:345:37
[INFO] [stdout]   44:     0x63cbba207cd6 - core::ops::function::FnOnce::call_once::ha3cfa118f02c6439
[INFO] [stdout]                                at /rustc/6067b36314ab5eb2eb47cecc464545ba58e1ad24/library/core/src/ops/function.rs:250:5
[INFO] [stdout]   45:     0x63cbba25d32b - core::ops::function::FnOnce::call_once::he27718dfdd183f43
[INFO] [stdout]                                at /rustc/6067b36314ab5eb2eb47cecc464545ba58e1ad24/library/core/src/ops/function.rs:250:5
[INFO] [stdout]   46:     0x63cbba25d32b - test::__rust_begin_short_backtrace::h4e84902998457a5d
[INFO] [stdout]                                at /rustc/6067b36314ab5eb2eb47cecc464545ba58e1ad24/library/test/src/lib.rs:632:18
[INFO] [stdout]   47:     0x63cbba25c263 - test::run_test_in_process::{{closure}}::h7176fd18fc1feca0
[INFO] [stdout]                                at /rustc/6067b36314ab5eb2eb47cecc464545ba58e1ad24/library/test/src/lib.rs:655:60
[INFO] [stdout]   48:     0x63cbba25c263 - <core::panic::unwind_safe::AssertUnwindSafe<F> as core::ops::function::FnOnce<()>>::call_once::hf79cff2a624d8cf7
[INFO] [stdout]                                at /rustc/6067b36314ab5eb2eb47cecc464545ba58e1ad24/library/core/src/panic/unwind_safe.rs:272:9
[INFO] [stdout]   49:     0x63cbba25c263 - std::panicking::try::do_call::h3da0561d9ab99c25
[INFO] [stdout]                                at /rustc/6067b36314ab5eb2eb47cecc464545ba58e1ad24/library/std/src/panicking.rs:587:40
[INFO] [stdout]   50:     0x63cbba25c263 - std::panicking::try::h41c9fa508bc61df6
[INFO] [stdout]                                at /rustc/6067b36314ab5eb2eb47cecc464545ba58e1ad24/library/std/src/panicking.rs:550:19
[INFO] [stdout]   51:     0x63cbba25c263 - std::panic::catch_unwind::h6b3ff07bb5afad93
[INFO] [stdout]                                at /rustc/6067b36314ab5eb2eb47cecc464545ba58e1ad24/library/std/src/panic.rs:358:14
[INFO] [stdout]   52:     0x63cbba25c263 - test::run_test_in_process::hc7253dd11b39b9f4
[INFO] [stdout]                                at /rustc/6067b36314ab5eb2eb47cecc464545ba58e1ad24/library/test/src/lib.rs:655:27
[INFO] [stdout]   53:     0x63cbba25c263 - test::run_test::{{closure}}::hfb2007f8649c30bb
[INFO] [stdout]                                at /rustc/6067b36314ab5eb2eb47cecc464545ba58e1ad24/library/test/src/lib.rs:576:43
[INFO] [stdout]   54:     0x63cbba21f345 - test::run_test::{{closure}}::h56a17aa7a282a9f4
[INFO] [stdout]                                at /rustc/6067b36314ab5eb2eb47cecc464545ba58e1ad24/library/test/src/lib.rs:606:41
[INFO] [stdout]   55:     0x63cbba21f345 - std::sys::backtrace::__rust_begin_short_backtrace::hd2d2d2fb8e8c6aac
[INFO] [stdout]                                at /rustc/6067b36314ab5eb2eb47cecc464545ba58e1ad24/library/std/src/sys/backtrace.rs:152:18
[INFO] [stdout]   56:     0x63cbba222c2a - std::thread::Builder::spawn_unchecked_::{{closure}}::{{closure}}::h4faa3f9db6133423
[INFO] [stdout]                                at /rustc/6067b36314ab5eb2eb47cecc464545ba58e1ad24/library/std/src/thread/mod.rs:559:17
[INFO] [stdout]   57:     0x63cbba222c2a - <core::panic::unwind_safe::AssertUnwindSafe<F> as core::ops::function::FnOnce<()>>::call_once::hf2e855a36a4ea846
[INFO] [stdout]                                at /rustc/6067b36314ab5eb2eb47cecc464545ba58e1ad24/library/core/src/panic/unwind_safe.rs:272:9
[INFO] [stdout]   58:     0x63cbba222c2a - std::panicking::try::do_call::h2f73af3616c35465
[INFO] [stdout]                                at /rustc/6067b36314ab5eb2eb47cecc464545ba58e1ad24/library/std/src/panicking.rs:587:40
[INFO] [stdout]   59:     0x63cbba222c2a - std::panicking::try::hd1660ce9efadef5a
[INFO] [stdout]                                at /rustc/6067b36314ab5eb2eb47cecc464545ba58e1ad24/library/std/src/panicking.rs:550:19
[INFO] [stdout]   60:     0x63cbba222c2a - std::panic::catch_unwind::h5ee8d7823b8ca744
[INFO] [stdout]                                at /rustc/6067b36314ab5eb2eb47cecc464545ba58e1ad24/library/std/src/panic.rs:358:14
[INFO] [stdout]   61:     0x63cbba222c2a - std::thread::Builder::spawn_unchecked_::{{closure}}::h53c3a1894dce8407
[INFO] [stdout]                                at /rustc/6067b36314ab5eb2eb47cecc464545ba58e1ad24/library/std/src/thread/mod.rs:557:30
[INFO] [stdout]   62:     0x63cbba222c2a - core::ops::function::FnOnce::call_once{{vtable.shim}}::h048ce291ad4f62bf
[INFO] [stdout]                                at /rustc/6067b36314ab5eb2eb47cecc464545ba58e1ad24/library/core/src/ops/function.rs:250:5
[INFO] [stdout]   63:     0x63cbba39815b - <alloc::boxed::Box<F,A> as core::ops::function::FnOnce<Args>>::call_once::ha52bedf99a3b4981
[INFO] [stdout]                                at /rustc/6067b36314ab5eb2eb47cecc464545ba58e1ad24/library/alloc/src/boxed.rs:2013:9
[INFO] [stdout]   64:     0x63cbba39815b - <alloc::boxed::Box<F,A> as core::ops::function::FnOnce<Args>>::call_once::h567748934d80ccf8
[INFO] [stdout]                                at /rustc/6067b36314ab5eb2eb47cecc464545ba58e1ad24/library/alloc/src/boxed.rs:2013:9
[INFO] [stdout]   65:     0x63cbba39815b - std::sys::pal::unix::thread::Thread::new::thread_start::h2d970728ae887adc
[INFO] [stdout]                                at /rustc/6067b36314ab5eb2eb47cecc464545ba58e1ad24/library/std/src/sys/pal/unix/thread.rs:106:17
[INFO] [stdout]   66:     0x789ce4002ac3 - <unknown>
[INFO] [stdout]   67:     0x789ce4093a04 - clone
[INFO] [stdout]   68:                0x0 - <unknown>
[INFO] [stdout] 
[INFO] [stdout] ---- authentication::test::create_user_checked stdout ----
[INFO] [stdout] [storage] No such file or directory (os error 2)
[INFO] [stdout] [storage] creating...
[INFO] [stdout] [auth] Read-only file system (os error 30)
[INFO] [stdout] 
[INFO] [stdout] thread 'authentication::test::create_user_checked' panicked at src/authentication.rs:366:17:
[INFO] [stdout] explicit panic
[INFO] [stdout] stack backtrace:
[INFO] [stdout]    0:     0x63cbba391fea - std::backtrace_rs::backtrace::libunwind::trace::hb059275cfc8d6126
[INFO] [stdout]                                at /rustc/6067b36314ab5eb2eb47cecc464545ba58e1ad24/library/std/src/../../backtrace/src/backtrace/libunwind.rs:116:5
[INFO] [stdout]    1:     0x63cbba391fea - std::backtrace_rs::backtrace::trace_unsynchronized::h2da071e4327ce3ee
[INFO] [stdout]                                at /rustc/6067b36314ab5eb2eb47cecc464545ba58e1ad24/library/std/src/../../backtrace/src/backtrace/mod.rs:66:5
[INFO] [stdout]    2:     0x63cbba391fea - std::sys::backtrace::_print_fmt::h842a1474e6f8d23f
[INFO] [stdout]                                at /rustc/6067b36314ab5eb2eb47cecc464545ba58e1ad24/library/std/src/sys/backtrace.rs:66:9
[INFO] [stdout]    3:     0x63cbba391fea - <std::sys::backtrace::BacktraceLock::print::DisplayBacktrace as core::fmt::Display>::fmt::h71a62eb3b9696b12
[INFO] [stdout]                                at /rustc/6067b36314ab5eb2eb47cecc464545ba58e1ad24/library/std/src/sys/backtrace.rs:39:26
[INFO] [stdout]    4:     0x63cbba3ba2a3 - core::fmt::rt::Argument::fmt::hdb6b616786b41dc1
[INFO] [stdout]                                at /rustc/6067b36314ab5eb2eb47cecc464545ba58e1ad24/library/core/src/fmt/rt.rs:177:76
[INFO] [stdout]    5:     0x63cbba3ba2a3 - core::fmt::write::h2cc1698af7e2d686
[INFO] [stdout]                                at /rustc/6067b36314ab5eb2eb47cecc464545ba58e1ad24/library/core/src/fmt/mod.rs:1440:21
[INFO] [stdout]    6:     0x63cbba38e753 - std::io::Write::write_fmt::hab1b4cd059a79022
[INFO] [stdout]                                at /rustc/6067b36314ab5eb2eb47cecc464545ba58e1ad24/library/std/src/io/mod.rs:1887:15
[INFO] [stdout]    7:     0x63cbba391e32 - std::sys::backtrace::BacktraceLock::print::h147fe35b4ea13b08
[INFO] [stdout]                                at /rustc/6067b36314ab5eb2eb47cecc464545ba58e1ad24/library/std/src/sys/backtrace.rs:42:9
[INFO] [stdout]    8:     0x63cbba39340f - std::panicking::default_hook::{{closure}}::hbd44223dbdc0d208
[INFO] [stdout]                                at /rustc/6067b36314ab5eb2eb47cecc464545ba58e1ad24/library/std/src/panicking.rs:298:22
[INFO] [stdout]    9:     0x63cbba393228 - std::panicking::default_hook::h20f81eb0576efcec
[INFO] [stdout]                                at /rustc/6067b36314ab5eb2eb47cecc464545ba58e1ad24/library/std/src/panicking.rs:322:9
[INFO] [stdout]   10:     0x63cbba257bd3 - <alloc::boxed::Box<F,A> as core::ops::function::Fn<Args>>::call::hdb53814c496a4d34
[INFO] [stdout]                                at /rustc/6067b36314ab5eb2eb47cecc464545ba58e1ad24/library/alloc/src/boxed.rs:2027:9
[INFO] [stdout]   11:     0x63cbba257bd3 - test::test_main::{{closure}}::hc0a4963c59427c24
[INFO] [stdout]                                at /rustc/6067b36314ab5eb2eb47cecc464545ba58e1ad24/library/test/src/lib.rs:134:21
[INFO] [stdout]   12:     0x63cbba393f03 - <alloc::boxed::Box<F,A> as core::ops::function::Fn<Args>>::call::h591b2225413a77e9
[INFO] [stdout]                                at /rustc/6067b36314ab5eb2eb47cecc464545ba58e1ad24/library/alloc/src/boxed.rs:2027:9
[INFO] [stdout]   13:     0x63cbba393f03 - std::panicking::rust_panic_with_hook::h625eea43051b2edc
[INFO] [stdout]                                at /rustc/6067b36314ab5eb2eb47cecc464545ba58e1ad24/library/std/src/panicking.rs:839:13
[INFO] [stdout]   14:     0x63cbba393bba - std::panicking::begin_panic_handler::{{closure}}::h4f9159cfbc3f6bd3
[INFO] [stdout]                                at /rustc/6067b36314ab5eb2eb47cecc464545ba58e1ad24/library/std/src/panicking.rs:704:13
[INFO] [stdout]   15:     0x63cbba3924e9 - std::sys::backtrace::__rust_end_short_backtrace::h0390abce48353151
[INFO] [stdout]                                at /rustc/6067b36314ab5eb2eb47cecc464545ba58e1ad24/library/std/src/sys/backtrace.rs:168:18
[INFO] [stdout]   16:     0x63cbba39384d - rust_begin_unwind
[INFO] [stdout]                                at /rustc/6067b36314ab5eb2eb47cecc464545ba58e1ad24/library/std/src/panicking.rs:695:5
[INFO] [stdout]   17:     0x63cbba3b8c20 - core::panicking::panic_fmt::h9e7c637e9e5f29c9
[INFO] [stdout]                                at /rustc/6067b36314ab5eb2eb47cecc464545ba58e1ad24/library/core/src/panicking.rs:75:14
[INFO] [stdout]   18:     0x63cbba3b8da6 - core::panicking::panic_display::hd8e666a41baebd7d
[INFO] [stdout]                                at /rustc/6067b36314ab5eb2eb47cecc464545ba58e1ad24/library/core/src/panicking.rs:261:5
[INFO] [stdout]   19:     0x63cbba3b8da6 - core::panicking::panic_explicit::h9407dada34874bb0
[INFO] [stdout]                                at /rustc/6067b36314ab5eb2eb47cecc464545ba58e1ad24/library/core/src/panicking.rs:234:5
[INFO] [stdout]   20:     0x63cbba1e800a - sipusu::authentication::test::create_user_checked::{{closure}}::panic_cold_explicit::h405e2afcf9206738
[INFO] [stdout]                                at /rustc/6067b36314ab5eb2eb47cecc464545ba58e1ad24/library/core/src/panic.rs:88:13
[INFO] [stdout]   21:     0x63cbba1e7bdc - sipusu::authentication::test::create_user_checked::{{closure}}::hca75a73073edc7c2
[INFO] [stdout]                                at /opt/rustwide/workdir/src/authentication.rs:366:17
[INFO] [stdout]   22:     0x63cbba1efd02 - <core::pin::Pin<P> as core::future::future::Future>::poll::h66fb03aaf85b8a0d
[INFO] [stdout]                                at /rustc/6067b36314ab5eb2eb47cecc464545ba58e1ad24/library/core/src/future/future.rs:124:9
[INFO] [stdout]   23:     0x63cbba1efdbd - <core::pin::Pin<P> as core::future::future::Future>::poll::hc75eec5354f80dda
[INFO] [stdout]                                at /rustc/6067b36314ab5eb2eb47cecc464545ba58e1ad24/library/core/src/future/future.rs:124:9
[INFO] [stdout]   24:     0x63cbba203aef - tokio::runtime::scheduler::current_thread::CoreGuard::block_on::{{closure}}::{{closure}}::{{closure}}::ha102940762446241
[INFO] [stdout]                                at /opt/rustwide/cargo-home/registry/src/index.crates.io-1949cf8c6b5b557f/tokio-1.37.0/src/runtime/scheduler/current_thread/mod.rs:659:57
[INFO] [stdout]   25:     0x63cbba203a35 - tokio::runtime::coop::with_budget::hd9e033bcccd63971
[INFO] [stdout]                                at /opt/rustwide/cargo-home/registry/src/index.crates.io-1949cf8c6b5b557f/tokio-1.37.0/src/runtime/coop.rs:107:5
[INFO] [stdout]   26:     0x63cbba203a35 - tokio::runtime::coop::budget::hdba5fd91f54643df
[INFO] [stdout]                                at /opt/rustwide/cargo-home/registry/src/index.crates.io-1949cf8c6b5b557f/tokio-1.37.0/src/runtime/coop.rs:73:5
[INFO] [stdout]   27:     0x63cbba203a35 - tokio::runtime::scheduler::current_thread::CoreGuard::block_on::{{closure}}::{{closure}}::hea42e2f4e561b485
[INFO] [stdout]                                at /opt/rustwide/cargo-home/registry/src/index.crates.io-1949cf8c6b5b557f/tokio-1.37.0/src/runtime/scheduler/current_thread/mod.rs:659:25
[INFO] [stdout]   28:     0x63cbba2027d0 - tokio::runtime::scheduler::current_thread::Context::enter::hb3ad9bca600b49ef
[INFO] [stdout]                                at /opt/rustwide/cargo-home/registry/src/index.crates.io-1949cf8c6b5b557f/tokio-1.37.0/src/runtime/scheduler/current_thread/mod.rs:404:19
[INFO] [stdout]   29:     0x63cbba20328e - tokio::runtime::scheduler::current_thread::CoreGuard::block_on::{{closure}}::hc32858ab721d27db
[INFO] [stdout]                                at /opt/rustwide/cargo-home/registry/src/index.crates.io-1949cf8c6b5b557f/tokio-1.37.0/src/runtime/scheduler/current_thread/mod.rs:658:36
[INFO] [stdout]   30:     0x63cbba203004 - tokio::runtime::scheduler::current_thread::CoreGuard::enter::{{closure}}::h8f26148c7fcb3775
[INFO] [stdout]                                at /opt/rustwide/cargo-home/registry/src/index.crates.io-1949cf8c6b5b557f/tokio-1.37.0/src/runtime/scheduler/current_thread/mod.rs:737:68
[INFO] [stdout]   31:     0x63cbba1e3d5b - tokio::runtime::context::scoped::Scoped<T>::set::h428c79f607f8b4ca
[INFO] [stdout]                                at /opt/rustwide/cargo-home/registry/src/index.crates.io-1949cf8c6b5b557f/tokio-1.37.0/src/runtime/context/scoped.rs:40:9
[INFO] [stdout]   32:     0x63cbba1fa7d9 - tokio::runtime::context::set_scheduler::{{closure}}::h3c48b9a074acf49b
[INFO] [stdout]                                at /opt/rustwide/cargo-home/registry/src/index.crates.io-1949cf8c6b5b557f/tokio-1.37.0/src/runtime/context.rs:176:26
[INFO] [stdout]   33:     0x63cbba1fddc2 - std::thread::local::LocalKey<T>::try_with::h4650694bc230d827
[INFO] [stdout]                                at /rustc/6067b36314ab5eb2eb47cecc464545ba58e1ad24/library/std/src/thread/local.rs:308:12
[INFO] [stdout]   34:     0x63cbba1fd65a - std::thread::local::LocalKey<T>::with::h80f197f6bb52f778
[INFO] [stdout]                                at /rustc/6067b36314ab5eb2eb47cecc464545ba58e1ad24/library/std/src/thread/local.rs:272:9
[INFO] [stdout]   35:     0x63cbba1fa78d - tokio::runtime::context::set_scheduler::ha4a640be0376b22f
[INFO] [stdout]                                at /opt/rustwide/cargo-home/registry/src/index.crates.io-1949cf8c6b5b557f/tokio-1.37.0/src/runtime/context.rs:176:9
[INFO] [stdout]   36:     0x63cbba202db0 - tokio::runtime::scheduler::current_thread::CoreGuard::enter::hbc13f13f36a58ab9
[INFO] [stdout]                                at /opt/rustwide/cargo-home/registry/src/index.crates.io-1949cf8c6b5b557f/tokio-1.37.0/src/runtime/scheduler/current_thread/mod.rs:737:27
[INFO] [stdout]   37:     0x63cbba203023 - tokio::runtime::scheduler::current_thread::CoreGuard::block_on::h1a93cd9a5f94d7c6
[INFO] [stdout]                                at /opt/rustwide/cargo-home/registry/src/index.crates.io-1949cf8c6b5b557f/tokio-1.37.0/src/runtime/scheduler/current_thread/mod.rs:646:19
[INFO] [stdout]   38:     0x63cbba20167d - tokio::runtime::scheduler::current_thread::CurrentThread::block_on::{{closure}}::h4afec7b1aa89cb1e
[INFO] [stdout]                                at /opt/rustwide/cargo-home/registry/src/index.crates.io-1949cf8c6b5b557f/tokio-1.37.0/src/runtime/scheduler/current_thread/mod.rs:175:28
[INFO] [stdout]   39:     0x63cbba1e40a6 - tokio::runtime::context::runtime::enter_runtime::he38a535424ffb0d7
[INFO] [stdout]                                at /opt/rustwide/cargo-home/registry/src/index.crates.io-1949cf8c6b5b557f/tokio-1.37.0/src/runtime/context/runtime.rs:65:16
[INFO] [stdout]   40:     0x63cbba201591 - tokio::runtime::scheduler::current_thread::CurrentThread::block_on::h042c9c548eb5c817
[INFO] [stdout]                                at /opt/rustwide/cargo-home/registry/src/index.crates.io-1949cf8c6b5b557f/tokio-1.37.0/src/runtime/scheduler/current_thread/mod.rs:167:9
[INFO] [stdout]   41:     0x63cbba1ef1dd - tokio::runtime::runtime::Runtime::block_on::hda1ef307b67cdd28
[INFO] [stdout]                                at /opt/rustwide/cargo-home/registry/src/index.crates.io-1949cf8c6b5b557f/tokio-1.37.0/src/runtime/runtime.rs:349:47
[INFO] [stdout]   42:     0x63cbba1e7341 - sipusu::authentication::test::create_user_checked::h45404b3a3e0fb7ff
[INFO] [stdout]                                at /opt/rustwide/workdir/src/authentication.rs:381:9
[INFO] [stdout]   43:     0x63cbba1e71e7 - sipusu::authentication::test::create_user_checked::{{closure}}::he2ec9c4f9a9c4ba3
[INFO] [stdout]                                at /opt/rustwide/workdir/src/authentication.rs:362:35
[INFO] [stdout]   44:     0x63cbba207726 - core::ops::function::FnOnce::call_once::h3a45136cfe65903e
[INFO] [stdout]                                at /rustc/6067b36314ab5eb2eb47cecc464545ba58e1ad24/library/core/src/ops/function.rs:250:5
[INFO] [stdout]   45:     0x63cbba25d32b - core::ops::function::FnOnce::call_once::he27718dfdd183f43
[INFO] [stdout]                                at /rustc/6067b36314ab5eb2eb47cecc464545ba58e1ad24/library/core/src/ops/function.rs:250:5
[INFO] [stdout]   46:     0x63cbba25d32b - test::__rust_begin_short_backtrace::h4e84902998457a5d
[INFO] [stdout]                                at /rustc/6067b36314ab5eb2eb47cecc464545ba58e1ad24/library/test/src/lib.rs:632:18
[INFO] [stdout]   47:     0x63cbba25c263 - test::run_test_in_process::{{closure}}::h7176fd18fc1feca0
[INFO] [stdout]                                at /rustc/6067b36314ab5eb2eb47cecc464545ba58e1ad24/library/test/src/lib.rs:655:60
[INFO] [stdout]   48:     0x63cbba25c263 - <core::panic::unwind_safe::AssertUnwindSafe<F> as core::ops::function::FnOnce<()>>::call_once::hf79cff2a624d8cf7
[INFO] [stdout]                                at /rustc/6067b36314ab5eb2eb47cecc464545ba58e1ad24/library/core/src/panic/unwind_safe.rs:272:9
[INFO] [stdout]   49:     0x63cbba25c263 - std::panicking::try::do_call::h3da0561d9ab99c25
[INFO] [stdout]                                at /rustc/6067b36314ab5eb2eb47cecc464545ba58e1ad24/library/std/src/panicking.rs:587:40
[INFO] [stdout]   50:     0x63cbba25c263 - std::panicking::try::h41c9fa508bc61df6
[INFO] [stdout]                                at /rustc/6067b36314ab5eb2eb47cecc464545ba58e1ad24/library/std/src/panicking.rs:550:19
[INFO] [stdout]   51:     0x63cbba25c263 - std::panic::catch_unwind::h6b3ff07bb5afad93
[INFO] [stdout]                                at /rustc/6067b36314ab5eb2eb47cecc464545ba58e1ad24/library/std/src/panic.rs:358:14
[INFO] [stdout]   52:     0x63cbba25c263 - test::run_test_in_process::hc7253dd11b39b9f4
[INFO] [stdout]                                at /rustc/6067b36314ab5eb2eb47cecc464545ba58e1ad24/library/test/src/lib.rs:655:27
[INFO] [stdout]   53:     0x63cbba25c263 - test::run_test::{{closure}}::hfb2007f8649c30bb
[INFO] [stdout]                                at /rustc/6067b36314ab5eb2eb47cecc464545ba58e1ad24/library/test/src/lib.rs:576:43
[INFO] [stdout]   54:     0x63cbba21f345 - test::run_test::{{closure}}::h56a17aa7a282a9f4
[INFO] [stdout]                                at /rustc/6067b36314ab5eb2eb47cecc464545ba58e1ad24/library/test/src/lib.rs:606:41
[INFO] [stdout]   55:     0x63cbba21f345 - std::sys::backtrace::__rust_begin_short_backtrace::hd2d2d2fb8e8c6aac
[INFO] [stdout]                                at /rustc/6067b36314ab5eb2eb47cecc464545ba58e1ad24/library/std/src/sys/backtrace.rs:152:18
[INFO] [stdout]   56:     0x63cbba222c2a - std::thread::Builder::spawn_unchecked_::{{closure}}::{{closure}}::h4faa3f9db6133423
[INFO] [stdout]                                at /rustc/6067b36314ab5eb2eb47cecc464545ba58e1ad24/library/std/src/thread/mod.rs:559:17
[INFO] [stdout]   57:     0x63cbba222c2a - <core::panic::unwind_safe::AssertUnwindSafe<F> as core::ops::function::FnOnce<()>>::call_once::hf2e855a36a4ea846
[INFO] [stdout]                                at /rustc/6067b36314ab5eb2eb47cecc464545ba58e1ad24/library/core/src/panic/unwind_safe.rs:272:9
[INFO] [stdout]   58:     0x63cbba222c2a - std::panicking::try::do_call::h2f73af3616c35465
[INFO] [stdout]                                at /rustc/6067b36314ab5eb2eb47cecc464545ba58e1ad24/library/std/src/panicking.rs:587:40
[INFO] [stdout]   59:     0x63cbba222c2a - std::panicking::try::hd1660ce9efadef5a
[INFO] [stdout]                                at /rustc/6067b36314ab5eb2eb47cecc464545ba58e1ad24/library/std/src/panicking.rs:550:19
[INFO] [stdout]   60:     0x63cbba222c2a - std::panic::catch_unwind::h5ee8d7823b8ca744
[INFO] [stdout]                                at /rustc/6067b36314ab5eb2eb47cecc464545ba58e1ad24/library/std/src/panic.rs:358:14
[INFO] [stdout]   61:     0x63cbba222c2a - std::thread::Builder::spawn_unchecked_::{{closure}}::h53c3a1894dce8407
[INFO] [stdout]                                at /rustc/6067b36314ab5eb2eb47cecc464545ba58e1ad24/library/std/src/thread/mod.rs:557:30
[INFO] [stdout]   62:     0x63cbba222c2a - core::ops::function::FnOnce::call_once{{vtable.shim}}::h048ce291ad4f62bf
[INFO] [stdout]                                at /rustc/6067b36314ab5eb2eb47cecc464545ba58e1ad24/library/core/src/ops/function.rs:250:5
[INFO] [stdout]   63:     0x63cbba39815b - <alloc::boxed::Box<F,A> as core::ops::function::FnOnce<Args>>::call_once::ha52bedf99a3b4981
[INFO] [stdout]                                at /rustc/6067b36314ab5eb2eb47cecc464545ba58e1ad24/library/alloc/src/boxed.rs:2013:9
[INFO] [stdout]   64:     0x63cbba39815b - <alloc::boxed::Box<F,A> as core::ops::function::FnOnce<Args>>::call_once::h567748934d80ccf8
[INFO] [stdout]                                at /rustc/6067b36314ab5eb2eb47cecc464545ba58e1ad24/library/alloc/src/boxed.rs:2013:9
[INFO] [stdout]   65:     0x63cbba39815b - std::sys::pal::unix::thread::Thread::new::thread_start::h2d970728ae887adc
[INFO] [stdout]                                at /rustc/6067b36314ab5eb2eb47cecc464545ba58e1ad24/library/std/src/sys/pal/unix/thread.rs:106:17
[INFO] [stdout]   66:     0x789ce4002ac3 - <unknown>
[INFO] [stdout]   67:     0x789ce4093a04 - clone
[INFO] [stdout]   68:                0x0 - <unknown>
[INFO] [stdout] 
[INFO] [stdout] ---- protocol::v5::connack::tests::test_encode_connack stdout ----
[INFO] [stdout] 
[INFO] [stdout] thread 'protocol::v5::connack::tests::test_encode_connack' panicked at src/protocol/v5/connack.rs:313:9:
[INFO] [stdout] assertion `left == right` failed
[INFO] [stdout]   left: 120
[INFO] [stdout]  right: 122
[INFO] [stdout] stack backtrace:
[INFO] [stdout]    0:     0x63cbba391fea - std::backtrace_rs::backtrace::libunwind::trace::hb059275cfc8d6126
[INFO] [stdout]                                at /rustc/6067b36314ab5eb2eb47cecc464545ba58e1ad24/library/std/src/../../backtrace/src/backtrace/libunwind.rs:116:5
[INFO] [stdout]    1:     0x63cbba391fea - std::backtrace_rs::backtrace::trace_unsynchronized::h2da071e4327ce3ee
[INFO] [stdout]                                at /rustc/6067b36314ab5eb2eb47cecc464545ba58e1ad24/library/std/src/../../backtrace/src/backtrace/mod.rs:66:5
[INFO] [stdout]    2:     0x63cbba391fea - std::sys::backtrace::_print_fmt::h842a1474e6f8d23f
[INFO] [stdout]                                at /rustc/6067b36314ab5eb2eb47cecc464545ba58e1ad24/library/std/src/sys/backtrace.rs:66:9
[INFO] [stdout]    3:     0x63cbba391fea - <std::sys::backtrace::BacktraceLock::print::DisplayBacktrace as core::fmt::Display>::fmt::h71a62eb3b9696b12
[INFO] [stdout]                                at /rustc/6067b36314ab5eb2eb47cecc464545ba58e1ad24/library/std/src/sys/backtrace.rs:39:26
[INFO] [stdout]    4:     0x63cbba3ba2a3 - core::fmt::rt::Argument::fmt::hdb6b616786b41dc1
[INFO] [stdout]                                at /rustc/6067b36314ab5eb2eb47cecc464545ba58e1ad24/library/core/src/fmt/rt.rs:177:76
[INFO] [stdout]    5:     0x63cbba3ba2a3 - core::fmt::write::h2cc1698af7e2d686
[INFO] [stdout]                                at /rustc/6067b36314ab5eb2eb47cecc464545ba58e1ad24/library/core/src/fmt/mod.rs:1440:21
[INFO] [stdout]    6:     0x63cbba38e753 - std::io::Write::write_fmt::hab1b4cd059a79022
[INFO] [stdout]                                at /rustc/6067b36314ab5eb2eb47cecc464545ba58e1ad24/library/std/src/io/mod.rs:1887:15
[INFO] [stdout]    7:     0x63cbba391e32 - std::sys::backtrace::BacktraceLock::print::h147fe35b4ea13b08
[INFO] [stdout]                                at /rustc/6067b36314ab5eb2eb47cecc464545ba58e1ad24/library/std/src/sys/backtrace.rs:42:9
[INFO] [stdout]    8:     0x63cbba39340f - std::panicking::default_hook::{{closure}}::hbd44223dbdc0d208
[INFO] [stdout]                                at /rustc/6067b36314ab5eb2eb47cecc464545ba58e1ad24/library/std/src/panicking.rs:298:22
[INFO] [stdout]    9:     0x63cbba393228 - std::panicking::default_hook::h20f81eb0576efcec
[INFO] [stdout]                                at /rustc/6067b36314ab5eb2eb47cecc464545ba58e1ad24/library/std/src/panicking.rs:322:9
[INFO] [stdout]   10:     0x63cbba257bd3 - <alloc::boxed::Box<F,A> as core::ops::function::Fn<Args>>::call::hdb53814c496a4d34
[INFO] [stdout]                                at /rustc/6067b36314ab5eb2eb47cecc464545ba58e1ad24/library/alloc/src/boxed.rs:2027:9
[INFO] [stdout]   11:     0x63cbba257bd3 - test::test_main::{{closure}}::hc0a4963c59427c24
[INFO] [stdout]                                at /rustc/6067b36314ab5eb2eb47cecc464545ba58e1ad24/library/test/src/lib.rs:134:21
[INFO] [stdout]   12:     0x63cbba393f03 - <alloc::boxed::Box<F,A> as core::ops::function::Fn<Args>>::call::h591b2225413a77e9
[INFO] [stdout]                                at /rustc/6067b36314ab5eb2eb47cecc464545ba58e1ad24/library/alloc/src/boxed.rs:2027:9
[INFO] [stdout]   13:     0x63cbba393f03 - std::panicking::rust_panic_with_hook::h625eea43051b2edc
[INFO] [stdout]                                at /rustc/6067b36314ab5eb2eb47cecc464545ba58e1ad24/library/std/src/panicking.rs:839:13
[INFO] [stdout]   14:     0x63cbba393bba - std::panicking::begin_panic_handler::{{closure}}::h4f9159cfbc3f6bd3
[INFO] [stdout]                                at /rustc/6067b36314ab5eb2eb47cecc464545ba58e1ad24/library/std/src/panicking.rs:704:13
[INFO] [stdout]   15:     0x63cbba3924e9 - std::sys::backtrace::__rust_end_short_backtrace::h0390abce48353151
[INFO] [stdout]                                at /rustc/6067b36314ab5eb2eb47cecc464545ba58e1ad24/library/std/src/sys/backtrace.rs:168:18
[INFO] [stdout]   16:     0x63cbba39384d - rust_begin_unwind
[INFO] [stdout]                                at /rustc/6067b36314ab5eb2eb47cecc464545ba58e1ad24/library/std/src/panicking.rs:695:5
[INFO] [stdout]   17:     0x63cbba3b8c20 - core::panicking::panic_fmt::h9e7c637e9e5f29c9
[INFO] [stdout]                                at /rustc/6067b36314ab5eb2eb47cecc464545ba58e1ad24/library/core/src/panicking.rs:75:14
[INFO] [stdout]   18:     0x63cbba3b9073 - core::panicking::assert_failed_inner::h538bec7c1374cd9c
[INFO] [stdout]   19:     0x63cbba2f0176 - core::panicking::assert_failed::h23413d57a8e608b5
[INFO] [stdout]                                at /rustc/6067b36314ab5eb2eb47cecc464545ba58e1ad24/library/core/src/panicking.rs:364:5
[INFO] [stdout]   20:     0x63cbba205320 - sipusu::protocol::v5::connack::tests::test_encode_connack::h253227c69cafefb0
[INFO] [stdout]                                at /opt/rustwide/workdir/src/protocol/v5/connack.rs:313:9
[INFO] [stdout]   21:     0x63cbba2043e7 - sipusu::protocol::v5::connack::tests::test_encode_connack::{{closure}}::h8ee21033178c0c8c
[INFO] [stdout]                                at /opt/rustwide/workdir/src/protocol/v5/connack.rs:275:29
[INFO] [stdout]   22:     0x63cbba208036 - core::ops::function::FnOnce::call_once::he37513a1e364c6a5
[INFO] [stdout]                                at /rustc/6067b36314ab5eb2eb47cecc464545ba58e1ad24/library/core/src/ops/function.rs:250:5
[INFO] [stdout]   23:     0x63cbba25d32b - core::ops::function::FnOnce::call_once::he27718dfdd183f43
[INFO] [stdout]                                at /rustc/6067b36314ab5eb2eb47cecc464545ba58e1ad24/library/core/src/ops/function.rs:250:5
[INFO] [stdout]   24:     0x63cbba25d32b - test::__rust_begin_short_backtrace::h4e84902998457a5d
[INFO] [stdout]                                at /rustc/6067b36314ab5eb2eb47cecc464545ba58e1ad24/library/test/src/lib.rs:632:18
[INFO] [stdout]   25:     0x63cbba25c263 - test::run_test_in_process::{{closure}}::h7176fd18fc1feca0
[INFO] [stdout]                                at /rustc/6067b36314ab5eb2eb47cecc464545ba58e1ad24/library/test/src/lib.rs:655:60
[INFO] [stdout]   26:     0x63cbba25c263 - <core::panic::unwind_safe::AssertUnwindSafe<F> as core::ops::function::FnOnce<()>>::call_once::hf79cff2a624d8cf7
[INFO] [stdout]                                at /rustc/6067b36314ab5eb2eb47cecc464545ba58e1ad24/library/core/src/panic/unwind_safe.rs:272:9
[INFO] [stdout]   27:     0x63cbba25c263 - std::panicking::try::do_call::h3da0561d9ab99c25
[INFO] [stdout]                                at /rustc/6067b36314ab5eb2eb47cecc464545ba58e1ad24/library/std/src/panicking.rs:587:40
[INFO] [stdout]   28:     0x63cbba25c263 - std::panicking::try::h41c9fa508bc61df6
[INFO] [stdout]                                at /rustc/6067b36314ab5eb2eb47cecc464545ba58e1ad24/library/std/src/panicking.rs:550:19
[INFO] [stdout]   29:     0x63cbba25c263 - std::panic::catch_unwind::h6b3ff07bb5afad93
[INFO] [stdout]                                at /rustc/6067b36314ab5eb2eb47cecc464545ba58e1ad24/library/std/src/panic.rs:358:14
[INFO] [stdout]   30:     0x63cbba25c263 - test::run_test_in_process::hc7253dd11b39b9f4
[INFO] [stdout]                                at /rustc/6067b36314ab5eb2eb47cecc464545ba58e1ad24/library/test/src/lib.rs:655:27
[INFO] [stdout]   31:     0x63cbba25c263 - test::run_test::{{closure}}::hfb2007f8649c30bb
[INFO] [stdout]                                at /rustc/6067b36314ab5eb2eb47cecc464545ba58e1ad24/library/test/src/lib.rs:576:43
[INFO] [stdout]   32:     0x63cbba21f345 - test::run_test::{{closure}}::h56a17aa7a282a9f4
[INFO] [stdout]                                at /rustc/6067b36314ab5eb2eb47cecc464545ba58e1ad24/library/test/src/lib.rs:606:41
[INFO] [stdout]   33:     0x63cbba21f345 - std::sys::backtrace::__rust_begin_short_backtrace::hd2d2d2fb8e8c6aac
[INFO] [stdout]                                at /rustc/6067b36314ab5eb2eb47cecc464545ba58e1ad24/library/std/src/sys/backtrace.rs:152:18
[INFO] [stdout]   34:     0x63cbba222c2a - std::thread::Builder::spawn_unchecked_::{{closure}}::{{closure}}::h4faa3f9db6133423
[INFO] [stdout]                                at /rustc/6067b36314ab5eb2eb47cecc464545ba58e1ad24/library/std/src/thread/mod.rs:559:17
[INFO] [stdout]   35:     0x63cbba222c2a - <core::panic::unwind_safe::AssertUnwindSafe<F> as core::ops::function::FnOnce<()>>::call_once::hf2e855a36a4ea846
[INFO] [stdout]                                at /rustc/6067b36314ab5eb2eb47cecc464545ba58e1ad24/library/core/src/panic/unwind_safe.rs:272:9
[INFO] [stdout]   36:     0x63cbba222c2a - std::panicking::try::do_call::h2f73af3616c35465
[INFO] [stdout]                                at /rustc/6067b36314ab5eb2eb47cecc464545ba58e1ad24/library/std/src/panicking.rs:587:40
[INFO] [stdout]   37:     0x63cbba222c2a - std::panicking::try::hd1660ce9efadef5a
[INFO] [stdout]                                at /rustc/6067b36314ab5eb2eb47cecc464545ba58e1ad24/library/std/src/panicking.rs:550:19
[INFO] [stdout]   38:     0x63cbba222c2a - std::panic::catch_unwind::h5ee8d7823b8ca744
[INFO] [stdout]                                at /rustc/6067b36314ab5eb2eb47cecc464545ba58e1ad24/library/std/src/panic.rs:358:14
[INFO] [stdout]   39:     0x63cbba222c2a - std::thread::Builder::spawn_unchecked_::{{closure}}::h53c3a1894dce8407
[INFO] [stdout]                                at /rustc/6067b36314ab5eb2eb47cecc464545ba58e1ad24/library/std/src/thread/mod.rs:557:30
[INFO] [stdout]   40:     0x63cbba222c2a - core::ops::function::FnOnce::call_once{{vtable.shim}}::h048ce291ad4f62bf
[INFO] [stdout]                                at /rustc/6067b36314ab5eb2eb47cecc464545ba58e1ad24/library/core/src/ops/function.rs:250:5
[INFO] [stdout]   41:     0x63cbba39815b - <alloc::boxed::Box<F,A> as core::ops::function::FnOnce<Args>>::call_once::ha52bedf99a3b4981
[INFO] [stdout]                                at /rustc/6067b36314ab5eb2eb47cecc464545ba58e1ad24/library/alloc/src/boxed.rs:2013:9
[INFO] [stdout]   42:     0x63cbba39815b - <alloc::boxed::Box<F,A> as core::ops::function::FnOnce<Args>>::call_once::h567748934d80ccf8
[INFO] [stdout]                                at /rustc/6067b36314ab5eb2eb47cecc464545ba58e1ad24/library/alloc/src/boxed.rs:2013:9
[INFO] [stdout]   43:     0x63cbba39815b - std::sys::pal::unix::thread::Thread::new::thread_start::h2d970728ae887adc
[INFO] [stdout]                                at /rustc/6067b36314ab5eb2eb47cecc464545ba58e1ad24/library/std/src/sys/pal/unix/thread.rs:106:17
[INFO] [stdout]   44:     0x789ce4002ac3 - <unknown>
[INFO] [stdout]   45:     0x789ce4093a04 - clone
[INFO] [stdout]   46:                0x0 - <unknown>
[INFO] [stdout] 
[INFO] [stdout] ---- authentication::test::decode_checked stdout ----
[INFO] [stdout] [storage] No such file or directory (os error 2)
[INFO] [stdout] [storage] creating...
[INFO] [stdout] [auth] Read-only file system (os error 30)
[INFO] [stdout] 
[INFO] [stdout] thread 'authentication::test::decode_checked' panicked at src/authentication.rs:395:17:
[INFO] [stdout] explicit panic
[INFO] [stdout] stack backtrace:
[INFO] [stdout]    0:     0x63cbba391fea - std::backtrace_rs::backtrace::libunwind::trace::hb059275cfc8d6126
[INFO] [stdout]                                at /rustc/6067b36314ab5eb2eb47cecc464545ba58e1ad24/library/std/src/../../backtrace/src/backtrace/libunwind.rs:116:5
[INFO] [stdout]    1:     0x63cbba391fea - std::backtrace_rs::backtrace::trace_unsynchronized::h2da071e4327ce3ee
[INFO] [stdout]                                at /rustc/6067b36314ab5eb2eb47cecc464545ba58e1ad24/library/std/src/../../backtrace/src/backtrace/mod.rs:66:5
[INFO] [stdout]    2:     0x63cbba391fea - std::sys::backtrace::_print_fmt::h842a1474e6f8d23f
[INFO] [stdout]                                at /rustc/6067b36314ab5eb2eb47cecc464545ba58e1ad24/library/std/src/sys/backtrace.rs:66:9
[INFO] [stdout]    3:     0x63cbba391fea - <std::sys::backtrace::BacktraceLock::print::DisplayBacktrace as core::fmt::Display>::fmt::h71a62eb3b9696b12
[INFO] [stdout]                                at /rustc/6067b36314ab5eb2eb47cecc464545ba58e1ad24/library/std/src/sys/backtrace.rs:39:26
[INFO] [stdout]    4:     0x63cbba3ba2a3 - core::fmt::rt::Argument::fmt::hdb6b616786b41dc1
[INFO] [stdout]                                at /rustc/6067b36314ab5eb2eb47cecc464545ba58e1ad24/library/core/src/fmt/rt.rs:177:76
[INFO] [stdout]    5:     0x63cbba3ba2a3 - core::fmt::write::h2cc1698af7e2d686
[INFO] [stdout]                                at /rustc/6067b36314ab5eb2eb47cecc464545ba58e1ad24/library/core/src/fmt/mod.rs:1440:21
[INFO] [stdout]    6:     0x63cbba38e753 - std::io::Write::write_fmt::hab1b4cd059a79022
[INFO] [stdout]                                at /rustc/6067b36314ab5eb2eb47cecc464545ba58e1ad24/library/std/src/io/mod.rs:1887:15
[INFO] [stdout]    7:     0x63cbba391e32 - std::sys::backtrace::BacktraceLock::print::h147fe35b4ea13b08
[INFO] [stdout]                                at /rustc/6067b36314ab5eb2eb47cecc464545ba58e1ad24/library/std/src/sys/backtrace.rs:42:9
[INFO] [stdout]    8:     0x63cbba39340f - std::panicking::default_hook::{{closure}}::hbd44223dbdc0d208
[INFO] [stdout]                                at /rustc/6067b36314ab5eb2eb47cecc464545ba58e1ad24/library/std/src/panicking.rs:298:22
[INFO] [stdout]    9:     0x63cbba393228 - std::panicking::default_hook::h20f81eb0576efcec
[INFO] [stdout]                                at /rustc/6067b36314ab5eb2eb47cecc464545ba58e1ad24/library/std/src/panicking.rs:322:9
[INFO] [stdout]   10:     0x63cbba257bd3 - <alloc::boxed::Box<F,A> as core::ops::function::Fn<Args>>::call::hdb53814c496a4d34
[INFO] [stdout]                                at /rustc/6067b36314ab5eb2eb47cecc464545ba58e1ad24/library/alloc/src/boxed.rs:2027:9
[INFO] [stdout]   11:     0x63cbba257bd3 - test::test_main::{{closure}}::hc0a4963c59427c24
[INFO] [stdout]                                at /rustc/6067b36314ab5eb2eb47cecc464545ba58e1ad24/library/test/src/lib.rs:134:21
[INFO] [stdout]   12:     0x63cbba393f03 - <alloc::boxed::Box<F,A> as core::ops::function::Fn<Args>>::call::h591b2225413a77e9
[INFO] [stdout]                                at /rustc/6067b36314ab5eb2eb47cecc464545ba58e1ad24/library/alloc/src/boxed.rs:2027:9
[INFO] [stdout]   13:     0x63cbba393f03 - std::panicking::rust_panic_with_hook::h625eea43051b2edc
[INFO] [stdout]                                at /rustc/6067b36314ab5eb2eb47cecc464545ba58e1ad24/library/std/src/panicking.rs:839:13
[INFO] [stdout]   14:     0x63cbba393bba - std::panicking::begin_panic_handler::{{closure}}::h4f9159cfbc3f6bd3
[INFO] [stdout]                                at /rustc/6067b36314ab5eb2eb47cecc464545ba58e1ad24/library/std/src/panicking.rs:704:13
[INFO] [stdout]   15:     0x63cbba3924e9 - std::sys::backtrace::__rust_end_short_backtrace::h0390abce48353151
[INFO] [stdout]                                at /rustc/6067b36314ab5eb2eb47cecc464545ba58e1ad24/library/std/src/sys/backtrace.rs:168:18
[INFO] [stdout]   16:     0x63cbba39384d - rust_begin_unwind
[INFO] [stdout]                                at /rustc/6067b36314ab5eb2eb47cecc464545ba58e1ad24/library/std/src/panicking.rs:695:5
[INFO] [stdout]   17:     0x63cbba3b8c20 - core::panicking::panic_fmt::h9e7c637e9e5f29c9
[INFO] [stdout]                                at /rustc/6067b36314ab5eb2eb47cecc464545ba58e1ad24/library/core/src/panicking.rs:75:14
[INFO] [stdout]   18:     0x63cbba3b8da6 - core::panicking::panic_display::hd8e666a41baebd7d
[INFO] [stdout]                                at /rustc/6067b36314ab5eb2eb47cecc464545ba58e1ad24/library/core/src/panicking.rs:261:5
[INFO] [stdout]   19:     0x63cbba3b8da6 - core::panicking::panic_explicit::h9407dada34874bb0
[INFO] [stdout]                                at /rustc/6067b36314ab5eb2eb47cecc464545ba58e1ad24/library/core/src/panicking.rs:234:5
[INFO] [stdout]   20:     0x63cbba1e891a - sipusu::authentication::test::decode_checked::{{closure}}::panic_cold_explicit::h10d433fb7bac00f1
[INFO] [stdout]                                at /rustc/6067b36314ab5eb2eb47cecc464545ba58e1ad24/library/core/src/panic.rs:88:13
[INFO] [stdout]   21:     0x63cbba1e8687 - sipusu::authentication::test::decode_checked::{{closure}}::hf60a918b9e4d9455
[INFO] [stdout]                                at /opt/rustwide/workdir/src/authentication.rs:395:17
[INFO] [stdout]   22:     0x63cbba1efd02 - <core::pin::Pin<P> as core::future::future::Future>::poll::h66fb03aaf85b8a0d
[INFO] [stdout]                                at /rustc/6067b36314ab5eb2eb47cecc464545ba58e1ad24/library/core/src/future/future.rs:124:9
[INFO] [stdout]   23:     0x63cbba1efdbd - <core::pin::Pin<P> as core::future::future::Future>::poll::hc75eec5354f80dda
[INFO] [stdout]                                at /rustc/6067b36314ab5eb2eb47cecc464545ba58e1ad24/library/core/src/future/future.rs:124:9
[INFO] [stdout]   24:     0x63cbba203aef - tokio::runtime::scheduler::current_thread::CoreGuard::block_on::{{closure}}::{{closure}}::{{closure}}::ha102940762446241
[INFO] [stdout]                                at /opt/rustwide/cargo-home/registry/src/index.crates.io-1949cf8c6b5b557f/tokio-1.37.0/src/runtime/scheduler/current_thread/mod.rs:659:57
[INFO] [stdout]   25:     0x63cbba203a35 - tokio::runtime::coop::with_budget::hd9e033bcccd63971
[INFO] [stdout]                                at /opt/rustwide/cargo-home/registry/src/index.crates.io-1949cf8c6b5b557f/tokio-1.37.0/src/runtime/coop.rs:107:5
[INFO] [stdout]   26:     0x63cbba203a35 - tokio::runtime::coop::budget::hdba5fd91f54643df
[INFO] [stdout]                                at /opt/rustwide/cargo-home/registry/src/index.crates.io-1949cf8c6b5b557f/tokio-1.37.0/src/runtime/coop.rs:73:5
[INFO] [stdout]   27:     0x63cbba203a35 - tokio::runtime::scheduler::current_thread::CoreGuard::block_on::{{closure}}::{{closure}}::hea42e2f4e561b485
[INFO] [stdout]                                at /opt/rustwide/cargo-home/registry/src/index.crates.io-1949cf8c6b5b557f/tokio-1.37.0/src/runtime/scheduler/current_thread/mod.rs:659:25
[INFO] [stdout]   28:     0x63cbba2027d0 - tokio::runtime::scheduler::current_thread::Context::enter::hb3ad9bca600b49ef
[INFO] [stdout]                                at /opt/rustwide/cargo-home/registry/src/index.crates.io-1949cf8c6b5b557f/tokio-1.37.0/src/runtime/scheduler/current_thread/mod.rs:404:19
[INFO] [stdout]   29:     0x63cbba20328e - tokio::runtime::scheduler::current_thread::CoreGuard::block_on::{{closure}}::hc32858ab721d27db
[INFO] [stdout]                                at /opt/rustwide/cargo-home/registry/src/index.crates.io-1949cf8c6b5b557f/tokio-1.37.0/src/runtime/scheduler/current_thread/mod.rs:658:36
[INFO] [stdout]   30:     0x63cbba203004 - tokio::runtime::scheduler::current_thread::CoreGuard::enter::{{closure}}::h8f26148c7fcb3775
[INFO] [stdout]                                at /opt/rustwide/cargo-home/registry/src/index.crates.io-1949cf8c6b5b557f/tokio-1.37.0/src/runtime/scheduler/current_thread/mod.rs:737:68
[INFO] [stdout]   31:     0x63cbba1e3d5b - tokio::runtime::context::scoped::Scoped<T>::set::h428c79f607f8b4ca
[INFO] [stdout]                                at /opt/rustwide/cargo-home/registry/src/index.crates.io-1949cf8c6b5b557f/tokio-1.37.0/src/runtime/context/scoped.rs:40:9
[INFO] [stdout]   32:     0x63cbba1fa7d9 - tokio::runtime::context::set_scheduler::{{closure}}::h3c48b9a074acf49b
[INFO] [stdout]                                at /opt/rustwide/cargo-home/registry/src/index.crates.io-1949cf8c6b5b557f/tokio-1.37.0/src/runtime/context.rs:176:26
[INFO] [stdout]   33:     0x63cbba1fddc2 - std::thread::local::LocalKey<T>::try_with::h4650694bc230d827
[INFO] [stdout]                                at /rustc/6067b36314ab5eb2eb47cecc464545ba58e1ad24/library/std/src/thread/local.rs:308:12
[INFO] [stdout]   34:     0x63cbba1fd65a - std::thread::local::LocalKey<T>::with::h80f197f6bb52f778
[INFO] [stdout]                                at /rustc/6067b36314ab5eb2eb47cecc464545ba58e1ad24/library/std/src/thread/local.rs:272:9
[INFO] [stdout]   35:     0x63cbba1fa78d - tokio::runtime::context::set_scheduler::ha4a640be0376b22f
[INFO] [stdout]                                at /opt/rustwide/cargo-home/registry/src/index.crates.io-1949cf8c6b5b557f/tokio-1.37.0/src/runtime/context.rs:176:9
[INFO] [stdout]   36:     0x63cbba202db0 - tokio::runtime::scheduler::current_thread::CoreGuard::enter::hbc13f13f36a58ab9
[INFO] [stdout]                                at /opt/rustwide/cargo-home/registry/src/index.crates.io-1949cf8c6b5b557f/tokio-1.37.0/src/runtime/scheduler/current_thread/mod.rs:737:27
[INFO] [stdout]   37:     0x63cbba203023 - tokio::runtime::scheduler::current_thread::CoreGuard::block_on::h1a93cd9a5f94d7c6
[INFO] [stdout]                                at /opt/rustwide/cargo-home/registry/src/index.crates.io-1949cf8c6b5b557f/tokio-1.37.0/src/runtime/scheduler/current_thread/mod.rs:646:19
[INFO] [stdout]   38:     0x63cbba20167d - tokio::runtime::scheduler::current_thread::CurrentThread::block_on::{{closure}}::h4afec7b1aa89cb1e
[INFO] [stdout]                                at /opt/rustwide/cargo-home/registry/src/index.crates.io-1949cf8c6b5b557f/tokio-1.37.0/src/runtime/scheduler/current_thread/mod.rs:175:28
[INFO] [stdout]   39:     0x63cbba1e40a6 - tokio::runtime::context::runtime::enter_runtime::he38a535424ffb0d7
[INFO] [stdout]                                at /opt/rustwide/cargo-home/registry/src/index.crates.io-1949cf8c6b5b557f/tokio-1.37.0/src/runtime/context/runtime.rs:65:16
[INFO] [stdout]   40:     0x63cbba201591 - tokio::runtime::scheduler::current_thread::CurrentThread::block_on::h042c9c548eb5c817
[INFO] [stdout]                                at /opt/rustwide/cargo-home/registry/src/index.crates.io-1949cf8c6b5b557f/tokio-1.37.0/src/runtime/scheduler/current_thread/mod.rs:167:9
[INFO] [stdout]   41:     0x63cbba1ef1dd - tokio::runtime::runtime::Runtime::block_on::hda1ef307b67cdd28
[INFO] [stdout]                                at /opt/rustwide/cargo-home/registry/src/index.crates.io-1949cf8c6b5b557f/tokio-1.37.0/src/runtime/runtime.rs:349:47
[INFO] [stdout]   42:     0x63cbba1e817e - sipusu::authentication::test::decode_checked::hfaccbc776a3166e3
[INFO] [stdout]                                at /opt/rustwide/workdir/src/authentication.rs:405:9
[INFO] [stdout]   43:     0x63cbba1e8027 - sipusu::authentication::test::decode_checked::{{closure}}::h162ffbd3fbd8e0fb
[INFO] [stdout]                                at /opt/rustwide/workdir/src/authentication.rs:391:30
[INFO] [stdout]   44:     0x63cbba207686 - core::ops::function::FnOnce::call_once::h2da3e7308d87feed
[INFO] [stdout]                                at /rustc/6067b36314ab5eb2eb47cecc464545ba58e1ad24/library/core/src/ops/function.rs:250:5
[INFO] [stdout]   45:     0x63cbba25d32b - core::ops::function::FnOnce::call_once::he27718dfdd183f43
[INFO] [stdout]                                at /rustc/6067b36314ab5eb2eb47cecc464545ba58e1ad24/library/core/src/ops/function.rs:250:5
[INFO] [stdout]   46:     0x63cbba25d32b - test::__rust_begin_short_backtrace::h4e84902998457a5d
[INFO] [stdout]                                at /rustc/6067b36314ab5eb2eb47cecc464545ba58e1ad24/library/test/src/lib.rs:632:18
[INFO] [stdout]   47:     0x63cbba25c263 - test::run_test_in_process::{{closure}}::h7176fd18fc1feca0
[INFO] [stdout]                                at /rustc/6067b36314ab5eb2eb47cecc464545ba58e1ad24/library/test/src/lib.rs:655:60
[INFO] [stdout]   48:     0x63cbba25c263 - <core::panic::unwind_safe::AssertUnwindSafe<F> as core::ops::function::FnOnce<()>>::call_once::hf79cff2a624d8cf7
[INFO] [stdout]                                at /rustc/6067b36314ab5eb2eb47cecc464545ba58e1ad24/library/core/src/panic/unwind_safe.rs:272:9
[INFO] [stdout]   49:     0x63cbba25c263 - std::panicking::try::do_call::h3da0561d9ab99c25
[INFO] [stdout]                                at /rustc/6067b36314ab5eb2eb47cecc464545ba58e1ad24/library/std/src/panicking.rs:587:40
[INFO] [stdout]   50:     0x63cbba25c263 - std::panicking::try::h41c9fa508bc61df6
[INFO] [stdout]                                at /rustc/6067b36314ab5eb2eb47cecc464545ba58e1ad24/library/std/src/panicking.rs:550:19
[INFO] [stdout]   51:     0x63cbba25c263 - std::panic::catch_unwind::h6b3ff07bb5afad93
[INFO] [stdout]                                at /rustc/6067b36314ab5eb2eb47cecc464545ba58e1ad24/library/std/src/panic.rs:358:14
[INFO] [stdout]   52:     0x63cbba25c263 - test::run_test_in_process::hc7253dd11b39b9f4
[INFO] [stdout]                                at /rustc/6067b36314ab5eb2eb47cecc464545ba58e1ad24/library/test/src/lib.rs:655:27
[INFO] [stdout]   53:     0x63cbba25c263 - test::run_test::{{closure}}::hfb2007f8649c30bb
[INFO] [stdout]                                at /rustc/6067b36314ab5eb2eb47cecc464545ba58e1ad24/library/test/src/lib.rs:576:43
[INFO] [stdout]   54:     0x63cbba21f345 - test::run_test::{{closure}}::h56a17aa7a282a9f4
[INFO] [stdout]                                at /rustc/6067b36314ab5eb2eb47cecc464545ba58e1ad24/library/test/src/lib.rs:606:41
[INFO] [stdout]   55:     0x63cbba21f345 - std::sys::backtrace::__rust_begin_short_backtrace::hd2d2d2fb8e8c6aac
[INFO] [stdout]                                at /rustc/6067b36314ab5eb2eb47cecc464545ba58e1ad24/library/std/src/sys/backtrace.rs:152:18
[INFO] [stdout]   56:     0x63cbba222c2a - std::thread::Builder::spawn_unchecked_::{{closure}}::{{closure}}::h4faa3f9db6133423
[INFO] [stdout]                                at /rustc/6067b36314ab5eb2eb47cecc464545ba58e1ad24/library/std/src/thread/mod.rs:559:17
[INFO] [stdout]   57:     0x63cbba222c2a - <core::panic::unwind_safe::AssertUnwindSafe<F> as core::ops::function::FnOnce<()>>::call_once::hf2e855a36a4ea846
[INFO] [stdout]                                at /rustc/6067b36314ab5eb2eb47cecc464545ba58e1ad24/library/core/src/panic/unwind_safe.rs:272:9
[INFO] [stdout]   58:     0x63cbba222c2a - std::panicking::try::do_call::h2f73af3616c35465
[INFO] [stdout]                                at /rustc/6067b36314ab5eb2eb47cecc464545ba58e1ad24/library/std/src/panicking.rs:587:40
[INFO] [stdout]   59:     0x63cbba222c2a - std::panicking::try::hd1660ce9efadef5a
[INFO] [stdout]                                at /rustc/6067b36314ab5eb2eb47cecc464545ba58e1ad24/library/std/src/panicking.rs:550:19
[INFO] [stdout]   60:     0x63cbba222c2a - std::panic::catch_unwind::h5ee8d7823b8ca744
[INFO] [stdout]                                at /rustc/6067b36314ab5eb2eb47cecc464545ba58e1ad24/library/std/src/panic.rs:358:14
[INFO] [stdout]   61:     0x63cbba222c2a - std::thread::Builder::spawn_unchecked_::{{closure}}::h53c3a1894dce8407
[INFO] [stdout]                                at /rustc/6067b36314ab5eb2eb47cecc464545ba58e1ad24/library/std/src/thread/mod.rs:557:30
[INFO] [stdout]   62:     0x63cbba222c2a - core::ops::function::FnOnce::call_once{{vtable.shim}}::h048ce291ad4f62bf
[INFO] [stdout]                                at /rustc/6067b36314ab5eb2eb47cecc464545ba58e1ad24/library/core/src/ops/function.rs:250:5
[INFO] [stdout]   63:     0x63cbba39815b - <alloc::boxed::Box<F,A> as core::ops::function::FnOnce<Args>>::call_once::ha52bedf99a3b4981
[INFO] [stdout]                                at /rustc/6067b36314ab5eb2eb47cecc464545ba58e1ad24/library/alloc/src/boxed.rs:2013:9
[INFO] [stdout]   64:     0x63cbba39815b - <alloc::boxed::Box<F,A> as core::ops::function::FnOnce<Args>>::call_once::h567748934d80ccf8
[INFO] [stdout]                                at /rustc/6067b36314ab5eb2eb47cecc464545ba58e1ad24/library/alloc/src/boxed.rs:2013:9
[INFO] [stdout]   65:     0x63cbba39815b - std::sys::pal::unix::thread::Thread::new::thread_start::h2d970728ae887adc
[INFO] [stdout]                                at /rustc/6067b36314ab5eb2eb47cecc464545ba58e1ad24/library/std/src/sys/pal/unix/thread.rs:106:17
[INFO] [stdout]   66:     0x789ce4002ac3 - <unknown>
[INFO] [stdout]   67:     0x789ce4093a04 - clone
[INFO] [stdout]   68:                0x0 - <unknown>
[INFO] [stdout] 
[INFO] [stdout] 
[INFO] [stdout] failures:
[INFO] [stdout]     authentication::test::create_user_checked
[INFO] [stdout]     authentication::test::decode_checked
[INFO] [stdout]     authentication::test::ensure_create_or_open
[INFO] [stdout]     protocol::v5::connack::tests::test_encode_connack
[INFO] [stdout] 
[INFO] [stdout] test result: FAILED. 13 passed; 4 failed; 0 ignored; 0 measured; 0 filtered out; finished in 0.10s
[INFO] [stdout] 
[INFO] [stderr] error: test failed, to rerun pass `--bin sipusu`
[INFO] running `Command { std: "docker" "inspect" "61a5c9183a829db23a633adbc07fe91983cc3c6ccfacad4e5811adc7b1d7cfe2", kill_on_drop: false }`
[INFO] running `Command { std: "docker" "rm" "-f" "61a5c9183a829db23a633adbc07fe91983cc3c6ccfacad4e5811adc7b1d7cfe2", kill_on_drop: false }`
[INFO] [stdout] 61a5c9183a829db23a633adbc07fe91983cc3c6ccfacad4e5811adc7b1d7cfe2
