[INFO] cloning repository https://github.com/aoyagikouhei/csv-zip-maker-rs
[INFO] running `Command { std: "git" "-c" "credential.helper=" "-c" "credential.helper=/workspace/cargo-home/bin/git-credential-null" "clone" "--bare" "https://github.com/aoyagikouhei/csv-zip-maker-rs" "/workspace/cache/git-repos/https%3A%2F%2Fgithub.com%2Faoyagikouhei%2Fcsv-zip-maker-rs", kill_on_drop: false }`
[INFO] [stderr] Cloning into bare repository '/workspace/cache/git-repos/https%3A%2F%2Fgithub.com%2Faoyagikouhei%2Fcsv-zip-maker-rs'...
[INFO] running `Command { std: "git" "rev-parse" "HEAD", kill_on_drop: false }`
[INFO] [stdout] ac19314543211c0630657f9fa368d129f080441f
[INFO] testing aoyagikouhei/csv-zip-maker-rs against nightly-2025-01-18 for randomize-layout-2
[INFO] running `Command { std: "git" "clone" "/workspace/cache/git-repos/https%3A%2F%2Fgithub.com%2Faoyagikouhei%2Fcsv-zip-maker-rs" "/workspace/builds/worker-0-tc1/source", kill_on_drop: false }`
[INFO] [stderr] Cloning into '/workspace/builds/worker-0-tc1/source'...
[INFO] [stderr] done.
[INFO] validating manifest of git repo https://github.com/aoyagikouhei/csv-zip-maker-rs on toolchain nightly-2025-01-18
[INFO] running `Command { std: CARGO_HOME="/workspace/cargo-home" RUSTUP_HOME="/workspace/rustup-home" "/workspace/cargo-home/bin/cargo" "+nightly-2025-01-18" "metadata" "--manifest-path" "Cargo.toml" "--no-deps", kill_on_drop: false }`
[INFO] started tweaking git repo https://github.com/aoyagikouhei/csv-zip-maker-rs
[INFO] finished tweaking git repo https://github.com/aoyagikouhei/csv-zip-maker-rs
[INFO] tweaked toml for git repo https://github.com/aoyagikouhei/csv-zip-maker-rs written to /workspace/builds/worker-0-tc1/source/Cargo.toml
[INFO] crate git repo https://github.com/aoyagikouhei/csv-zip-maker-rs already has a lockfile, it will not be regenerated
[INFO] running `Command { std: CARGO_HOME="/workspace/cargo-home" RUSTUP_HOME="/workspace/rustup-home" "/workspace/cargo-home/bin/cargo" "+nightly-2025-01-18" "fetch" "--manifest-path" "Cargo.toml", kill_on_drop: false }`
[INFO] [stderr]     Blocking waiting for file lock on package cache
[INFO] [stderr]     Blocking waiting for file lock on package cache
[INFO] running `Command { std: "docker" "create" "-v" "/var/lib/crater-agent-workspace/builds/worker-0-tc1/target:/opt/rustwide/target:rw,Z" "-v" "/var/lib/crater-agent-workspace/builds/worker-0-tc1/source:/opt/rustwide/workdir:ro,Z" "-v" "/var/lib/crater-agent-workspace/cargo-home:/opt/rustwide/cargo-home:ro,Z" "-v" "/var/lib/crater-agent-workspace/rustup-home:/opt/rustwide/rustup-home:ro,Z" "-e" "SOURCE_DIR=/opt/rustwide/workdir" "-e" "CARGO_TARGET_DIR=/opt/rustwide/target" "-e" "CARGO_HOME=/opt/rustwide/cargo-home" "-e" "RUSTUP_HOME=/opt/rustwide/rustup-home" "-w" "/opt/rustwide/workdir" "-m" "1610612736" "--user" "0:0" "--network" "none" "ghcr.io/rust-lang/crates-build-env/linux@sha256:819108c5571ea2e421544af4d832f968d213c87fbe3707a016657f43d2f853bc" "/opt/rustwide/cargo-home/bin/cargo" "+nightly-2025-01-18" "metadata" "--no-deps" "--format-version=1", kill_on_drop: false }`
[INFO] [stdout] c6aa3f3b174da33825b01cbb9c5e3dd6c6504095eac688367e1cf70b32f194e0
[INFO] running `Command { std: "docker" "start" "-a" "c6aa3f3b174da33825b01cbb9c5e3dd6c6504095eac688367e1cf70b32f194e0", kill_on_drop: false }`
[INFO] running `Command { std: "docker" "inspect" "c6aa3f3b174da33825b01cbb9c5e3dd6c6504095eac688367e1cf70b32f194e0", kill_on_drop: false }`
[INFO] running `Command { std: "docker" "rm" "-f" "c6aa3f3b174da33825b01cbb9c5e3dd6c6504095eac688367e1cf70b32f194e0", kill_on_drop: false }`
[INFO] [stdout] c6aa3f3b174da33825b01cbb9c5e3dd6c6504095eac688367e1cf70b32f194e0
[INFO] running `Command { std: "docker" "create" "-v" "/var/lib/crater-agent-workspace/builds/worker-0-tc1/target:/opt/rustwide/target:rw,Z" "-v" "/var/lib/crater-agent-workspace/builds/worker-0-tc1/source:/opt/rustwide/workdir:ro,Z" "-v" "/var/lib/crater-agent-workspace/cargo-home:/opt/rustwide/cargo-home:ro,Z" "-v" "/var/lib/crater-agent-workspace/rustup-home:/opt/rustwide/rustup-home:ro,Z" "-e" "SOURCE_DIR=/opt/rustwide/workdir" "-e" "CARGO_TARGET_DIR=/opt/rustwide/target" "-e" "CARGO_INCREMENTAL=0" "-e" "RUST_BACKTRACE=full" "-e" "RUSTFLAGS=--cap-lints=forbid" "-e" "RUSTDOCFLAGS=--cap-lints=forbid" "-e" "CARGO_HOME=/opt/rustwide/cargo-home" "-e" "RUSTUP_HOME=/opt/rustwide/rustup-home" "-w" "/opt/rustwide/workdir" "-m" "1610612736" "--user" "0:0" "--network" "none" "ghcr.io/rust-lang/crates-build-env/linux@sha256:819108c5571ea2e421544af4d832f968d213c87fbe3707a016657f43d2f853bc" "/opt/rustwide/cargo-home/bin/cargo" "+nightly-2025-01-18" "build" "--frozen" "--message-format=json", kill_on_drop: false }`
[INFO] [stdout] c36da807d889aabc19344761dbc428fd56b18162949acb00ed1fd13b71f39b09
[INFO] running `Command { std: "docker" "start" "-a" "c36da807d889aabc19344761dbc428fd56b18162949acb00ed1fd13b71f39b09", kill_on_drop: false }`
[INFO] [stderr]    Compiling crc32fast v1.4.0
[INFO] [stderr]    Compiling adler v1.0.2
[INFO] [stderr]    Compiling rustix v0.38.31
[INFO] [stderr]    Compiling serde v1.0.197
[INFO] [stderr]    Compiling powerfmt v0.2.0
[INFO] [stderr]    Compiling thiserror v1.0.57
[INFO] [stderr]    Compiling linux-raw-sys v0.4.13
[INFO] [stderr]    Compiling syn v2.0.50
[INFO] [stderr]    Compiling miniz_oxide v0.7.2
[INFO] [stderr]    Compiling deranged v0.3.11
[INFO] [stderr]    Compiling bitflags v2.4.2
[INFO] [stderr]    Compiling time-core v0.1.2
[INFO] [stderr]    Compiling memchr v2.7.1
[INFO] [stderr]    Compiling num-conv v0.1.0
[INFO] [stderr]    Compiling fastrand v2.0.1
[INFO] [stderr]    Compiling itoa v1.0.10
[INFO] [stderr]    Compiling flate2 v1.0.28
[INFO] [stderr]    Compiling time v0.3.34
[INFO] [stderr]    Compiling csv-core v0.1.11
[INFO] [stderr]    Compiling byteorder v1.5.0
[INFO] [stderr]    Compiling zip v0.6.6
[INFO] [stderr]    Compiling thiserror-impl v1.0.57
[INFO] [stderr]    Compiling csv v1.3.0
[INFO] [stderr]    Compiling tempfile v3.10.0
[INFO] [stderr]    Compiling csv-zip-maker v0.4.0 (/opt/rustwide/workdir)
[INFO] [stderr]     Finished `dev` profile [unoptimized + debuginfo] target(s) in 13.35s
[INFO] running `Command { std: "docker" "inspect" "c36da807d889aabc19344761dbc428fd56b18162949acb00ed1fd13b71f39b09", kill_on_drop: false }`
[INFO] running `Command { std: "docker" "rm" "-f" "c36da807d889aabc19344761dbc428fd56b18162949acb00ed1fd13b71f39b09", kill_on_drop: false }`
[INFO] [stdout] c36da807d889aabc19344761dbc428fd56b18162949acb00ed1fd13b71f39b09
[INFO] running `Command { std: "docker" "create" "-v" "/var/lib/crater-agent-workspace/builds/worker-0-tc1/target:/opt/rustwide/target:rw,Z" "-v" "/var/lib/crater-agent-workspace/builds/worker-0-tc1/source:/opt/rustwide/workdir:ro,Z" "-v" "/var/lib/crater-agent-workspace/cargo-home:/opt/rustwide/cargo-home:ro,Z" "-v" "/var/lib/crater-agent-workspace/rustup-home:/opt/rustwide/rustup-home:ro,Z" "-e" "SOURCE_DIR=/opt/rustwide/workdir" "-e" "CARGO_TARGET_DIR=/opt/rustwide/target" "-e" "CARGO_INCREMENTAL=0" "-e" "RUST_BACKTRACE=full" "-e" "RUSTFLAGS=--cap-lints=forbid" "-e" "RUSTDOCFLAGS=--cap-lints=forbid" "-e" "CARGO_HOME=/opt/rustwide/cargo-home" "-e" "RUSTUP_HOME=/opt/rustwide/rustup-home" "-w" "/opt/rustwide/workdir" "-m" "1610612736" "--user" "0:0" "--network" "none" "ghcr.io/rust-lang/crates-build-env/linux@sha256:819108c5571ea2e421544af4d832f968d213c87fbe3707a016657f43d2f853bc" "/opt/rustwide/cargo-home/bin/cargo" "+nightly-2025-01-18" "test" "--frozen" "--no-run" "--message-format=json", kill_on_drop: false }`
[INFO] [stdout] b06ffe26907bf2c5a9b16a10d043448794de55d4fa332371dbbb5f09384a81e5
[INFO] running `Command { std: "docker" "start" "-a" "b06ffe26907bf2c5a9b16a10d043448794de55d4fa332371dbbb5f09384a81e5", kill_on_drop: false }`
[INFO] [stderr]    Compiling csv-zip-maker v0.4.0 (/opt/rustwide/workdir)
[INFO] [stderr]     Finished `test` profile [unoptimized + debuginfo] target(s) in 0.96s
[INFO] running `Command { std: "docker" "inspect" "b06ffe26907bf2c5a9b16a10d043448794de55d4fa332371dbbb5f09384a81e5", kill_on_drop: false }`
[INFO] running `Command { std: "docker" "rm" "-f" "b06ffe26907bf2c5a9b16a10d043448794de55d4fa332371dbbb5f09384a81e5", kill_on_drop: false }`
[INFO] [stdout] b06ffe26907bf2c5a9b16a10d043448794de55d4fa332371dbbb5f09384a81e5
[INFO] running `Command { std: "docker" "create" "-v" "/var/lib/crater-agent-workspace/builds/worker-0-tc1/target:/opt/rustwide/target:rw,Z" "-v" "/var/lib/crater-agent-workspace/builds/worker-0-tc1/source:/opt/rustwide/workdir:ro,Z" "-v" "/var/lib/crater-agent-workspace/cargo-home:/opt/rustwide/cargo-home:ro,Z" "-v" "/var/lib/crater-agent-workspace/rustup-home:/opt/rustwide/rustup-home:ro,Z" "-e" "SOURCE_DIR=/opt/rustwide/workdir" "-e" "CARGO_TARGET_DIR=/opt/rustwide/target" "-e" "CARGO_INCREMENTAL=0" "-e" "RUST_BACKTRACE=full" "-e" "RUSTFLAGS=--cap-lints=forbid" "-e" "RUSTDOCFLAGS=--cap-lints=forbid" "-e" "CARGO_HOME=/opt/rustwide/cargo-home" "-e" "RUSTUP_HOME=/opt/rustwide/rustup-home" "-w" "/opt/rustwide/workdir" "-m" "1610612736" "--user" "0:0" "--network" "none" "ghcr.io/rust-lang/crates-build-env/linux@sha256:819108c5571ea2e421544af4d832f968d213c87fbe3707a016657f43d2f853bc" "/opt/rustwide/cargo-home/bin/cargo" "+nightly-2025-01-18" "test" "--frozen", kill_on_drop: false }`
[INFO] [stdout] aefaf3f509175bceded430b78ce0702e785ba37ec7e62193de775909b9ba3afd
[INFO] running `Command { std: "docker" "start" "-a" "aefaf3f509175bceded430b78ce0702e785ba37ec7e62193de775909b9ba3afd", kill_on_drop: false }`
[INFO] [stderr]     Finished `test` profile [unoptimized + debuginfo] target(s) in 0.05s
[INFO] [stderr]      Running unittests src/lib.rs (/opt/rustwide/target/debug/deps/csv_zip_maker-113cb639b23ab232)
[INFO] [stdout] 
[INFO] [stdout] running 2 tests
[INFO] [stdout] test tests::it_works_with_timestamp_offset ... FAILED
[INFO] [stdout] test tests::it_works ... FAILED
[INFO] [stdout] 
[INFO] [stderr] error: test failed, to rerun pass `--lib`
[INFO] [stdout] failures:
[INFO] [stdout] 
[INFO] [stdout] ---- tests::it_works_with_timestamp_offset stdout ----
[INFO] [stdout] Error: Io(Os { code: 30, kind: ReadOnlyFilesystem, message: "Read-only file system" })
[INFO] [stdout] 
[INFO] [stdout] ---- tests::it_works stdout ----
[INFO] [stdout] Error: Io(Os { code: 30, kind: ReadOnlyFilesystem, message: "Read-only file system" })
[INFO] [stdout] 
[INFO] [stdout] 
[INFO] [stdout] failures:
[INFO] [stdout]     tests::it_works
[INFO] [stdout]     tests::it_works_with_timestamp_offset
[INFO] [stdout] 
[INFO] [stdout] test result: FAILED. 0 passed; 2 failed; 0 ignored; 0 measured; 0 filtered out; finished in 0.02s
[INFO] [stdout] 
[INFO] running `Command { std: "docker" "inspect" "aefaf3f509175bceded430b78ce0702e785ba37ec7e62193de775909b9ba3afd", kill_on_drop: false }`
[INFO] running `Command { std: "docker" "rm" "-f" "aefaf3f509175bceded430b78ce0702e785ba37ec7e62193de775909b9ba3afd", kill_on_drop: false }`
[INFO] [stdout] aefaf3f509175bceded430b78ce0702e785ba37ec7e62193de775909b9ba3afd
