[INFO] cloning repository https://github.com/anshulrgoyal/bust
[INFO] running `Command { std: "git" "-c" "credential.helper=" "-c" "credential.helper=/workspace/cargo-home/bin/git-credential-null" "clone" "--bare" "https://github.com/anshulrgoyal/bust" "/workspace/cache/git-repos/https%3A%2F%2Fgithub.com%2Fanshulrgoyal%2Fbust", kill_on_drop: false }`
[INFO] [stderr] Cloning into bare repository '/workspace/cache/git-repos/https%3A%2F%2Fgithub.com%2Fanshulrgoyal%2Fbust'...
[INFO] running `Command { std: "git" "rev-parse" "HEAD", kill_on_drop: false }`
[INFO] [stdout] cf6a3ce3426125da2e0e9e93cc7eb6ba2704e5c6
[INFO] testing anshulrgoyal/bust against nightly-2025-01-18 for randomize-layout-2
[INFO] running `Command { std: "git" "clone" "/workspace/cache/git-repos/https%3A%2F%2Fgithub.com%2Fanshulrgoyal%2Fbust" "/workspace/builds/worker-3-tc1/source", kill_on_drop: false }`
[INFO] [stderr] Cloning into '/workspace/builds/worker-3-tc1/source'...
[INFO] [stderr] done.
[INFO] validating manifest of git repo https://github.com/anshulrgoyal/bust on toolchain nightly-2025-01-18
[INFO] running `Command { std: CARGO_HOME="/workspace/cargo-home" RUSTUP_HOME="/workspace/rustup-home" "/workspace/cargo-home/bin/cargo" "+nightly-2025-01-18" "metadata" "--manifest-path" "Cargo.toml" "--no-deps", kill_on_drop: false }`
[INFO] started tweaking git repo https://github.com/anshulrgoyal/bust
[INFO] finished tweaking git repo https://github.com/anshulrgoyal/bust
[INFO] tweaked toml for git repo https://github.com/anshulrgoyal/bust written to /workspace/builds/worker-3-tc1/source/Cargo.toml
[INFO] crate git repo https://github.com/anshulrgoyal/bust already has a lockfile, it will not be regenerated
[INFO] running `Command { std: CARGO_HOME="/workspace/cargo-home" RUSTUP_HOME="/workspace/rustup-home" "/workspace/cargo-home/bin/cargo" "+nightly-2025-01-18" "fetch" "--manifest-path" "Cargo.toml", kill_on_drop: false }`
[INFO] [stderr]     Updating crates.io index
[INFO] [stderr]  Downloading crates ...
[INFO] [stderr]   Downloaded strum v0.8.0
[INFO] [stderr]   Downloaded futures-macro v0.3.23
[INFO] [stderr]   Downloaded ansi_term v0.7.5
[INFO] [stderr]   Downloaded spinners v1.2.0
[INFO] [stderr]   Downloaded futures v0.3.23
[INFO] [stderr]   Downloaded anyhow v1.0.62
[INFO] [stderr]   Downloaded argh_derive v0.1.8
[INFO] [stderr]   Downloaded argh_shared v0.1.8
[INFO] [stderr]   Downloaded argh v0.1.8
[INFO] [stderr]   Downloaded spinner v0.5.0
[INFO] [stderr]   Downloaded strum_macros v0.8.0
[INFO] [stderr]   Downloaded futures-executor v0.3.23
[INFO] running `Command { std: "docker" "create" "-v" "/var/lib/crater-agent-workspace/builds/worker-3-tc1/target:/opt/rustwide/target:rw,Z" "-v" "/var/lib/crater-agent-workspace/builds/worker-3-tc1/source:/opt/rustwide/workdir:ro,Z" "-v" "/var/lib/crater-agent-workspace/cargo-home:/opt/rustwide/cargo-home:ro,Z" "-v" "/var/lib/crater-agent-workspace/rustup-home:/opt/rustwide/rustup-home:ro,Z" "-e" "SOURCE_DIR=/opt/rustwide/workdir" "-e" "CARGO_TARGET_DIR=/opt/rustwide/target" "-e" "CARGO_HOME=/opt/rustwide/cargo-home" "-e" "RUSTUP_HOME=/opt/rustwide/rustup-home" "-w" "/opt/rustwide/workdir" "-m" "1610612736" "--user" "0:0" "--network" "none" "ghcr.io/rust-lang/crates-build-env/linux@sha256:819108c5571ea2e421544af4d832f968d213c87fbe3707a016657f43d2f853bc" "/opt/rustwide/cargo-home/bin/cargo" "+nightly-2025-01-18" "metadata" "--no-deps" "--format-version=1", kill_on_drop: false }`
[INFO] [stdout] 67908c65587bb10463e4d68543f78437cb51f2f7662d7c2a992aa0905231010a
[INFO] running `Command { std: "docker" "start" "-a" "67908c65587bb10463e4d68543f78437cb51f2f7662d7c2a992aa0905231010a", kill_on_drop: false }`
[INFO] running `Command { std: "docker" "inspect" "67908c65587bb10463e4d68543f78437cb51f2f7662d7c2a992aa0905231010a", kill_on_drop: false }`
[INFO] running `Command { std: "docker" "rm" "-f" "67908c65587bb10463e4d68543f78437cb51f2f7662d7c2a992aa0905231010a", kill_on_drop: false }`
[INFO] [stdout] 67908c65587bb10463e4d68543f78437cb51f2f7662d7c2a992aa0905231010a
[INFO] running `Command { std: "docker" "create" "-v" "/var/lib/crater-agent-workspace/builds/worker-3-tc1/target:/opt/rustwide/target:rw,Z" "-v" "/var/lib/crater-agent-workspace/builds/worker-3-tc1/source:/opt/rustwide/workdir:ro,Z" "-v" "/var/lib/crater-agent-workspace/cargo-home:/opt/rustwide/cargo-home:ro,Z" "-v" "/var/lib/crater-agent-workspace/rustup-home:/opt/rustwide/rustup-home:ro,Z" "-e" "SOURCE_DIR=/opt/rustwide/workdir" "-e" "CARGO_TARGET_DIR=/opt/rustwide/target" "-e" "CARGO_INCREMENTAL=0" "-e" "RUST_BACKTRACE=full" "-e" "RUSTFLAGS=--cap-lints=forbid" "-e" "RUSTDOCFLAGS=--cap-lints=forbid" "-e" "CARGO_HOME=/opt/rustwide/cargo-home" "-e" "RUSTUP_HOME=/opt/rustwide/rustup-home" "-w" "/opt/rustwide/workdir" "-m" "1610612736" "--user" "0:0" "--network" "none" "ghcr.io/rust-lang/crates-build-env/linux@sha256:819108c5571ea2e421544af4d832f968d213c87fbe3707a016657f43d2f853bc" "/opt/rustwide/cargo-home/bin/cargo" "+nightly-2025-01-18" "build" "--frozen" "--message-format=json", kill_on_drop: false }`
[INFO] [stdout] 74dc6b8a604ccc28d0f8b09f0b2b2eed6bf4c8793a5158d6f601c8107911403b
[INFO] running `Command { std: "docker" "start" "-a" "74dc6b8a604ccc28d0f8b09f0b2b2eed6bf4c8793a5158d6f601c8107911403b", kill_on_drop: false }`
[INFO] [stderr]    Compiling libc v0.2.132
[INFO] [stderr]    Compiling proc-macro2 v1.0.43
[INFO] [stderr]    Compiling unicode-ident v1.0.3
[INFO] [stderr]    Compiling quote v1.0.21
[INFO] [stderr]    Compiling syn v1.0.99
[INFO] [stderr]    Compiling autocfg v1.1.0
[INFO] [stderr]    Compiling memchr v2.5.0
[INFO] [stderr]    Compiling cfg-if v1.0.0
[INFO] [stderr]    Compiling cc v1.0.73
[INFO] [stderr]    Compiling cfg-if v0.1.10
[INFO] [stderr]    Compiling pkg-config v0.3.25
[INFO] [stderr]    Compiling lazy_static v1.4.0
[INFO] [stderr]    Compiling futures-core v0.3.23
[INFO] [stderr]    Compiling log v0.4.17
[INFO] [stderr]    Compiling slab v0.4.7
[INFO] [stderr]    Compiling getrandom v0.1.16
[INFO] [stderr]    Compiling futures-channel v0.3.23
[INFO] [stderr]    Compiling futures-task v0.3.23
[INFO] [stderr]    Compiling version_check v0.9.4
[INFO] [stderr]    Compiling futures-util v0.3.23
[INFO] [stderr]    Compiling futures-sink v0.3.23
[INFO] [stderr]    Compiling tinyvec_macros v0.1.0
[INFO] [stderr]    Compiling tinyvec v1.6.0
[INFO] [stderr]    Compiling unicase v2.6.0
[INFO] [stderr]    Compiling net2 v0.2.37
[INFO] [stderr]    Compiling iovec v0.1.4
[INFO] [stderr]    Compiling matches v0.1.9
[INFO] [stderr]    Compiling serde v1.0.143
[INFO] [stderr]    Compiling pin-project-lite v0.2.9
[INFO] [stderr]    Compiling futures-io v0.3.23
[INFO] [stderr]    Compiling pin-utils v0.1.0
[INFO] [stderr]    Compiling rand_core v0.5.1
[INFO] [stderr]    Compiling mio v0.6.23
[INFO] [stderr]    Compiling dirs-sys v0.3.7
[INFO] [stderr]    Compiling adler v1.0.2
[INFO] [stderr]    Compiling openssl v0.10.41
[INFO] [stderr]    Compiling gimli v0.26.2
[INFO] [stderr]    Compiling ppv-lite86 v0.2.16
[INFO] [stderr]    Compiling unicode-bidi v0.3.8
[INFO] [stderr]    Compiling openssl-sys v0.9.75
[INFO] [stderr]    Compiling backtrace v0.3.66
[INFO] [stderr]    Compiling unicode-normalization v0.1.21
[INFO] [stderr]    Compiling percent-encoding v2.1.0
[INFO] [stderr]    Compiling unicode-xid v0.0.4
[INFO] [stderr]    Compiling foreign-types-shared v0.1.1
[INFO] [stderr]    Compiling pin-project-lite v0.1.12
[INFO] [stderr]    Compiling bytes v0.5.6
[INFO] [stderr]    Compiling async-trait v0.1.57
[INFO] [stderr]    Compiling foreign-types v0.3.2
[INFO] [stderr]    Compiling idna v0.2.3
[INFO] [stderr]    Compiling form_urlencoded v1.0.1
[INFO] [stderr]    Compiling synom v0.11.3
[INFO] [stderr]    Compiling rand_chacha v0.2.2
[INFO] [stderr]    Compiling dirs v2.0.2
[INFO] [stderr]    Compiling miniz_oxide v0.5.3
[INFO] [stderr]    Compiling object v0.29.0
[INFO] [stderr]    Compiling native-tls v0.2.10
[INFO] [stderr]    Compiling rustc-demangle v0.1.21
[INFO] [stderr]    Compiling bitflags v1.3.2
[INFO] [stderr]    Compiling regex-automata v0.1.10
[INFO] [stderr]    Compiling match_cfg v0.1.0
[INFO] [stderr]    Compiling once_cell v1.13.1
[INFO] [stderr]    Compiling heck v0.4.0
[INFO] [stderr]    Compiling unicode-segmentation v1.9.0
[INFO] [stderr]    Compiling quote v0.3.15
[INFO] [stderr]    Compiling hostname v0.3.1
[INFO] [stderr]    Compiling mime_guess v2.0.4
[INFO] [stderr]    Compiling url v2.2.2
[INFO] [stderr]    Compiling heck v0.3.3
[INFO] [stderr]    Compiling addr2line v0.17.0
[INFO] [stderr]    Compiling syn v0.11.11
[INFO] [stderr]    Compiling term v0.6.1
[INFO] [stderr]    Compiling rand v0.7.3
[INFO] [stderr]    Compiling csv-core v0.1.10
[INFO] [stderr]    Compiling dirs v1.0.5
[INFO] [stderr]    Compiling itoa v0.4.8
[INFO] [stderr]    Compiling argh_shared v0.1.8
[INFO] [stderr]    Compiling ryu v1.0.11
[INFO] [stderr]    Compiling openssl-probe v0.1.5
[INFO] [stderr]    Compiling quick-error v1.2.3
[INFO] [stderr]    Compiling byteorder v1.4.3
[INFO] [stderr]    Compiling anyhow v1.0.62
[INFO] [stderr]    Compiling smallvec v1.9.0
[INFO] [stderr]    Compiling ansi_term v0.7.5
[INFO] [stderr]    Compiling linked-hash-map v0.5.6
[INFO] [stderr]    Compiling spinner v0.5.0
[INFO] [stderr]    Compiling lru-cache v0.1.2
[INFO] [stderr]    Compiling term v0.5.2
[INFO] [stderr]    Compiling resolv-conf v0.7.0
[INFO] [stderr]    Compiling atty v0.2.14
[INFO] [stderr]    Compiling fnv v1.0.7
[INFO] [stderr]    Compiling encode_unicode v0.3.6
[INFO] [stderr]    Compiling strum_macros v0.8.0
[INFO] [stderr]    Compiling bytes v1.2.1
[INFO] [stderr]    Compiling unicode-width v0.1.9
[INFO] [stderr]    Compiling strum v0.8.0
[INFO] [stderr]    Compiling itoa v1.0.3
[INFO] [stderr]    Compiling mime v0.3.16
[INFO] [stderr]    Compiling spinners v1.2.0
[INFO] [stderr]    Compiling http v0.2.8
[INFO] [stderr]    Compiling bstr v0.2.17
[INFO] [stderr]    Compiling futures-macro v0.3.23
[INFO] [stderr]    Compiling tokio-macros v0.2.6
[INFO] [stderr]    Compiling thiserror-impl v1.0.32
[INFO] [stderr]    Compiling openssl-macros v0.1.0
[INFO] [stderr]    Compiling enum-as-inner v0.3.4
[INFO] [stderr]    Compiling tokio v0.2.25
[INFO] [stderr]    Compiling csv v1.1.6
[INFO] [stderr]    Compiling argh_derive v0.1.8
[INFO] [stderr]    Compiling thiserror v1.0.32
[INFO] [stderr]    Compiling prettytable-rs v0.8.0
[INFO] [stderr]    Compiling argh v0.1.8
[INFO] [stderr]    Compiling tokio-tls v0.3.1
[INFO] [stderr]    Compiling futures-executor v0.3.23
[INFO] [stderr]    Compiling futures v0.3.23
[INFO] [stderr]    Compiling trust-dns-proto v0.19.7
[INFO] [stderr]    Compiling trust-dns-resolver v0.19.7
[INFO] [stderr]    Compiling bust v0.1.0 (/opt/rustwide/workdir)
[INFO] [stderr]     Finished `dev` profile [unoptimized + debuginfo] target(s) in 1m 00s
[INFO] running `Command { std: "docker" "inspect" "74dc6b8a604ccc28d0f8b09f0b2b2eed6bf4c8793a5158d6f601c8107911403b", kill_on_drop: false }`
[INFO] running `Command { std: "docker" "rm" "-f" "74dc6b8a604ccc28d0f8b09f0b2b2eed6bf4c8793a5158d6f601c8107911403b", kill_on_drop: false }`
[INFO] [stdout] 74dc6b8a604ccc28d0f8b09f0b2b2eed6bf4c8793a5158d6f601c8107911403b
[INFO] running `Command { std: "docker" "create" "-v" "/var/lib/crater-agent-workspace/builds/worker-3-tc1/target:/opt/rustwide/target:rw,Z" "-v" "/var/lib/crater-agent-workspace/builds/worker-3-tc1/source:/opt/rustwide/workdir:ro,Z" "-v" "/var/lib/crater-agent-workspace/cargo-home:/opt/rustwide/cargo-home:ro,Z" "-v" "/var/lib/crater-agent-workspace/rustup-home:/opt/rustwide/rustup-home:ro,Z" "-e" "SOURCE_DIR=/opt/rustwide/workdir" "-e" "CARGO_TARGET_DIR=/opt/rustwide/target" "-e" "CARGO_INCREMENTAL=0" "-e" "RUST_BACKTRACE=full" "-e" "RUSTFLAGS=--cap-lints=forbid" "-e" "RUSTDOCFLAGS=--cap-lints=forbid" "-e" "CARGO_HOME=/opt/rustwide/cargo-home" "-e" "RUSTUP_HOME=/opt/rustwide/rustup-home" "-w" "/opt/rustwide/workdir" "-m" "1610612736" "--user" "0:0" "--network" "none" "ghcr.io/rust-lang/crates-build-env/linux@sha256:819108c5571ea2e421544af4d832f968d213c87fbe3707a016657f43d2f853bc" "/opt/rustwide/cargo-home/bin/cargo" "+nightly-2025-01-18" "test" "--frozen" "--no-run" "--message-format=json", kill_on_drop: false }`
[INFO] [stdout] c4d16cd8baa7353cfc5bade1c585fa34cd0bbd14f1b42bb198feaf7163fea61c
[INFO] running `Command { std: "docker" "start" "-a" "c4d16cd8baa7353cfc5bade1c585fa34cd0bbd14f1b42bb198feaf7163fea61c", kill_on_drop: false }`
[INFO] [stderr]    Compiling bust v0.1.0 (/opt/rustwide/workdir)
[INFO] [stderr]     Finished `test` profile [unoptimized + debuginfo] target(s) in 2.55s
[INFO] running `Command { std: "docker" "inspect" "c4d16cd8baa7353cfc5bade1c585fa34cd0bbd14f1b42bb198feaf7163fea61c", kill_on_drop: false }`
[INFO] running `Command { std: "docker" "rm" "-f" "c4d16cd8baa7353cfc5bade1c585fa34cd0bbd14f1b42bb198feaf7163fea61c", kill_on_drop: false }`
[INFO] [stdout] c4d16cd8baa7353cfc5bade1c585fa34cd0bbd14f1b42bb198feaf7163fea61c
[INFO] running `Command { std: "docker" "create" "-v" "/var/lib/crater-agent-workspace/builds/worker-3-tc1/target:/opt/rustwide/target:rw,Z" "-v" "/var/lib/crater-agent-workspace/builds/worker-3-tc1/source:/opt/rustwide/workdir:ro,Z" "-v" "/var/lib/crater-agent-workspace/cargo-home:/opt/rustwide/cargo-home:ro,Z" "-v" "/var/lib/crater-agent-workspace/rustup-home:/opt/rustwide/rustup-home:ro,Z" "-e" "SOURCE_DIR=/opt/rustwide/workdir" "-e" "CARGO_TARGET_DIR=/opt/rustwide/target" "-e" "CARGO_INCREMENTAL=0" "-e" "RUST_BACKTRACE=full" "-e" "RUSTFLAGS=--cap-lints=forbid" "-e" "RUSTDOCFLAGS=--cap-lints=forbid" "-e" "CARGO_HOME=/opt/rustwide/cargo-home" "-e" "RUSTUP_HOME=/opt/rustwide/rustup-home" "-w" "/opt/rustwide/workdir" "-m" "1610612736" "--user" "0:0" "--network" "none" "ghcr.io/rust-lang/crates-build-env/linux@sha256:819108c5571ea2e421544af4d832f968d213c87fbe3707a016657f43d2f853bc" "/opt/rustwide/cargo-home/bin/cargo" "+nightly-2025-01-18" "test" "--frozen", kill_on_drop: false }`
[INFO] [stdout] 5b827d2920732e3fede983ef026101cc538d245e5cf08f5d4654a31a99a6c27d
[INFO] running `Command { std: "docker" "start" "-a" "5b827d2920732e3fede983ef026101cc538d245e5cf08f5d4654a31a99a6c27d", kill_on_drop: false }`
[INFO] [stderr]     Finished `test` profile [unoptimized + debuginfo] target(s) in 0.18s
[INFO] [stderr]      Running unittests src/main.rs (/opt/rustwide/target/debug/deps/bust-bc15f9f7ea0ccd3f)
[INFO] [stdout] 
[INFO] [stdout] running 14 tests
[INFO] [stdout] test bench::tests::bench_body_parsing ... ok
[INFO] [stdout] test test::tests::args_parser ... ok
[INFO] [stdout] test test::tests::args_parser_with_header ... ok
[INFO] [stdout] test test::tests::args_parser_should_error_with_url ... ok
[INFO] [stdout] test test::tests::http_parser_string_with_get_method ... ok
[INFO] [stdout] test test::tests::args_parser_with_file ... ok
[INFO] [stdout] test test::tests::http_parser_string_with_localhost ... ok
[INFO] [stdout] test test::tests::http_parser_string_with_query ... ok
[INFO] [stdout] test test::tests::http_parser_string_without_headers ... ok
[INFO] [stdout] test test::tests::http_parser_string ... ok
[INFO] [stdout] test test::tests::multipart_body_test ... ok
[INFO] [stdout] test test::tests::http_request_with_file_test ... FAILED
[INFO] [stdout] test test::tests::http_request_test ... FAILED
[INFO] [stdout] test test::tests::http_request_with_body_test ... FAILED
[INFO] [stdout] 
[INFO] [stdout] failures:
[INFO] [stdout] 
[INFO] [stdout] ---- test::tests::http_request_with_file_test stdout ----
[INFO] [stdout] 
[INFO] [stdout] thread 'test::tests::http_request_with_file_test' panicked at src/test.rs:183:14:
[INFO] [stdout] called `Result::unwrap()` on an `Err` value: ResolveError { kind: Proto(ProtoError { kind: Io(Kind(NetworkUnreachable)), backtrack: Some(   0: <trust_dns_proto::error::ProtoError as core::convert::From<trust_dns_proto::error::ProtoErrorKind>>::from
[INFO] [stdout]              at /opt/rustwide/cargo-home/registry/src/index.crates.io-1949cf8c6b5b557f/trust-dns-proto-0.19.7/src/error.rs:53:18
[INFO] [stdout]    1: <T as core::convert::Into<U>>::into
[INFO] [stdout]              at /rustc/6067b36314ab5eb2eb47cecc464545ba58e1ad24/library/core/src/convert/mod.rs:761:9
[INFO] [stdout]    2: <trust_dns_proto::error::ProtoError as core::convert::From<std::io::error::Error>>::from
[INFO] [stdout]              at /opt/rustwide/cargo-home/registry/src/index.crates.io-1949cf8c6b5b557f/trust-dns-proto-0.19.7/src/error.rs:274:18
[INFO] [stdout]    3: core::ops::function::FnOnce::call_once
[INFO] [stdout]              at /rustc/6067b36314ab5eb2eb47cecc464545ba58e1ad24/library/core/src/ops/function.rs:250:5
[INFO] [stdout]    4: <T as futures_util::fns::FnOnce1<A>>::call_once
[INFO] [stdout]              at /opt/rustwide/cargo-home/registry/src/index.crates.io-1949cf8c6b5b557f/futures-util-0.3.23/src/fns.rs:15:9
[INFO] [stdout]    5: <futures_util::fns::MapErrFn<F> as futures_util::fns::FnOnce1<core::result::Result<T,E>>>::call_once::{{closure}}
[INFO] [stdout]              at /opt/rustwide/cargo-home/registry/src/index.crates.io-1949cf8c6b5b557f/futures-util-0.3.23/src/fns.rs:219:25
[INFO] [stdout]    6: core::result::Result<T,E>::map_err
[INFO] [stdout]              at /rustc/6067b36314ab5eb2eb47cecc464545ba58e1ad24/library/core/src/result.rs:856:27
[INFO] [stdout]    7: <futures_util::fns::MapErrFn<F> as futures_util::fns::FnOnce1<core::result::Result<T,E>>>::call_once
[INFO] [stdout]              at /opt/rustwide/cargo-home/registry/src/index.crates.io-1949cf8c6b5b557f/futures-util-0.3.23/src/fns.rs:219:9
[INFO] [stdout]    8: <futures_util::future::future::map::Map<Fut,F> as core::future::future::Future>::poll
[INFO] [stdout]              at /opt/rustwide/cargo-home/registry/src/index.crates.io-1949cf8c6b5b557f/futures-util-0.3.23/src/future/future/map.rs:57:73
[INFO] [stdout]    9: <futures_util::future::future::Map<Fut,F> as core::future::future::Future>::poll
[INFO] [stdout]              at /opt/rustwide/cargo-home/registry/src/index.crates.io-1949cf8c6b5b557f/futures-util-0.3.23/src/lib.rs:91:13
[INFO] [stdout]   10: <futures_util::future::try_future::MapErr<Fut,F> as core::future::future::Future>::poll
[INFO] [stdout]              at /opt/rustwide/cargo-home/registry/src/index.crates.io-1949cf8c6b5b557f/futures-util-0.3.23/src/lib.rs:91:13
[INFO] [stdout]   11: <trust_dns_proto::tcp::tcp_client_stream::TcpClientConnect<S> as core::future::future::Future>::poll
[INFO] [stdout]              at /opt/rustwide/cargo-home/registry/src/index.crates.io-1949cf8c6b5b557f/trust-dns-proto-0.19.7/src/tcp/tcp_client_stream.rs:129:9
[INFO] [stdout]   12: futures_util::future::future::FutureExt::poll_unpin
[INFO] [stdout]              at /opt/rustwide/cargo-home/registry/src/index.crates.io-1949cf8c6b5b557f/futures-util-0.3.23/src/future/future/mod.rs:562:9
[INFO] [stdout]   13: <trust_dns_proto::xfer::dns_multiplexer::DnsMultiplexerConnect<F,S,MF> as core::future::future::Future>::poll
[INFO] [stdout]              at /opt/rustwide/cargo-home/registry/src/index.crates.io-1949cf8c6b5b557f/trust-dns-proto-0.19.7/src/xfer/dns_multiplexer.rs:279:32
[INFO] [stdout]   14: <trust_dns_proto::xfer::dns_exchange::DnsExchangeConnectInner<F,S,R,TE> as core::future::future::Future>::poll
[INFO] [stdout]              at /opt/rustwide/cargo-home/registry/src/index.crates.io-1949cf8c6b5b557f/trust-dns-proto-0.19.7/src/xfer/dns_exchange.rs:342:27
[INFO] [stdout]   15: futures_util::future::future::FutureExt::poll_unpin
[INFO] [stdout]              at /opt/rustwide/cargo-home/registry/src/index.crates.io-1949cf8c6b5b557f/futures-util-0.3.23/src/future/future/mod.rs:562:9
[INFO] [stdout]   16: <trust_dns_proto::xfer::dns_exchange::DnsExchangeConnect<F,S,R,TE> as core::future::future::Future>::poll
[INFO] [stdout]              at /opt/rustwide/cargo-home/registry/src/index.crates.io-1949cf8c6b5b557f/trust-dns-proto-0.19.7/src/xfer/dns_exchange.rs:296:9
[INFO] [stdout]   17: futures_util::future::future::FutureExt::poll_unpin
[INFO] [stdout]              at /opt/rustwide/cargo-home/registry/src/index.crates.io-1949cf8c6b5b557f/futures-util-0.3.23/src/future/future/mod.rs:562:9
[INFO] [stdout]   18: <trust_dns_resolver::name_server::connection_provider::ConnectionFuture<R> as core::future::future::Future>::poll
[INFO] [stdout]              at /opt/rustwide/cargo-home/registry/src/index.crates.io-1949cf8c6b5b557f/trust-dns-resolver-0.19.7/src/name_server/connection_provider.rs:300:41
[INFO] [stdout]   19: trust_dns_resolver::name_server::name_server::NameServer<C,P>::connected_mut_client::{{closure}}
[INFO] [stdout]              at /opt/rustwide/cargo-home/registry/src/index.crates.io-1949cf8c6b5b557f/trust-dns-resolver-0.19.7/src/name_server/name_server.rs:115:18
[INFO] [stdout]   20: trust_dns_resolver::name_server::name_server::NameServer<C,P>::inner_send::{{closure}}
[INFO] [stdout]              at /opt/rustwide/cargo-home/registry/src/index.crates.io-1949cf8c6b5b557f/trust-dns-resolver-0.19.7/src/name_server/name_server.rs:132:54
[INFO] [stdout]   21: <core::pin::Pin<P> as core::future::future::Future>::poll
[INFO] [stdout]              at /rustc/6067b36314ab5eb2eb47cecc464545ba58e1ad24/library/core/src/future/future.rs:124:9
[INFO] [stdout]   22: <F as futures_core::future::TryFuture>::try_poll
[INFO] [stdout]              at /opt/rustwide/cargo-home/registry/src/index.crates.io-1949cf8c6b5b557f/futures-core-0.3.23/src/future.rs:82:9
[INFO] [stdout]   23: futures_util::future::try_future::TryFutureExt::try_poll_unpin
[INFO] [stdout]              at /opt/rustwide/cargo-home/registry/src/index.crates.io-1949cf8c6b5b557f/futures-util-0.3.23/src/future/try_future/mod.rs:623:9
[INFO] [stdout]   24: <futures_util::future::select_ok::SelectOk<Fut> as core::future::future::Future>::poll::{{closure}}
[INFO] [stdout]              at /opt/rustwide/cargo-home/registry/src/index.crates.io-1949cf8c6b5b557f/futures-util-0.3.23/src/future/select_ok.rs:52:75
[INFO] [stdout]   25: core::iter::traits::iterator::Iterator::find_map::check::{{closure}}
[INFO] [stdout]              at /rustc/6067b36314ab5eb2eb47cecc464545ba58e1ad24/library/core/src/iter/traits/iterator.rs:2859:32
[INFO] [stdout]   26: <core::iter::adapters::enumerate::Enumerate<I> as core::iter::traits::iterator::Iterator>::try_fold::enumerate::{{closure}}
[INFO] [stdout]              at /rustc/6067b36314ab5eb2eb47cecc464545ba58e1ad24/library/core/src/iter/adapters/enumerate.rs:86:27
[INFO] [stdout]   27: core::iter::traits::iterator::Iterator::try_fold
[INFO] [stdout]              at /rustc/6067b36314ab5eb2eb47cecc464545ba58e1ad24/library/core/src/iter/traits/iterator.rs:2370:21
[INFO] [stdout]   28: <core::iter::adapters::enumerate::Enumerate<I> as core::iter::traits::iterator::Iterator>::try_fold
[INFO] [stdout]              at /rustc/6067b36314ab5eb2eb47cecc464545ba58e1ad24/library/core/src/iter/adapters/enumerate.rs:92:9
[INFO] [stdout]   29: core::iter::traits::iterator::Iterator::find_map
[INFO] [stdout]              at /rustc/6067b36314ab5eb2eb47cecc464545ba58e1ad24/library/core/src/iter/traits/iterator.rs:2865:9
[INFO] [stdout]   30: <futures_util::future::select_ok::SelectOk<Fut> as core::future::future::Future>::poll
[INFO] [stdout]              at /opt/rustwide/cargo-home/registry/src/index.crates.io-1949cf8c6b5b557f/futures-util-0.3.23/src/future/select_ok.rs:52:17
[INFO] [stdout]   31: trust_dns_resolver::name_server::name_server_pool::parallel_conn_loop::{{closure}}
[INFO] [stdout]              at /opt/rustwide/cargo-home/registry/src/index.crates.io-1949cf8c6b5b557f/trust-dns-resolver-0.19.7/src/name_server/name_server_pool.rs:286:43
[INFO] [stdout]   32: trust_dns_resolver::name_server::name_server_pool::NameServerPool<C,P>::try_send::{{closure}}
[INFO] [stdout]              at /opt/rustwide/cargo-home/registry/src/index.crates.io-1949cf8c6b5b557f/trust-dns-resolver-0.19.7/src/name_server/name_server_pool.rs:194:55
[INFO] [stdout]   33: <F as futures_core::future::TryFuture>::try_poll
[INFO] [stdout]              at /opt/rustwide/cargo-home/registry/src/index.crates.io-1949cf8c6b5b557f/futures-core-0.3.23/src/future.rs:82:9
[INFO] [stdout]   34: <futures_util::future::try_future::try_flatten_err::TryFlattenErr<Fut,<Fut as futures_core::future::TryFuture>::Error> as core::future::future::Future>::poll
[INFO] [stdout]              at /opt/rustwide/cargo-home/registry/src/index.crates.io-1949cf8c6b5b557f/futures-util-0.3.23/src/future/try_future/try_flatten_err.rs:54:41
[INFO] [stdout]   35: <futures_util::future::try_future::TryFlattenErr<Fut1,Fut2> as core::future::future::Future>::poll
[INFO] [stdout]              at /opt/rustwide/cargo-home/registry/src/index.crates.io-1949cf8c6b5b557f/futures-util-0.3.23/src/lib.rs:91:13
[INFO] [stdout]   36: <futures_util::future::try_future::OrElse<Fut1,Fut2,F> as core::future::future::Future>::poll
[INFO] [stdout]              at /opt/rustwide/cargo-home/registry/src/index.crates.io-1949cf8c6b5b557f/futures-util-0.3.23/src/lib.rs:91:13
[INFO] [stdout]   37: <core::pin::Pin<P> as core::future::future::Future>::poll
[INFO] [stdout]              at /rustc/6067b36314ab5eb2eb47cecc464545ba58e1ad24/library/core/src/future/future.rs:124:9
[INFO] [stdout]   38: futures_util::future::future::FutureExt::poll_unpin
[INFO] [stdout]              at /opt/rustwide/cargo-home/registry/src/index.crates.io-1949cf8c6b5b557f/futures-util-0.3.23/src/future/future/mod.rs:562:9
[INFO] [stdout]   39: <trust_dns_proto::xfer::retry_dns_handle::RetrySendFuture<H> as core::future::future::Future>::poll
[INFO] [stdout]              at /opt/rustwide/cargo-home/registry/src/index.crates.io-1949cf8c6b5b557f/trust-dns-proto-0.19.7/src/xfer/retry_dns_handle.rs:78:19
[INFO] [stdout]   40: <core::pin::Pin<P> as core::future::future::Future>::poll
[INFO] [stdout]              at /rustc/6067b36314ab5eb2eb47cecc464545ba58e1ad24/library/core/src/future/future.rs:124:9
[INFO] [stdout]   41: trust_dns_resolver::lookup_state::CachingClient<C>::inner_lookup::{{closure}}
[INFO] [stdout]              at /opt/rustwide/cargo-home/registry/src/index.crates.io-1949cf8c6b5b557f/trust-dns-resolver-0.19.7/src/lookup_state.rs:156:85
[INFO] [stdout]   42: <core::pin::Pin<P> as core::future::future::Future>::poll
[INFO] [stdout]              at /rustc/6067b36314ab5eb2eb47cecc464545ba58e1ad24/library/core/src/future/future.rs:124:9
[INFO] [stdout]   43: trust_dns_resolver::lookup_ip::hosts_lookup::{{closure}}
[INFO] [stdout]              at /opt/rustwide/cargo-home/registry/src/index.crates.io-1949cf8c6b5b557f/trust-dns-resolver-0.19.7/src/lookup_ip.rs:249:35
[INFO] [stdout]   44: trust_dns_resolver::lookup_ip::rt_then_swap::{{closure}}
[INFO] [stdout]              at /opt/rustwide/cargo-home/registry/src/index.crates.io-1949cf8c6b5b557f/trust-dns-resolver-0.19.7/src/lookup_ip.rs:398:14
[INFO] [stdout]   45: trust_dns_resolver::lookup_ip::ipv4_then_ipv6::{{closure}}
[INFO] [stdout]              at /opt/rustwide/cargo-home/registry/src/index.crates.io-1949cf8c6b5b557f/trust-dns-resolver-0.19.7/src/lookup_ip.rs:355:6
[INFO] [stdout]   46: trust_dns_resolver::lookup_ip::strategic_lookup::{{closure}}
[INFO] [stdout]              at /opt/rustwide/cargo-home/registry/src/index.crates.io-1949cf8c6b5b557f/trust-dns-resolver-0.19.7/src/lookup_ip.rs:232:88
[INFO] [stdout]   47: <trust_dns_resolver::lookup_ip::LookupIpFuture<C> as core::future::future::Future>::poll
[INFO] [stdout]              at /opt/rustwide/cargo-home/registry/src/index.crates.io-1949cf8c6b5b557f/trust-dns-resolver-0.19.7/src/lookup_ip.rs:134:25
[INFO] [stdout]   48: trust_dns_resolver::async_resolver::AsyncResolver<C,P>::lookup_ip::{{closure}}
[INFO] [stdout]              at /opt/rustwide/cargo-home/registry/src/index.crates.io-1949cf8c6b5b557f/trust-dns-resolver-0.19.7/src/async_resolver.rs:415:10
[INFO] [stdout]   49: bust::test::tests::http_request_with_file_test::{{closure}}
[INFO] [stdout]              at src/test.rs:182:14
[INFO] [stdout]   50: tokio::runtime::basic_scheduler::BasicScheduler<P>::block_on::{{closure}}::{{closure}}
[INFO] [stdout]              at /opt/rustwide/cargo-home/registry/src/index.crates.io-1949cf8c6b5b557f/tokio-0.2.25/src/runtime/basic_scheduler.rs:131:58
[INFO] [stdout]   51: tokio::coop::with_budget::{{closure}}
[INFO] [stdout]              at /opt/rustwide/cargo-home/registry/src/index.crates.io-1949cf8c6b5b557f/tokio-0.2.25/src/coop.rs:127:9
[INFO] [stdout]   52: std::thread::local::LocalKey<T>::try_with
[INFO] [stdout]              at /rustc/6067b36314ab5eb2eb47cecc464545ba58e1ad24/library/std/src/thread/local.rs:308:12
[INFO] [stdout]   53: std::thread::local::LocalKey<T>::with
[INFO] [stdout]              at /rustc/6067b36314ab5eb2eb47cecc464545ba58e1ad24/library/std/src/thread/local.rs:272:9
[INFO] [stdout]   54: tokio::coop::with_budget
[INFO] [stdout]              at /opt/rustwide/cargo-home/registry/src/index.crates.io-1949cf8c6b5b557f/tokio-0.2.25/src/coop.rs:120:5
[INFO] [stdout]       tokio::coop::budget
[INFO] [stdout]              at /opt/rustwide/cargo-home/registry/src/index.crates.io-1949cf8c6b5b557f/tokio-0.2.25/src/coop.rs:96:5
[INFO] [stdout]       tokio::runtime::basic_scheduler::BasicScheduler<P>::block_on::{{closure}}
[INFO] [stdout]              at /opt/rustwide/cargo-home/registry/src/index.crates.io-1949cf8c6b5b557f/tokio-0.2.25/src/runtime/basic_scheduler.rs:131:35
[INFO] [stdout]   55: tokio::runtime::basic_scheduler::enter::{{closure}}
[INFO] [stdout]              at /opt/rustwide/cargo-home/registry/src/index.crates.io-1949cf8c6b5b557f/tokio-0.2.25/src/runtime/basic_scheduler.rs:213:29
[INFO] [stdout]   56: tokio::macros::scoped_tls::ScopedKey<T>::set
[INFO] [stdout]              at /opt/rustwide/cargo-home/registry/src/index.crates.io-1949cf8c6b5b557f/tokio-0.2.25/src/macros/scoped_tls.rs:63:9
[INFO] [stdout]   57: tokio::runtime::basic_scheduler::enter
[INFO] [stdout]              at /opt/rustwide/cargo-home/registry/src/index.crates.io-1949cf8c6b5b557f/tokio-0.2.25/src/runtime/basic_scheduler.rs:213:5
[INFO] [stdout]   58: tokio::runtime::basic_scheduler::BasicScheduler<P>::block_on
[INFO] [stdout]              at /opt/rustwide/cargo-home/registry/src/index.crates.io-1949cf8c6b5b557f/tokio-0.2.25/src/runtime/basic_scheduler.rs:123:9
[INFO] [stdout]   59: tokio::runtime::Runtime::block_on::{{closure}}
[INFO] [stdout]              at /opt/rustwide/cargo-home/registry/src/index.crates.io-1949cf8c6b5b557f/tokio-0.2.25/src/runtime/mod.rs:444:34
[INFO] [stdout]   60: tokio::runtime::context::enter
[INFO] [stdout]              at /opt/rustwide/cargo-home/registry/src/index.crates.io-1949cf8c6b5b557f/tokio-0.2.25/src/runtime/context.rs:72:5
[INFO] [stdout]   61: tokio::runtime::handle::Handle::enter
[INFO] [stdout]              at /opt/rustwide/cargo-home/registry/src/index.crates.io-1949cf8c6b5b557f/tokio-0.2.25/src/runtime/handle.rs:76:9
[INFO] [stdout]   62: tokio::runtime::Runtime::block_on
[INFO] [stdout]              at /opt/rustwide/cargo-home/registry/src/index.crates.io-1949cf8c6b5b557f/tokio-0.2.25/src/runtime/mod.rs:441:9
[INFO] [stdout]   63: bust::test::tests::http_request_with_file_test
[INFO] [stdout]              at src/test.rs:162:5
[INFO] [stdout]   64: bust::test::tests::http_request_with_file_test::{{closure}}
[INFO] [stdout]              at src/test.rs:163:43
[INFO] [stdout]   65: core::ops::function::FnOnce::call_once
[INFO] [stdout]              at /rustc/6067b36314ab5eb2eb47cecc464545ba58e1ad24/library/core/src/ops/function.rs:250:5
[INFO] [stdout]   66: core::ops::function::FnOnce::call_once
[INFO] [stdout]              at /rustc/6067b36314ab5eb2eb47cecc464545ba58e1ad24/library/core/src/ops/function.rs:250:5
[INFO] [stdout]       test::__rust_begin_short_backtrace
[INFO] [stdout]              at /rustc/6067b36314ab5eb2eb47cecc464545ba58e1ad24/library/test/src/lib.rs:632:18
[INFO] [stdout]   67: test::run_test_in_process::{{closure}}
[INFO] [stdout]              at /rustc/6067b36314ab5eb2eb47cecc464545ba58e1ad24/library/test/src/lib.rs:655:60
[INFO] [stdout]       <core::panic::unwind_safe::AssertUnwindSafe<F> as core::ops::function::FnOnce<()>>::call_once
[INFO] [stdout]              at /rustc/6067b36314ab5eb2eb47cecc464545ba58e1ad24/library/core/src/panic/unwind_safe.rs:272:9
[INFO] [stdout]       std::panicking::try::do_call
[INFO] [stdout]              at /rustc/6067b36314ab5eb2eb47cecc464545ba58e1ad24/library/std/src/panicking.rs:587:40
[INFO] [stdout]       std::panicking::try
[INFO] [stdout]              at /rustc/6067b36314ab5eb2eb47cecc464545ba58e1ad24/library/std/src/panicking.rs:550:19
[INFO] [stdout]       std::panic::catch_unwind
[INFO] [stdout]              at /rustc/6067b36314ab5eb2eb47cecc464545ba58e1ad24/library/std/src/panic.rs:358:14
[INFO] [stdout]       test::run_test_in_process
[INFO] [stdout]              at /rustc/6067b36314ab5eb2eb47cecc464545ba58e1ad24/library/test/src/lib.rs:655:27
[INFO] [stdout]       test::run_test::{{closure}}
[INFO] [stdout]              at /rustc/6067b36314ab5eb2eb47cecc464545ba58e1ad24/library/test/src/lib.rs:576:43
[INFO] [stdout]   68: test::run_test::{{closure}}
[INFO] [stdout]              at /rustc/6067b36314ab5eb2eb47cecc464545ba58e1ad24/library/test/src/lib.rs:606:41
[INFO] [stdout]       std::sys::backtrace::__rust_begin_short_backtrace
[INFO] [stdout]              at /rustc/6067b36314ab5eb2eb47cecc464545ba58e1ad24/library/std/src/sys/backtrace.rs:152:18
[INFO] [stdout]   69: std::thread::Builder::spawn_unchecked_::{{closure}}::{{closure}}
[INFO] [stdout]              at /rustc/6067b36314ab5eb2eb47cecc464545ba58e1ad24/library/std/src/thread/mod.rs:559:17
[INFO] [stdout]       <core::panic::unwind_safe::AssertUnwindSafe<F> as core::ops::function::FnOnce<()>>::call_once
[INFO] [stdout]              at /rustc/6067b36314ab5eb2eb47cecc464545ba58e1ad24/library/core/src/panic/unwind_safe.rs:272:9
[INFO] [stdout]       std::panicking::try::do_call
[INFO] [stdout]              at /rustc/6067b36314ab5eb2eb47cecc464545ba58e1ad24/library/std/src/panicking.rs:587:40
[INFO] [stdout]       std::panicking::try
[INFO] [stdout]              at /rustc/6067b36314ab5eb2eb47cecc464545ba58e1ad24/library/std/src/panicking.rs:550:19
[INFO] [stdout]       std::panic::catch_unwind
[INFO] [stdout]              at /rustc/6067b36314ab5eb2eb47cecc464545ba58e1ad24/library/std/src/panic.rs:358:14
[INFO] [stdout]       std::thread::Builder::spawn_unchecked_::{{closure}}
[INFO] [stdout]              at /rustc/6067b36314ab5eb2eb47cecc464545ba58e1ad24/library/std/src/thread/mod.rs:557:30
[INFO] [stdout]       core::ops::function::FnOnce::call_once{{vtable.shim}}
[INFO] [stdout]              at /rustc/6067b36314ab5eb2eb47cecc464545ba58e1ad24/library/core/src/ops/function.rs:250:5
[INFO] [stdout]   70: <alloc::boxed::Box<F,A> as core::ops::function::FnOnce<Args>>::call_once
[INFO] [stdout]              at /rustc/6067b36314ab5eb2eb47cecc464545ba58e1ad24/library/alloc/src/boxed.rs:2013:9
[INFO] [stdout]       <alloc::boxed::Box<F,A> as core::ops::function::FnOnce<Args>>::call_once
[INFO] [stdout]              at /rustc/6067b36314ab5eb2eb47cecc464545ba58e1ad24/library/alloc/src/boxed.rs:2013:9
[INFO] [stdout]       std::sys::pal::unix::thread::Thread::new::thread_start
[INFO] [stdout]              at /rustc/6067b36314ab5eb2eb47cecc464545ba58e1ad24/library/std/src/sys/pal/unix/thread.rs:106:17
[INFO] [stdout]   71: <unknown>
[INFO] [stdout]   72: clone
[INFO] [stdout] ) }), backtrack: Some(   0: <trust_dns_resolver::error::ResolveError as core::convert::From<trust_dns_resolver::error::ResolveErrorKind>>::from
[INFO] [stdout]              at /opt/rustwide/cargo-home/registry/src/index.crates.io-1949cf8c6b5b557f/trust-dns-resolver-0.19.7/src/error.rs:116:24
[INFO] [stdout]    1: <T as core::convert::Into<U>>::into
[INFO] [stdout]              at /rustc/6067b36314ab5eb2eb47cecc464545ba58e1ad24/library/core/src/convert/mod.rs:761:9
[INFO] [stdout]    2: <trust_dns_resolver::error::ResolveError as core::convert::From<trust_dns_proto::error::ProtoError>>::from
[INFO] [stdout]              at /opt/rustwide/cargo-home/registry/src/index.crates.io-1949cf8c6b5b557f/trust-dns-resolver-0.19.7/src/error.rs:153:18
[INFO] [stdout]    3: <core::result::Result<T,F> as core::ops::try_trait::FromResidual<core::result::Result<core::convert::Infallible,E>>>::from_residual
[INFO] [stdout]              at /rustc/6067b36314ab5eb2eb47cecc464545ba58e1ad24/library/core/src/result.rs:2014:27
[INFO] [stdout]    4: trust_dns_resolver::lookup_state::CachingClient<C>::inner_lookup::{{closure}}
[INFO] [stdout]              at /opt/rustwide/cargo-home/registry/src/index.crates.io-1949cf8c6b5b557f/trust-dns-resolver-0.19.7/src/lookup_state.rs:156:32
[INFO] [stdout]    5: <core::pin::Pin<P> as core::future::future::Future>::poll
[INFO] [stdout]              at /rustc/6067b36314ab5eb2eb47cecc464545ba58e1ad24/library/core/src/future/future.rs:124:9
[INFO] [stdout]    6: trust_dns_resolver::lookup_ip::hosts_lookup::{{closure}}
[INFO] [stdout]              at /opt/rustwide/cargo-home/registry/src/index.crates.io-1949cf8c6b5b557f/trust-dns-resolver-0.19.7/src/lookup_ip.rs:249:35
[INFO] [stdout]    7: trust_dns_resolver::lookup_ip::rt_then_swap::{{closure}}
[INFO] [stdout]              at /opt/rustwide/cargo-home/registry/src/index.crates.io-1949cf8c6b5b557f/trust-dns-resolver-0.19.7/src/lookup_ip.rs:398:14
[INFO] [stdout]    8: trust_dns_resolver::lookup_ip::ipv4_then_ipv6::{{closure}}
[INFO] [stdout]              at /opt/rustwide/cargo-home/registry/src/index.crates.io-1949cf8c6b5b557f/trust-dns-resolver-0.19.7/src/lookup_ip.rs:355:6
[INFO] [stdout]    9: trust_dns_resolver::lookup_ip::strategic_lookup::{{closure}}
[INFO] [stdout]              at /opt/rustwide/cargo-home/registry/src/index.crates.io-1949cf8c6b5b557f/trust-dns-resolver-0.19.7/src/lookup_ip.rs:232:88
[INFO] [stdout]   10: <trust_dns_resolver::lookup_ip::LookupIpFuture<C> as core::future::future::Future>::poll
[INFO] [stdout]              at /opt/rustwide/cargo-home/registry/src/index.crates.io-1949cf8c6b5b557f/trust-dns-resolver-0.19.7/src/lookup_ip.rs:134:25
[INFO] [stdout]   11: trust_dns_resolver::async_resolver::AsyncResolver<C,P>::lookup_ip::{{closure}}
[INFO] [stdout]              at /opt/rustwide/cargo-home/registry/src/index.crates.io-1949cf8c6b5b557f/trust-dns-resolver-0.19.7/src/async_resolver.rs:415:10
[INFO] [stdout]   12: bust::test::tests::http_request_with_file_test::{{closure}}
[INFO] [stdout]              at src/test.rs:182:14
[INFO] [stdout]   13: tokio::runtime::basic_scheduler::BasicScheduler<P>::block_on::{{closure}}::{{closure}}
[INFO] [stdout]              at /opt/rustwide/cargo-home/registry/src/index.crates.io-1949cf8c6b5b557f/tokio-0.2.25/src/runtime/basic_scheduler.rs:131:58
[INFO] [stdout]   14: tokio::coop::with_budget::{{closure}}
[INFO] [stdout]              at /opt/rustwide/cargo-home/registry/src/index.crates.io-1949cf8c6b5b557f/tokio-0.2.25/src/coop.rs:127:9
[INFO] [stdout]   15: std::thread::local::LocalKey<T>::try_with
[INFO] [stdout]              at /rustc/6067b36314ab5eb2eb47cecc464545ba58e1ad24/library/std/src/thread/local.rs:308:12
[INFO] [stdout]   16: std::thread::local::LocalKey<T>::with
[INFO] [stdout]              at /rustc/6067b36314ab5eb2eb47cecc464545ba58e1ad24/library/std/src/thread/local.rs:272:9
[INFO] [stdout]   17: tokio::coop::with_budget
[INFO] [stdout]              at /opt/rustwide/cargo-home/registry/src/index.crates.io-1949cf8c6b5b557f/tokio-0.2.25/src/coop.rs:120:5
[INFO] [stdout]       tokio::coop::budget
[INFO] [stdout]              at /opt/rustwide/cargo-home/registry/src/index.crates.io-1949cf8c6b5b557f/tokio-0.2.25/src/coop.rs:96:5
[INFO] [stdout]       tokio::runtime::basic_scheduler::BasicScheduler<P>::block_on::{{closure}}
[INFO] [stdout]              at /opt/rustwide/cargo-home/registry/src/index.crates.io-1949cf8c6b5b557f/tokio-0.2.25/src/runtime/basic_scheduler.rs:131:35
[INFO] [stdout]   18: tokio::runtime::basic_scheduler::enter::{{closure}}
[INFO] [stdout]              at /opt/rustwide/cargo-home/registry/src/index.crates.io-1949cf8c6b5b557f/tokio-0.2.25/src/runtime/basic_scheduler.rs:213:29
[INFO] [stdout]   19: tokio::macros::scoped_tls::ScopedKey<T>::set
[INFO] [stdout]              at /opt/rustwide/cargo-home/registry/src/index.crates.io-1949cf8c6b5b557f/tokio-0.2.25/src/macros/scoped_tls.rs:63:9
[INFO] [stdout]   20: tokio::runtime::basic_scheduler::enter
[INFO] [stdout]              at /opt/rustwide/cargo-home/registry/src/index.crates.io-1949cf8c6b5b557f/tokio-0.2.25/src/runtime/basic_scheduler.rs:213:5
[INFO] [stdout]   21: tokio::runtime::basic_scheduler::BasicScheduler<P>::block_on
[INFO] [stdout]              at /opt/rustwide/cargo-home/registry/src/index.crates.io-1949cf8c6b5b557f/tokio-0.2.25/src/runtime/basic_scheduler.rs:123:9
[INFO] [stdout]   22: tokio::runtime::Runtime::block_on::{{closure}}
[INFO] [stdout]              at /opt/rustwide/cargo-home/registry/src/index.crates.io-1949cf8c6b5b557f/tokio-0.2.25/src/runtime/mod.rs:444:34
[INFO] [stdout]   23: tokio::runtime::context::enter
[INFO] [stdout]              at /opt/rustwide/cargo-home/registry/src/index.crates.io-1949cf8c6b5b557f/tokio-0.2.25/src/runtime/context.rs:72:5
[INFO] [stdout]   24: tokio::runtime::handle::Handle::enter
[INFO] [stdout]              at /opt/rustwide/cargo-home/registry/src/index.crates.io-1949cf8c6b5b557f/tokio-0.2.25/src/runtime/handle.rs:76:9
[INFO] [stdout]   25: tokio::runtime::Runtime::block_on
[INFO] [stdout]              at /opt/rustwide/cargo-home/registry/src/index.crates.io-1949cf8c6b5b557f/tokio-0.2.25/src/runtime/mod.rs:441:9
[INFO] [stdout]   26: bust::test::tests::http_request_with_file_test
[INFO] [stdout]              at src/test.rs:162:5
[INFO] [stdout]   27: bust::test::tests::http_request_with_file_test::{{closure}}
[INFO] [stdout]              at src/test.rs:163:43
[INFO] [stdout]   28: core::ops::function::FnOnce::call_once
[INFO] [stdout]              at /rustc/6067b36314ab5eb2eb47cecc464545ba58e1ad24/library/core/src/ops/function.rs:250:5
[INFO] [stdout]   29: core::ops::function::FnOnce::call_once
[INFO] [stdout]              at /rustc/6067b36314ab5eb2eb47cecc464545ba58e1ad24/library/core/src/ops/function.rs:250:5
[INFO] [stdout]       test::__rust_begin_short_backtrace
[INFO] [stdout]              at /rustc/6067b36314ab5eb2eb47cecc464545ba58e1ad24/library/test/src/lib.rs:632:18
[INFO] [stdout]   30: test::run_test_in_process::{{closure}}
[INFO] [stdout]              at /rustc/6067b36314ab5eb2eb47cecc464545ba58e1ad24/library/test/src/lib.rs:655:60
[INFO] [stdout]       <core::panic::unwind_safe::AssertUnwindSafe<F> as core::ops::function::FnOnce<()>>::call_once
[INFO] [stdout]              at /rustc/6067b36314ab5eb2eb47cecc464545ba58e1ad24/library/core/src/panic/unwind_safe.rs:272:9
[INFO] [stdout]       std::panicking::try::do_call
[INFO] [stdout]              at /rustc/6067b36314ab5eb2eb47cecc464545ba58e1ad24/library/std/src/panicking.rs:587:40
[INFO] [stdout]       std::panicking::try
[INFO] [stdout]              at /rustc/6067b36314ab5eb2eb47cecc464545ba58e1ad24/library/std/src/panicking.rs:550:19
[INFO] [stdout]       std::panic::catch_unwind
[INFO] [stdout]              at /rustc/6067b36314ab5eb2eb47cecc464545ba58e1ad24/library/std/src/panic.rs:358:14
[INFO] [stdout]       test::run_test_in_process
[INFO] [stdout]              at /rustc/6067b36314ab5eb2eb47cecc464545ba58e1ad24/library/test/src/lib.rs:655:27
[INFO] [stdout]       test::run_test::{{closure}}
[INFO] [stdout]              at /rustc/6067b36314ab5eb2eb47cecc464545ba58e1ad24/library/test/src/lib.rs:576:43
[INFO] [stdout]   31: test::run_test::{{closure}}
[INFO] [stdout]              at /rustc/6067b36314ab5eb2eb47cecc464545ba58e1ad24/library/test/src/lib.rs:606:41
[INFO] [stdout]       std::sys::backtrace::__rust_begin_short_backtrace
[INFO] [stdout]              at /rustc/6067b36314ab5eb2eb47cecc464545ba58e1ad24/library/std/src/sys/backtrace.rs:152:18
[INFO] [stdout]   32: std::thread::Builder::spawn_unchecked_::{{closure}}::{{closure}}
[INFO] [stdout]              at /rustc/6067b36314ab5eb2eb47cecc464545ba58e1ad24/library/std/src/thread/mod.rs:559:17
[INFO] [stdout]       <core::panic::unwind_safe::AssertUnwindSafe<F> as core::ops::function::FnOnce<()>>::call_once
[INFO] [stdout]              at /rustc/6067b36314ab5eb2eb47cecc464545ba58e1ad24/library/core/src/panic/unwind_safe.rs:272:9
[INFO] [stdout]       std::panicking::try::do_call
[INFO] [stdout]              at /rustc/6067b36314ab5eb2eb47cecc464545ba58e1ad24/library/std/src/panicking.rs:587:40
[INFO] [stdout]       std::panicking::try
[INFO] [stdout]              at /rustc/6067b36314ab5eb2eb47cecc464545ba58e1ad24/library/std/src/panicking.rs:550:19
[INFO] [stdout]       std::panic::catch_unwind
[INFO] [stdout]              at /rustc/6067b36314ab5eb2eb47cecc464545ba58e1ad24/library/std/src/panic.rs:358:14
[INFO] [stdout]       std::thread::Builder::spawn_unchecked_::{{closure}}
[INFO] [stdout]              at /rustc/6067b36314ab5eb2eb47cecc464545ba58e1ad24/library/std/src/thread/mod.rs:557:30
[INFO] [stdout]       core::ops::function::FnOnce::call_once{{vtable.shim}}
[INFO] [stdout]              at /rustc/6067b36314ab5eb2eb47cecc464545ba58e1ad24/library/core/src/ops/function.rs:250:5
[INFO] [stdout]   33: <alloc::boxed::Box<F,A> as core::ops::function::FnOnce<Args>>::call_once
[INFO] [stdout]              at /rustc/6067b36314ab5eb2eb47cecc464545ba58e1ad24/library/alloc/src/boxed.rs:2013:9
[INFO] [stdout]       <alloc::boxed::Box<F,A> as core::ops::function::FnOnce<Args>>::call_once
[INFO] [stdout]              at /rustc/6067b36314ab5eb2eb47cecc464545ba58e1ad24/library/alloc/src/boxed.rs:2013:9
[INFO] [stdout]       std::sys::pal::unix::thread::Thread::new::thread_start
[INFO] [stdout]              at /rustc/6067b36314ab5eb2eb47cecc464545ba58e1ad24/library/std/src/sys/pal/unix/thread.rs:106:17
[INFO] [stdout]   34: <unknown>
[INFO] [stdout]   35: clone
[INFO] [stdout] ) }
[INFO] [stdout] stack backtrace:
[INFO] [stdout]    0:     0x5589a24f153a - std::backtrace_rs::backtrace::libunwind::trace::hb059275cfc8d6126
[INFO] [stdout]                                at /rustc/6067b36314ab5eb2eb47cecc464545ba58e1ad24/library/std/src/../../backtrace/src/backtrace/libunwind.rs:116:5
[INFO] [stdout]    1:     0x5589a24f153a - std::backtrace_rs::backtrace::trace_unsynchronized::h2da071e4327ce3ee
[INFO] [stdout]                                at /rustc/6067b36314ab5eb2eb47cecc464545ba58e1ad24/library/std/src/../../backtrace/src/backtrace/mod.rs:66:5
[INFO] [stdout]    2:     0x5589a24f153a - std::sys::backtrace::_print_fmt::h842a1474e6f8d23f
[INFO] [stdout]                                at /rustc/6067b36314ab5eb2eb47cecc464545ba58e1ad24/library/std/src/sys/backtrace.rs:66:9
[INFO] [stdout]    3:     0x5589a24f153a - <std::sys::backtrace::BacktraceLock::print::DisplayBacktrace as core::fmt::Display>::fmt::h71a62eb3b9696b12
[INFO] [stdout]                                at /rustc/6067b36314ab5eb2eb47cecc464545ba58e1ad24/library/std/src/sys/backtrace.rs:39:26
[INFO] [stdout]    4:     0x5589a251caf3 - core::fmt::rt::Argument::fmt::hdb6b616786b41dc1
[INFO] [stdout]                                at /rustc/6067b36314ab5eb2eb47cecc464545ba58e1ad24/library/core/src/fmt/rt.rs:177:76
[INFO] [stdout]    5:     0x5589a251caf3 - core::fmt::write::h2cc1698af7e2d686
[INFO] [stdout]                                at /rustc/6067b36314ab5eb2eb47cecc464545ba58e1ad24/library/core/src/fmt/mod.rs:1440:21
[INFO] [stdout]    6:     0x5589a24edc43 - std::io::Write::write_fmt::hab1b4cd059a79022
[INFO] [stdout]                                at /rustc/6067b36314ab5eb2eb47cecc464545ba58e1ad24/library/std/src/io/mod.rs:1887:15
[INFO] [stdout]    7:     0x5589a24f1382 - std::sys::backtrace::BacktraceLock::print::h147fe35b4ea13b08
[INFO] [stdout]                                at /rustc/6067b36314ab5eb2eb47cecc464545ba58e1ad24/library/std/src/sys/backtrace.rs:42:9
[INFO] [stdout]    8:     0x5589a24f295f - std::panicking::default_hook::{{closure}}::hbd44223dbdc0d208
[INFO] [stdout]                                at /rustc/6067b36314ab5eb2eb47cecc464545ba58e1ad24/library/std/src/panicking.rs:298:22
[INFO] [stdout]    9:     0x5589a24f2778 - std::panicking::default_hook::h20f81eb0576efcec
[INFO] [stdout]                                at /rustc/6067b36314ab5eb2eb47cecc464545ba58e1ad24/library/std/src/panicking.rs:322:9
[INFO] [stdout]   10:     0x5589a24baec3 - <alloc::boxed::Box<F,A> as core::ops::function::Fn<Args>>::call::hdb53814c496a4d34
[INFO] [stdout]                                at /rustc/6067b36314ab5eb2eb47cecc464545ba58e1ad24/library/alloc/src/boxed.rs:2027:9
[INFO] [stdout]   11:     0x5589a24baec3 - test::test_main::{{closure}}::hc0a4963c59427c24
[INFO] [stdout]                                at /rustc/6067b36314ab5eb2eb47cecc464545ba58e1ad24/library/test/src/lib.rs:134:21
[INFO] [stdout]   12:     0x5589a24f3453 - <alloc::boxed::Box<F,A> as core::ops::function::Fn<Args>>::call::h591b2225413a77e9
[INFO] [stdout]                                at /rustc/6067b36314ab5eb2eb47cecc464545ba58e1ad24/library/alloc/src/boxed.rs:2027:9
[INFO] [stdout]   13:     0x5589a24f3453 - std::panicking::rust_panic_with_hook::h625eea43051b2edc
[INFO] [stdout]                                at /rustc/6067b36314ab5eb2eb47cecc464545ba58e1ad24/library/std/src/panicking.rs:839:13
[INFO] [stdout]   14:     0x5589a24f310a - std::panicking::begin_panic_handler::{{closure}}::h4f9159cfbc3f6bd3
[INFO] [stdout]                                at /rustc/6067b36314ab5eb2eb47cecc464545ba58e1ad24/library/std/src/panicking.rs:704:13
[INFO] [stdout]   15:     0x5589a24f1a39 - std::sys::backtrace::__rust_end_short_backtrace::h0390abce48353151
[INFO] [stdout]                                at /rustc/6067b36314ab5eb2eb47cecc464545ba58e1ad24/library/std/src/sys/backtrace.rs:168:18
[INFO] [stdout]   16:     0x5589a24f2d9d - rust_begin_unwind
[INFO] [stdout]                                at /rustc/6067b36314ab5eb2eb47cecc464545ba58e1ad24/library/std/src/panicking.rs:695:5
[INFO] [stdout]   17:     0x5589a251ad80 - core::panicking::panic_fmt::h9e7c637e9e5f29c9
[INFO] [stdout]                                at /rustc/6067b36314ab5eb2eb47cecc464545ba58e1ad24/library/core/src/panicking.rs:75:14
[INFO] [stdout]   18:     0x5589a251b1f6 - core::result::unwrap_failed::h7979f09313fe1849
[INFO] [stdout]                                at /rustc/6067b36314ab5eb2eb47cecc464545ba58e1ad24/library/core/src/result.rs:1704:5
[INFO] [stdout]   19:     0x5589a21d210b - core::result::Result<T,E>::unwrap::he223b93115456865
[INFO] [stdout]                                at /rustc/6067b36314ab5eb2eb47cecc464545ba58e1ad24/library/core/src/result.rs:1109:23
[INFO] [stdout]   20:     0x5589a21d210b - bust::test::tests::http_request_with_file_test::{{closure}}::ha3a10af86bf788f6
[INFO] [stdout]                                at /opt/rustwide/workdir/src/test.rs:180:24
[INFO] [stdout]   21:     0x5589a21e0b4f - tokio::runtime::basic_scheduler::BasicScheduler<P>::block_on::{{closure}}::{{closure}}::hfad478b57b77ddc8
[INFO] [stdout]                                at /opt/rustwide/cargo-home/registry/src/index.crates.io-1949cf8c6b5b557f/tokio-0.2.25/src/runtime/basic_scheduler.rs:131:58
[INFO] [stdout]   22:     0x5589a21eed03 - tokio::coop::with_budget::{{closure}}::h3d386537f1acd8e5
[INFO] [stdout]                                at /opt/rustwide/cargo-home/registry/src/index.crates.io-1949cf8c6b5b557f/tokio-0.2.25/src/coop.rs:127:9
[INFO] [stdout]   23:     0x5589a21c5d15 - std::thread::local::LocalKey<T>::try_with::h2a4864410b594688
[INFO] [stdout]                                at /rustc/6067b36314ab5eb2eb47cecc464545ba58e1ad24/library/std/src/thread/local.rs:308:12
[INFO] [stdout]   24:     0x5589a21c596a - std::thread::local::LocalKey<T>::with::h8e29d4384afec7fd
[INFO] [stdout]                                at /rustc/6067b36314ab5eb2eb47cecc464545ba58e1ad24/library/std/src/thread/local.rs:272:9
[INFO] [stdout]   25:     0x5589a21df383 - tokio::coop::with_budget::h3bee49b3cd571ee9
[INFO] [stdout]                                at /opt/rustwide/cargo-home/registry/src/index.crates.io-1949cf8c6b5b557f/tokio-0.2.25/src/coop.rs:120:5
[INFO] [stdout]   26:     0x5589a21df383 - tokio::coop::budget::hdab8ed2cd57ddc60
[INFO] [stdout]                                at /opt/rustwide/cargo-home/registry/src/index.crates.io-1949cf8c6b5b557f/tokio-0.2.25/src/coop.rs:96:5
[INFO] [stdout]   27:     0x5589a21df383 - tokio::runtime::basic_scheduler::BasicScheduler<P>::block_on::{{closure}}::h2f98b4b40b693ef0
[INFO] [stdout]                                at /opt/rustwide/cargo-home/registry/src/index.crates.io-1949cf8c6b5b557f/tokio-0.2.25/src/runtime/basic_scheduler.rs:131:35
[INFO] [stdout]   28:     0x5589a21e1b91 - tokio::runtime::basic_scheduler::enter::{{closure}}::h95cc1e23a79c6868
[INFO] [stdout]                                at /opt/rustwide/cargo-home/registry/src/index.crates.io-1949cf8c6b5b557f/tokio-0.2.25/src/runtime/basic_scheduler.rs:213:29
[INFO] [stdout]   29:     0x5589a21ea379 - tokio::macros::scoped_tls::ScopedKey<T>::set::h37be55cb043c2abb
[INFO] [stdout]                                at /opt/rustwide/cargo-home/registry/src/index.crates.io-1949cf8c6b5b557f/tokio-0.2.25/src/macros/scoped_tls.rs:63:9
[INFO] [stdout]   30:     0x5589a21e12a2 - tokio::runtime::basic_scheduler::enter::h5d183849830edcd3
[INFO] [stdout]                                at /opt/rustwide/cargo-home/registry/src/index.crates.io-1949cf8c6b5b557f/tokio-0.2.25/src/runtime/basic_scheduler.rs:213:5
[INFO] [stdout]   31:     0x5589a21de8d2 - tokio::runtime::basic_scheduler::BasicScheduler<P>::block_on::h32a1a43beaff4205
[INFO] [stdout]                                at /opt/rustwide/cargo-home/registry/src/index.crates.io-1949cf8c6b5b557f/tokio-0.2.25/src/runtime/basic_scheduler.rs:123:9
[INFO] [stdout]   32:     0x5589a21f0cb4 - tokio::runtime::Runtime::block_on::{{closure}}::h675052250a32e9ac
[INFO] [stdout]                                at /opt/rustwide/cargo-home/registry/src/index.crates.io-1949cf8c6b5b557f/tokio-0.2.25/src/runtime/mod.rs:444:34
[INFO] [stdout]   33:     0x5589a21cbe6b - tokio::runtime::context::enter::hcac164f3d3009c2d
[INFO] [stdout]                                at /opt/rustwide/cargo-home/registry/src/index.crates.io-1949cf8c6b5b557f/tokio-0.2.25/src/runtime/context.rs:72:5
[INFO] [stdout]   34:     0x5589a21e1e6a - tokio::runtime::handle::Handle::enter::hc535b6f842f30a2f
[INFO] [stdout]                                at /opt/rustwide/cargo-home/registry/src/index.crates.io-1949cf8c6b5b557f/tokio-0.2.25/src/runtime/handle.rs:76:9
[INFO] [stdout]   35:     0x5589a21f0b89 - tokio::runtime::Runtime::block_on::h7eaf4be1732cfa84
[INFO] [stdout]                                at /opt/rustwide/cargo-home/registry/src/index.crates.io-1949cf8c6b5b557f/tokio-0.2.25/src/runtime/mod.rs:441:9
[INFO] [stdout]   36:     0x5589a21d1571 - bust::test::tests::http_request_with_file_test::he9a8e530627171fc
[INFO] [stdout]                                at /opt/rustwide/workdir/src/test.rs:162:5
[INFO] [stdout]   37:     0x5589a21d13d7 - bust::test::tests::http_request_with_file_test::{{closure}}::h98a3bda71a289277
[INFO] [stdout]                                at /opt/rustwide/workdir/src/test.rs:163:43
[INFO] [stdout]   38:     0x5589a21c7456 - core::ops::function::FnOnce::call_once::h41bfe35a4392aed7
[INFO] [stdout]                                at /rustc/6067b36314ab5eb2eb47cecc464545ba58e1ad24/library/core/src/ops/function.rs:250:5
[INFO] [stdout]   39:     0x5589a24c061b - core::ops::function::FnOnce::call_once::he27718dfdd183f43
[INFO] [stdout]                                at /rustc/6067b36314ab5eb2eb47cecc464545ba58e1ad24/library/core/src/ops/function.rs:250:5
[INFO] [stdout]   40:     0x5589a24c061b - test::__rust_begin_short_backtrace::h4e84902998457a5d
[INFO] [stdout]                                at /rustc/6067b36314ab5eb2eb47cecc464545ba58e1ad24/library/test/src/lib.rs:632:18
[INFO] [stdout]   41:     0x5589a24bf553 - test::run_test_in_process::{{closure}}::h7176fd18fc1feca0
[INFO] [stdout]                                at /rustc/6067b36314ab5eb2eb47cecc464545ba58e1ad24/library/test/src/lib.rs:655:60
[INFO] [stdout]   42:     0x5589a24bf553 - <core::panic::unwind_safe::AssertUnwindSafe<F> as core::ops::function::FnOnce<()>>::call_once::hf79cff2a624d8cf7
[INFO] [stdout]                                at /rustc/6067b36314ab5eb2eb47cecc464545ba58e1ad24/library/core/src/panic/unwind_safe.rs:272:9
[INFO] [stdout]   43:     0x5589a24bf553 - std::panicking::try::do_call::h3da0561d9ab99c25
[INFO] [stdout]                                at /rustc/6067b36314ab5eb2eb47cecc464545ba58e1ad24/library/std/src/panicking.rs:587:40
[INFO] [stdout]   44:     0x5589a24bf553 - std::panicking::try::h41c9fa508bc61df6
[INFO] [stdout]                                at /rustc/6067b36314ab5eb2eb47cecc464545ba58e1ad24/library/std/src/panicking.rs:550:19
[INFO] [stdout]   45:     0x5589a24bf553 - std::panic::catch_unwind::h6b3ff07bb5afad93
[INFO] [stdout]                                at /rustc/6067b36314ab5eb2eb47cecc464545ba58e1ad24/library/std/src/panic.rs:358:14
[INFO] [stdout]   46:     0x5589a24bf553 - test::run_test_in_process::hc7253dd11b39b9f4
[INFO] [stdout]                                at /rustc/6067b36314ab5eb2eb47cecc464545ba58e1ad24/library/test/src/lib.rs:655:27
[INFO] [stdout]   47:     0x5589a24bf553 - test::run_test::{{closure}}::hfb2007f8649c30bb
[INFO] [stdout]                                at /rustc/6067b36314ab5eb2eb47cecc464545ba58e1ad24/library/test/src/lib.rs:576:43
[INFO] [stdout]   48:     0x5589a2482425 - test::run_test::{{closure}}::h56a17aa7a282a9f4
[INFO] [stdout]                                at /rustc/6067b36314ab5eb2eb47cecc464545ba58e1ad24/library/test/src/lib.rs:606:41
[INFO] [stdout]   49:     0x5589a2482425 - std::sys::backtrace::__rust_begin_short_backtrace::hd2d2d2fb8e8c6aac
[INFO] [stdout]                                at /rustc/6067b36314ab5eb2eb47cecc464545ba58e1ad24/library/std/src/sys/backtrace.rs:152:18
[INFO] [stdout]   50:     0x5589a2485d0a - std::thread::Builder::spawn_unchecked_::{{closure}}::{{closure}}::h4faa3f9db6133423
[INFO] [stdout]                                at /rustc/6067b36314ab5eb2eb47cecc464545ba58e1ad24/library/std/src/thread/mod.rs:559:17
[INFO] [stdout]   51:     0x5589a2485d0a - <core::panic::unwind_safe::AssertUnwindSafe<F> as core::ops::function::FnOnce<()>>::call_once::hf2e855a36a4ea846
[INFO] [stdout]                                at /rustc/6067b36314ab5eb2eb47cecc464545ba58e1ad24/library/core/src/panic/unwind_safe.rs:272:9
[INFO] [stdout]   52:     0x5589a2485d0a - std::panicking::try::do_call::h2f73af3616c35465
[INFO] [stdout]                                at /rustc/6067b36314ab5eb2eb47cecc464545ba58e1ad24/library/std/src/panicking.rs:587:40
[INFO] [stdout]   53:     0x5589a2485d0a - std::panicking::try::hd1660ce9efadef5a
[INFO] [stdout]                                at /rustc/6067b36314ab5eb2eb47cecc464545ba58e1ad24/library/std/src/panicking.rs:550:19
[INFO] [stdout]   54:     0x5589a2485d0a - std::panic::catch_unwind::h5ee8d7823b8ca744
[INFO] [stdout]                                at /rustc/6067b36314ab5eb2eb47cecc464545ba58e1ad24/library/std/src/panic.rs:358:14
[INFO] [stdout]   55:     0x5589a2485d0a - std::thread::Builder::spawn_unchecked_::{{closure}}::h53c3a1894dce8407
[INFO] [stdout]                                at /rustc/6067b36314ab5eb2eb47cecc464545ba58e1ad24/library/std/src/thread/mod.rs:557:30
[INFO] [stdout]   56:     0x5589a2485d0a - core::ops::function::FnOnce::call_once{{vtable.shim}}::h048ce291ad4f62bf
[INFO] [stdout]                                at /rustc/6067b36314ab5eb2eb47cecc464545ba58e1ad24/library/core/src/ops/function.rs:250:5
[INFO] [stdout]   57:     0x5589a24f75eb - <alloc::boxed::Box<F,A> as core::ops::function::FnOnce<Args>>::call_once::ha52bedf99a3b4981
[INFO] [stdout]                                at /rustc/6067b36314ab5eb2eb47cecc464545ba58e1ad24/library/alloc/src/boxed.rs:2013:9
[INFO] [stdout]   58:     0x5589a24f75eb - <alloc::boxed::Box<F,A> as core::ops::function::FnOnce<Args>>::call_once::h567748934d80ccf8
[INFO] [stdout]                                at /rustc/6067b36314ab5eb2eb47cecc464545ba58e1ad24/library/alloc/src/boxed.rs:2013:9
[INFO] [stdout]   59:     0x5589a24f75eb - std::sys::pal::unix::thread::Thread::new::thread_start::h2d970728ae887adc
[INFO] [stdout]                                at /rustc/6067b36314ab5eb2eb47cecc464545ba58e1ad24/library/std/src/sys/pal/unix/thread.rs:106:17
[INFO] [stdout]   60:     0x7ace5f000ac3 - <unknown>
[INFO] [stdout]   61:     0x7ace5f091a04 - clone
[INFO] [stdout]   62:                0x0 - <unknown>
[INFO] [stdout] 
[INFO] [stdout] ---- test::tests::http_request_test stdout ----
[INFO] [stdout] 
[INFO] [stdout] thread 'test::tests::http_request_test' panicked at src/test.rs:107:14:
[INFO] [stdout] called `Result::unwrap()` on an `Err` value: ResolveError { kind: Proto(ProtoError { kind: Io(Kind(NetworkUnreachable)), backtrack: Some(   0: <trust_dns_proto::error::ProtoError as core::convert::From<trust_dns_proto::error::ProtoErrorKind>>::from
[INFO] [stdout]              at /opt/rustwide/cargo-home/registry/src/index.crates.io-1949cf8c6b5b557f/trust-dns-proto-0.19.7/src/error.rs:53:18
[INFO] [stdout]    1: <T as core::convert::Into<U>>::into
[INFO] [stdout]              at /rustc/6067b36314ab5eb2eb47cecc464545ba58e1ad24/library/core/src/convert/mod.rs:761:9
[INFO] [stdout]    2: <trust_dns_proto::error::ProtoError as core::convert::From<std::io::error::Error>>::from
[INFO] [stdout]              at /opt/rustwide/cargo-home/registry/src/index.crates.io-1949cf8c6b5b557f/trust-dns-proto-0.19.7/src/error.rs:274:18
[INFO] [stdout]    3: core::ops::function::FnOnce::call_once
[INFO] [stdout]              at /rustc/6067b36314ab5eb2eb47cecc464545ba58e1ad24/library/core/src/ops/function.rs:250:5
[INFO] [stdout]    4: <T as futures_util::fns::FnOnce1<A>>::call_once
[INFO] [stdout]              at /opt/rustwide/cargo-home/registry/src/index.crates.io-1949cf8c6b5b557f/futures-util-0.3.23/src/fns.rs:15:9
[INFO] [stdout]    5: <futures_util::fns::MapErrFn<F> as futures_util::fns::FnOnce1<core::result::Result<T,E>>>::call_once::{{closure}}
[INFO] [stdout]              at /opt/rustwide/cargo-home/registry/src/index.crates.io-1949cf8c6b5b557f/futures-util-0.3.23/src/fns.rs:219:25
[INFO] [stdout]    6: core::result::Result<T,E>::map_err
[INFO] [stdout]              at /rustc/6067b36314ab5eb2eb47cecc464545ba58e1ad24/library/core/src/result.rs:856:27
[INFO] [stdout]    7: <futures_util::fns::MapErrFn<F> as futures_util::fns::FnOnce1<core::result::Result<T,E>>>::call_once
[INFO] [stdout]              at /opt/rustwide/cargo-home/registry/src/index.crates.io-1949cf8c6b5b557f/futures-util-0.3.23/src/fns.rs:219:9
[INFO] [stdout]    8: <futures_util::future::future::map::Map<Fut,F> as core::future::future::Future>::poll
[INFO] [stdout]              at /opt/rustwide/cargo-home/registry/src/index.crates.io-1949cf8c6b5b557f/futures-util-0.3.23/src/future/future/map.rs:57:73
[INFO] [stdout]    9: <futures_util::future::future::Map<Fut,F> as core::future::future::Future>::poll
[INFO] [stdout]              at /opt/rustwide/cargo-home/registry/src/index.crates.io-1949cf8c6b5b557f/futures-util-0.3.23/src/lib.rs:91:13
[INFO] [stdout]   10: <futures_util::future::try_future::MapErr<Fut,F> as core::future::future::Future>::poll
[INFO] [stdout]              at /opt/rustwide/cargo-home/registry/src/index.crates.io-1949cf8c6b5b557f/futures-util-0.3.23/src/lib.rs:91:13
[INFO] [stdout]   11: <trust_dns_proto::tcp::tcp_client_stream::TcpClientConnect<S> as core::future::future::Future>::poll
[INFO] [stdout]              at /opt/rustwide/cargo-home/registry/src/index.crates.io-1949cf8c6b5b557f/trust-dns-proto-0.19.7/src/tcp/tcp_client_stream.rs:129:9
[INFO] [stdout]   12: futures_util::future::future::FutureExt::poll_unpin
[INFO] [stdout]              at /opt/rustwide/cargo-home/registry/src/index.crates.io-1949cf8c6b5b557f/futures-util-0.3.23/src/future/future/mod.rs:562:9
[INFO] [stdout]   13: <trust_dns_proto::xfer::dns_multiplexer::DnsMultiplexerConnect<F,S,MF> as core::future::future::Future>::poll
[INFO] [stdout]              at /opt/rustwide/cargo-home/registry/src/index.crates.io-1949cf8c6b5b557f/trust-dns-proto-0.19.7/src/xfer/dns_multiplexer.rs:279:32
[INFO] [stdout]   14: <trust_dns_proto::xfer::dns_exchange::DnsExchangeConnectInner<F,S,R,TE> as core::future::future::Future>::poll
[INFO] [stdout]              at /opt/rustwide/cargo-home/registry/src/index.crates.io-1949cf8c6b5b557f/trust-dns-proto-0.19.7/src/xfer/dns_exchange.rs:342:27
[INFO] [stdout]   15: futures_util::future::future::FutureExt::poll_unpin
[INFO] [stdout]              at /opt/rustwide/cargo-home/registry/src/index.crates.io-1949cf8c6b5b557f/futures-util-0.3.23/src/future/future/mod.rs:562:9
[INFO] [stdout]   16: <trust_dns_proto::xfer::dns_exchange::DnsExchangeConnect<F,S,R,TE> as core::future::future::Future>::poll
[INFO] [stdout]              at /opt/rustwide/cargo-home/registry/src/index.crates.io-1949cf8c6b5b557f/trust-dns-proto-0.19.7/src/xfer/dns_exchange.rs:296:9
[INFO] [stdout]   17: futures_util::future::future::FutureExt::poll_unpin
[INFO] [stdout]              at /opt/rustwide/cargo-home/registry/src/index.crates.io-1949cf8c6b5b557f/futures-util-0.3.23/src/future/future/mod.rs:562:9
[INFO] [stdout]   18: <trust_dns_resolver::name_server::connection_provider::ConnectionFuture<R> as core::future::future::Future>::poll
[INFO] [stdout]              at /opt/rustwide/cargo-home/registry/src/index.crates.io-1949cf8c6b5b557f/trust-dns-resolver-0.19.7/src/name_server/connection_provider.rs:300:41
[INFO] [stdout]   19: trust_dns_resolver::name_server::name_server::NameServer<C,P>::connected_mut_client::{{closure}}
[INFO] [stdout]              at /opt/rustwide/cargo-home/registry/src/index.crates.io-1949cf8c6b5b557f/trust-dns-resolver-0.19.7/src/name_server/name_server.rs:115:18
[INFO] [stdout]   20: trust_dns_resolver::name_server::name_server::NameServer<C,P>::inner_send::{{closure}}
[INFO] [stdout]              at /opt/rustwide/cargo-home/registry/src/index.crates.io-1949cf8c6b5b557f/trust-dns-resolver-0.19.7/src/name_server/name_server.rs:132:54
[INFO] [stdout]   21: <core::pin::Pin<P> as core::future::future::Future>::poll
[INFO] [stdout]              at /rustc/6067b36314ab5eb2eb47cecc464545ba58e1ad24/library/core/src/future/future.rs:124:9
[INFO] [stdout]   22: <F as futures_core::future::TryFuture>::try_poll
[INFO] [stdout]              at /opt/rustwide/cargo-home/registry/src/index.crates.io-1949cf8c6b5b557f/futures-core-0.3.23/src/future.rs:82:9
[INFO] [stdout]   23: futures_util::future::try_future::TryFutureExt::try_poll_unpin
[INFO] [stdout]              at /opt/rustwide/cargo-home/registry/src/index.crates.io-1949cf8c6b5b557f/futures-util-0.3.23/src/future/try_future/mod.rs:623:9
[INFO] [stdout]   24: <futures_util::future::select_ok::SelectOk<Fut> as core::future::future::Future>::poll::{{closure}}
[INFO] [stdout]              at /opt/rustwide/cargo-home/registry/src/index.crates.io-1949cf8c6b5b557f/futures-util-0.3.23/src/future/select_ok.rs:52:75
[INFO] [stdout]   25: core::iter::traits::iterator::Iterator::find_map::check::{{closure}}
[INFO] [stdout]              at /rustc/6067b36314ab5eb2eb47cecc464545ba58e1ad24/library/core/src/iter/traits/iterator.rs:2859:32
[INFO] [stdout]   26: <core::iter::adapters::enumerate::Enumerate<I> as core::iter::traits::iterator::Iterator>::try_fold::enumerate::{{closure}}
[INFO] [stdout]              at /rustc/6067b36314ab5eb2eb47cecc464545ba58e1ad24/library/core/src/iter/adapters/enumerate.rs:86:27
[INFO] [stdout]   27: core::iter::traits::iterator::Iterator::try_fold
[INFO] [stdout]              at /rustc/6067b36314ab5eb2eb47cecc464545ba58e1ad24/library/core/src/iter/traits/iterator.rs:2370:21
[INFO] [stdout]   28: <core::iter::adapters::enumerate::Enumerate<I> as core::iter::traits::iterator::Iterator>::try_fold
[INFO] [stdout]              at /rustc/6067b36314ab5eb2eb47cecc464545ba58e1ad24/library/core/src/iter/adapters/enumerate.rs:92:9
[INFO] [stdout]   29: core::iter::traits::iterator::Iterator::find_map
[INFO] [stdout]              at /rustc/6067b36314ab5eb2eb47cecc464545ba58e1ad24/library/core/src/iter/traits/iterator.rs:2865:9
[INFO] [stdout]   30: <futures_util::future::select_ok::SelectOk<Fut> as core::future::future::Future>::poll
[INFO] [stdout]              at /opt/rustwide/cargo-home/registry/src/index.crates.io-1949cf8c6b5b557f/futures-util-0.3.23/src/future/select_ok.rs:52:17
[INFO] [stdout]   31: trust_dns_resolver::name_server::name_server_pool::parallel_conn_loop::{{closure}}
[INFO] [stdout]              at /opt/rustwide/cargo-home/registry/src/index.crates.io-1949cf8c6b5b557f/trust-dns-resolver-0.19.7/src/name_server/name_server_pool.rs:286:43
[INFO] [stdout]   32: trust_dns_resolver::name_server::name_server_pool::NameServerPool<C,P>::try_send::{{closure}}
[INFO] [stdout]              at /opt/rustwide/cargo-home/registry/src/index.crates.io-1949cf8c6b5b557f/trust-dns-resolver-0.19.7/src/name_server/name_server_pool.rs:194:55
[INFO] [stdout]   33: <F as futures_core::future::TryFuture>::try_poll
[INFO] [stdout]              at /opt/rustwide/cargo-home/registry/src/index.crates.io-1949cf8c6b5b557f/futures-core-0.3.23/src/future.rs:82:9
[INFO] [stdout]   34: <futures_util::future::try_future::try_flatten_err::TryFlattenErr<Fut,<Fut as futures_core::future::TryFuture>::Error> as core::future::future::Future>::poll
[INFO] [stdout]              at /opt/rustwide/cargo-home/registry/src/index.crates.io-1949cf8c6b5b557f/futures-util-0.3.23/src/future/try_future/try_flatten_err.rs:54:41
[INFO] [stdout]   35: <futures_util::future::try_future::TryFlattenErr<Fut1,Fut2> as core::future::future::Future>::poll
[INFO] [stdout]              at /opt/rustwide/cargo-home/registry/src/index.crates.io-1949cf8c6b5b557f/futures-util-0.3.23/src/lib.rs:91:13
[INFO] [stdout]   36: <futures_util::future::try_future::OrElse<Fut1,Fut2,F> as core::future::future::Future>::poll
[INFO] [stdout]              at /opt/rustwide/cargo-home/registry/src/index.crates.io-1949cf8c6b5b557f/futures-util-0.3.23/src/lib.rs:91:13
[INFO] [stdout]   37: <core::pin::Pin<P> as core::future::future::Future>::poll
[INFO] [stdout]              at /rustc/6067b36314ab5eb2eb47cecc464545ba58e1ad24/library/core/src/future/future.rs:124:9
[INFO] [stdout]   38: futures_util::future::future::FutureExt::poll_unpin
[INFO] [stdout]              at /opt/rustwide/cargo-home/registry/src/index.crates.io-1949cf8c6b5b557f/futures-util-0.3.23/src/future/future/mod.rs:562:9
[INFO] [stdout]   39: <trust_dns_proto::xfer::retry_dns_handle::RetrySendFuture<H> as core::future::future::Future>::poll
[INFO] [stdout]              at /opt/rustwide/cargo-home/registry/src/index.crates.io-1949cf8c6b5b557f/trust-dns-proto-0.19.7/src/xfer/retry_dns_handle.rs:78:19
[INFO] [stdout]   40: <core::pin::Pin<P> as core::future::future::Future>::poll
[INFO] [stdout]              at /rustc/6067b36314ab5eb2eb47cecc464545ba58e1ad24/library/core/src/future/future.rs:124:9
[INFO] [stdout]   41: trust_dns_resolver::lookup_state::CachingClient<C>::inner_lookup::{{closure}}
[INFO] [stdout]              at /opt/rustwide/cargo-home/registry/src/index.crates.io-1949cf8c6b5b557f/trust-dns-resolver-0.19.7/src/lookup_state.rs:156:85
[INFO] [stdout]   42: <core::pin::Pin<P> as core::future::future::Future>::poll
[INFO] [stdout]              at /rustc/6067b36314ab5eb2eb47cecc464545ba58e1ad24/library/core/src/future/future.rs:124:9
[INFO] [stdout]   43: trust_dns_resolver::lookup_ip::hosts_lookup::{{closure}}
[INFO] [stdout]              at /opt/rustwide/cargo-home/registry/src/index.crates.io-1949cf8c6b5b557f/trust-dns-resolver-0.19.7/src/lookup_ip.rs:249:35
[INFO] [stdout]   44: trust_dns_resolver::lookup_ip::rt_then_swap::{{closure}}
[INFO] [stdout]              at /opt/rustwide/cargo-home/registry/src/index.crates.io-1949cf8c6b5b557f/trust-dns-resolver-0.19.7/src/lookup_ip.rs:398:14
[INFO] [stdout]   45: trust_dns_resolver::lookup_ip::ipv4_then_ipv6::{{closure}}
[INFO] [stdout]              at /opt/rustwide/cargo-home/registry/src/index.crates.io-1949cf8c6b5b557f/trust-dns-resolver-0.19.7/src/lookup_ip.rs:355:6
[INFO] [stdout]   46: trust_dns_resolver::lookup_ip::strategic_lookup::{{closure}}
[INFO] [stdout]              at /opt/rustwide/cargo-home/registry/src/index.crates.io-1949cf8c6b5b557f/trust-dns-resolver-0.19.7/src/lookup_ip.rs:232:88
[INFO] [stderr] error: test failed, to rerun pass `--bin bust`
[INFO] [stdout]   47: <trust_dns_resolver::lookup_ip::LookupIpFuture<C> as core::future::future::Future>::poll
[INFO] [stdout]              at /opt/rustwide/cargo-home/registry/src/index.crates.io-1949cf8c6b5b557f/trust-dns-resolver-0.19.7/src/lookup_ip.rs:134:25
[INFO] [stdout]   48: trust_dns_resolver::async_resolver::AsyncResolver<C,P>::lookup_ip::{{closure}}
[INFO] [stdout]              at /opt/rustwide/cargo-home/registry/src/index.crates.io-1949cf8c6b5b557f/trust-dns-resolver-0.19.7/src/async_resolver.rs:415:10
[INFO] [stdout]   49: bust::test::tests::http_request_test::{{closure}}
[INFO] [stdout]              at src/test.rs:106:14
[INFO] [stdout]   50: tokio::runtime::basic_scheduler::BasicScheduler<P>::block_on::{{closure}}::{{closure}}
[INFO] [stdout]              at /opt/rustwide/cargo-home/registry/src/index.crates.io-1949cf8c6b5b557f/tokio-0.2.25/src/runtime/basic_scheduler.rs:131:58
[INFO] [stdout]   51: tokio::coop::with_budget::{{closure}}
[INFO] [stdout]              at /opt/rustwide/cargo-home/registry/src/index.crates.io-1949cf8c6b5b557f/tokio-0.2.25/src/coop.rs:127:9
[INFO] [stdout]   52: std::thread::local::LocalKey<T>::try_with
[INFO] [stdout]              at /rustc/6067b36314ab5eb2eb47cecc464545ba58e1ad24/library/std/src/thread/local.rs:308:12
[INFO] [stdout]   53: std::thread::local::LocalKey<T>::with
[INFO] [stdout]              at /rustc/6067b36314ab5eb2eb47cecc464545ba58e1ad24/library/std/src/thread/local.rs:272:9
[INFO] [stdout]   54: tokio::coop::with_budget
[INFO] [stdout]              at /opt/rustwide/cargo-home/registry/src/index.crates.io-1949cf8c6b5b557f/tokio-0.2.25/src/coop.rs:120:5
[INFO] [stdout]       tokio::coop::budget
[INFO] [stdout]              at /opt/rustwide/cargo-home/registry/src/index.crates.io-1949cf8c6b5b557f/tokio-0.2.25/src/coop.rs:96:5
[INFO] [stdout]       tokio::runtime::basic_scheduler::BasicScheduler<P>::block_on::{{closure}}
[INFO] [stdout]              at /opt/rustwide/cargo-home/registry/src/index.crates.io-1949cf8c6b5b557f/tokio-0.2.25/src/runtime/basic_scheduler.rs:131:35
[INFO] [stdout]   55: tokio::runtime::basic_scheduler::enter::{{closure}}
[INFO] [stdout]              at /opt/rustwide/cargo-home/registry/src/index.crates.io-1949cf8c6b5b557f/tokio-0.2.25/src/runtime/basic_scheduler.rs:213:29
[INFO] [stdout]   56: tokio::macros::scoped_tls::ScopedKey<T>::set
[INFO] [stdout]              at /opt/rustwide/cargo-home/registry/src/index.crates.io-1949cf8c6b5b557f/tokio-0.2.25/src/macros/scoped_tls.rs:63:9
[INFO] [stdout]   57: tokio::runtime::basic_scheduler::enter
[INFO] [stdout]              at /opt/rustwide/cargo-home/registry/src/index.crates.io-1949cf8c6b5b557f/tokio-0.2.25/src/runtime/basic_scheduler.rs:213:5
[INFO] [stdout]   58: tokio::runtime::basic_scheduler::BasicScheduler<P>::block_on
[INFO] [stdout]              at /opt/rustwide/cargo-home/registry/src/index.crates.io-1949cf8c6b5b557f/tokio-0.2.25/src/runtime/basic_scheduler.rs:123:9
[INFO] [stdout]   59: tokio::runtime::Runtime::block_on::{{closure}}
[INFO] [stdout]              at /opt/rustwide/cargo-home/registry/src/index.crates.io-1949cf8c6b5b557f/tokio-0.2.25/src/runtime/mod.rs:444:34
[INFO] [stdout]   60: tokio::runtime::context::enter
[INFO] [stdout]              at /opt/rustwide/cargo-home/registry/src/index.crates.io-1949cf8c6b5b557f/tokio-0.2.25/src/runtime/context.rs:72:5
[INFO] [stdout]   61: tokio::runtime::handle::Handle::enter
[INFO] [stdout]              at /opt/rustwide/cargo-home/registry/src/index.crates.io-1949cf8c6b5b557f/tokio-0.2.25/src/runtime/handle.rs:76:9
[INFO] [stdout]   62: tokio::runtime::Runtime::block_on
[INFO] [stdout]              at /opt/rustwide/cargo-home/registry/src/index.crates.io-1949cf8c6b5b557f/tokio-0.2.25/src/runtime/mod.rs:441:9
[INFO] [stdout]   63: bust::test::tests::http_request_test
[INFO] [stdout]              at src/test.rs:86:5
[INFO] [stdout]   64: bust::test::tests::http_request_test::{{closure}}
[INFO] [stdout]              at src/test.rs:87:33
[INFO] [stdout]   65: core::ops::function::FnOnce::call_once
[INFO] [stdout]              at /rustc/6067b36314ab5eb2eb47cecc464545ba58e1ad24/library/core/src/ops/function.rs:250:5
[INFO] [stdout]   66: core::ops::function::FnOnce::call_once
[INFO] [stdout]              at /rustc/6067b36314ab5eb2eb47cecc464545ba58e1ad24/library/core/src/ops/function.rs:250:5
[INFO] [stdout]       test::__rust_begin_short_backtrace
[INFO] [stdout]              at /rustc/6067b36314ab5eb2eb47cecc464545ba58e1ad24/library/test/src/lib.rs:632:18
[INFO] [stdout]   67: test::run_test_in_process::{{closure}}
[INFO] [stdout]              at /rustc/6067b36314ab5eb2eb47cecc464545ba58e1ad24/library/test/src/lib.rs:655:60
[INFO] [stdout]       <core::panic::unwind_safe::AssertUnwindSafe<F> as core::ops::function::FnOnce<()>>::call_once
[INFO] [stdout]              at /rustc/6067b36314ab5eb2eb47cecc464545ba58e1ad24/library/core/src/panic/unwind_safe.rs:272:9
[INFO] [stdout]       std::panicking::try::do_call
[INFO] [stdout]              at /rustc/6067b36314ab5eb2eb47cecc464545ba58e1ad24/library/std/src/panicking.rs:587:40
[INFO] [stdout]       std::panicking::try
[INFO] [stdout]              at /rustc/6067b36314ab5eb2eb47cecc464545ba58e1ad24/library/std/src/panicking.rs:550:19
[INFO] [stdout]       std::panic::catch_unwind
[INFO] [stdout]              at /rustc/6067b36314ab5eb2eb47cecc464545ba58e1ad24/library/std/src/panic.rs:358:14
[INFO] [stdout]       test::run_test_in_process
[INFO] [stdout]              at /rustc/6067b36314ab5eb2eb47cecc464545ba58e1ad24/library/test/src/lib.rs:655:27
[INFO] [stdout]       test::run_test::{{closure}}
[INFO] [stdout]              at /rustc/6067b36314ab5eb2eb47cecc464545ba58e1ad24/library/test/src/lib.rs:576:43
[INFO] [stdout]   68: test::run_test::{{closure}}
[INFO] [stdout]              at /rustc/6067b36314ab5eb2eb47cecc464545ba58e1ad24/library/test/src/lib.rs:606:41
[INFO] [stdout]       std::sys::backtrace::__rust_begin_short_backtrace
[INFO] [stdout]              at /rustc/6067b36314ab5eb2eb47cecc464545ba58e1ad24/library/std/src/sys/backtrace.rs:152:18
[INFO] [stdout]   69: std::thread::Builder::spawn_unchecked_::{{closure}}::{{closure}}
[INFO] [stdout]              at /rustc/6067b36314ab5eb2eb47cecc464545ba58e1ad24/library/std/src/thread/mod.rs:559:17
[INFO] [stdout]       <core::panic::unwind_safe::AssertUnwindSafe<F> as core::ops::function::FnOnce<()>>::call_once
[INFO] [stdout]              at /rustc/6067b36314ab5eb2eb47cecc464545ba58e1ad24/library/core/src/panic/unwind_safe.rs:272:9
[INFO] [stdout]       std::panicking::try::do_call
[INFO] [stdout]              at /rustc/6067b36314ab5eb2eb47cecc464545ba58e1ad24/library/std/src/panicking.rs:587:40
[INFO] [stdout]       std::panicking::try
[INFO] [stdout]              at /rustc/6067b36314ab5eb2eb47cecc464545ba58e1ad24/library/std/src/panicking.rs:550:19
[INFO] [stdout]       std::panic::catch_unwind
[INFO] [stdout]              at /rustc/6067b36314ab5eb2eb47cecc464545ba58e1ad24/library/std/src/panic.rs:358:14
[INFO] [stdout]       std::thread::Builder::spawn_unchecked_::{{closure}}
[INFO] [stdout]              at /rustc/6067b36314ab5eb2eb47cecc464545ba58e1ad24/library/std/src/thread/mod.rs:557:30
[INFO] [stdout]       core::ops::function::FnOnce::call_once{{vtable.shim}}
[INFO] [stdout]              at /rustc/6067b36314ab5eb2eb47cecc464545ba58e1ad24/library/core/src/ops/function.rs:250:5
[INFO] [stdout]   70: <alloc::boxed::Box<F,A> as core::ops::function::FnOnce<Args>>::call_once
[INFO] [stdout]              at /rustc/6067b36314ab5eb2eb47cecc464545ba58e1ad24/library/alloc/src/boxed.rs:2013:9
[INFO] [stdout]       <alloc::boxed::Box<F,A> as core::ops::function::FnOnce<Args>>::call_once
[INFO] [stdout]              at /rustc/6067b36314ab5eb2eb47cecc464545ba58e1ad24/library/alloc/src/boxed.rs:2013:9
[INFO] [stdout]       std::sys::pal::unix::thread::Thread::new::thread_start
[INFO] [stdout]              at /rustc/6067b36314ab5eb2eb47cecc464545ba58e1ad24/library/std/src/sys/pal/unix/thread.rs:106:17
[INFO] [stdout]   71: <unknown>
[INFO] [stdout]   72: clone
[INFO] [stdout] ) }), backtrack: Some(   0: <trust_dns_resolver::error::ResolveError as core::convert::From<trust_dns_resolver::error::ResolveErrorKind>>::from
[INFO] [stdout]              at /opt/rustwide/cargo-home/registry/src/index.crates.io-1949cf8c6b5b557f/trust-dns-resolver-0.19.7/src/error.rs:116:24
[INFO] [stdout]    1: <T as core::convert::Into<U>>::into
[INFO] [stdout]              at /rustc/6067b36314ab5eb2eb47cecc464545ba58e1ad24/library/core/src/convert/mod.rs:761:9
[INFO] [stdout]    2: <trust_dns_resolver::error::ResolveError as core::convert::From<trust_dns_proto::error::ProtoError>>::from
[INFO] [stdout]              at /opt/rustwide/cargo-home/registry/src/index.crates.io-1949cf8c6b5b557f/trust-dns-resolver-0.19.7/src/error.rs:153:18
[INFO] [stdout]    3: <core::result::Result<T,F> as core::ops::try_trait::FromResidual<core::result::Result<core::convert::Infallible,E>>>::from_residual
[INFO] [stdout]              at /rustc/6067b36314ab5eb2eb47cecc464545ba58e1ad24/library/core/src/result.rs:2014:27
[INFO] [stdout]    4: trust_dns_resolver::lookup_state::CachingClient<C>::inner_lookup::{{closure}}
[INFO] [stdout]              at /opt/rustwide/cargo-home/registry/src/index.crates.io-1949cf8c6b5b557f/trust-dns-resolver-0.19.7/src/lookup_state.rs:156:32
[INFO] [stdout]    5: <core::pin::Pin<P> as core::future::future::Future>::poll
[INFO] [stdout]              at /rustc/6067b36314ab5eb2eb47cecc464545ba58e1ad24/library/core/src/future/future.rs:124:9
[INFO] [stdout]    6: trust_dns_resolver::lookup_ip::hosts_lookup::{{closure}}
[INFO] [stdout]              at /opt/rustwide/cargo-home/registry/src/index.crates.io-1949cf8c6b5b557f/trust-dns-resolver-0.19.7/src/lookup_ip.rs:249:35
[INFO] [stdout]    7: trust_dns_resolver::lookup_ip::rt_then_swap::{{closure}}
[INFO] [stdout]              at /opt/rustwide/cargo-home/registry/src/index.crates.io-1949cf8c6b5b557f/trust-dns-resolver-0.19.7/src/lookup_ip.rs:398:14
[INFO] [stdout]    8: trust_dns_resolver::lookup_ip::ipv4_then_ipv6::{{closure}}
[INFO] [stdout]              at /opt/rustwide/cargo-home/registry/src/index.crates.io-1949cf8c6b5b557f/trust-dns-resolver-0.19.7/src/lookup_ip.rs:355:6
[INFO] [stdout]    9: trust_dns_resolver::lookup_ip::strategic_lookup::{{closure}}
[INFO] [stdout]              at /opt/rustwide/cargo-home/registry/src/index.crates.io-1949cf8c6b5b557f/trust-dns-resolver-0.19.7/src/lookup_ip.rs:232:88
[INFO] [stdout]   10: <trust_dns_resolver::lookup_ip::LookupIpFuture<C> as core::future::future::Future>::poll
[INFO] [stdout]              at /opt/rustwide/cargo-home/registry/src/index.crates.io-1949cf8c6b5b557f/trust-dns-resolver-0.19.7/src/lookup_ip.rs:134:25
[INFO] [stdout]   11: trust_dns_resolver::async_resolver::AsyncResolver<C,P>::lookup_ip::{{closure}}
[INFO] [stdout]              at /opt/rustwide/cargo-home/registry/src/index.crates.io-1949cf8c6b5b557f/trust-dns-resolver-0.19.7/src/async_resolver.rs:415:10
[INFO] [stdout]   12: bust::test::tests::http_request_test::{{closure}}
[INFO] [stdout]              at src/test.rs:106:14
[INFO] [stdout]   13: tokio::runtime::basic_scheduler::BasicScheduler<P>::block_on::{{closure}}::{{closure}}
[INFO] [stdout]              at /opt/rustwide/cargo-home/registry/src/index.crates.io-1949cf8c6b5b557f/tokio-0.2.25/src/runtime/basic_scheduler.rs:131:58
[INFO] [stdout]   14: tokio::coop::with_budget::{{closure}}
[INFO] [stdout]              at /opt/rustwide/cargo-home/registry/src/index.crates.io-1949cf8c6b5b557f/tokio-0.2.25/src/coop.rs:127:9
[INFO] [stdout]   15: std::thread::local::LocalKey<T>::try_with
[INFO] [stdout]              at /rustc/6067b36314ab5eb2eb47cecc464545ba58e1ad24/library/std/src/thread/local.rs:308:12
[INFO] [stdout]   16: std::thread::local::LocalKey<T>::with
[INFO] [stdout]              at /rustc/6067b36314ab5eb2eb47cecc464545ba58e1ad24/library/std/src/thread/local.rs:272:9
[INFO] [stdout]   17: tokio::coop::with_budget
[INFO] [stdout]              at /opt/rustwide/cargo-home/registry/src/index.crates.io-1949cf8c6b5b557f/tokio-0.2.25/src/coop.rs:120:5
[INFO] [stdout]       tokio::coop::budget
[INFO] [stdout]              at /opt/rustwide/cargo-home/registry/src/index.crates.io-1949cf8c6b5b557f/tokio-0.2.25/src/coop.rs:96:5
[INFO] [stdout]       tokio::runtime::basic_scheduler::BasicScheduler<P>::block_on::{{closure}}
[INFO] [stdout]              at /opt/rustwide/cargo-home/registry/src/index.crates.io-1949cf8c6b5b557f/tokio-0.2.25/src/runtime/basic_scheduler.rs:131:35
[INFO] [stdout]   18: tokio::runtime::basic_scheduler::enter::{{closure}}
[INFO] [stdout]              at /opt/rustwide/cargo-home/registry/src/index.crates.io-1949cf8c6b5b557f/tokio-0.2.25/src/runtime/basic_scheduler.rs:213:29
[INFO] [stdout]   19: tokio::macros::scoped_tls::ScopedKey<T>::set
[INFO] [stdout]              at /opt/rustwide/cargo-home/registry/src/index.crates.io-1949cf8c6b5b557f/tokio-0.2.25/src/macros/scoped_tls.rs:63:9
[INFO] [stdout]   20: tokio::runtime::basic_scheduler::enter
[INFO] [stdout]              at /opt/rustwide/cargo-home/registry/src/index.crates.io-1949cf8c6b5b557f/tokio-0.2.25/src/runtime/basic_scheduler.rs:213:5
[INFO] [stdout]   21: tokio::runtime::basic_scheduler::BasicScheduler<P>::block_on
[INFO] [stdout]              at /opt/rustwide/cargo-home/registry/src/index.crates.io-1949cf8c6b5b557f/tokio-0.2.25/src/runtime/basic_scheduler.rs:123:9
[INFO] [stdout]   22: tokio::runtime::Runtime::block_on::{{closure}}
[INFO] [stdout]              at /opt/rustwide/cargo-home/registry/src/index.crates.io-1949cf8c6b5b557f/tokio-0.2.25/src/runtime/mod.rs:444:34
[INFO] [stdout]   23: tokio::runtime::context::enter
[INFO] [stdout]              at /opt/rustwide/cargo-home/registry/src/index.crates.io-1949cf8c6b5b557f/tokio-0.2.25/src/runtime/context.rs:72:5
[INFO] [stdout]   24: tokio::runtime::handle::Handle::enter
[INFO] [stdout]              at /opt/rustwide/cargo-home/registry/src/index.crates.io-1949cf8c6b5b557f/tokio-0.2.25/src/runtime/handle.rs:76:9
[INFO] [stdout]   25: tokio::runtime::Runtime::block_on
[INFO] [stdout]              at /opt/rustwide/cargo-home/registry/src/index.crates.io-1949cf8c6b5b557f/tokio-0.2.25/src/runtime/mod.rs:441:9
[INFO] [stdout]   26: bust::test::tests::http_request_test
[INFO] [stdout]              at src/test.rs:86:5
[INFO] [stdout]   27: bust::test::tests::http_request_test::{{closure}}
[INFO] [stdout]              at src/test.rs:87:33
[INFO] [stdout]   28: core::ops::function::FnOnce::call_once
[INFO] [stdout]              at /rustc/6067b36314ab5eb2eb47cecc464545ba58e1ad24/library/core/src/ops/function.rs:250:5
[INFO] [stdout]   29: core::ops::function::FnOnce::call_once
[INFO] [stdout]              at /rustc/6067b36314ab5eb2eb47cecc464545ba58e1ad24/library/core/src/ops/function.rs:250:5
[INFO] [stdout]       test::__rust_begin_short_backtrace
[INFO] [stdout]              at /rustc/6067b36314ab5eb2eb47cecc464545ba58e1ad24/library/test/src/lib.rs:632:18
[INFO] [stdout]   30: test::run_test_in_process::{{closure}}
[INFO] [stdout]              at /rustc/6067b36314ab5eb2eb47cecc464545ba58e1ad24/library/test/src/lib.rs:655:60
[INFO] [stdout]       <core::panic::unwind_safe::AssertUnwindSafe<F> as core::ops::function::FnOnce<()>>::call_once
[INFO] [stdout]              at /rustc/6067b36314ab5eb2eb47cecc464545ba58e1ad24/library/core/src/panic/unwind_safe.rs:272:9
[INFO] [stdout]       std::panicking::try::do_call
[INFO] [stdout]              at /rustc/6067b36314ab5eb2eb47cecc464545ba58e1ad24/library/std/src/panicking.rs:587:40
[INFO] [stdout]       std::panicking::try
[INFO] [stdout]              at /rustc/6067b36314ab5eb2eb47cecc464545ba58e1ad24/library/std/src/panicking.rs:550:19
[INFO] [stdout]       std::panic::catch_unwind
[INFO] [stdout]              at /rustc/6067b36314ab5eb2eb47cecc464545ba58e1ad24/library/std/src/panic.rs:358:14
[INFO] [stdout]       test::run_test_in_process
[INFO] [stdout]              at /rustc/6067b36314ab5eb2eb47cecc464545ba58e1ad24/library/test/src/lib.rs:655:27
[INFO] [stdout]       test::run_test::{{closure}}
[INFO] [stdout]              at /rustc/6067b36314ab5eb2eb47cecc464545ba58e1ad24/library/test/src/lib.rs:576:43
[INFO] [stdout]   31: test::run_test::{{closure}}
[INFO] [stdout]              at /rustc/6067b36314ab5eb2eb47cecc464545ba58e1ad24/library/test/src/lib.rs:606:41
[INFO] [stdout]       std::sys::backtrace::__rust_begin_short_backtrace
[INFO] [stdout]              at /rustc/6067b36314ab5eb2eb47cecc464545ba58e1ad24/library/std/src/sys/backtrace.rs:152:18
[INFO] [stdout]   32: std::thread::Builder::spawn_unchecked_::{{closure}}::{{closure}}
[INFO] [stdout]              at /rustc/6067b36314ab5eb2eb47cecc464545ba58e1ad24/library/std/src/thread/mod.rs:559:17
[INFO] [stdout]       <core::panic::unwind_safe::AssertUnwindSafe<F> as core::ops::function::FnOnce<()>>::call_once
[INFO] [stdout]              at /rustc/6067b36314ab5eb2eb47cecc464545ba58e1ad24/library/core/src/panic/unwind_safe.rs:272:9
[INFO] [stdout]       std::panicking::try::do_call
[INFO] [stdout]              at /rustc/6067b36314ab5eb2eb47cecc464545ba58e1ad24/library/std/src/panicking.rs:587:40
[INFO] [stdout]       std::panicking::try
[INFO] [stdout]              at /rustc/6067b36314ab5eb2eb47cecc464545ba58e1ad24/library/std/src/panicking.rs:550:19
[INFO] [stdout]       std::panic::catch_unwind
[INFO] [stdout]              at /rustc/6067b36314ab5eb2eb47cecc464545ba58e1ad24/library/std/src/panic.rs:358:14
[INFO] [stdout]       std::thread::Builder::spawn_unchecked_::{{closure}}
[INFO] [stdout]              at /rustc/6067b36314ab5eb2eb47cecc464545ba58e1ad24/library/std/src/thread/mod.rs:557:30
[INFO] [stdout]       core::ops::function::FnOnce::call_once{{vtable.shim}}
[INFO] [stdout]              at /rustc/6067b36314ab5eb2eb47cecc464545ba58e1ad24/library/core/src/ops/function.rs:250:5
[INFO] [stdout]   33: <alloc::boxed::Box<F,A> as core::ops::function::FnOnce<Args>>::call_once
[INFO] [stdout]              at /rustc/6067b36314ab5eb2eb47cecc464545ba58e1ad24/library/alloc/src/boxed.rs:2013:9
[INFO] [stdout]       <alloc::boxed::Box<F,A> as core::ops::function::FnOnce<Args>>::call_once
[INFO] [stdout]              at /rustc/6067b36314ab5eb2eb47cecc464545ba58e1ad24/library/alloc/src/boxed.rs:2013:9
[INFO] [stdout]       std::sys::pal::unix::thread::Thread::new::thread_start
[INFO] [stdout]              at /rustc/6067b36314ab5eb2eb47cecc464545ba58e1ad24/library/std/src/sys/pal/unix/thread.rs:106:17
[INFO] [stdout]   34: <unknown>
[INFO] [stdout]   35: clone
[INFO] [stdout] ) }
[INFO] [stdout] stack backtrace:
[INFO] [stdout]    0:     0x5589a24f153a - std::backtrace_rs::backtrace::libunwind::trace::hb059275cfc8d6126
[INFO] [stdout]                                at /rustc/6067b36314ab5eb2eb47cecc464545ba58e1ad24/library/std/src/../../backtrace/src/backtrace/libunwind.rs:116:5
[INFO] [stdout]    1:     0x5589a24f153a - std::backtrace_rs::backtrace::trace_unsynchronized::h2da071e4327ce3ee
[INFO] [stdout]                                at /rustc/6067b36314ab5eb2eb47cecc464545ba58e1ad24/library/std/src/../../backtrace/src/backtrace/mod.rs:66:5
[INFO] [stdout]    2:     0x5589a24f153a - std::sys::backtrace::_print_fmt::h842a1474e6f8d23f
[INFO] [stdout]                                at /rustc/6067b36314ab5eb2eb47cecc464545ba58e1ad24/library/std/src/sys/backtrace.rs:66:9
[INFO] [stdout]    3:     0x5589a24f153a - <std::sys::backtrace::BacktraceLock::print::DisplayBacktrace as core::fmt::Display>::fmt::h71a62eb3b9696b12
[INFO] [stdout]                                at /rustc/6067b36314ab5eb2eb47cecc464545ba58e1ad24/library/std/src/sys/backtrace.rs:39:26
[INFO] [stdout]    4:     0x5589a251caf3 - core::fmt::rt::Argument::fmt::hdb6b616786b41dc1
[INFO] [stdout]                                at /rustc/6067b36314ab5eb2eb47cecc464545ba58e1ad24/library/core/src/fmt/rt.rs:177:76
[INFO] [stdout]    5:     0x5589a251caf3 - core::fmt::write::h2cc1698af7e2d686
[INFO] [stdout]                                at /rustc/6067b36314ab5eb2eb47cecc464545ba58e1ad24/library/core/src/fmt/mod.rs:1440:21
[INFO] [stdout]    6:     0x5589a24edc43 - std::io::Write::write_fmt::hab1b4cd059a79022
[INFO] [stdout]                                at /rustc/6067b36314ab5eb2eb47cecc464545ba58e1ad24/library/std/src/io/mod.rs:1887:15
[INFO] [stdout]    7:     0x5589a24f1382 - std::sys::backtrace::BacktraceLock::print::h147fe35b4ea13b08
[INFO] [stdout]                                at /rustc/6067b36314ab5eb2eb47cecc464545ba58e1ad24/library/std/src/sys/backtrace.rs:42:9
[INFO] [stdout]    8:     0x5589a24f295f - std::panicking::default_hook::{{closure}}::hbd44223dbdc0d208
[INFO] [stdout]                                at /rustc/6067b36314ab5eb2eb47cecc464545ba58e1ad24/library/std/src/panicking.rs:298:22
[INFO] [stdout]    9:     0x5589a24f2778 - std::panicking::default_hook::h20f81eb0576efcec
[INFO] [stdout]                                at /rustc/6067b36314ab5eb2eb47cecc464545ba58e1ad24/library/std/src/panicking.rs:322:9
[INFO] [stdout]   10:     0x5589a24baec3 - <alloc::boxed::Box<F,A> as core::ops::function::Fn<Args>>::call::hdb53814c496a4d34
[INFO] [stdout]                                at /rustc/6067b36314ab5eb2eb47cecc464545ba58e1ad24/library/alloc/src/boxed.rs:2027:9
[INFO] [stdout]   11:     0x5589a24baec3 - test::test_main::{{closure}}::hc0a4963c59427c24
[INFO] [stdout]                                at /rustc/6067b36314ab5eb2eb47cecc464545ba58e1ad24/library/test/src/lib.rs:134:21
[INFO] [stdout]   12:     0x5589a24f3453 - <alloc::boxed::Box<F,A> as core::ops::function::Fn<Args>>::call::h591b2225413a77e9
[INFO] [stdout]                                at /rustc/6067b36314ab5eb2eb47cecc464545ba58e1ad24/library/alloc/src/boxed.rs:2027:9
[INFO] [stdout]   13:     0x5589a24f3453 - std::panicking::rust_panic_with_hook::h625eea43051b2edc
[INFO] [stdout]                                at /rustc/6067b36314ab5eb2eb47cecc464545ba58e1ad24/library/std/src/panicking.rs:839:13
[INFO] [stdout]   14:     0x5589a24f310a - std::panicking::begin_panic_handler::{{closure}}::h4f9159cfbc3f6bd3
[INFO] [stdout]                                at /rustc/6067b36314ab5eb2eb47cecc464545ba58e1ad24/library/std/src/panicking.rs:704:13
[INFO] [stdout]   15:     0x5589a24f1a39 - std::sys::backtrace::__rust_end_short_backtrace::h0390abce48353151
[INFO] [stdout]                                at /rustc/6067b36314ab5eb2eb47cecc464545ba58e1ad24/library/std/src/sys/backtrace.rs:168:18
[INFO] [stdout]   16:     0x5589a24f2d9d - rust_begin_unwind
[INFO] [stdout]                                at /rustc/6067b36314ab5eb2eb47cecc464545ba58e1ad24/library/std/src/panicking.rs:695:5
[INFO] [stdout]   17:     0x5589a251ad80 - core::panicking::panic_fmt::h9e7c637e9e5f29c9
[INFO] [stdout]                                at /rustc/6067b36314ab5eb2eb47cecc464545ba58e1ad24/library/core/src/panicking.rs:75:14
[INFO] [stdout]   18:     0x5589a251b1f6 - core::result::unwrap_failed::h7979f09313fe1849
[INFO] [stdout]                                at /rustc/6067b36314ab5eb2eb47cecc464545ba58e1ad24/library/core/src/result.rs:1704:5
[INFO] [stdout]   19:     0x5589a21cfa1b - core::result::Result<T,E>::unwrap::he223b93115456865
[INFO] [stdout]                                at /rustc/6067b36314ab5eb2eb47cecc464545ba58e1ad24/library/core/src/result.rs:1109:23
[INFO] [stdout]   20:     0x5589a21cfa1b - bust::test::tests::http_request_test::{{closure}}::hd0275552b96db04d
[INFO] [stdout]                                at /opt/rustwide/workdir/src/test.rs:104:24
[INFO] [stdout]   21:     0x5589a21e078f - tokio::runtime::basic_scheduler::BasicScheduler<P>::block_on::{{closure}}::{{closure}}::h0268efe8347239eb
[INFO] [stdout]                                at /opt/rustwide/cargo-home/registry/src/index.crates.io-1949cf8c6b5b557f/tokio-0.2.25/src/runtime/basic_scheduler.rs:131:58
[INFO] [stdout]   22:     0x5589a21ef2f3 - tokio::coop::with_budget::{{closure}}::hbad189a0cdaf3cc4
[INFO] [stdout]                                at /opt/rustwide/cargo-home/registry/src/index.crates.io-1949cf8c6b5b557f/tokio-0.2.25/src/coop.rs:127:9
[INFO] [stdout]   23:     0x5589a21c64f5 - std::thread::local::LocalKey<T>::try_with::h79ba9a2ac9e05f68
[INFO] [stdout]                                at /rustc/6067b36314ab5eb2eb47cecc464545ba58e1ad24/library/std/src/thread/local.rs:308:12
[INFO] [stdout]   24:     0x5589a21c5a7a - std::thread::local::LocalKey<T>::with::hd93647c9bc6d88a6
[INFO] [stdout]                                at /rustc/6067b36314ab5eb2eb47cecc464545ba58e1ad24/library/std/src/thread/local.rs:272:9
[INFO] [stdout]   25:     0x5589a21dec03 - tokio::coop::with_budget::h4cc1ad2845f1624a
[INFO] [stdout]                                at /opt/rustwide/cargo-home/registry/src/index.crates.io-1949cf8c6b5b557f/tokio-0.2.25/src/coop.rs:120:5
[INFO] [stdout]   26:     0x5589a21dec03 - tokio::coop::budget::h35f0918df02bdde1
[INFO] [stdout]                                at /opt/rustwide/cargo-home/registry/src/index.crates.io-1949cf8c6b5b557f/tokio-0.2.25/src/coop.rs:96:5
[INFO] [stdout]   27:     0x5589a21dec03 - tokio::runtime::basic_scheduler::BasicScheduler<P>::block_on::{{closure}}::h1d5a0e163acc5f08
[INFO] [stdout]                                at /opt/rustwide/cargo-home/registry/src/index.crates.io-1949cf8c6b5b557f/tokio-0.2.25/src/runtime/basic_scheduler.rs:131:35
[INFO] [stdout]   28:     0x5589a21e1af1 - tokio::runtime::basic_scheduler::enter::{{closure}}::h124b9b405554738a
[INFO] [stdout]                                at /opt/rustwide/cargo-home/registry/src/index.crates.io-1949cf8c6b5b557f/tokio-0.2.25/src/runtime/basic_scheduler.rs:213:29
[INFO] [stdout]   29:     0x5589a21ea499 - tokio::macros::scoped_tls::ScopedKey<T>::set::h5cc67d4d63f041e5
[INFO] [stdout]                                at /opt/rustwide/cargo-home/registry/src/index.crates.io-1949cf8c6b5b557f/tokio-0.2.25/src/macros/scoped_tls.rs:63:9
[INFO] [stdout]   30:     0x5589a21e1652 - tokio::runtime::basic_scheduler::enter::hafbeae28abad0696
[INFO] [stdout]                                at /opt/rustwide/cargo-home/registry/src/index.crates.io-1949cf8c6b5b557f/tokio-0.2.25/src/runtime/basic_scheduler.rs:213:5
[INFO] [stdout]   31:     0x5589a21de892 - tokio::runtime::basic_scheduler::BasicScheduler<P>::block_on::h13813701105770a9
[INFO] [stdout]                                at /opt/rustwide/cargo-home/registry/src/index.crates.io-1949cf8c6b5b557f/tokio-0.2.25/src/runtime/basic_scheduler.rs:123:9
[INFO] [stdout]   32:     0x5589a21f0ef4 - tokio::runtime::Runtime::block_on::{{closure}}::hece95a02c2f60c3d
[INFO] [stdout]                                at /opt/rustwide/cargo-home/registry/src/index.crates.io-1949cf8c6b5b557f/tokio-0.2.25/src/runtime/mod.rs:444:34
[INFO] [stdout]   33:     0x5589a21cbf6b - tokio::runtime::context::enter::hd16ccad548ab033a
[INFO] [stdout]                                at /opt/rustwide/cargo-home/registry/src/index.crates.io-1949cf8c6b5b557f/tokio-0.2.25/src/runtime/context.rs:72:5
[INFO] [stdout]   34:     0x5589a21e1cea - tokio::runtime::handle::Handle::enter::h5a90f2fa85e2b6a8
[INFO] [stdout]                                at /opt/rustwide/cargo-home/registry/src/index.crates.io-1949cf8c6b5b557f/tokio-0.2.25/src/runtime/handle.rs:76:9
[INFO] [stdout]   35:     0x5589a21f0be9 - tokio::runtime::Runtime::block_on::ha46c65d888bf89a5
[INFO] [stdout]                                at /opt/rustwide/cargo-home/registry/src/index.crates.io-1949cf8c6b5b557f/tokio-0.2.25/src/runtime/mod.rs:441:9
[INFO] [stdout]   36:     0x5589a21ceee1 - bust::test::tests::http_request_test::hd4bf7a6f61a1ad43
[INFO] [stdout]                                at /opt/rustwide/workdir/src/test.rs:86:5
[INFO] [stdout]   37:     0x5589a21ced47 - bust::test::tests::http_request_test::{{closure}}::ha35677bff311a456
[INFO] [stdout]                                at /opt/rustwide/workdir/src/test.rs:87:33
[INFO] [stdout]   38:     0x5589a21c7696 - core::ops::function::FnOnce::call_once::h9325cd1642335e47
[INFO] [stdout]                                at /rustc/6067b36314ab5eb2eb47cecc464545ba58e1ad24/library/core/src/ops/function.rs:250:5
[INFO] [stdout]   39:     0x5589a24c061b - core::ops::function::FnOnce::call_once::he27718dfdd183f43
[INFO] [stdout]                                at /rustc/6067b36314ab5eb2eb47cecc464545ba58e1ad24/library/core/src/ops/function.rs:250:5
[INFO] [stdout]   40:     0x5589a24c061b - test::__rust_begin_short_backtrace::h4e84902998457a5d
[INFO] [stdout]                                at /rustc/6067b36314ab5eb2eb47cecc464545ba58e1ad24/library/test/src/lib.rs:632:18
[INFO] [stdout]   41:     0x5589a24bf553 - test::run_test_in_process::{{closure}}::h7176fd18fc1feca0
[INFO] [stdout]                                at /rustc/6067b36314ab5eb2eb47cecc464545ba58e1ad24/library/test/src/lib.rs:655:60
[INFO] [stdout]   42:     0x5589a24bf553 - <core::panic::unwind_safe::AssertUnwindSafe<F> as core::ops::function::FnOnce<()>>::call_once::hf79cff2a624d8cf7
[INFO] [stdout]                                at /rustc/6067b36314ab5eb2eb47cecc464545ba58e1ad24/library/core/src/panic/unwind_safe.rs:272:9
[INFO] [stdout]   43:     0x5589a24bf553 - std::panicking::try::do_call::h3da0561d9ab99c25
[INFO] [stdout]                                at /rustc/6067b36314ab5eb2eb47cecc464545ba58e1ad24/library/std/src/panicking.rs:587:40
[INFO] [stdout]   44:     0x5589a24bf553 - std::panicking::try::h41c9fa508bc61df6
[INFO] [stdout]                                at /rustc/6067b36314ab5eb2eb47cecc464545ba58e1ad24/library/std/src/panicking.rs:550:19
[INFO] [stdout]   45:     0x5589a24bf553 - std::panic::catch_unwind::h6b3ff07bb5afad93
[INFO] [stdout]                                at /rustc/6067b36314ab5eb2eb47cecc464545ba58e1ad24/library/std/src/panic.rs:358:14
[INFO] [stdout]   46:     0x5589a24bf553 - test::run_test_in_process::hc7253dd11b39b9f4
[INFO] [stdout]                                at /rustc/6067b36314ab5eb2eb47cecc464545ba58e1ad24/library/test/src/lib.rs:655:27
[INFO] [stdout]   47:     0x5589a24bf553 - test::run_test::{{closure}}::hfb2007f8649c30bb
[INFO] [stdout]                                at /rustc/6067b36314ab5eb2eb47cecc464545ba58e1ad24/library/test/src/lib.rs:576:43
[INFO] [stdout]   48:     0x5589a2482425 - test::run_test::{{closure}}::h56a17aa7a282a9f4
[INFO] [stdout]                                at /rustc/6067b36314ab5eb2eb47cecc464545ba58e1ad24/library/test/src/lib.rs:606:41
[INFO] [stdout]   49:     0x5589a2482425 - std::sys::backtrace::__rust_begin_short_backtrace::hd2d2d2fb8e8c6aac
[INFO] [stdout]                                at /rustc/6067b36314ab5eb2eb47cecc464545ba58e1ad24/library/std/src/sys/backtrace.rs:152:18
[INFO] [stdout]   50:     0x5589a2485d0a - std::thread::Builder::spawn_unchecked_::{{closure}}::{{closure}}::h4faa3f9db6133423
[INFO] [stdout]                                at /rustc/6067b36314ab5eb2eb47cecc464545ba58e1ad24/library/std/src/thread/mod.rs:559:17
[INFO] [stdout]   51:     0x5589a2485d0a - <core::panic::unwind_safe::AssertUnwindSafe<F> as core::ops::function::FnOnce<()>>::call_once::hf2e855a36a4ea846
[INFO] [stdout]                                at /rustc/6067b36314ab5eb2eb47cecc464545ba58e1ad24/library/core/src/panic/unwind_safe.rs:272:9
[INFO] [stdout]   52:     0x5589a2485d0a - std::panicking::try::do_call::h2f73af3616c35465
[INFO] [stdout]                                at /rustc/6067b36314ab5eb2eb47cecc464545ba58e1ad24/library/std/src/panicking.rs:587:40
[INFO] [stdout]   53:     0x5589a2485d0a - std::panicking::try::hd1660ce9efadef5a
[INFO] [stdout]                                at /rustc/6067b36314ab5eb2eb47cecc464545ba58e1ad24/library/std/src/panicking.rs:550:19
[INFO] [stdout]   54:     0x5589a2485d0a - std::panic::catch_unwind::h5ee8d7823b8ca744
[INFO] [stdout]                                at /rustc/6067b36314ab5eb2eb47cecc464545ba58e1ad24/library/std/src/panic.rs:358:14
[INFO] [stdout]   55:     0x5589a2485d0a - std::thread::Builder::spawn_unchecked_::{{closure}}::h53c3a1894dce8407
[INFO] [stdout]                                at /rustc/6067b36314ab5eb2eb47cecc464545ba58e1ad24/library/std/src/thread/mod.rs:557:30
[INFO] [stdout]   56:     0x5589a2485d0a - core::ops::function::FnOnce::call_once{{vtable.shim}}::h048ce291ad4f62bf
[INFO] [stdout]                                at /rustc/6067b36314ab5eb2eb47cecc464545ba58e1ad24/library/core/src/ops/function.rs:250:5
[INFO] [stdout]   57:     0x5589a24f75eb - <alloc::boxed::Box<F,A> as core::ops::function::FnOnce<Args>>::call_once::ha52bedf99a3b4981
[INFO] [stdout]                                at /rustc/6067b36314ab5eb2eb47cecc464545ba58e1ad24/library/alloc/src/boxed.rs:2013:9
[INFO] [stdout]   58:     0x5589a24f75eb - <alloc::boxed::Box<F,A> as core::ops::function::FnOnce<Args>>::call_once::h567748934d80ccf8
[INFO] [stdout]                                at /rustc/6067b36314ab5eb2eb47cecc464545ba58e1ad24/library/alloc/src/boxed.rs:2013:9
[INFO] [stdout]   59:     0x5589a24f75eb - std::sys::pal::unix::thread::Thread::new::thread_start::h2d970728ae887adc
[INFO] [stdout]                                at /rustc/6067b36314ab5eb2eb47cecc464545ba58e1ad24/library/std/src/sys/pal/unix/thread.rs:106:17
[INFO] [stdout]   60:     0x7ace5f000ac3 - <unknown>
[INFO] [stdout]   61:     0x7ace5f091a04 - clone
[INFO] [stdout]   62:                0x0 - <unknown>
[INFO] [stdout] 
[INFO] [stdout] ---- test::tests::http_request_with_body_test stdout ----
[INFO] [stdout] 
[INFO] [stdout] thread 'test::tests::http_request_with_body_test' panicked at src/test.rs:145:14:
[INFO] [stdout] called `Result::unwrap()` on an `Err` value: ResolveError { kind: Proto(ProtoError { kind: Io(Kind(NetworkUnreachable)), backtrack: Some(   0: <trust_dns_proto::error::ProtoError as core::convert::From<trust_dns_proto::error::ProtoErrorKind>>::from
[INFO] [stdout]              at /opt/rustwide/cargo-home/registry/src/index.crates.io-1949cf8c6b5b557f/trust-dns-proto-0.19.7/src/error.rs:53:18
[INFO] [stdout]    1: <T as core::convert::Into<U>>::into
[INFO] [stdout]              at /rustc/6067b36314ab5eb2eb47cecc464545ba58e1ad24/library/core/src/convert/mod.rs:761:9
[INFO] [stdout]    2: <trust_dns_proto::error::ProtoError as core::convert::From<std::io::error::Error>>::from
[INFO] [stdout]              at /opt/rustwide/cargo-home/registry/src/index.crates.io-1949cf8c6b5b557f/trust-dns-proto-0.19.7/src/error.rs:274:18
[INFO] [stdout]    3: core::ops::function::FnOnce::call_once
[INFO] [stdout]              at /rustc/6067b36314ab5eb2eb47cecc464545ba58e1ad24/library/core/src/ops/function.rs:250:5
[INFO] [stdout]    4: <T as futures_util::fns::FnOnce1<A>>::call_once
[INFO] [stdout]              at /opt/rustwide/cargo-home/registry/src/index.crates.io-1949cf8c6b5b557f/futures-util-0.3.23/src/fns.rs:15:9
[INFO] [stdout]    5: <futures_util::fns::MapErrFn<F> as futures_util::fns::FnOnce1<core::result::Result<T,E>>>::call_once::{{closure}}
[INFO] [stdout]              at /opt/rustwide/cargo-home/registry/src/index.crates.io-1949cf8c6b5b557f/futures-util-0.3.23/src/fns.rs:219:25
[INFO] [stdout]    6: core::result::Result<T,E>::map_err
[INFO] [stdout]              at /rustc/6067b36314ab5eb2eb47cecc464545ba58e1ad24/library/core/src/result.rs:856:27
[INFO] [stdout]    7: <futures_util::fns::MapErrFn<F> as futures_util::fns::FnOnce1<core::result::Result<T,E>>>::call_once
[INFO] [stdout]              at /opt/rustwide/cargo-home/registry/src/index.crates.io-1949cf8c6b5b557f/futures-util-0.3.23/src/fns.rs:219:9
[INFO] [stdout]    8: <futures_util::future::future::map::Map<Fut,F> as core::future::future::Future>::poll
[INFO] [stdout]              at /opt/rustwide/cargo-home/registry/src/index.crates.io-1949cf8c6b5b557f/futures-util-0.3.23/src/future/future/map.rs:57:73
[INFO] [stdout]    9: <futures_util::future::future::Map<Fut,F> as core::future::future::Future>::poll
[INFO] [stdout]              at /opt/rustwide/cargo-home/registry/src/index.crates.io-1949cf8c6b5b557f/futures-util-0.3.23/src/lib.rs:91:13
[INFO] [stdout]   10: <futures_util::future::try_future::MapErr<Fut,F> as core::future::future::Future>::poll
[INFO] [stdout]              at /opt/rustwide/cargo-home/registry/src/index.crates.io-1949cf8c6b5b557f/futures-util-0.3.23/src/lib.rs:91:13
[INFO] [stdout]   11: <trust_dns_proto::tcp::tcp_client_stream::TcpClientConnect<S> as core::future::future::Future>::poll
[INFO] [stdout]              at /opt/rustwide/cargo-home/registry/src/index.crates.io-1949cf8c6b5b557f/trust-dns-proto-0.19.7/src/tcp/tcp_client_stream.rs:129:9
[INFO] [stdout]   12: futures_util::future::future::FutureExt::poll_unpin
[INFO] [stdout]              at /opt/rustwide/cargo-home/registry/src/index.crates.io-1949cf8c6b5b557f/futures-util-0.3.23/src/future/future/mod.rs:562:9
[INFO] [stdout]   13: <trust_dns_proto::xfer::dns_multiplexer::DnsMultiplexerConnect<F,S,MF> as core::future::future::Future>::poll
[INFO] [stdout]              at /opt/rustwide/cargo-home/registry/src/index.crates.io-1949cf8c6b5b557f/trust-dns-proto-0.19.7/src/xfer/dns_multiplexer.rs:279:32
[INFO] [stdout]   14: <trust_dns_proto::xfer::dns_exchange::DnsExchangeConnectInner<F,S,R,TE> as core::future::future::Future>::poll
[INFO] [stdout]              at /opt/rustwide/cargo-home/registry/src/index.crates.io-1949cf8c6b5b557f/trust-dns-proto-0.19.7/src/xfer/dns_exchange.rs:342:27
[INFO] [stdout]   15: futures_util::future::future::FutureExt::poll_unpin
[INFO] [stdout]              at /opt/rustwide/cargo-home/registry/src/index.crates.io-1949cf8c6b5b557f/futures-util-0.3.23/src/future/future/mod.rs:562:9
[INFO] [stdout]   16: <trust_dns_proto::xfer::dns_exchange::DnsExchangeConnect<F,S,R,TE> as core::future::future::Future>::poll
[INFO] [stdout]              at /opt/rustwide/cargo-home/registry/src/index.crates.io-1949cf8c6b5b557f/trust-dns-proto-0.19.7/src/xfer/dns_exchange.rs:296:9
[INFO] [stdout]   17: futures_util::future::future::FutureExt::poll_unpin
[INFO] [stdout]              at /opt/rustwide/cargo-home/registry/src/index.crates.io-1949cf8c6b5b557f/futures-util-0.3.23/src/future/future/mod.rs:562:9
[INFO] [stdout]   18: <trust_dns_resolver::name_server::connection_provider::ConnectionFuture<R> as core::future::future::Future>::poll
[INFO] [stdout]              at /opt/rustwide/cargo-home/registry/src/index.crates.io-1949cf8c6b5b557f/trust-dns-resolver-0.19.7/src/name_server/connection_provider.rs:300:41
[INFO] [stdout]   19: trust_dns_resolver::name_server::name_server::NameServer<C,P>::connected_mut_client::{{closure}}
[INFO] [stdout]              at /opt/rustwide/cargo-home/registry/src/index.crates.io-1949cf8c6b5b557f/trust-dns-resolver-0.19.7/src/name_server/name_server.rs:115:18
[INFO] [stdout]   20: trust_dns_resolver::name_server::name_server::NameServer<C,P>::inner_send::{{closure}}
[INFO] [stdout]              at /opt/rustwide/cargo-home/registry/src/index.crates.io-1949cf8c6b5b557f/trust-dns-resolver-0.19.7/src/name_server/name_server.rs:132:54
[INFO] [stdout]   21: <core::pin::Pin<P> as core::future::future::Future>::poll
[INFO] [stdout]              at /rustc/6067b36314ab5eb2eb47cecc464545ba58e1ad24/library/core/src/future/future.rs:124:9
[INFO] [stdout]   22: <F as futures_core::future::TryFuture>::try_poll
[INFO] [stdout]              at /opt/rustwide/cargo-home/registry/src/index.crates.io-1949cf8c6b5b557f/futures-core-0.3.23/src/future.rs:82:9
[INFO] [stdout]   23: futures_util::future::try_future::TryFutureExt::try_poll_unpin
[INFO] [stdout]              at /opt/rustwide/cargo-home/registry/src/index.crates.io-1949cf8c6b5b557f/futures-util-0.3.23/src/future/try_future/mod.rs:623:9
[INFO] [stdout]   24: <futures_util::future::select_ok::SelectOk<Fut> as core::future::future::Future>::poll::{{closure}}
[INFO] [stdout]              at /opt/rustwide/cargo-home/registry/src/index.crates.io-1949cf8c6b5b557f/futures-util-0.3.23/src/future/select_ok.rs:52:75
[INFO] [stdout]   25: core::iter::traits::iterator::Iterator::find_map::check::{{closure}}
[INFO] [stdout]              at /rustc/6067b36314ab5eb2eb47cecc464545ba58e1ad24/library/core/src/iter/traits/iterator.rs:2859:32
[INFO] [stdout]   26: <core::iter::adapters::enumerate::Enumerate<I> as core::iter::traits::iterator::Iterator>::try_fold::enumerate::{{closure}}
[INFO] [stdout]              at /rustc/6067b36314ab5eb2eb47cecc464545ba58e1ad24/library/core/src/iter/adapters/enumerate.rs:86:27
[INFO] [stdout]   27: core::iter::traits::iterator::Iterator::try_fold
[INFO] [stdout]              at /rustc/6067b36314ab5eb2eb47cecc464545ba58e1ad24/library/core/src/iter/traits/iterator.rs:2370:21
[INFO] [stdout]   28: <core::iter::adapters::enumerate::Enumerate<I> as core::iter::traits::iterator::Iterator>::try_fold
[INFO] [stdout]              at /rustc/6067b36314ab5eb2eb47cecc464545ba58e1ad24/library/core/src/iter/adapters/enumerate.rs:92:9
[INFO] [stdout]   29: core::iter::traits::iterator::Iterator::find_map
[INFO] [stdout]              at /rustc/6067b36314ab5eb2eb47cecc464545ba58e1ad24/library/core/src/iter/traits/iterator.rs:2865:9
[INFO] [stdout]   30: <futures_util::future::select_ok::SelectOk<Fut> as core::future::future::Future>::poll
[INFO] [stdout]              at /opt/rustwide/cargo-home/registry/src/index.crates.io-1949cf8c6b5b557f/futures-util-0.3.23/src/future/select_ok.rs:52:17
[INFO] [stdout]   31: trust_dns_resolver::name_server::name_server_pool::parallel_conn_loop::{{closure}}
[INFO] [stdout]              at /opt/rustwide/cargo-home/registry/src/index.crates.io-1949cf8c6b5b557f/trust-dns-resolver-0.19.7/src/name_server/name_server_pool.rs:286:43
[INFO] [stdout]   32: trust_dns_resolver::name_server::name_server_pool::NameServerPool<C,P>::try_send::{{closure}}
[INFO] [stdout]              at /opt/rustwide/cargo-home/registry/src/index.crates.io-1949cf8c6b5b557f/trust-dns-resolver-0.19.7/src/name_server/name_server_pool.rs:194:55
[INFO] [stdout]   33: <F as futures_core::future::TryFuture>::try_poll
[INFO] [stdout]              at /opt/rustwide/cargo-home/registry/src/index.crates.io-1949cf8c6b5b557f/futures-core-0.3.23/src/future.rs:82:9
[INFO] [stdout]   34: <futures_util::future::try_future::try_flatten_err::TryFlattenErr<Fut,<Fut as futures_core::future::TryFuture>::Error> as core::future::future::Future>::poll
[INFO] [stdout]              at /opt/rustwide/cargo-home/registry/src/index.crates.io-1949cf8c6b5b557f/futures-util-0.3.23/src/future/try_future/try_flatten_err.rs:54:41
[INFO] [stdout]   35: <futures_util::future::try_future::TryFlattenErr<Fut1,Fut2> as core::future::future::Future>::poll
[INFO] [stdout]              at /opt/rustwide/cargo-home/registry/src/index.crates.io-1949cf8c6b5b557f/futures-util-0.3.23/src/lib.rs:91:13
[INFO] [stdout]   36: <futures_util::future::try_future::OrElse<Fut1,Fut2,F> as core::future::future::Future>::poll
[INFO] [stdout]              at /opt/rustwide/cargo-home/registry/src/index.crates.io-1949cf8c6b5b557f/futures-util-0.3.23/src/lib.rs:91:13
[INFO] [stdout]   37: <core::pin::Pin<P> as core::future::future::Future>::poll
[INFO] [stdout]              at /rustc/6067b36314ab5eb2eb47cecc464545ba58e1ad24/library/core/src/future/future.rs:124:9
[INFO] [stdout]   38: futures_util::future::future::FutureExt::poll_unpin
[INFO] [stdout]              at /opt/rustwide/cargo-home/registry/src/index.crates.io-1949cf8c6b5b557f/futures-util-0.3.23/src/future/future/mod.rs:562:9
[INFO] [stdout]   39: <trust_dns_proto::xfer::retry_dns_handle::RetrySendFuture<H> as core::future::future::Future>::poll
[INFO] [stdout]              at /opt/rustwide/cargo-home/registry/src/index.crates.io-1949cf8c6b5b557f/trust-dns-proto-0.19.7/src/xfer/retry_dns_handle.rs:78:19
[INFO] [stdout]   40: <core::pin::Pin<P> as core::future::future::Future>::poll
[INFO] [stdout]              at /rustc/6067b36314ab5eb2eb47cecc464545ba58e1ad24/library/core/src/future/future.rs:124:9
[INFO] [stdout]   41: trust_dns_resolver::lookup_state::CachingClient<C>::inner_lookup::{{closure}}
[INFO] [stdout]              at /opt/rustwide/cargo-home/registry/src/index.crates.io-1949cf8c6b5b557f/trust-dns-resolver-0.19.7/src/lookup_state.rs:156:85
[INFO] [stdout]   42: <core::pin::Pin<P> as core::future::future::Future>::poll
[INFO] [stdout]              at /rustc/6067b36314ab5eb2eb47cecc464545ba58e1ad24/library/core/src/future/future.rs:124:9
[INFO] [stdout]   43: trust_dns_resolver::lookup_ip::hosts_lookup::{{closure}}
[INFO] [stdout]              at /opt/rustwide/cargo-home/registry/src/index.crates.io-1949cf8c6b5b557f/trust-dns-resolver-0.19.7/src/lookup_ip.rs:249:35
[INFO] [stdout]   44: trust_dns_resolver::lookup_ip::rt_then_swap::{{closure}}
[INFO] [stdout]              at /opt/rustwide/cargo-home/registry/src/index.crates.io-1949cf8c6b5b557f/trust-dns-resolver-0.19.7/src/lookup_ip.rs:398:14
[INFO] [stdout]   45: trust_dns_resolver::lookup_ip::ipv4_then_ipv6::{{closure}}
[INFO] [stdout]              at /opt/rustwide/cargo-home/registry/src/index.crates.io-1949cf8c6b5b557f/trust-dns-resolver-0.19.7/src/lookup_ip.rs:355:6
[INFO] [stdout]   46: trust_dns_resolver::lookup_ip::strategic_lookup::{{closure}}
[INFO] [stdout]              at /opt/rustwide/cargo-home/registry/src/index.crates.io-1949cf8c6b5b557f/trust-dns-resolver-0.19.7/src/lookup_ip.rs:232:88
[INFO] [stdout]   47: <trust_dns_resolver::lookup_ip::LookupIpFuture<C> as core::future::future::Future>::poll
[INFO] [stdout]              at /opt/rustwide/cargo-home/registry/src/index.crates.io-1949cf8c6b5b557f/trust-dns-resolver-0.19.7/src/lookup_ip.rs:134:25
[INFO] [stdout]   48: trust_dns_resolver::async_resolver::AsyncResolver<C,P>::lookup_ip::{{closure}}
[INFO] [stdout]              at /opt/rustwide/cargo-home/registry/src/index.crates.io-1949cf8c6b5b557f/trust-dns-resolver-0.19.7/src/async_resolver.rs:415:10
[INFO] [stdout]   49: bust::test::tests::http_request_with_body_test::{{closure}}
[INFO] [stdout]              at src/test.rs:144:14
[INFO] [stdout]   50: tokio::runtime::basic_scheduler::BasicScheduler<P>::block_on::{{closure}}::{{closure}}
[INFO] [stdout]              at /opt/rustwide/cargo-home/registry/src/index.crates.io-1949cf8c6b5b557f/tokio-0.2.25/src/runtime/basic_scheduler.rs:131:58
[INFO] [stdout]   51: tokio::coop::with_budget::{{closure}}
[INFO] [stdout]              at /opt/rustwide/cargo-home/registry/src/index.crates.io-1949cf8c6b5b557f/tokio-0.2.25/src/coop.rs:127:9
[INFO] [stdout]   52: std::thread::local::LocalKey<T>::try_with
[INFO] [stdout]              at /rustc/6067b36314ab5eb2eb47cecc464545ba58e1ad24/library/std/src/thread/local.rs:308:12
[INFO] [stdout]   53: std::thread::local::LocalKey<T>::with
[INFO] [stdout]              at /rustc/6067b36314ab5eb2eb47cecc464545ba58e1ad24/library/std/src/thread/local.rs:272:9
[INFO] [stdout]   54: tokio::coop::with_budget
[INFO] [stdout]              at /opt/rustwide/cargo-home/registry/src/index.crates.io-1949cf8c6b5b557f/tokio-0.2.25/src/coop.rs:120:5
[INFO] [stdout]       tokio::coop::budget
[INFO] [stdout]              at /opt/rustwide/cargo-home/registry/src/index.crates.io-1949cf8c6b5b557f/tokio-0.2.25/src/coop.rs:96:5
[INFO] [stdout]       tokio::runtime::basic_scheduler::BasicScheduler<P>::block_on::{{closure}}
[INFO] [stdout]              at /opt/rustwide/cargo-home/registry/src/index.crates.io-1949cf8c6b5b557f/tokio-0.2.25/src/runtime/basic_scheduler.rs:131:35
[INFO] [stdout]   55: tokio::runtime::basic_scheduler::enter::{{closure}}
[INFO] [stdout]              at /opt/rustwide/cargo-home/registry/src/index.crates.io-1949cf8c6b5b557f/tokio-0.2.25/src/runtime/basic_scheduler.rs:213:29
[INFO] [stdout]   56: tokio::macros::scoped_tls::ScopedKey<T>::set
[INFO] [stdout]              at /opt/rustwide/cargo-home/registry/src/index.crates.io-1949cf8c6b5b557f/tokio-0.2.25/src/macros/scoped_tls.rs:63:9
[INFO] [stdout]   57: tokio::runtime::basic_scheduler::enter
[INFO] [stdout]              at /opt/rustwide/cargo-home/registry/src/index.crates.io-1949cf8c6b5b557f/tokio-0.2.25/src/runtime/basic_scheduler.rs:213:5
[INFO] [stdout]   58: tokio::runtime::basic_scheduler::BasicScheduler<P>::block_on
[INFO] [stdout]              at /opt/rustwide/cargo-home/registry/src/index.crates.io-1949cf8c6b5b557f/tokio-0.2.25/src/runtime/basic_scheduler.rs:123:9
[INFO] [stdout]   59: tokio::runtime::Runtime::block_on::{{closure}}
[INFO] [stdout]              at /opt/rustwide/cargo-home/registry/src/index.crates.io-1949cf8c6b5b557f/tokio-0.2.25/src/runtime/mod.rs:444:34
[INFO] [stdout]   60: tokio::runtime::context::enter
[INFO] [stdout]              at /opt/rustwide/cargo-home/registry/src/index.crates.io-1949cf8c6b5b557f/tokio-0.2.25/src/runtime/context.rs:72:5
[INFO] [stdout]   61: tokio::runtime::handle::Handle::enter
[INFO] [stdout]              at /opt/rustwide/cargo-home/registry/src/index.crates.io-1949cf8c6b5b557f/tokio-0.2.25/src/runtime/handle.rs:76:9
[INFO] [stdout]   62: tokio::runtime::Runtime::block_on
[INFO] [stdout]              at /opt/rustwide/cargo-home/registry/src/index.crates.io-1949cf8c6b5b557f/tokio-0.2.25/src/runtime/mod.rs:441:9
[INFO] [stdout]   63: bust::test::tests::http_request_with_body_test
[INFO] [stdout]              at src/test.rs:124:5
[INFO] [stdout]   64: bust::test::tests::http_request_with_body_test::{{closure}}
[INFO] [stdout]              at src/test.rs:125:43
[INFO] [stdout]   65: core::ops::function::FnOnce::call_once
[INFO] [stdout]              at /rustc/6067b36314ab5eb2eb47cecc464545ba58e1ad24/library/core/src/ops/function.rs:250:5
[INFO] [stdout]   66: core::ops::function::FnOnce::call_once
[INFO] [stdout]              at /rustc/6067b36314ab5eb2eb47cecc464545ba58e1ad24/library/core/src/ops/function.rs:250:5
[INFO] [stdout]       test::__rust_begin_short_backtrace
[INFO] [stdout]              at /rustc/6067b36314ab5eb2eb47cecc464545ba58e1ad24/library/test/src/lib.rs:632:18
[INFO] [stdout]   67: test::run_test_in_process::{{closure}}
[INFO] [stdout]              at /rustc/6067b36314ab5eb2eb47cecc464545ba58e1ad24/library/test/src/lib.rs:655:60
[INFO] [stdout]       <core::panic::unwind_safe::AssertUnwindSafe<F> as core::ops::function::FnOnce<()>>::call_once
[INFO] [stdout]              at /rustc/6067b36314ab5eb2eb47cecc464545ba58e1ad24/library/core/src/panic/unwind_safe.rs:272:9
[INFO] [stdout]       std::panicking::try::do_call
[INFO] [stdout]              at /rustc/6067b36314ab5eb2eb47cecc464545ba58e1ad24/library/std/src/panicking.rs:587:40
[INFO] [stdout]       std::panicking::try
[INFO] [stdout]              at /rustc/6067b36314ab5eb2eb47cecc464545ba58e1ad24/library/std/src/panicking.rs:550:19
[INFO] [stdout]       std::panic::catch_unwind
[INFO] [stdout]              at /rustc/6067b36314ab5eb2eb47cecc464545ba58e1ad24/library/std/src/panic.rs:358:14
[INFO] [stdout]       test::run_test_in_process
[INFO] [stdout]              at /rustc/6067b36314ab5eb2eb47cecc464545ba58e1ad24/library/test/src/lib.rs:655:27
[INFO] [stdout]       test::run_test::{{closure}}
[INFO] [stdout]              at /rustc/6067b36314ab5eb2eb47cecc464545ba58e1ad24/library/test/src/lib.rs:576:43
[INFO] [stdout]   68: test::run_test::{{closure}}
[INFO] [stdout]              at /rustc/6067b36314ab5eb2eb47cecc464545ba58e1ad24/library/test/src/lib.rs:606:41
[INFO] [stdout]       std::sys::backtrace::__rust_begin_short_backtrace
[INFO] [stdout]              at /rustc/6067b36314ab5eb2eb47cecc464545ba58e1ad24/library/std/src/sys/backtrace.rs:152:18
[INFO] [stdout]   69: std::thread::Builder::spawn_unchecked_::{{closure}}::{{closure}}
[INFO] [stdout]              at /rustc/6067b36314ab5eb2eb47cecc464545ba58e1ad24/library/std/src/thread/mod.rs:559:17
[INFO] [stdout]       <core::panic::unwind_safe::AssertUnwindSafe<F> as core::ops::function::FnOnce<()>>::call_once
[INFO] [stdout]              at /rustc/6067b36314ab5eb2eb47cecc464545ba58e1ad24/library/core/src/panic/unwind_safe.rs:272:9
[INFO] [stdout]       std::panicking::try::do_call
[INFO] [stdout]              at /rustc/6067b36314ab5eb2eb47cecc464545ba58e1ad24/library/std/src/panicking.rs:587:40
[INFO] [stdout]       std::panicking::try
[INFO] [stdout]              at /rustc/6067b36314ab5eb2eb47cecc464545ba58e1ad24/library/std/src/panicking.rs:550:19
[INFO] [stdout]       std::panic::catch_unwind
[INFO] [stdout]              at /rustc/6067b36314ab5eb2eb47cecc464545ba58e1ad24/library/std/src/panic.rs:358:14
[INFO] [stdout]       std::thread::Builder::spawn_unchecked_::{{closure}}
[INFO] [stdout]              at /rustc/6067b36314ab5eb2eb47cecc464545ba58e1ad24/library/std/src/thread/mod.rs:557:30
[INFO] [stdout]       core::ops::function::FnOnce::call_once{{vtable.shim}}
[INFO] [stdout]              at /rustc/6067b36314ab5eb2eb47cecc464545ba58e1ad24/library/core/src/ops/function.rs:250:5
[INFO] [stdout]   70: <alloc::boxed::Box<F,A> as core::ops::function::FnOnce<Args>>::call_once
[INFO] [stdout]              at /rustc/6067b36314ab5eb2eb47cecc464545ba58e1ad24/library/alloc/src/boxed.rs:2013:9
[INFO] [stdout]       <alloc::boxed::Box<F,A> as core::ops::function::FnOnce<Args>>::call_once
[INFO] [stdout]              at /rustc/6067b36314ab5eb2eb47cecc464545ba58e1ad24/library/alloc/src/boxed.rs:2013:9
[INFO] [stdout]       std::sys::pal::unix::thread::Thread::new::thread_start
[INFO] [stdout]              at /rustc/6067b36314ab5eb2eb47cecc464545ba58e1ad24/library/std/src/sys/pal/unix/thread.rs:106:17
[INFO] [stdout]   71: <unknown>
[INFO] [stdout]   72: clone
[INFO] [stdout] ) }), backtrack: Some(   0: <trust_dns_resolver::error::ResolveError as core::convert::From<trust_dns_resolver::error::ResolveErrorKind>>::from
[INFO] [stdout]              at /opt/rustwide/cargo-home/registry/src/index.crates.io-1949cf8c6b5b557f/trust-dns-resolver-0.19.7/src/error.rs:116:24
[INFO] [stdout]    1: <T as core::convert::Into<U>>::into
[INFO] [stdout]              at /rustc/6067b36314ab5eb2eb47cecc464545ba58e1ad24/library/core/src/convert/mod.rs:761:9
[INFO] [stdout]    2: <trust_dns_resolver::error::ResolveError as core::convert::From<trust_dns_proto::error::ProtoError>>::from
[INFO] [stdout]              at /opt/rustwide/cargo-home/registry/src/index.crates.io-1949cf8c6b5b557f/trust-dns-resolver-0.19.7/src/error.rs:153:18
[INFO] [stdout]    3: <core::result::Result<T,F> as core::ops::try_trait::FromResidual<core::result::Result<core::convert::Infallible,E>>>::from_residual
[INFO] [stdout]              at /rustc/6067b36314ab5eb2eb47cecc464545ba58e1ad24/library/core/src/result.rs:2014:27
[INFO] [stdout]    4: trust_dns_resolver::lookup_state::CachingClient<C>::inner_lookup::{{closure}}
[INFO] [stdout]              at /opt/rustwide/cargo-home/registry/src/index.crates.io-1949cf8c6b5b557f/trust-dns-resolver-0.19.7/src/lookup_state.rs:156:32
[INFO] [stdout]    5: <core::pin::Pin<P> as core::future::future::Future>::poll
[INFO] [stdout]              at /rustc/6067b36314ab5eb2eb47cecc464545ba58e1ad24/library/core/src/future/future.rs:124:9
[INFO] [stdout]    6: trust_dns_resolver::lookup_ip::hosts_lookup::{{closure}}
[INFO] [stdout]              at /opt/rustwide/cargo-home/registry/src/index.crates.io-1949cf8c6b5b557f/trust-dns-resolver-0.19.7/src/lookup_ip.rs:249:35
[INFO] [stdout]    7: trust_dns_resolver::lookup_ip::rt_then_swap::{{closure}}
[INFO] [stdout]              at /opt/rustwide/cargo-home/registry/src/index.crates.io-1949cf8c6b5b557f/trust-dns-resolver-0.19.7/src/lookup_ip.rs:398:14
[INFO] [stdout]    8: trust_dns_resolver::lookup_ip::ipv4_then_ipv6::{{closure}}
[INFO] [stdout]              at /opt/rustwide/cargo-home/registry/src/index.crates.io-1949cf8c6b5b557f/trust-dns-resolver-0.19.7/src/lookup_ip.rs:355:6
[INFO] [stdout]    9: trust_dns_resolver::lookup_ip::strategic_lookup::{{closure}}
[INFO] [stdout]              at /opt/rustwide/cargo-home/registry/src/index.crates.io-1949cf8c6b5b557f/trust-dns-resolver-0.19.7/src/lookup_ip.rs:232:88
[INFO] [stdout]   10: <trust_dns_resolver::lookup_ip::LookupIpFuture<C> as core::future::future::Future>::poll
[INFO] [stdout]              at /opt/rustwide/cargo-home/registry/src/index.crates.io-1949cf8c6b5b557f/trust-dns-resolver-0.19.7/src/lookup_ip.rs:134:25
[INFO] [stdout]   11: trust_dns_resolver::async_resolver::AsyncResolver<C,P>::lookup_ip::{{closure}}
[INFO] [stdout]              at /opt/rustwide/cargo-home/registry/src/index.crates.io-1949cf8c6b5b557f/trust-dns-resolver-0.19.7/src/async_resolver.rs:415:10
[INFO] [stdout]   12: bust::test::tests::http_request_with_body_test::{{closure}}
[INFO] [stdout]              at src/test.rs:144:14
[INFO] [stdout]   13: tokio::runtime::basic_scheduler::BasicScheduler<P>::block_on::{{closure}}::{{closure}}
[INFO] [stdout]              at /opt/rustwide/cargo-home/registry/src/index.crates.io-1949cf8c6b5b557f/tokio-0.2.25/src/runtime/basic_scheduler.rs:131:58
[INFO] [stdout]   14: tokio::coop::with_budget::{{closure}}
[INFO] [stdout]              at /opt/rustwide/cargo-home/registry/src/index.crates.io-1949cf8c6b5b557f/tokio-0.2.25/src/coop.rs:127:9
[INFO] [stdout]   15: std::thread::local::LocalKey<T>::try_with
[INFO] [stdout]              at /rustc/6067b36314ab5eb2eb47cecc464545ba58e1ad24/library/std/src/thread/local.rs:308:12
[INFO] [stdout]   16: std::thread::local::LocalKey<T>::with
[INFO] [stdout]              at /rustc/6067b36314ab5eb2eb47cecc464545ba58e1ad24/library/std/src/thread/local.rs:272:9
[INFO] [stdout]   17: tokio::coop::with_budget
[INFO] [stdout]              at /opt/rustwide/cargo-home/registry/src/index.crates.io-1949cf8c6b5b557f/tokio-0.2.25/src/coop.rs:120:5
[INFO] [stdout]       tokio::coop::budget
[INFO] [stdout]              at /opt/rustwide/cargo-home/registry/src/index.crates.io-1949cf8c6b5b557f/tokio-0.2.25/src/coop.rs:96:5
[INFO] [stdout]       tokio::runtime::basic_scheduler::BasicScheduler<P>::block_on::{{closure}}
[INFO] [stdout]              at /opt/rustwide/cargo-home/registry/src/index.crates.io-1949cf8c6b5b557f/tokio-0.2.25/src/runtime/basic_scheduler.rs:131:35
[INFO] [stdout]   18: tokio::runtime::basic_scheduler::enter::{{closure}}
[INFO] [stdout]              at /opt/rustwide/cargo-home/registry/src/index.crates.io-1949cf8c6b5b557f/tokio-0.2.25/src/runtime/basic_scheduler.rs:213:29
[INFO] [stdout]   19: tokio::macros::scoped_tls::ScopedKey<T>::set
[INFO] [stdout]              at /opt/rustwide/cargo-home/registry/src/index.crates.io-1949cf8c6b5b557f/tokio-0.2.25/src/macros/scoped_tls.rs:63:9
[INFO] [stdout]   20: tokio::runtime::basic_scheduler::enter
[INFO] [stdout]              at /opt/rustwide/cargo-home/registry/src/index.crates.io-1949cf8c6b5b557f/tokio-0.2.25/src/runtime/basic_scheduler.rs:213:5
[INFO] [stdout]   21: tokio::runtime::basic_scheduler::BasicScheduler<P>::block_on
[INFO] [stdout]              at /opt/rustwide/cargo-home/registry/src/index.crates.io-1949cf8c6b5b557f/tokio-0.2.25/src/runtime/basic_scheduler.rs:123:9
[INFO] [stdout]   22: tokio::runtime::Runtime::block_on::{{closure}}
[INFO] [stdout]              at /opt/rustwide/cargo-home/registry/src/index.crates.io-1949cf8c6b5b557f/tokio-0.2.25/src/runtime/mod.rs:444:34
[INFO] [stdout]   23: tokio::runtime::context::enter
[INFO] [stdout]              at /opt/rustwide/cargo-home/registry/src/index.crates.io-1949cf8c6b5b557f/tokio-0.2.25/src/runtime/context.rs:72:5
[INFO] [stdout]   24: tokio::runtime::handle::Handle::enter
[INFO] [stdout]              at /opt/rustwide/cargo-home/registry/src/index.crates.io-1949cf8c6b5b557f/tokio-0.2.25/src/runtime/handle.rs:76:9
[INFO] [stdout]   25: tokio::runtime::Runtime::block_on
[INFO] [stdout]              at /opt/rustwide/cargo-home/registry/src/index.crates.io-1949cf8c6b5b557f/tokio-0.2.25/src/runtime/mod.rs:441:9
[INFO] [stdout]   26: bust::test::tests::http_request_with_body_test
[INFO] [stdout]              at src/test.rs:124:5
[INFO] [stdout]   27: bust::test::tests::http_request_with_body_test::{{closure}}
[INFO] [stdout]              at src/test.rs:125:43
[INFO] [stdout]   28: core::ops::function::FnOnce::call_once
[INFO] [stdout]              at /rustc/6067b36314ab5eb2eb47cecc464545ba58e1ad24/library/core/src/ops/function.rs:250:5
[INFO] [stdout]   29: core::ops::function::FnOnce::call_once
[INFO] [stdout]              at /rustc/6067b36314ab5eb2eb47cecc464545ba58e1ad24/library/core/src/ops/function.rs:250:5
[INFO] [stdout]       test::__rust_begin_short_backtrace
[INFO] [stdout]              at /rustc/6067b36314ab5eb2eb47cecc464545ba58e1ad24/library/test/src/lib.rs:632:18
[INFO] [stdout]   30: test::run_test_in_process::{{closure}}
[INFO] [stdout]              at /rustc/6067b36314ab5eb2eb47cecc464545ba58e1ad24/library/test/src/lib.rs:655:60
[INFO] [stdout]       <core::panic::unwind_safe::AssertUnwindSafe<F> as core::ops::function::FnOnce<()>>::call_once
[INFO] [stdout]              at /rustc/6067b36314ab5eb2eb47cecc464545ba58e1ad24/library/core/src/panic/unwind_safe.rs:272:9
[INFO] [stdout]       std::panicking::try::do_call
[INFO] [stdout]              at /rustc/6067b36314ab5eb2eb47cecc464545ba58e1ad24/library/std/src/panicking.rs:587:40
[INFO] [stdout]       std::panicking::try
[INFO] [stdout]              at /rustc/6067b36314ab5eb2eb47cecc464545ba58e1ad24/library/std/src/panicking.rs:550:19
[INFO] [stdout]       std::panic::catch_unwind
[INFO] [stdout]              at /rustc/6067b36314ab5eb2eb47cecc464545ba58e1ad24/library/std/src/panic.rs:358:14
[INFO] [stdout]       test::run_test_in_process
[INFO] [stdout]              at /rustc/6067b36314ab5eb2eb47cecc464545ba58e1ad24/library/test/src/lib.rs:655:27
[INFO] [stdout]       test::run_test::{{closure}}
[INFO] [stdout]              at /rustc/6067b36314ab5eb2eb47cecc464545ba58e1ad24/library/test/src/lib.rs:576:43
[INFO] [stdout]   31: test::run_test::{{closure}}
[INFO] [stdout]              at /rustc/6067b36314ab5eb2eb47cecc464545ba58e1ad24/library/test/src/lib.rs:606:41
[INFO] [stdout]       std::sys::backtrace::__rust_begin_short_backtrace
[INFO] [stdout]              at /rustc/6067b36314ab5eb2eb47cecc464545ba58e1ad24/library/std/src/sys/backtrace.rs:152:18
[INFO] [stdout]   32: std::thread::Builder::spawn_unchecked_::{{closure}}::{{closure}}
[INFO] [stdout]              at /rustc/6067b36314ab5eb2eb47cecc464545ba58e1ad24/library/std/src/thread/mod.rs:559:17
[INFO] [stdout]       <core::panic::unwind_safe::AssertUnwindSafe<F> as core::ops::function::FnOnce<()>>::call_once
[INFO] [stdout]              at /rustc/6067b36314ab5eb2eb47cecc464545ba58e1ad24/library/core/src/panic/unwind_safe.rs:272:9
[INFO] [stdout]       std::panicking::try::do_call
[INFO] [stdout]              at /rustc/6067b36314ab5eb2eb47cecc464545ba58e1ad24/library/std/src/panicking.rs:587:40
[INFO] [stdout]       std::panicking::try
[INFO] [stdout]              at /rustc/6067b36314ab5eb2eb47cecc464545ba58e1ad24/library/std/src/panicking.rs:550:19
[INFO] [stdout]       std::panic::catch_unwind
[INFO] [stdout]              at /rustc/6067b36314ab5eb2eb47cecc464545ba58e1ad24/library/std/src/panic.rs:358:14
[INFO] [stdout]       std::thread::Builder::spawn_unchecked_::{{closure}}
[INFO] [stdout]              at /rustc/6067b36314ab5eb2eb47cecc464545ba58e1ad24/library/std/src/thread/mod.rs:557:30
[INFO] [stdout]       core::ops::function::FnOnce::call_once{{vtable.shim}}
[INFO] [stdout]              at /rustc/6067b36314ab5eb2eb47cecc464545ba58e1ad24/library/core/src/ops/function.rs:250:5
[INFO] [stdout]   33: <alloc::boxed::Box<F,A> as core::ops::function::FnOnce<Args>>::call_once
[INFO] [stdout]              at /rustc/6067b36314ab5eb2eb47cecc464545ba58e1ad24/library/alloc/src/boxed.rs:2013:9
[INFO] [stdout]       <alloc::boxed::Box<F,A> as core::ops::function::FnOnce<Args>>::call_once
[INFO] [stdout]              at /rustc/6067b36314ab5eb2eb47cecc464545ba58e1ad24/library/alloc/src/boxed.rs:2013:9
[INFO] [stdout]       std::sys::pal::unix::thread::Thread::new::thread_start
[INFO] [stdout]              at /rustc/6067b36314ab5eb2eb47cecc464545ba58e1ad24/library/std/src/sys/pal/unix/thread.rs:106:17
[INFO] [stdout]   34: <unknown>
[INFO] [stdout]   35: clone
[INFO] [stdout] ) }
[INFO] [stdout] stack backtrace:
[INFO] [stdout]    0:     0x5589a24f153a - std::backtrace_rs::backtrace::libunwind::trace::hb059275cfc8d6126
[INFO] [stdout]                                at /rustc/6067b36314ab5eb2eb47cecc464545ba58e1ad24/library/std/src/../../backtrace/src/backtrace/libunwind.rs:116:5
[INFO] [stdout]    1:     0x5589a24f153a - std::backtrace_rs::backtrace::trace_unsynchronized::h2da071e4327ce3ee
[INFO] [stdout]                                at /rustc/6067b36314ab5eb2eb47cecc464545ba58e1ad24/library/std/src/../../backtrace/src/backtrace/mod.rs:66:5
[INFO] [stdout]    2:     0x5589a24f153a - std::sys::backtrace::_print_fmt::h842a1474e6f8d23f
[INFO] [stdout]                                at /rustc/6067b36314ab5eb2eb47cecc464545ba58e1ad24/library/std/src/sys/backtrace.rs:66:9
[INFO] [stdout]    3:     0x5589a24f153a - <std::sys::backtrace::BacktraceLock::print::DisplayBacktrace as core::fmt::Display>::fmt::h71a62eb3b9696b12
[INFO] [stdout]                                at /rustc/6067b36314ab5eb2eb47cecc464545ba58e1ad24/library/std/src/sys/backtrace.rs:39:26
[INFO] [stdout]    4:     0x5589a251caf3 - core::fmt::rt::Argument::fmt::hdb6b616786b41dc1
[INFO] [stdout]                                at /rustc/6067b36314ab5eb2eb47cecc464545ba58e1ad24/library/core/src/fmt/rt.rs:177:76
[INFO] [stdout]    5:     0x5589a251caf3 - core::fmt::write::h2cc1698af7e2d686
[INFO] [stdout]                                at /rustc/6067b36314ab5eb2eb47cecc464545ba58e1ad24/library/core/src/fmt/mod.rs:1440:21
[INFO] [stdout]    6:     0x5589a24edc43 - std::io::Write::write_fmt::hab1b4cd059a79022
[INFO] [stdout]                                at /rustc/6067b36314ab5eb2eb47cecc464545ba58e1ad24/library/std/src/io/mod.rs:1887:15
[INFO] [stdout]    7:     0x5589a24f1382 - std::sys::backtrace::BacktraceLock::print::h147fe35b4ea13b08
[INFO] [stdout]                                at /rustc/6067b36314ab5eb2eb47cecc464545ba58e1ad24/library/std/src/sys/backtrace.rs:42:9
[INFO] [stdout]    8:     0x5589a24f295f - std::panicking::default_hook::{{closure}}::hbd44223dbdc0d208
[INFO] [stdout]                                at /rustc/6067b36314ab5eb2eb47cecc464545ba58e1ad24/library/std/src/panicking.rs:298:22
[INFO] [stdout]    9:     0x5589a24f2778 - std::panicking::default_hook::h20f81eb0576efcec
[INFO] [stdout]                                at /rustc/6067b36314ab5eb2eb47cecc464545ba58e1ad24/library/std/src/panicking.rs:322:9
[INFO] [stdout]   10:     0x5589a24baec3 - <alloc::boxed::Box<F,A> as core::ops::function::Fn<Args>>::call::hdb53814c496a4d34
[INFO] [stdout]                                at /rustc/6067b36314ab5eb2eb47cecc464545ba58e1ad24/library/alloc/src/boxed.rs:2027:9
[INFO] [stdout]   11:     0x5589a24baec3 - test::test_main::{{closure}}::hc0a4963c59427c24
[INFO] [stdout]                                at /rustc/6067b36314ab5eb2eb47cecc464545ba58e1ad24/library/test/src/lib.rs:134:21
[INFO] [stdout]   12:     0x5589a24f3453 - <alloc::boxed::Box<F,A> as core::ops::function::Fn<Args>>::call::h591b2225413a77e9
[INFO] [stdout]                                at /rustc/6067b36314ab5eb2eb47cecc464545ba58e1ad24/library/alloc/src/boxed.rs:2027:9
[INFO] [stdout]   13:     0x5589a24f3453 - std::panicking::rust_panic_with_hook::h625eea43051b2edc
[INFO] [stdout]                                at /rustc/6067b36314ab5eb2eb47cecc464545ba58e1ad24/library/std/src/panicking.rs:839:13
[INFO] [stdout]   14:     0x5589a24f310a - std::panicking::begin_panic_handler::{{closure}}::h4f9159cfbc3f6bd3
[INFO] [stdout]                                at /rustc/6067b36314ab5eb2eb47cecc464545ba58e1ad24/library/std/src/panicking.rs:704:13
[INFO] [stdout]   15:     0x5589a24f1a39 - std::sys::backtrace::__rust_end_short_backtrace::h0390abce48353151
[INFO] [stdout]                                at /rustc/6067b36314ab5eb2eb47cecc464545ba58e1ad24/library/std/src/sys/backtrace.rs:168:18
[INFO] [stdout]   16:     0x5589a24f2d9d - rust_begin_unwind
[INFO] [stdout]                                at /rustc/6067b36314ab5eb2eb47cecc464545ba58e1ad24/library/std/src/panicking.rs:695:5
[INFO] [stdout]   17:     0x5589a251ad80 - core::panicking::panic_fmt::h9e7c637e9e5f29c9
[INFO] [stdout]                                at /rustc/6067b36314ab5eb2eb47cecc464545ba58e1ad24/library/core/src/panicking.rs:75:14
[INFO] [stdout]   18:     0x5589a251b1f6 - core::result::unwrap_failed::h7979f09313fe1849
[INFO] [stdout]                                at /rustc/6067b36314ab5eb2eb47cecc464545ba58e1ad24/library/core/src/result.rs:1704:5
[INFO] [stdout]   19:     0x5589a21d0d10 - core::result::Result<T,E>::unwrap::he223b93115456865
[INFO] [stdout]                                at /rustc/6067b36314ab5eb2eb47cecc464545ba58e1ad24/library/core/src/result.rs:1109:23
[INFO] [stdout]   20:     0x5589a21d0d10 - bust::test::tests::http_request_with_body_test::{{closure}}::h933d6ab19ed2f152
[INFO] [stdout]                                at /opt/rustwide/workdir/src/test.rs:142:24
[INFO] [stdout]   21:     0x5589a21e0b8f - tokio::runtime::basic_scheduler::BasicScheduler<P>::block_on::{{closure}}::{{closure}}::hfe06c7d07d89ea8a
[INFO] [stdout]                                at /opt/rustwide/cargo-home/registry/src/index.crates.io-1949cf8c6b5b557f/tokio-0.2.25/src/runtime/basic_scheduler.rs:131:58
[INFO] [stdout]   22:     0x5589a21eebd3 - tokio::coop::with_budget::{{closure}}::h2f8e5f7a30d740d0
[INFO] [stdout]                                at /opt/rustwide/cargo-home/registry/src/index.crates.io-1949cf8c6b5b557f/tokio-0.2.25/src/coop.rs:127:9
[INFO] [stdout]   23:     0x5589a21c6c65 - std::thread::local::LocalKey<T>::try_with::hd0ef5686199fb9a5
[INFO] [stdout]                                at /rustc/6067b36314ab5eb2eb47cecc464545ba58e1ad24/library/std/src/thread/local.rs:308:12
[INFO] [stdout]   24:     0x5589a21c579a - std::thread::local::LocalKey<T>::with::h299c7d74500011c5
[INFO] [stdout]                                at /rustc/6067b36314ab5eb2eb47cecc464545ba58e1ad24/library/std/src/thread/local.rs:272:9
[INFO] [stdout]   25:     0x5589a21dfb03 - tokio::coop::with_budget::hf818bc97fb924006
[INFO] [stdout]                                at /opt/rustwide/cargo-home/registry/src/index.crates.io-1949cf8c6b5b557f/tokio-0.2.25/src/coop.rs:120:5
[INFO] [stdout]   26:     0x5589a21dfb03 - tokio::coop::budget::h885e23b760daa46c
[INFO] [stdout]                                at /opt/rustwide/cargo-home/registry/src/index.crates.io-1949cf8c6b5b557f/tokio-0.2.25/src/coop.rs:96:5
[INFO] [stdout]   27:     0x5589a21dfb03 - tokio::runtime::basic_scheduler::BasicScheduler<P>::block_on::{{closure}}::h7aa7c81310dd7b2e
[INFO] [stdout]                                at /opt/rustwide/cargo-home/registry/src/index.crates.io-1949cf8c6b5b557f/tokio-0.2.25/src/runtime/basic_scheduler.rs:131:35
[INFO] [stdout]   28:     0x5589a21e1aa1 - tokio::runtime::basic_scheduler::enter::{{closure}}::h0956ea74861fd6b4
[INFO] [stdout]                                at /opt/rustwide/cargo-home/registry/src/index.crates.io-1949cf8c6b5b557f/tokio-0.2.25/src/runtime/basic_scheduler.rs:213:29
[INFO] [stdout]   29:     0x5589a21ea259 - tokio::macros::scoped_tls::ScopedKey<T>::set::h0f0a78a9cf94c16c
[INFO] [stdout]                                at /opt/rustwide/cargo-home/registry/src/index.crates.io-1949cf8c6b5b557f/tokio-0.2.25/src/macros/scoped_tls.rs:63:9
[INFO] [stdout]   30:     0x5589a21e0ef2 - tokio::runtime::basic_scheduler::enter::h345b1e01b44a1e1c
[INFO] [stdout]                                at /opt/rustwide/cargo-home/registry/src/index.crates.io-1949cf8c6b5b557f/tokio-0.2.25/src/runtime/basic_scheduler.rs:213:5
[INFO] [stdout]   31:     0x5589a21de912 - tokio::runtime::basic_scheduler::BasicScheduler<P>::block_on::h77bf55010c38ac06
[INFO] [stdout]                                at /opt/rustwide/cargo-home/registry/src/index.crates.io-1949cf8c6b5b557f/tokio-0.2.25/src/runtime/basic_scheduler.rs:123:9
[INFO] [stdout]   32:     0x5589a21f0d74 - tokio::runtime::Runtime::block_on::{{closure}}::h9d73364a9f63d2b4
[INFO] [stdout]                                at /opt/rustwide/cargo-home/registry/src/index.crates.io-1949cf8c6b5b557f/tokio-0.2.25/src/runtime/mod.rs:444:34
[INFO] [stdout]   33:     0x5589a21cbd6b - tokio::runtime::context::enter::h70f422475d0d3bec
[INFO] [stdout]                                at /opt/rustwide/cargo-home/registry/src/index.crates.io-1949cf8c6b5b557f/tokio-0.2.25/src/runtime/context.rs:72:5
[INFO] [stdout]   34:     0x5589a21e1daa - tokio::runtime::handle::Handle::enter::h84a8a601bad4ae41
[INFO] [stdout]                                at /opt/rustwide/cargo-home/registry/src/index.crates.io-1949cf8c6b5b557f/tokio-0.2.25/src/runtime/handle.rs:76:9
[INFO] [stdout]   35:     0x5589a21f0ac9 - tokio::runtime::Runtime::block_on::h3dd4d95596c2e378
[INFO] [stdout]                                at /opt/rustwide/cargo-home/registry/src/index.crates.io-1949cf8c6b5b557f/tokio-0.2.25/src/runtime/mod.rs:441:9
[INFO] [stdout]   36:     0x5589a21d01c1 - bust::test::tests::http_request_with_body_test::hdc036b38b62e3bdb
[INFO] [stdout]                                at /opt/rustwide/workdir/src/test.rs:124:5
[INFO] [stdout]   37:     0x5589a21d0027 - bust::test::tests::http_request_with_body_test::{{closure}}::h37959ef35390bbdd
[INFO] [stdout]                                at /opt/rustwide/workdir/src/test.rs:125:43
[INFO] [stdout]   38:     0x5589a21c7576 - core::ops::function::FnOnce::call_once::h84287e9dce3aa198
[INFO] [stdout]                                at /rustc/6067b36314ab5eb2eb47cecc464545ba58e1ad24/library/core/src/ops/function.rs:250:5
[INFO] [stdout]   39:     0x5589a24c061b - core::ops::function::FnOnce::call_once::he27718dfdd183f43
[INFO] [stdout]                                at /rustc/6067b36314ab5eb2eb47cecc464545ba58e1ad24/library/core/src/ops/function.rs:250:5
[INFO] [stdout]   40:     0x5589a24c061b - test::__rust_begin_short_backtrace::h4e84902998457a5d
[INFO] [stdout]                                at /rustc/6067b36314ab5eb2eb47cecc464545ba58e1ad24/library/test/src/lib.rs:632:18
[INFO] [stdout]   41:     0x5589a24bf553 - test::run_test_in_process::{{closure}}::h7176fd18fc1feca0
[INFO] [stdout]                                at /rustc/6067b36314ab5eb2eb47cecc464545ba58e1ad24/library/test/src/lib.rs:655:60
[INFO] [stdout]   42:     0x5589a24bf553 - <core::panic::unwind_safe::AssertUnwindSafe<F> as core::ops::function::FnOnce<()>>::call_once::hf79cff2a624d8cf7
[INFO] [stdout]                                at /rustc/6067b36314ab5eb2eb47cecc464545ba58e1ad24/library/core/src/panic/unwind_safe.rs:272:9
[INFO] [stdout]   43:     0x5589a24bf553 - std::panicking::try::do_call::h3da0561d9ab99c25
[INFO] [stdout]                                at /rustc/6067b36314ab5eb2eb47cecc464545ba58e1ad24/library/std/src/panicking.rs:587:40
[INFO] [stdout]   44:     0x5589a24bf553 - std::panicking::try::h41c9fa508bc61df6
[INFO] [stdout]                                at /rustc/6067b36314ab5eb2eb47cecc464545ba58e1ad24/library/std/src/panicking.rs:550:19
[INFO] [stdout]   45:     0x5589a24bf553 - std::panic::catch_unwind::h6b3ff07bb5afad93
[INFO] [stdout]                                at /rustc/6067b36314ab5eb2eb47cecc464545ba58e1ad24/library/std/src/panic.rs:358:14
[INFO] [stdout]   46:     0x5589a24bf553 - test::run_test_in_process::hc7253dd11b39b9f4
[INFO] [stdout]                                at /rustc/6067b36314ab5eb2eb47cecc464545ba58e1ad24/library/test/src/lib.rs:655:27
[INFO] [stdout]   47:     0x5589a24bf553 - test::run_test::{{closure}}::hfb2007f8649c30bb
[INFO] [stdout]                                at /rustc/6067b36314ab5eb2eb47cecc464545ba58e1ad24/library/test/src/lib.rs:576:43
[INFO] [stdout]   48:     0x5589a2482425 - test::run_test::{{closure}}::h56a17aa7a282a9f4
[INFO] [stdout]                                at /rustc/6067b36314ab5eb2eb47cecc464545ba58e1ad24/library/test/src/lib.rs:606:41
[INFO] [stdout]   49:     0x5589a2482425 - std::sys::backtrace::__rust_begin_short_backtrace::hd2d2d2fb8e8c6aac
[INFO] [stdout]                                at /rustc/6067b36314ab5eb2eb47cecc464545ba58e1ad24/library/std/src/sys/backtrace.rs:152:18
[INFO] [stdout]   50:     0x5589a2485d0a - std::thread::Builder::spawn_unchecked_::{{closure}}::{{closure}}::h4faa3f9db6133423
[INFO] [stdout]                                at /rustc/6067b36314ab5eb2eb47cecc464545ba58e1ad24/library/std/src/thread/mod.rs:559:17
[INFO] [stdout]   51:     0x5589a2485d0a - <core::panic::unwind_safe::AssertUnwindSafe<F> as core::ops::function::FnOnce<()>>::call_once::hf2e855a36a4ea846
[INFO] [stdout]                                at /rustc/6067b36314ab5eb2eb47cecc464545ba58e1ad24/library/core/src/panic/unwind_safe.rs:272:9
[INFO] [stdout]   52:     0x5589a2485d0a - std::panicking::try::do_call::h2f73af3616c35465
[INFO] [stdout]                                at /rustc/6067b36314ab5eb2eb47cecc464545ba58e1ad24/library/std/src/panicking.rs:587:40
[INFO] [stdout]   53:     0x5589a2485d0a - std::panicking::try::hd1660ce9efadef5a
[INFO] [stdout]                                at /rustc/6067b36314ab5eb2eb47cecc464545ba58e1ad24/library/std/src/panicking.rs:550:19
[INFO] [stdout]   54:     0x5589a2485d0a - std::panic::catch_unwind::h5ee8d7823b8ca744
[INFO] [stdout]                                at /rustc/6067b36314ab5eb2eb47cecc464545ba58e1ad24/library/std/src/panic.rs:358:14
[INFO] [stdout]   55:     0x5589a2485d0a - std::thread::Builder::spawn_unchecked_::{{closure}}::h53c3a1894dce8407
[INFO] [stdout]                                at /rustc/6067b36314ab5eb2eb47cecc464545ba58e1ad24/library/std/src/thread/mod.rs:557:30
[INFO] [stdout]   56:     0x5589a2485d0a - core::ops::function::FnOnce::call_once{{vtable.shim}}::h048ce291ad4f62bf
[INFO] [stdout]                                at /rustc/6067b36314ab5eb2eb47cecc464545ba58e1ad24/library/core/src/ops/function.rs:250:5
[INFO] [stdout]   57:     0x5589a24f75eb - <alloc::boxed::Box<F,A> as core::ops::function::FnOnce<Args>>::call_once::ha52bedf99a3b4981
[INFO] [stdout]                                at /rustc/6067b36314ab5eb2eb47cecc464545ba58e1ad24/library/alloc/src/boxed.rs:2013:9
[INFO] [stdout]   58:     0x5589a24f75eb - <alloc::boxed::Box<F,A> as core::ops::function::FnOnce<Args>>::call_once::h567748934d80ccf8
[INFO] [stdout]                                at /rustc/6067b36314ab5eb2eb47cecc464545ba58e1ad24/library/alloc/src/boxed.rs:2013:9
[INFO] [stdout]   59:     0x5589a24f75eb - std::sys::pal::unix::thread::Thread::new::thread_start::h2d970728ae887adc
[INFO] [stdout]                                at /rustc/6067b36314ab5eb2eb47cecc464545ba58e1ad24/library/std/src/sys/pal/unix/thread.rs:106:17
[INFO] [stdout]   60:     0x7ace5f000ac3 - <unknown>
[INFO] [stdout]   61:     0x7ace5f091a04 - clone
[INFO] [stdout]   62:                0x0 - <unknown>
[INFO] [stdout] 
[INFO] [stdout] 
[INFO] [stdout] failures:
[INFO] [stdout]     test::tests::http_request_test
[INFO] [stdout]     test::tests::http_request_with_body_test
[INFO] [stdout]     test::tests::http_request_with_file_test
[INFO] [stdout] 
[INFO] [stdout] test result: FAILED. 11 passed; 3 failed; 0 ignored; 0 measured; 0 filtered out; finished in 0.91s
[INFO] [stdout] 
[INFO] running `Command { std: "docker" "inspect" "5b827d2920732e3fede983ef026101cc538d245e5cf08f5d4654a31a99a6c27d", kill_on_drop: false }`
[INFO] running `Command { std: "docker" "rm" "-f" "5b827d2920732e3fede983ef026101cc538d245e5cf08f5d4654a31a99a6c27d", kill_on_drop: false }`
[INFO] [stdout] 5b827d2920732e3fede983ef026101cc538d245e5cf08f5d4654a31a99a6c27d
