[INFO] cloning repository https://github.com/anotherhollow1125/ncsync
[INFO] running `Command { std: "git" "-c" "credential.helper=" "-c" "credential.helper=/workspace/cargo-home/bin/git-credential-null" "clone" "--bare" "https://github.com/anotherhollow1125/ncsync" "/workspace/cache/git-repos/https%3A%2F%2Fgithub.com%2Fanotherhollow1125%2Fncsync", kill_on_drop: false }`
[INFO] [stderr] Cloning into bare repository '/workspace/cache/git-repos/https%3A%2F%2Fgithub.com%2Fanotherhollow1125%2Fncsync'...
[INFO] running `Command { std: "git" "rev-parse" "HEAD", kill_on_drop: false }`
[INFO] [stdout] 3b047089b1c61fd5d81550fc42a3a40369d1c5e3
[INFO] testing anotherhollow1125/ncsync against nightly-2025-01-18+rustflags=-Zrandomize-layout for randomize-layout-2
[INFO] running `Command { std: "git" "clone" "/workspace/cache/git-repos/https%3A%2F%2Fgithub.com%2Fanotherhollow1125%2Fncsync" "/workspace/builds/worker-5-tc2/source", kill_on_drop: false }`
[INFO] [stderr] Cloning into '/workspace/builds/worker-5-tc2/source'...
[INFO] [stderr] done.
[INFO] validating manifest of git repo https://github.com/anotherhollow1125/ncsync on toolchain nightly-2025-01-18
[INFO] running `Command { std: CARGO_HOME="/workspace/cargo-home" RUSTUP_HOME="/workspace/rustup-home" "/workspace/cargo-home/bin/cargo" "+nightly-2025-01-18" "metadata" "--manifest-path" "Cargo.toml" "--no-deps", kill_on_drop: false }`
[INFO] started tweaking git repo https://github.com/anotherhollow1125/ncsync
[INFO] finished tweaking git repo https://github.com/anotherhollow1125/ncsync
[INFO] tweaked toml for git repo https://github.com/anotherhollow1125/ncsync written to /workspace/builds/worker-5-tc2/source/Cargo.toml
[INFO] crate git repo https://github.com/anotherhollow1125/ncsync already has a lockfile, it will not be regenerated
[INFO] running `Command { std: CARGO_HOME="/workspace/cargo-home" RUSTUP_HOME="/workspace/rustup-home" "/workspace/cargo-home/bin/cargo" "+nightly-2025-01-18" "fetch" "--manifest-path" "Cargo.toml", kill_on_drop: false }`
[INFO] running `Command { std: "docker" "create" "-v" "/var/lib/crater-agent-workspace/builds/worker-5-tc2/target:/opt/rustwide/target:rw,Z" "-v" "/var/lib/crater-agent-workspace/builds/worker-5-tc2/source:/opt/rustwide/workdir:ro,Z" "-v" "/var/lib/crater-agent-workspace/cargo-home:/opt/rustwide/cargo-home:ro,Z" "-v" "/var/lib/crater-agent-workspace/rustup-home:/opt/rustwide/rustup-home:ro,Z" "-e" "SOURCE_DIR=/opt/rustwide/workdir" "-e" "CARGO_TARGET_DIR=/opt/rustwide/target" "-e" "CARGO_HOME=/opt/rustwide/cargo-home" "-e" "RUSTUP_HOME=/opt/rustwide/rustup-home" "-w" "/opt/rustwide/workdir" "-m" "1610612736" "--user" "0:0" "--network" "none" "ghcr.io/rust-lang/crates-build-env/linux@sha256:819108c5571ea2e421544af4d832f968d213c87fbe3707a016657f43d2f853bc" "/opt/rustwide/cargo-home/bin/cargo" "+nightly-2025-01-18" "metadata" "--no-deps" "--format-version=1", kill_on_drop: false }`
[INFO] [stdout] fc1b9e2843411d857c79ba12c9709adb08295771ff8a0d648898d168f10c2d4b
[INFO] running `Command { std: "docker" "start" "-a" "fc1b9e2843411d857c79ba12c9709adb08295771ff8a0d648898d168f10c2d4b", kill_on_drop: false }`
[INFO] running `Command { std: "docker" "inspect" "fc1b9e2843411d857c79ba12c9709adb08295771ff8a0d648898d168f10c2d4b", kill_on_drop: false }`
[INFO] running `Command { std: "docker" "rm" "-f" "fc1b9e2843411d857c79ba12c9709adb08295771ff8a0d648898d168f10c2d4b", kill_on_drop: false }`
[INFO] [stdout] fc1b9e2843411d857c79ba12c9709adb08295771ff8a0d648898d168f10c2d4b
[INFO] running `Command { std: "docker" "create" "-v" "/var/lib/crater-agent-workspace/builds/worker-5-tc2/target:/opt/rustwide/target:rw,Z" "-v" "/var/lib/crater-agent-workspace/builds/worker-5-tc2/source:/opt/rustwide/workdir:ro,Z" "-v" "/var/lib/crater-agent-workspace/cargo-home:/opt/rustwide/cargo-home:ro,Z" "-v" "/var/lib/crater-agent-workspace/rustup-home:/opt/rustwide/rustup-home:ro,Z" "-e" "SOURCE_DIR=/opt/rustwide/workdir" "-e" "CARGO_TARGET_DIR=/opt/rustwide/target" "-e" "CARGO_INCREMENTAL=0" "-e" "RUST_BACKTRACE=full" "-e" "RUSTFLAGS=--cap-lints=forbid -Zrandomize-layout" "-e" "RUSTDOCFLAGS=--cap-lints=forbid" "-e" "CARGO_HOME=/opt/rustwide/cargo-home" "-e" "RUSTUP_HOME=/opt/rustwide/rustup-home" "-w" "/opt/rustwide/workdir" "-m" "1610612736" "--user" "0:0" "--network" "none" "ghcr.io/rust-lang/crates-build-env/linux@sha256:819108c5571ea2e421544af4d832f968d213c87fbe3707a016657f43d2f853bc" "/opt/rustwide/cargo-home/bin/cargo" "+nightly-2025-01-18" "build" "--frozen" "--message-format=json", kill_on_drop: false }`
[INFO] [stdout] d7c0249e9373cf93e38b2686acde34da66c13179fabba2451d4817b8610d1fa2
[INFO] running `Command { std: "docker" "start" "-a" "d7c0249e9373cf93e38b2686acde34da66c13179fabba2451d4817b8610d1fa2", kill_on_drop: false }`
[INFO] [stderr]    Compiling autocfg v1.1.0
[INFO] [stderr]    Compiling proc-macro2 v1.0.39
[INFO] [stderr]    Compiling libc v0.2.126
[INFO] [stderr]    Compiling unicode-ident v1.0.0
[INFO] [stderr]    Compiling syn v1.0.95
[INFO] [stderr]    Compiling cfg-if v1.0.0
[INFO] [stderr]    Compiling log v0.4.17
[INFO] [stderr]    Compiling memchr v2.5.0
[INFO] [stderr]    Compiling pin-project-lite v0.2.9
[INFO] [stderr]    Compiling parking_lot_core v0.9.3
[INFO] [stderr]    Compiling pkg-config v0.3.25
[INFO] [stderr]    Compiling cc v1.0.73
[INFO] [stderr]    Compiling bytes v1.1.0
[INFO] [stderr]    Compiling futures-core v0.3.21
[INFO] [stderr]    Compiling smallvec v1.8.0
[INFO] [stderr]    Compiling once_cell v1.11.0
[INFO] [stderr]    Compiling scopeguard v1.1.0
[INFO] [stderr]    Compiling itoa v1.0.2
[INFO] [stderr]    Compiling futures-task v0.3.21
[INFO] [stderr]    Compiling serde_derive v1.0.137
[INFO] [stderr]    Compiling lazy_static v1.4.0
[INFO] [stderr]    Compiling fnv v1.0.7
[INFO] [stderr]    Compiling tracing-core v0.1.26
[INFO] [stderr]    Compiling futures-util v0.3.21
[INFO] [stderr]    Compiling foreign-types-shared v0.1.1
[INFO] [stderr]    Compiling serde v1.0.137
[INFO] [stderr]    Compiling openssl v0.10.40
[INFO] [stderr]    Compiling lock_api v0.4.7
[INFO] [stderr]    Compiling indexmap v1.8.1
[INFO] [stderr]    Compiling foreign-types v0.3.2
[INFO] [stderr]    Compiling tinyvec_macros v0.1.0
[INFO] [stderr]    Compiling futures-sink v0.3.21
[INFO] [stderr]    Compiling matches v0.1.9
[INFO] [stderr]    Compiling pin-utils v0.1.0
[INFO] [stderr]    Compiling http v0.2.7
[INFO] [stderr]    Compiling futures-channel v0.3.21
[INFO] [stderr]    Compiling native-tls v0.2.10
[INFO] [stderr]    Compiling httparse v1.7.1
[INFO] [stderr]    Compiling bitflags v1.3.2
[INFO] [stderr]    Compiling hashbrown v0.11.2
[INFO] [stderr]    Compiling tinyvec v1.6.0
[INFO] [stderr]    Compiling num-traits v0.2.15
[INFO] [stderr]    Compiling slab v0.4.6
[INFO] [stderr]    Compiling openssl-probe v0.1.5
[INFO] [stderr]    Compiling try-lock v0.2.3
[INFO] [stderr]    Compiling percent-encoding v2.1.0
[INFO] [stderr]    Compiling want v0.3.0
[INFO] [stderr]    Compiling quote v1.0.18
[INFO] [stderr]    Compiling num-integer v0.1.45
[INFO] [stderr]    Compiling ryu v1.0.10
[INFO] [stderr]    Compiling ppv-lite86 v0.2.16
[INFO] [stderr]    Compiling form_urlencoded v1.0.1
[INFO] [stderr]    Compiling unicode-bidi v0.3.8
[INFO] [stderr]    Compiling encoding_rs v0.8.31
[INFO] [stderr]    Compiling socket2 v0.4.4
[INFO] [stderr]    Compiling mio v0.8.3
[INFO] [stderr]    Compiling num_cpus v1.13.1
[INFO] [stderr]    Compiling signal-hook-registry v1.4.0
[INFO] [stderr]    Compiling getrandom v0.2.6
[INFO] [stderr]    Compiling tower-service v0.3.1
[INFO] [stderr]    Compiling parking_lot v0.12.0
[INFO] [stderr]    Compiling serde_json v1.0.81
[INFO] [stderr]    Compiling httpdate v1.0.2
[INFO] [stderr]    Compiling openssl-sys v0.9.73
[INFO] [stderr]    Compiling rand_core v0.6.3
[INFO] [stderr]    Compiling http-body v0.4.5
[INFO] [stderr]    Compiling unicode-normalization v0.1.19
[INFO] [stderr]    Compiling aho-corasick v0.7.18
[INFO] [stderr]    Compiling anyhow v1.0.57
[INFO] [stderr]    Compiling regex-syntax v0.6.26
[INFO] [stderr]    Compiling time v0.1.43
[INFO] [stderr]    Compiling rand_chacha v0.3.1
[INFO] [stderr]    Compiling bstr v0.2.17
[INFO] [stderr]    Compiling mime v0.3.16
[INFO] [stderr]    Compiling xmlparser v0.13.3
[INFO] [stderr]    Compiling ipnet v2.5.0
[INFO] [stderr]    Compiling base64 v0.13.0
[INFO] [stderr]    Compiling if_chain v1.0.2
[INFO] [stderr]    Compiling urlencoding v2.1.0
[INFO] [stderr]    Compiling rand v0.8.5
[INFO] [stderr]    Compiling roxmltree v0.14.1
[INFO] [stderr]    Compiling chrono v0.4.19
[INFO] [stderr]    Compiling idna v0.2.3
[INFO] [stderr]    Compiling uuid v1.1.0
[INFO] [stderr]    Compiling url v2.2.2
[INFO] [stderr]    Compiling regex v1.5.6
[INFO] [stderr]    Compiling globset v0.4.8
[INFO] [stderr]    Compiling tokio-macros v1.7.0
[INFO] [stderr]    Compiling tracing-attributes v0.1.21
[INFO] [stderr]    Compiling openssl-macros v0.1.0
[INFO] [stderr]    Compiling thiserror-impl v1.0.31
[INFO] [stderr]    Compiling async-recursion v1.0.0
[INFO] [stderr]    Compiling tokio v1.18.2
[INFO] [stderr]    Compiling thiserror v1.0.31
[INFO] [stderr]    Compiling tracing v0.1.34
[INFO] [stderr]    Compiling tokio-util v0.7.2
[INFO] [stderr]    Compiling tokio-native-tls v0.3.0
[INFO] [stderr]    Compiling h2 v0.3.13
[INFO] [stderr]    Compiling serde_urlencoded v0.7.1
[INFO] [stderr]    Compiling toml v0.5.9
[INFO] [stderr]    Compiling hyper v0.14.18
[INFO] [stderr]    Compiling hyper-tls v0.5.0
[INFO] [stderr]    Compiling reqwest v0.11.10
[INFO] [stderr]    Compiling ncsync_lib v0.1.0 (/opt/rustwide/workdir/ncsync_lib)
[INFO] [stdout] warning: struct `NCPath` is never constructed
[INFO] [stdout]   --> ncsync_lib/src/path.rs:52:12
[INFO] [stdout]    |
[INFO] [stdout] 52 | pub struct NCPath<'a> {
[INFO] [stdout]    |            ^^^^^^
[INFO] [stdout]    |
[INFO] [stdout]    = note: `#[warn(dead_code)]` on by default
[INFO] [stdout] 
[INFO] [stdout] 
[INFO] [stdout] warning: static `RE_PATHRESOLVE` is never used
[INFO] [stdout]   --> ncsync_lib/src/path.rs:57:8
[INFO] [stdout]    |
[INFO] [stdout] 57 | static RE_PATHRESOLVE: Lazy<Regex> =
[INFO] [stdout]    |        ^^^^^^^^^^^^^^
[INFO] [stdout] 
[INFO] [stdout] 
[INFO] [stdout] warning: associated functions `new`, `get_username`, and `resolve` are never used
[INFO] [stdout]   --> ncsync_lib/src/path.rs:61:12
[INFO] [stdout]    |
[INFO] [stdout] 60 | impl<'a> NCPath<'a> {
[INFO] [stdout]    | ------------------- associated functions in this implementation
[INFO] [stdout] 61 |     pub fn new(path: impl AsRef<Path>, profile: &'a Profile) -> Self {
[INFO] [stdout]    |            ^^^
[INFO] [stdout] ...
[INFO] [stdout] 66 |     pub fn get_username(target: &str) -> Option<String> {
[INFO] [stdout]    |            ^^^^^^^^^^^^
[INFO] [stdout] ...
[INFO] [stdout] 72 |     pub fn resolve(
[INFO] [stdout]    |            ^^^^^^^
[INFO] [stdout] 
[INFO] [stdout] 
[INFO] [stdout] warning: methods `get_default_profile` and `get_mut_default_profile` are never used
[INFO] [stdout]    --> ncsync_lib/src/setting.rs:211:19
[INFO] [stdout]     |
[INFO] [stdout] 115 | impl ClientHub {
[INFO] [stdout]     | -------------- methods in this implementation
[INFO] [stdout] ...
[INFO] [stdout] 211 |     pub(crate) fn get_default_profile(&self) -> Result<Option<&Profile>> {
[INFO] [stdout]     |                   ^^^^^^^^^^^^^^^^^^^
[INFO] [stdout] ...
[INFO] [stdout] 224 |     pub(crate) fn get_mut_default_profile(&mut self) -> Result<Option<&mut Profile>> {
[INFO] [stdout]     |                   ^^^^^^^^^^^^^^^^^^^^^^^
[INFO] [stdout] 
[INFO] [stdout] 
[INFO] [stderr]     Finished `dev` profile [unoptimized + debuginfo] target(s) in 31.43s
[INFO] running `Command { std: "docker" "inspect" "d7c0249e9373cf93e38b2686acde34da66c13179fabba2451d4817b8610d1fa2", kill_on_drop: false }`
[INFO] running `Command { std: "docker" "rm" "-f" "d7c0249e9373cf93e38b2686acde34da66c13179fabba2451d4817b8610d1fa2", kill_on_drop: false }`
[INFO] [stdout] d7c0249e9373cf93e38b2686acde34da66c13179fabba2451d4817b8610d1fa2
[INFO] running `Command { std: "docker" "create" "-v" "/var/lib/crater-agent-workspace/builds/worker-5-tc2/target:/opt/rustwide/target:rw,Z" "-v" "/var/lib/crater-agent-workspace/builds/worker-5-tc2/source:/opt/rustwide/workdir:ro,Z" "-v" "/var/lib/crater-agent-workspace/cargo-home:/opt/rustwide/cargo-home:ro,Z" "-v" "/var/lib/crater-agent-workspace/rustup-home:/opt/rustwide/rustup-home:ro,Z" "-e" "SOURCE_DIR=/opt/rustwide/workdir" "-e" "CARGO_TARGET_DIR=/opt/rustwide/target" "-e" "CARGO_INCREMENTAL=0" "-e" "RUST_BACKTRACE=full" "-e" "RUSTFLAGS=--cap-lints=forbid -Zrandomize-layout" "-e" "RUSTDOCFLAGS=--cap-lints=forbid" "-e" "CARGO_HOME=/opt/rustwide/cargo-home" "-e" "RUSTUP_HOME=/opt/rustwide/rustup-home" "-w" "/opt/rustwide/workdir" "-m" "1610612736" "--user" "0:0" "--network" "none" "ghcr.io/rust-lang/crates-build-env/linux@sha256:819108c5571ea2e421544af4d832f968d213c87fbe3707a016657f43d2f853bc" "/opt/rustwide/cargo-home/bin/cargo" "+nightly-2025-01-18" "test" "--frozen" "--no-run" "--message-format=json", kill_on_drop: false }`
[INFO] [stdout] 4f256136a7c2e3dfa758a0ce1f4c01d10289a90bd20ab6ec223ff24780bce335
[INFO] running `Command { std: "docker" "start" "-a" "4f256136a7c2e3dfa758a0ce1f4c01d10289a90bd20ab6ec223ff24780bce335", kill_on_drop: false }`
[INFO] [stderr]    Compiling atty v0.2.14
[INFO] [stderr]    Compiling termcolor v1.1.3
[INFO] [stderr]    Compiling humantime v2.1.0
[INFO] [stderr]    Compiling dotenv v0.15.0
[INFO] [stdout] warning: struct `NCPath` is never constructed
[INFO] [stdout]   --> ncsync_lib/src/path.rs:52:12
[INFO] [stdout]    |
[INFO] [stdout] 52 | pub struct NCPath<'a> {
[INFO] [stdout]    |            ^^^^^^
[INFO] [stdout]    |
[INFO] [stdout]    = note: `#[warn(dead_code)]` on by default
[INFO] [stdout] 
[INFO] [stdout] 
[INFO] [stdout] warning: static `RE_PATHRESOLVE` is never used
[INFO] [stdout]   --> ncsync_lib/src/path.rs:57:8
[INFO] [stdout]    |
[INFO] [stdout] 57 | static RE_PATHRESOLVE: Lazy<Regex> =
[INFO] [stdout]    |        ^^^^^^^^^^^^^^
[INFO] [stdout] 
[INFO] [stdout] 
[INFO] [stdout] warning: associated functions `new`, `get_username`, and `resolve` are never used
[INFO] [stdout]   --> ncsync_lib/src/path.rs:61:12
[INFO] [stdout]    |
[INFO] [stdout] 60 | impl<'a> NCPath<'a> {
[INFO] [stdout]    | ------------------- associated functions in this implementation
[INFO] [stdout] 61 |     pub fn new(path: impl AsRef<Path>, profile: &'a Profile) -> Self {
[INFO] [stdout]    |            ^^^
[INFO] [stdout] ...
[INFO] [stdout] 66 |     pub fn get_username(target: &str) -> Option<String> {
[INFO] [stdout]    |            ^^^^^^^^^^^^
[INFO] [stdout] ...
[INFO] [stdout] 72 |     pub fn resolve(
[INFO] [stdout]    |            ^^^^^^^
[INFO] [stdout] 
[INFO] [stdout] 
[INFO] [stdout] warning: methods `get_default_profile` and `get_mut_default_profile` are never used
[INFO] [stdout]    --> ncsync_lib/src/setting.rs:211:19
[INFO] [stdout]     |
[INFO] [stdout] 115 | impl ClientHub {
[INFO] [stdout]     | -------------- methods in this implementation
[INFO] [stdout] ...
[INFO] [stdout] 211 |     pub(crate) fn get_default_profile(&self) -> Result<Option<&Profile>> {
[INFO] [stdout]     |                   ^^^^^^^^^^^^^^^^^^^
[INFO] [stdout] ...
[INFO] [stdout] 224 |     pub(crate) fn get_mut_default_profile(&mut self) -> Result<Option<&mut Profile>> {
[INFO] [stdout]     |                   ^^^^^^^^^^^^^^^^^^^^^^^
[INFO] [stdout] 
[INFO] [stdout] 
[INFO] [stderr]    Compiling env_logger v0.9.0
[INFO] [stderr]    Compiling ncsync_lib v0.1.0 (/opt/rustwide/workdir/ncsync_lib)
[INFO] [stdout] warning: struct `NCPath` is never constructed
[INFO] [stdout]   --> ncsync_lib/src/path.rs:52:12
[INFO] [stdout]    |
[INFO] [stdout] 52 | pub struct NCPath<'a> {
[INFO] [stdout]    |            ^^^^^^
[INFO] [stdout]    |
[INFO] [stdout]    = note: `#[warn(dead_code)]` on by default
[INFO] [stdout] 
[INFO] [stdout] 
[INFO] [stdout] warning: static `RE_PATHRESOLVE` is never used
[INFO] [stdout]   --> ncsync_lib/src/path.rs:57:8
[INFO] [stdout]    |
[INFO] [stdout] 57 | static RE_PATHRESOLVE: Lazy<Regex> =
[INFO] [stdout]    |        ^^^^^^^^^^^^^^
[INFO] [stdout] 
[INFO] [stdout] 
[INFO] [stdout] warning: associated functions `new`, `get_username`, and `resolve` are never used
[INFO] [stdout]   --> ncsync_lib/src/path.rs:61:12
[INFO] [stdout]    |
[INFO] [stdout] 60 | impl<'a> NCPath<'a> {
[INFO] [stdout]    | ------------------- associated functions in this implementation
[INFO] [stdout] 61 |     pub fn new(path: impl AsRef<Path>, profile: &'a Profile) -> Self {
[INFO] [stdout]    |            ^^^
[INFO] [stdout] ...
[INFO] [stdout] 66 |     pub fn get_username(target: &str) -> Option<String> {
[INFO] [stdout]    |            ^^^^^^^^^^^^
[INFO] [stdout] ...
[INFO] [stdout] 72 |     pub fn resolve(
[INFO] [stdout]    |            ^^^^^^^
[INFO] [stdout] 
[INFO] [stdout] 
[INFO] [stdout] warning: methods `get_default_profile` and `get_mut_default_profile` are never used
[INFO] [stdout]    --> ncsync_lib/src/setting.rs:211:19
[INFO] [stdout]     |
[INFO] [stdout] 115 | impl ClientHub {
[INFO] [stdout]     | -------------- methods in this implementation
[INFO] [stdout] ...
[INFO] [stdout] 211 |     pub(crate) fn get_default_profile(&self) -> Result<Option<&Profile>> {
[INFO] [stdout]     |                   ^^^^^^^^^^^^^^^^^^^
[INFO] [stdout] ...
[INFO] [stdout] 224 |     pub(crate) fn get_mut_default_profile(&mut self) -> Result<Option<&mut Profile>> {
[INFO] [stdout]     |                   ^^^^^^^^^^^^^^^^^^^^^^^
[INFO] [stdout] 
[INFO] [stdout] 
[INFO] [stderr]     Finished `test` profile [unoptimized + debuginfo] target(s) in 6.48s
[INFO] running `Command { std: "docker" "inspect" "4f256136a7c2e3dfa758a0ce1f4c01d10289a90bd20ab6ec223ff24780bce335", kill_on_drop: false }`
[INFO] running `Command { std: "docker" "rm" "-f" "4f256136a7c2e3dfa758a0ce1f4c01d10289a90bd20ab6ec223ff24780bce335", kill_on_drop: false }`
[INFO] [stdout] 4f256136a7c2e3dfa758a0ce1f4c01d10289a90bd20ab6ec223ff24780bce335
[INFO] running `Command { std: "docker" "create" "-v" "/var/lib/crater-agent-workspace/builds/worker-5-tc2/target:/opt/rustwide/target:rw,Z" "-v" "/var/lib/crater-agent-workspace/builds/worker-5-tc2/source:/opt/rustwide/workdir:ro,Z" "-v" "/var/lib/crater-agent-workspace/cargo-home:/opt/rustwide/cargo-home:ro,Z" "-v" "/var/lib/crater-agent-workspace/rustup-home:/opt/rustwide/rustup-home:ro,Z" "-e" "SOURCE_DIR=/opt/rustwide/workdir" "-e" "CARGO_TARGET_DIR=/opt/rustwide/target" "-e" "CARGO_INCREMENTAL=0" "-e" "RUST_BACKTRACE=full" "-e" "RUSTFLAGS=--cap-lints=forbid -Zrandomize-layout" "-e" "RUSTDOCFLAGS=--cap-lints=forbid" "-e" "CARGO_HOME=/opt/rustwide/cargo-home" "-e" "RUSTUP_HOME=/opt/rustwide/rustup-home" "-w" "/opt/rustwide/workdir" "-m" "1610612736" "--user" "0:0" "--network" "none" "ghcr.io/rust-lang/crates-build-env/linux@sha256:819108c5571ea2e421544af4d832f968d213c87fbe3707a016657f43d2f853bc" "/opt/rustwide/cargo-home/bin/cargo" "+nightly-2025-01-18" "test" "--frozen", kill_on_drop: false }`
[INFO] [stdout] cb20f4769fecd1ad1b7e209a919b1704f685d4959b5430e00fd1edc9d6991ad0
[INFO] running `Command { std: "docker" "start" "-a" "cb20f4769fecd1ad1b7e209a919b1704f685d4959b5430e00fd1edc9d6991ad0", kill_on_drop: false }`
[INFO] [stderr] warning: struct `NCPath` is never constructed
[INFO] [stderr]   --> ncsync_lib/src/path.rs:52:12
[INFO] [stderr]    |
[INFO] [stderr] 52 | pub struct NCPath<'a> {
[INFO] [stderr]    |            ^^^^^^
[INFO] [stderr]    |
[INFO] [stderr]    = note: `#[warn(dead_code)]` on by default
[INFO] [stderr] 
[INFO] [stderr] warning: static `RE_PATHRESOLVE` is never used
[INFO] [stderr]   --> ncsync_lib/src/path.rs:57:8
[INFO] [stderr]    |
[INFO] [stderr] 57 | static RE_PATHRESOLVE: Lazy<Regex> =
[INFO] [stderr]    |        ^^^^^^^^^^^^^^
[INFO] [stderr] 
[INFO] [stderr] warning: associated functions `new`, `get_username`, and `resolve` are never used
[INFO] [stderr]   --> ncsync_lib/src/path.rs:61:12
[INFO] [stderr]    |
[INFO] [stderr] 60 | impl<'a> NCPath<'a> {
[INFO] [stderr]    | ------------------- associated functions in this implementation
[INFO] [stderr] 61 |     pub fn new(path: impl AsRef<Path>, profile: &'a Profile) -> Self {
[INFO] [stderr]    |            ^^^
[INFO] [stderr] ...
[INFO] [stderr] 66 |     pub fn get_username(target: &str) -> Option<String> {
[INFO] [stderr]    |            ^^^^^^^^^^^^
[INFO] [stderr] ...
[INFO] [stderr] 72 |     pub fn resolve(
[INFO] [stderr]    |            ^^^^^^^
[INFO] [stderr] 
[INFO] [stderr] warning: methods `get_default_profile` and `get_mut_default_profile` are never used
[INFO] [stderr]    --> ncsync_lib/src/setting.rs:211:19
[INFO] [stderr]     |
[INFO] [stderr] 115 | impl ClientHub {
[INFO] [stderr]     | -------------- methods in this implementation
[INFO] [stderr] ...
[INFO] [stderr] 211 |     pub(crate) fn get_default_profile(&self) -> Result<Option<&Profile>> {
[INFO] [stderr]     |                   ^^^^^^^^^^^^^^^^^^^
[INFO] [stderr] ...
[INFO] [stderr] 224 |     pub(crate) fn get_mut_default_profile(&mut self) -> Result<Option<&mut Profile>> {
[INFO] [stderr]     |                   ^^^^^^^^^^^^^^^^^^^^^^^
[INFO] [stderr] 
[INFO] [stderr] warning: `ncsync_lib` (lib) generated 4 warnings
[INFO] [stderr] warning: `ncsync_lib` (lib test) generated 4 warnings (4 duplicates)
[INFO] [stderr]     Finished `test` profile [unoptimized + debuginfo] target(s) in 0.14s
[INFO] [stderr]      Running unittests src/lib.rs (/opt/rustwide/target/debug/deps/ncsync_lib-ee0a9d5bbcf834ac)
[INFO] [stdout] 
[INFO] [stdout] running 1 test
[INFO] [stdout] test tests::rls_test ... FAILED
[INFO] [stdout] 
[INFO] [stdout] failures:
[INFO] [stdout] 
[INFO] [stdout] ---- tests::rls_test stdout ----
[INFO] [stdout] client_hub: ClientHub { client_id: "669d11ef-19fb-4981-939d-30343b8d37e8", profiles: {}, default_profile: None, req_client: Client { accepts: Accepts, proxies: [Proxy(System({}), None)], referer: true, default_headers: {"accept": "*/*", "user-agent": "ncsync_v0.1.0_669d11ef-1", "ocs-apirequest": "true"} } }
[INFO] [stdout] local_info: LocalInfo { excludes: ExcludeList { paths: ExcludePaths { blacks: [], original_blacks: [], whites: [], original_whites: [] }, regexes: ExcludeRegexes { blacks: [^\., ^~], original_blacks: [], whites: [], original_whites: [] } } }
[INFO] [stdout] 
[INFO] [stdout] thread 'tests::rls_test' panicked at ncsync_lib/src/lib.rs:32:69:
[INFO] [stdout] called `Result::unwrap()` on an `Err` value: Profile not found for_test.
[INFO] [stdout] stack backtrace:
[INFO] [stdout]    0:     0x5eb2b1e2d45a - std::backtrace_rs::backtrace::libunwind::trace::hb059275cfc8d6126
[INFO] [stdout]                                at /rustc/6067b36314ab5eb2eb47cecc464545ba58e1ad24/library/std/src/../../backtrace/src/backtrace/libunwind.rs:116:5
[INFO] [stdout]    1:     0x5eb2b1e2d45a - std::backtrace_rs::backtrace::trace_unsynchronized::h2da071e4327ce3ee
[INFO] [stdout]                                at /rustc/6067b36314ab5eb2eb47cecc464545ba58e1ad24/library/std/src/../../backtrace/src/backtrace/mod.rs:66:5
[INFO] [stdout]    2:     0x5eb2b1e2d45a - std::sys::backtrace::_print_fmt::h842a1474e6f8d23f
[INFO] [stdout]                                at /rustc/6067b36314ab5eb2eb47cecc464545ba58e1ad24/library/std/src/sys/backtrace.rs:66:9
[INFO] [stdout]    3:     0x5eb2b1e2d45a - <std::sys::backtrace::BacktraceLock::print::DisplayBacktrace as core::fmt::Display>::fmt::h71a62eb3b9696b12
[INFO] [stdout]                                at /rustc/6067b36314ab5eb2eb47cecc464545ba58e1ad24/library/std/src/sys/backtrace.rs:39:26
[INFO] [stdout]    4:     0x5eb2b1e593f3 - core::fmt::rt::Argument::fmt::hdb6b616786b41dc1
[INFO] [stdout]                                at /rustc/6067b36314ab5eb2eb47cecc464545ba58e1ad24/library/core/src/fmt/rt.rs:177:76
[INFO] [stdout]    5:     0x5eb2b1e593f3 - core::fmt::write::h2cc1698af7e2d686
[INFO] [stdout]                                at /rustc/6067b36314ab5eb2eb47cecc464545ba58e1ad24/library/core/src/fmt/mod.rs:1440:21
[INFO] [stdout]    6:     0x5eb2b1e291b3 - std::io::Write::write_fmt::hab1b4cd059a79022
[INFO] [stdout]                                at /rustc/6067b36314ab5eb2eb47cecc464545ba58e1ad24/library/std/src/io/mod.rs:1887:15
[INFO] [stdout]    7:     0x5eb2b1e2d2a2 - std::sys::backtrace::BacktraceLock::print::h147fe35b4ea13b08
[INFO] [stdout]                                at /rustc/6067b36314ab5eb2eb47cecc464545ba58e1ad24/library/std/src/sys/backtrace.rs:42:9
[INFO] [stdout]    8:     0x5eb2b1e2e87f - std::panicking::default_hook::{{closure}}::hbd44223dbdc0d208
[INFO] [stdout]                                at /rustc/6067b36314ab5eb2eb47cecc464545ba58e1ad24/library/std/src/panicking.rs:298:22
[INFO] [stdout]    9:     0x5eb2b1e2e698 - std::panicking::default_hook::h20f81eb0576efcec
[INFO] [stdout]                                at /rustc/6067b36314ab5eb2eb47cecc464545ba58e1ad24/library/std/src/panicking.rs:322:9
[INFO] [stdout]   10:     0x5eb2b186de83 - <alloc::boxed::Box<F,A> as core::ops::function::Fn<Args>>::call::hdb53814c496a4d34
[INFO] [stdout]                                at /rustc/6067b36314ab5eb2eb47cecc464545ba58e1ad24/library/alloc/src/boxed.rs:2027:9
[INFO] [stdout]   11:     0x5eb2b186de83 - test::test_main::{{closure}}::hc0a4963c59427c24
[INFO] [stdout]                                at /rustc/6067b36314ab5eb2eb47cecc464545ba58e1ad24/library/test/src/lib.rs:134:21
[INFO] [stdout]   12:     0x5eb2b1e2f373 - <alloc::boxed::Box<F,A> as core::ops::function::Fn<Args>>::call::h591b2225413a77e9
[INFO] [stdout]                                at /rustc/6067b36314ab5eb2eb47cecc464545ba58e1ad24/library/alloc/src/boxed.rs:2027:9
[INFO] [stdout]   13:     0x5eb2b1e2f373 - std::panicking::rust_panic_with_hook::h625eea43051b2edc
[INFO] [stdout]                                at /rustc/6067b36314ab5eb2eb47cecc464545ba58e1ad24/library/std/src/panicking.rs:839:13
[INFO] [stdout]   14:     0x5eb2b1e2f02a - std::panicking::begin_panic_handler::{{closure}}::h4f9159cfbc3f6bd3
[INFO] [stdout]                                at /rustc/6067b36314ab5eb2eb47cecc464545ba58e1ad24/library/std/src/panicking.rs:704:13
[INFO] [stdout]   15:     0x5eb2b1e2d959 - std::sys::backtrace::__rust_end_short_backtrace::h0390abce48353151
[INFO] [stdout]                                at /rustc/6067b36314ab5eb2eb47cecc464545ba58e1ad24/library/std/src/sys/backtrace.rs:168:18
[INFO] [stdout]   16:     0x5eb2b1e2ecbd - rust_begin_unwind
[INFO] [stdout]                                at /rustc/6067b36314ab5eb2eb47cecc464545ba58e1ad24/library/std/src/panicking.rs:695:5
[INFO] [stdout]   17:     0x5eb2b1e57660 - core::panicking::panic_fmt::h9e7c637e9e5f29c9
[INFO] [stdout]                                at /rustc/6067b36314ab5eb2eb47cecc464545ba58e1ad24/library/core/src/panicking.rs:75:14
[INFO] [stdout]   18:     0x5eb2b1e57ad6 - core::result::unwrap_failed::h7979f09313fe1849
[INFO] [stdout]                                at /rustc/6067b36314ab5eb2eb47cecc464545ba58e1ad24/library/core/src/result.rs:1704:5
[INFO] [stdout]   19:     0x5eb2b177aca1 - core::result::Result<T,E>::unwrap::h1ee4c3de9245cdf2
[INFO] [stdout]                                at /rustc/6067b36314ab5eb2eb47cecc464545ba58e1ad24/library/core/src/result.rs:1109:23
[INFO] [stdout]   20:     0x5eb2b177aca1 - ncsync_lib::tests::rls_test::{{closure}}::h206ca5744b1a817d
[INFO] [stdout]                                at /opt/rustwide/workdir/ncsync_lib/src/lib.rs:32:21
[INFO] [stdout]   21:     0x5eb2b176d60d - <core::pin::Pin<P> as core::future::future::Future>::poll::hefffb60618e8fc84
[INFO] [stdout]                                at /rustc/6067b36314ab5eb2eb47cecc464545ba58e1ad24/library/core/src/future/future.rs:124:9
[INFO] [stdout]   22:     0x5eb2b178900f - tokio::runtime::basic_scheduler::CoreGuard::block_on::{{closure}}::{{closure}}::{{closure}}::h8c6a6bce75200bc4
[INFO] [stdout]                                at /opt/rustwide/cargo-home/registry/src/index.crates.io-1949cf8c6b5b557f/tokio-1.18.2/src/runtime/basic_scheduler.rs:507:48
[INFO] [stdout]   23:     0x5eb2b179d163 - tokio::coop::with_budget::{{closure}}::hdb1c8bbe2fa3c695
[INFO] [stdout]                                at /opt/rustwide/cargo-home/registry/src/index.crates.io-1949cf8c6b5b557f/tokio-1.18.2/src/coop.rs:102:9
[INFO] [stdout]   24:     0x5eb2b177d5f5 - std::thread::local::LocalKey<T>::try_with::h111f532095b5cef3
[INFO] [stdout]                                at /rustc/6067b36314ab5eb2eb47cecc464545ba58e1ad24/library/std/src/thread/local.rs:308:12
[INFO] [stdout]   25:     0x5eb2b177d39a - std::thread::local::LocalKey<T>::with::h24f49fd33625a5e2
[INFO] [stdout]                                at /rustc/6067b36314ab5eb2eb47cecc464545ba58e1ad24/library/std/src/thread/local.rs:272:9
[INFO] [stdout]   26:     0x5eb2b1788fa9 - tokio::coop::with_budget::h032cfc36e396d9a1
[INFO] [stdout]                                at /opt/rustwide/cargo-home/registry/src/index.crates.io-1949cf8c6b5b557f/tokio-1.18.2/src/coop.rs:95:5
[INFO] [stdout]   27:     0x5eb2b1788fa9 - tokio::coop::budget::hd24e65f56f648f11
[INFO] [stdout]                                at /opt/rustwide/cargo-home/registry/src/index.crates.io-1949cf8c6b5b557f/tokio-1.18.2/src/coop.rs:72:5
[INFO] [stdout]   28:     0x5eb2b1788fa9 - tokio::runtime::basic_scheduler::CoreGuard::block_on::{{closure}}::{{closure}}::hd839434af54896c1
[INFO] [stdout]                                at /opt/rustwide/cargo-home/registry/src/index.crates.io-1949cf8c6b5b557f/tokio-1.18.2/src/runtime/basic_scheduler.rs:507:25
[INFO] [stdout]   29:     0x5eb2b17880b0 - tokio::runtime::basic_scheduler::Context::enter::hf0b3d664e8db9190
[INFO] [stdout]                                at /opt/rustwide/cargo-home/registry/src/index.crates.io-1949cf8c6b5b557f/tokio-1.18.2/src/runtime/basic_scheduler.rs:361:19
[INFO] [stdout]   30:     0x5eb2b17889d7 - tokio::runtime::basic_scheduler::CoreGuard::block_on::{{closure}}::h225a556303f1452d
[INFO] [stdout]                                at /opt/rustwide/cargo-home/registry/src/index.crates.io-1949cf8c6b5b557f/tokio-1.18.2/src/runtime/basic_scheduler.rs:506:36
[INFO] [stdout]   31:     0x5eb2b17887a8 - tokio::runtime::basic_scheduler::CoreGuard::enter::{{closure}}::h059d641e950fb0ff
[INFO] [stdout]                                at /opt/rustwide/cargo-home/registry/src/index.crates.io-1949cf8c6b5b557f/tokio-1.18.2/src/runtime/basic_scheduler.rs:564:57
[INFO] [stdout]   32:     0x5eb2b176adcd - tokio::macros::scoped_tls::ScopedKey<T>::set::hbfddeb24026155e6
[INFO] [stdout]                                at /opt/rustwide/cargo-home/registry/src/index.crates.io-1949cf8c6b5b557f/tokio-1.18.2/src/macros/scoped_tls.rs:61:9
[INFO] [stdout]   33:     0x5eb2b1788573 - tokio::runtime::basic_scheduler::CoreGuard::enter::he4ed51d602420c21
[INFO] [stdout]                                at /opt/rustwide/cargo-home/registry/src/index.crates.io-1949cf8c6b5b557f/tokio-1.18.2/src/runtime/basic_scheduler.rs:564:27
[INFO] [stdout]   34:     0x5eb2b17887ba - tokio::runtime::basic_scheduler::CoreGuard::block_on::hda1eac0313509943
[INFO] [stdout]                                at /opt/rustwide/cargo-home/registry/src/index.crates.io-1949cf8c6b5b557f/tokio-1.18.2/src/runtime/basic_scheduler.rs:497:9
[INFO] [stdout]   35:     0x5eb2b1787842 - tokio::runtime::basic_scheduler::BasicScheduler::block_on::hd84595929e80d20f
[INFO] [stdout]                                at /opt/rustwide/cargo-home/registry/src/index.crates.io-1949cf8c6b5b557f/tokio-1.18.2/src/runtime/basic_scheduler.rs:173:24
[INFO] [stdout]   36:     0x5eb2b176500d - tokio::runtime::Runtime::block_on::hd7fc6e45ef84da8a
[INFO] [stdout]                                at /opt/rustwide/cargo-home/registry/src/index.crates.io-1949cf8c6b5b557f/tokio-1.18.2/src/runtime/mod.rs:475:46
[INFO] [stdout]   37:     0x5eb2b177a429 - ncsync_lib::tests::rls_test::h3d6a45348db66158
[INFO] [stdout]                                at /opt/rustwide/workdir/ncsync_lib/src/lib.rs:34:9
[INFO] [stdout]   38:     0x5eb2b177a2d7 - ncsync_lib::tests::rls_test::{{closure}}::h6bc652bc8982dbfa
[INFO] [stdout]                                at /opt/rustwide/workdir/ncsync_lib/src/lib.rs:20:24
[INFO] [stdout]   39:     0x5eb2b179dd76 - core::ops::function::FnOnce::call_once::h40a56b58310f5568
[INFO] [stdout]                                at /rustc/6067b36314ab5eb2eb47cecc464545ba58e1ad24/library/core/src/ops/function.rs:250:5
[INFO] [stdout]   40:     0x5eb2b18735db - core::ops::function::FnOnce::call_once::he27718dfdd183f43
[INFO] [stdout]                                at /rustc/6067b36314ab5eb2eb47cecc464545ba58e1ad24/library/core/src/ops/function.rs:250:5
[INFO] [stdout]   41:     0x5eb2b18735db - test::__rust_begin_short_backtrace::h4e84902998457a5d
[INFO] [stdout]                                at /rustc/6067b36314ab5eb2eb47cecc464545ba58e1ad24/library/test/src/lib.rs:632:18
[INFO] [stdout]   42:     0x5eb2b1872513 - test::run_test_in_process::{{closure}}::h7176fd18fc1feca0
[INFO] [stdout]                                at /rustc/6067b36314ab5eb2eb47cecc464545ba58e1ad24/library/test/src/lib.rs:655:60
[INFO] [stdout]   43:     0x5eb2b1872513 - <core::panic::unwind_safe::AssertUnwindSafe<F> as core::ops::function::FnOnce<()>>::call_once::hf79cff2a624d8cf7
[INFO] [stdout]                                at /rustc/6067b36314ab5eb2eb47cecc464545ba58e1ad24/library/core/src/panic/unwind_safe.rs:272:9
[INFO] [stdout]   44:     0x5eb2b1872513 - std::panicking::try::do_call::h3da0561d9ab99c25
[INFO] [stdout]                                at /rustc/6067b36314ab5eb2eb47cecc464545ba58e1ad24/library/std/src/panicking.rs:587:40
[INFO] [stdout]   45:     0x5eb2b1872513 - std::panicking::try::h41c9fa508bc61df6
[INFO] [stdout]                                at /rustc/6067b36314ab5eb2eb47cecc464545ba58e1ad24/library/std/src/panicking.rs:550:19
[INFO] [stdout]   46:     0x5eb2b1872513 - std::panic::catch_unwind::h6b3ff07bb5afad93
[INFO] [stdout]                                at /rustc/6067b36314ab5eb2eb47cecc464545ba58e1ad24/library/std/src/panic.rs:358:14
[INFO] [stdout]   47:     0x5eb2b1872513 - test::run_test_in_process::hc7253dd11b39b9f4
[INFO] [stdout]                                at /rustc/6067b36314ab5eb2eb47cecc464545ba58e1ad24/library/test/src/lib.rs:655:27
[INFO] [stdout]   48:     0x5eb2b1872513 - test::run_test::{{closure}}::hfb2007f8649c30bb
[INFO] [stdout]                                at /rustc/6067b36314ab5eb2eb47cecc464545ba58e1ad24/library/test/src/lib.rs:576:43
[INFO] [stdout]   49:     0x5eb2b18355f5 - test::run_test::{{closure}}::h56a17aa7a282a9f4
[INFO] [stdout]                                at /rustc/6067b36314ab5eb2eb47cecc464545ba58e1ad24/library/test/src/lib.rs:606:41
[INFO] [stdout]   50:     0x5eb2b18355f5 - std::sys::backtrace::__rust_begin_short_backtrace::hd2d2d2fb8e8c6aac
[INFO] [stdout]                                at /rustc/6067b36314ab5eb2eb47cecc464545ba58e1ad24/library/std/src/sys/backtrace.rs:152:18
[INFO] [stdout]   51:     0x5eb2b1838eda - std::thread::Builder::spawn_unchecked_::{{closure}}::{{closure}}::h4faa3f9db6133423
[INFO] [stdout]                                at /rustc/6067b36314ab5eb2eb47cecc464545ba58e1ad24/library/std/src/thread/mod.rs:559:17
[INFO] [stdout]   52:     0x5eb2b1838eda - <core::panic::unwind_safe::AssertUnwindSafe<F> as core::ops::function::FnOnce<()>>::call_once::hf2e855a36a4ea846
[INFO] [stdout]                                at /rustc/6067b36314ab5eb2eb47cecc464545ba58e1ad24/library/core/src/panic/unwind_safe.rs:272:9
[INFO] [stdout]   53:     0x5eb2b1838eda - std::panicking::try::do_call::h2f73af3616c35465
[INFO] [stdout]                                at /rustc/6067b36314ab5eb2eb47cecc464545ba58e1ad24/library/std/src/panicking.rs:587:40
[INFO] [stdout]   54:     0x5eb2b1838eda - std::panicking::try::hd1660ce9efadef5a
[INFO] [stdout]                                at /rustc/6067b36314ab5eb2eb47cecc464545ba58e1ad24/library/std/src/panicking.rs:550:19
[INFO] [stdout]   55:     0x5eb2b1838eda - std::panic::catch_unwind::h5ee8d7823b8ca744
[INFO] [stdout]                                at /rustc/6067b36314ab5eb2eb47cecc464545ba58e1ad24/library/std/src/panic.rs:358:14
[INFO] [stdout]   56:     0x5eb2b1838eda - std::thread::Builder::spawn_unchecked_::{{closure}}::h53c3a1894dce8407
[INFO] [stdout]                                at /rustc/6067b36314ab5eb2eb47cecc464545ba58e1ad24/library/std/src/thread/mod.rs:557:30
[INFO] [stdout]   57:     0x5eb2b1838eda - core::ops::function::FnOnce::call_once{{vtable.shim}}::h048ce291ad4f62bf
[INFO] [stdout]                                at /rustc/6067b36314ab5eb2eb47cecc464545ba58e1ad24/library/core/src/ops/function.rs:250:5
[INFO] [stdout]   58:     0x5eb2b1e3381b - <alloc::boxed::Box<F,A> as core::ops::function::FnOnce<Args>>::call_once::ha52bedf99a3b4981
[INFO] [stdout]                                at /rustc/6067b36314ab5eb2eb47cecc464545ba58e1ad24/library/alloc/src/boxed.rs:2013:9
[INFO] [stdout]   59:     0x5eb2b1e3381b - <alloc::boxed::Box<F,A> as core::ops::function::FnOnce<Args>>::call_once::h567748934d80ccf8
[INFO] [stdout]                                at /rustc/6067b36314ab5eb2eb47cecc464545ba58e1ad24/library/alloc/src/boxed.rs:2013:9
[INFO] [stdout]   60:     0x5eb2b1e3381b - std::sys::pal::unix::thread::Thread::new::thread_start::h2d970728ae887adc
[INFO] [stdout]                                at /rustc/6067b36314ab5eb2eb47cecc464545ba58e1ad24/library/std/src/sys/pal/unix/thread.rs:106:17
[INFO] [stdout]   61:     0x7acacf6d5ac3 - <unknown>
[INFO] [stdout]   62:     0x7acacf766a04 - clone
[INFO] [stdout]   63:                0x0 - <unknown>
[INFO] [stdout] 
[INFO] [stdout] 
[INFO] [stdout] failures:
[INFO] [stdout]     tests::rls_test
[INFO] [stdout] 
[INFO] [stdout] test result: FAILED. 0 passed; 1 failed; 0 ignored; 0 measured; 0 filtered out; finished in 0.10s
[INFO] [stdout] 
[INFO] [stderr] error: test failed, to rerun pass `--lib`
[INFO] running `Command { std: "docker" "inspect" "cb20f4769fecd1ad1b7e209a919b1704f685d4959b5430e00fd1edc9d6991ad0", kill_on_drop: false }`
[INFO] running `Command { std: "docker" "rm" "-f" "cb20f4769fecd1ad1b7e209a919b1704f685d4959b5430e00fd1edc9d6991ad0", kill_on_drop: false }`
[INFO] [stdout] cb20f4769fecd1ad1b7e209a919b1704f685d4959b5430e00fd1edc9d6991ad0
