[INFO] cloning repository https://github.com/anonkey/metrs
[INFO] running `Command { std: "git" "-c" "credential.helper=" "-c" "credential.helper=/workspace/cargo-home/bin/git-credential-null" "clone" "--bare" "https://github.com/anonkey/metrs" "/workspace/cache/git-repos/https%3A%2F%2Fgithub.com%2Fanonkey%2Fmetrs", kill_on_drop: false }`
[INFO] [stderr] Cloning into bare repository '/workspace/cache/git-repos/https%3A%2F%2Fgithub.com%2Fanonkey%2Fmetrs'...
[INFO] running `Command { std: "git" "rev-parse" "HEAD", kill_on_drop: false }`
[INFO] [stdout] 66b925be2b58f40468f268d3adacb74f94c413d6
[INFO] testing anonkey/metrs against nightly-2025-01-18 for randomize-layout-2
[INFO] running `Command { std: "git" "clone" "/workspace/cache/git-repos/https%3A%2F%2Fgithub.com%2Fanonkey%2Fmetrs" "/workspace/builds/worker-3-tc1/source", kill_on_drop: false }`
[INFO] [stderr] Cloning into '/workspace/builds/worker-3-tc1/source'...
[INFO] [stderr] done.
[INFO] validating manifest of git repo https://github.com/anonkey/metrs on toolchain nightly-2025-01-18
[INFO] running `Command { std: CARGO_HOME="/workspace/cargo-home" RUSTUP_HOME="/workspace/rustup-home" "/workspace/cargo-home/bin/cargo" "+nightly-2025-01-18" "metadata" "--manifest-path" "Cargo.toml" "--no-deps", kill_on_drop: false }`
[INFO] started tweaking git repo https://github.com/anonkey/metrs
[INFO] finished tweaking git repo https://github.com/anonkey/metrs
[INFO] tweaked toml for git repo https://github.com/anonkey/metrs written to /workspace/builds/worker-3-tc1/source/Cargo.toml
[INFO] crate git repo https://github.com/anonkey/metrs already has a lockfile, it will not be regenerated
[INFO] running `Command { std: CARGO_HOME="/workspace/cargo-home" RUSTUP_HOME="/workspace/rustup-home" "/workspace/cargo-home/bin/cargo" "+nightly-2025-01-18" "fetch" "--manifest-path" "Cargo.toml", kill_on_drop: false }`
[INFO] [stderr]     Blocking waiting for file lock on package cache
[INFO] [stderr]     Updating crates.io index
[INFO] [stderr]  Downloading crates ...
[INFO] [stderr]   Downloaded ntex-macros v0.1.3
[INFO] [stderr]   Downloaded ntex-codec v0.6.2
[INFO] [stderr]   Downloaded rlimit v0.6.2
[INFO] [stderr]   Downloaded ntex-glommio v0.5.2
[INFO] [stderr]   Downloaded ntex-tokio v0.5.2
[INFO] [stderr]   Downloaded owned-alloc v0.2.0
[INFO] [stderr]   Downloaded ntex-http v0.1.12
[INFO] [stderr]   Downloaded ntex-router v0.5.3
[INFO] [stderr]   Downloaded ntex-bytes v0.1.27
[INFO] [stderr]   Downloaded intrusive-collections v0.9.7
[INFO] [stderr]   Downloaded lockfree v0.5.1
[INFO] [stderr]   Downloaded ntex-h2 v1.3.0
[INFO] [stderr]   Downloaded ntex v2.7.0
[INFO] [stderr]   Downloaded ntex-server v2.4.0
[INFO] [stderr]   Downloaded sysinfo v0.32.0
[INFO] [stderr]   Downloaded ntex-io v2.7.1
[INFO] [stderr]   Downloaded ntex-tls v2.2.0
[INFO] [stderr]   Downloaded futures-lite v2.4.0
[INFO] [stderr]   Downloaded ntex-service v3.2.1
[INFO] [stderr]   Downloaded ntex-util v2.4.0
[INFO] [stderr]   Downloaded ntex-net v2.4.0
[INFO] [stderr]   Downloaded glommio v0.9.0
[INFO] [stderr]   Downloaded sketches-ddsketch v0.1.3
[INFO] [stderr]   Downloaded ntex-rt v0.4.20
[INFO] [stderr]   Downloaded ntex-async-std v0.5.1
[INFO] running `Command { std: "docker" "create" "-v" "/var/lib/crater-agent-workspace/builds/worker-3-tc1/target:/opt/rustwide/target:rw,Z" "-v" "/var/lib/crater-agent-workspace/builds/worker-3-tc1/source:/opt/rustwide/workdir:ro,Z" "-v" "/var/lib/crater-agent-workspace/cargo-home:/opt/rustwide/cargo-home:ro,Z" "-v" "/var/lib/crater-agent-workspace/rustup-home:/opt/rustwide/rustup-home:ro,Z" "-e" "SOURCE_DIR=/opt/rustwide/workdir" "-e" "CARGO_TARGET_DIR=/opt/rustwide/target" "-e" "CARGO_HOME=/opt/rustwide/cargo-home" "-e" "RUSTUP_HOME=/opt/rustwide/rustup-home" "-w" "/opt/rustwide/workdir" "-m" "1610612736" "--user" "0:0" "--network" "none" "ghcr.io/rust-lang/crates-build-env/linux@sha256:819108c5571ea2e421544af4d832f968d213c87fbe3707a016657f43d2f853bc" "/opt/rustwide/cargo-home/bin/cargo" "+nightly-2025-01-18" "metadata" "--no-deps" "--format-version=1", kill_on_drop: false }`
[INFO] [stdout] b53092387cb8db51decb43b0b6d91b4d71e35c54d64b4827823bc057150ac8d3
[INFO] running `Command { std: "docker" "start" "-a" "b53092387cb8db51decb43b0b6d91b4d71e35c54d64b4827823bc057150ac8d3", kill_on_drop: false }`
[INFO] running `Command { std: "docker" "inspect" "b53092387cb8db51decb43b0b6d91b4d71e35c54d64b4827823bc057150ac8d3", kill_on_drop: false }`
[INFO] running `Command { std: "docker" "rm" "-f" "b53092387cb8db51decb43b0b6d91b4d71e35c54d64b4827823bc057150ac8d3", kill_on_drop: false }`
[INFO] [stdout] b53092387cb8db51decb43b0b6d91b4d71e35c54d64b4827823bc057150ac8d3
[INFO] running `Command { std: "docker" "create" "-v" "/var/lib/crater-agent-workspace/builds/worker-3-tc1/target:/opt/rustwide/target:rw,Z" "-v" "/var/lib/crater-agent-workspace/builds/worker-3-tc1/source:/opt/rustwide/workdir:ro,Z" "-v" "/var/lib/crater-agent-workspace/cargo-home:/opt/rustwide/cargo-home:ro,Z" "-v" "/var/lib/crater-agent-workspace/rustup-home:/opt/rustwide/rustup-home:ro,Z" "-e" "SOURCE_DIR=/opt/rustwide/workdir" "-e" "CARGO_TARGET_DIR=/opt/rustwide/target" "-e" "CARGO_INCREMENTAL=0" "-e" "RUST_BACKTRACE=full" "-e" "RUSTFLAGS=--cap-lints=forbid" "-e" "RUSTDOCFLAGS=--cap-lints=forbid" "-e" "CARGO_HOME=/opt/rustwide/cargo-home" "-e" "RUSTUP_HOME=/opt/rustwide/rustup-home" "-w" "/opt/rustwide/workdir" "-m" "1610612736" "--user" "0:0" "--network" "none" "ghcr.io/rust-lang/crates-build-env/linux@sha256:819108c5571ea2e421544af4d832f968d213c87fbe3707a016657f43d2f853bc" "/opt/rustwide/cargo-home/bin/cargo" "+nightly-2025-01-18" "build" "--frozen" "--message-format=json", kill_on_drop: false }`
[INFO] [stdout] 229d48352dee9184a1948a83020913a28bafa22237dd5146e2a6f3d89e74d00a
[INFO] running `Command { std: "docker" "start" "-a" "229d48352dee9184a1948a83020913a28bafa22237dd5146e2a6f3d89e74d00a", kill_on_drop: false }`
[INFO] [stderr]    Compiling proc-macro2 v1.0.89
[INFO] [stderr]    Compiling unicode-ident v1.0.13
[INFO] [stderr]    Compiling crossbeam-utils v0.8.20
[INFO] [stderr]    Compiling futures-core v0.3.31
[INFO] [stderr]    Compiling pin-project-lite v0.2.15
[INFO] [stderr]    Compiling libc v0.2.161
[INFO] [stderr]    Compiling serde v1.0.214
[INFO] [stderr]    Compiling bitflags v2.6.0
[INFO] [stderr]    Compiling autocfg v1.4.0
[INFO] [stderr]    Compiling memchr v2.7.4
[INFO] [stderr]    Compiling log v0.4.22
[INFO] [stderr]    Compiling bytes v1.8.0
[INFO] [stderr]    Compiling parking v2.2.1
[INFO] [stderr]    Compiling futures-sink v0.3.31
[INFO] [stderr]    Compiling itoa v1.0.11
[INFO] [stderr]    Compiling ntex-rt v0.4.20
[INFO] [stderr]    Compiling byteorder v1.5.0
[INFO] [stderr]    Compiling oneshot v0.1.8
[INFO] [stderr]    Compiling futures-timer v3.0.3
[INFO] [stderr]    Compiling typenum v1.17.0
[INFO] [stderr]    Compiling version_check v0.9.5
[INFO] [stderr]    Compiling fnv v1.0.7
[INFO] [stderr]    Compiling thiserror v1.0.65
[INFO] [stderr]    Compiling fxhash v0.2.1
[INFO] [stderr]    Compiling regex-syntax v0.8.5
[INFO] [stderr]    Compiling cfg-if v1.0.0
[INFO] [stderr]    Compiling rustix v0.38.38
[INFO] [stderr]    Compiling rayon-core v1.12.1
[INFO] [stderr]    Compiling syn v1.0.109
[INFO] [stderr]    Compiling signal-hook v0.3.17
[INFO] [stderr]    Compiling linux-raw-sys v0.4.14
[INFO] [stderr]    Compiling ryu v1.0.18
[INFO] [stderr]    Compiling serde_json v1.0.132
[INFO] [stderr]    Compiling slab v0.4.9
[INFO] [stderr]    Compiling http v1.1.0
[INFO] [stderr]    Compiling generic-array v0.14.7
[INFO] [stderr]    Compiling aho-corasick v1.1.3
[INFO] [stderr]    Compiling tracing-core v0.1.32
[INFO] [stderr]    Compiling utf8parse v0.2.2
[INFO] [stderr]    Compiling concurrent-queue v2.5.0
[INFO] [stderr]    Compiling crossbeam-epoch v0.9.18
[INFO] [stderr]    Compiling anstyle-parse v0.2.6
[INFO] [stderr]    Compiling quote v1.0.37
[INFO] [stderr]    Compiling futures-channel v0.3.31
[INFO] [stderr]    Compiling ntex-service v3.2.1
[INFO] [stderr]    Compiling is_terminal_polyfill v1.70.1
[INFO] [stderr]    Compiling crossbeam-deque v0.8.5
[INFO] [stderr]    Compiling tracing v0.1.40
[INFO] [stderr]    Compiling event-listener v5.3.1
[INFO] [stderr]    Compiling syn v2.0.85
[INFO] [stderr]    Compiling futures-task v0.3.31
[INFO] [stderr]    Compiling pin-utils v0.1.0
[INFO] [stderr]    Compiling signal-hook-registry v1.4.2
[INFO] [stderr]    Compiling mio v1.0.2
[INFO] [stderr]    Compiling socket2 v0.5.7
[INFO] [stderr]    Compiling futures-io v0.3.31
[INFO] [stderr]    Compiling colorchoice v1.0.3
[INFO] [stderr]    Compiling httparse v1.9.5
[INFO] [stderr]    Compiling anstyle-query v1.1.2
[INFO] [stderr]    Compiling event-listener-strategy v0.5.2
[INFO] [stderr]    Compiling percent-encoding v2.3.1
[INFO] [stderr]    Compiling either v1.13.0
[INFO] [stderr]    Compiling anstyle v1.0.9
[INFO] [stderr]    Compiling async-channel v2.3.1
[INFO] [stderr]    Compiling tokio v1.41.0
[INFO] [stderr]    Compiling anstream v0.6.17
[INFO] [stderr]    Compiling rayon v1.10.0
[INFO] [stderr]    Compiling form_urlencoded v1.2.1
[INFO] [stderr]    Compiling block-buffer v0.10.4
[INFO] [stderr]    Compiling crypto-common v0.1.6
[INFO] [stderr]    Compiling async-broadcast v0.7.1
[INFO] [stderr]    Compiling regex-automata v0.4.8
[INFO] [stderr]    Compiling digest v0.10.7
[INFO] [stderr]    Compiling nanorand v0.7.0
[INFO] [stderr]    Compiling cpufeatures v0.2.14
[INFO] [stderr]    Compiling encoding_rs v0.8.35
[INFO] [stderr]    Compiling strsim v0.11.1
[INFO] [stderr]    Compiling heck v0.5.0
[INFO] [stderr]    Compiling base64 v0.22.1
[INFO] [stderr]    Compiling httpdate v1.0.3
[INFO] [stderr]    Compiling sha-1 v0.10.1
[INFO] [stderr]    Compiling mime v0.3.17
[INFO] [stderr]    Compiling clap_lex v0.7.2
[INFO] [stderr]    Compiling humantime v2.1.0
[INFO] [stderr]    Compiling metrs v0.4.1 (/opt/rustwide/workdir/bin/metrs)
[INFO] [stderr]    Compiling clap_builder v4.5.20
[INFO] [stderr]    Compiling regex v1.11.1
[INFO] [stderr]    Compiling sysinfo v0.32.0
[INFO] [stderr]    Compiling env_filter v0.1.2
[INFO] [stderr]    Compiling polling v3.7.3
[INFO] [stderr]    Compiling env_logger v0.11.5
[INFO] [stderr]    Compiling serde_derive v1.0.214
[INFO] [stderr]    Compiling thiserror-impl v1.0.65
[INFO] [stderr]    Compiling futures-macro v0.3.31
[INFO] [stderr]    Compiling clap_derive v4.5.18
[INFO] [stderr]    Compiling ntex-macros v0.1.3
[INFO] [stderr]    Compiling futures-util v0.3.31
[INFO] [stderr]    Compiling ntex-util v2.4.0
[INFO] [stderr]    Compiling clap v4.5.20
[INFO] [stderr]    Compiling futures-executor v0.3.31
[INFO] [stderr]    Compiling futures v0.3.31
[INFO] [stderr]    Compiling ntex-bytes v0.1.27
[INFO] [stderr]    Compiling serde_urlencoded v0.7.1
[INFO] [stderr]    Compiling ntex-codec v0.6.2
[INFO] [stderr]    Compiling ntex-http v0.1.12
[INFO] [stderr]    Compiling ntex-router v0.5.3
[INFO] [stderr]    Compiling ntex-io v2.7.1
[INFO] [stderr]    Compiling metrs_stubs v0.5.5 (/opt/rustwide/workdir/crates/metrs_stubs)
[INFO] [stderr]    Compiling ntex-tokio v0.5.2
[INFO] [stderr]    Compiling ntex-net v2.4.0
[INFO] [stderr]    Compiling ntex-h2 v1.3.0
[INFO] [stderr]    Compiling ntex-server v2.4.0
[INFO] [stderr]    Compiling ntex-tls v2.2.0
[INFO] [stderr]    Compiling ntex v2.7.0
[INFO] [stderr]    Compiling metrsd_client v0.5.5 (/opt/rustwide/workdir/crates/metrsd_client)
[INFO] [stderr]    Compiling metrsd v0.5.5 (/opt/rustwide/workdir/bin/metrsd)
[INFO] [stderr]     Finished `dev` profile [unoptimized + debuginfo] target(s) in 42.27s
[INFO] running `Command { std: "docker" "inspect" "229d48352dee9184a1948a83020913a28bafa22237dd5146e2a6f3d89e74d00a", kill_on_drop: false }`
[INFO] running `Command { std: "docker" "rm" "-f" "229d48352dee9184a1948a83020913a28bafa22237dd5146e2a6f3d89e74d00a", kill_on_drop: false }`
[INFO] [stdout] 229d48352dee9184a1948a83020913a28bafa22237dd5146e2a6f3d89e74d00a
[INFO] running `Command { std: "docker" "create" "-v" "/var/lib/crater-agent-workspace/builds/worker-3-tc1/target:/opt/rustwide/target:rw,Z" "-v" "/var/lib/crater-agent-workspace/builds/worker-3-tc1/source:/opt/rustwide/workdir:ro,Z" "-v" "/var/lib/crater-agent-workspace/cargo-home:/opt/rustwide/cargo-home:ro,Z" "-v" "/var/lib/crater-agent-workspace/rustup-home:/opt/rustwide/rustup-home:ro,Z" "-e" "SOURCE_DIR=/opt/rustwide/workdir" "-e" "CARGO_TARGET_DIR=/opt/rustwide/target" "-e" "CARGO_INCREMENTAL=0" "-e" "RUST_BACKTRACE=full" "-e" "RUSTFLAGS=--cap-lints=forbid" "-e" "RUSTDOCFLAGS=--cap-lints=forbid" "-e" "CARGO_HOME=/opt/rustwide/cargo-home" "-e" "RUSTUP_HOME=/opt/rustwide/rustup-home" "-w" "/opt/rustwide/workdir" "-m" "1610612736" "--user" "0:0" "--network" "none" "ghcr.io/rust-lang/crates-build-env/linux@sha256:819108c5571ea2e421544af4d832f968d213c87fbe3707a016657f43d2f853bc" "/opt/rustwide/cargo-home/bin/cargo" "+nightly-2025-01-18" "test" "--frozen" "--no-run" "--message-format=json", kill_on_drop: false }`
[INFO] [stdout] ee69f2b1141c0d27ade036bedd6537a50a88e12b371df62f1f40ba66824540e8
[INFO] running `Command { std: "docker" "start" "-a" "ee69f2b1141c0d27ade036bedd6537a50a88e12b371df62f1f40ba66824540e8", kill_on_drop: false }`
[INFO] [stderr]    Compiling metrs v0.4.1 (/opt/rustwide/workdir/bin/metrs)
[INFO] [stderr]    Compiling metrs_stubs v0.5.5 (/opt/rustwide/workdir/crates/metrs_stubs)
[INFO] [stderr]    Compiling metrsd_client v0.5.5 (/opt/rustwide/workdir/crates/metrsd_client)
[INFO] [stderr]    Compiling metrsd v0.5.5 (/opt/rustwide/workdir/bin/metrsd)
[INFO] [stderr]     Finished `test` profile [unoptimized + debuginfo] target(s) in 4.49s
[INFO] running `Command { std: "docker" "inspect" "ee69f2b1141c0d27ade036bedd6537a50a88e12b371df62f1f40ba66824540e8", kill_on_drop: false }`
[INFO] running `Command { std: "docker" "rm" "-f" "ee69f2b1141c0d27ade036bedd6537a50a88e12b371df62f1f40ba66824540e8", kill_on_drop: false }`
[INFO] [stdout] ee69f2b1141c0d27ade036bedd6537a50a88e12b371df62f1f40ba66824540e8
[INFO] running `Command { std: "docker" "create" "-v" "/var/lib/crater-agent-workspace/builds/worker-3-tc1/target:/opt/rustwide/target:rw,Z" "-v" "/var/lib/crater-agent-workspace/builds/worker-3-tc1/source:/opt/rustwide/workdir:ro,Z" "-v" "/var/lib/crater-agent-workspace/cargo-home:/opt/rustwide/cargo-home:ro,Z" "-v" "/var/lib/crater-agent-workspace/rustup-home:/opt/rustwide/rustup-home:ro,Z" "-e" "SOURCE_DIR=/opt/rustwide/workdir" "-e" "CARGO_TARGET_DIR=/opt/rustwide/target" "-e" "CARGO_INCREMENTAL=0" "-e" "RUST_BACKTRACE=full" "-e" "RUSTFLAGS=--cap-lints=forbid" "-e" "RUSTDOCFLAGS=--cap-lints=forbid" "-e" "CARGO_HOME=/opt/rustwide/cargo-home" "-e" "RUSTUP_HOME=/opt/rustwide/rustup-home" "-w" "/opt/rustwide/workdir" "-m" "1610612736" "--user" "0:0" "--network" "none" "ghcr.io/rust-lang/crates-build-env/linux@sha256:819108c5571ea2e421544af4d832f968d213c87fbe3707a016657f43d2f853bc" "/opt/rustwide/cargo-home/bin/cargo" "+nightly-2025-01-18" "test" "--frozen", kill_on_drop: false }`
[INFO] [stdout] ba2c24e1e8ebde284cefec38e596689900e2c4bdf8a8cb7eda7f70452cd54649
[INFO] running `Command { std: "docker" "start" "-a" "ba2c24e1e8ebde284cefec38e596689900e2c4bdf8a8cb7eda7f70452cd54649", kill_on_drop: false }`
[INFO] [stderr]     Finished `test` profile [unoptimized + debuginfo] target(s) in 0.12s
[INFO] [stderr]      Running unittests src/main.rs (/opt/rustwide/target/debug/deps/metrs-9f4f52b18af21ca3)
[INFO] [stdout] 
[INFO] [stdout] running 1 test
[INFO] [stdout] test tests::test_main ... ok
[INFO] [stdout] 
[INFO] [stdout] test result: ok. 1 passed; 0 failed; 0 ignored; 0 measured; 0 filtered out; finished in 0.00s
[INFO] [stdout] 
[INFO] [stderr]      Running unittests src/lib.rs (/opt/rustwide/target/debug/deps/metrs_stubs-ce6c6046b0b56aee)
[INFO] [stdout] 
[INFO] [stdout] running 0 tests
[INFO] [stdout] 
[INFO] [stdout] test result: ok. 0 passed; 0 failed; 0 ignored; 0 measured; 0 filtered out; finished in 0.00s
[INFO] [stdout] 
[INFO] [stderr]      Running unittests src/main.rs (/opt/rustwide/target/debug/deps/metrsd-faec073213fd3f23)
[INFO] [stdout] 
[INFO] [stdout] running 4 tests
[INFO] [stdout] test cli::tests::test_cli ... ok
[INFO] [stdout] test server::tests::test_gen_srv ... ok
[INFO] [stdout] test server::tests::test_unhandled_route ... ok
[INFO] [stdout] test server::tests::test_subscribe ... ok
[INFO] [stdout] 
[INFO] [stdout] test result: ok. 4 passed; 0 failed; 0 ignored; 0 measured; 0 filtered out; finished in 56.33s
[INFO] [stdout] 
[INFO] [stdout] 
[INFO] [stderr]      Running unittests src/lib.rs (/opt/rustwide/target/debug/deps/metrsd_client-84b17f22bb24aa52)
[INFO] [stdout] running 6 tests
[INFO] [stdout] test client::tests::test_gen_url ... ok
[INFO] [stdout] test client::tests::test_wrong_get ... ok
[INFO] [stdout] test client::tests::test_new_client ... ok
[INFO] [stdout] test client::tests::test_new_client_wrong_scheme - should panic ... ok
[INFO] [stdout] test client::tests::test_api_error ... FAILED
[INFO] [stdout] test event::tests::test_subscribe ... FAILED
[INFO] [stdout] 
[INFO] [stdout] failures:
[INFO] [stdout] 
[INFO] [stdout] ---- client::tests::test_api_error stdout ----
[INFO] [stdout] 
[INFO] [stdout] thread 'client::tests::test_api_error' panicked at crates/metrsd_client/src/client.rs:162:64:
[INFO] [stdout] called `Result::unwrap()` on an `Err` value: Connect(Disconnected(Some(Os { code: 111, kind: ConnectionRefused, message: "Connection refused" })))
[INFO] [stdout] stack backtrace:
[INFO] [stdout]    0:     0x617c2792b94a - std::backtrace_rs::backtrace::libunwind::trace::hb059275cfc8d6126
[INFO] [stdout]                                at /rustc/6067b36314ab5eb2eb47cecc464545ba58e1ad24/library/std/src/../../backtrace/src/backtrace/libunwind.rs:116:5
[INFO] [stdout]    1:     0x617c2792b94a - std::backtrace_rs::backtrace::trace_unsynchronized::h2da071e4327ce3ee
[INFO] [stdout]                                at /rustc/6067b36314ab5eb2eb47cecc464545ba58e1ad24/library/std/src/../../backtrace/src/backtrace/mod.rs:66:5
[INFO] [stdout]    2:     0x617c2792b94a - std::sys::backtrace::_print_fmt::h842a1474e6f8d23f
[INFO] [stdout]                                at /rustc/6067b36314ab5eb2eb47cecc464545ba58e1ad24/library/std/src/sys/backtrace.rs:66:9
[INFO] [stdout]    3:     0x617c2792b94a - <std::sys::backtrace::BacktraceLock::print::DisplayBacktrace as core::fmt::Display>::fmt::h71a62eb3b9696b12
[INFO] [stdout]                                at /rustc/6067b36314ab5eb2eb47cecc464545ba58e1ad24/library/std/src/sys/backtrace.rs:39:26
[INFO] [stdout]    4:     0x617c27957183 - core::fmt::rt::Argument::fmt::hdb6b616786b41dc1
[INFO] [stdout]                                at /rustc/6067b36314ab5eb2eb47cecc464545ba58e1ad24/library/core/src/fmt/rt.rs:177:76
[INFO] [stdout]    5:     0x617c27957183 - core::fmt::write::h2cc1698af7e2d686
[INFO] [stdout]                                at /rustc/6067b36314ab5eb2eb47cecc464545ba58e1ad24/library/core/src/fmt/mod.rs:1440:21
[INFO] [stdout]    6:     0x617c279279c3 - std::io::Write::write_fmt::hab1b4cd059a79022
[INFO] [stdout]                                at /rustc/6067b36314ab5eb2eb47cecc464545ba58e1ad24/library/std/src/io/mod.rs:1887:15
[INFO] [stdout]    7:     0x617c2792b792 - std::sys::backtrace::BacktraceLock::print::h147fe35b4ea13b08
[INFO] [stdout]                                at /rustc/6067b36314ab5eb2eb47cecc464545ba58e1ad24/library/std/src/sys/backtrace.rs:42:9
[INFO] [stdout]    8:     0x617c2792cd6f - std::panicking::default_hook::{{closure}}::hbd44223dbdc0d208
[INFO] [stdout]                                at /rustc/6067b36314ab5eb2eb47cecc464545ba58e1ad24/library/std/src/panicking.rs:298:22
[INFO] [stdout]    9:     0x617c2792cb88 - std::panicking::default_hook::h20f81eb0576efcec
[INFO] [stdout]                                at /rustc/6067b36314ab5eb2eb47cecc464545ba58e1ad24/library/std/src/panicking.rs:322:9
[INFO] [stdout]   10:     0x617c2757f083 - <alloc::boxed::Box<F,A> as core::ops::function::Fn<Args>>::call::hdb53814c496a4d34
[INFO] [stdout]                                at /rustc/6067b36314ab5eb2eb47cecc464545ba58e1ad24/library/alloc/src/boxed.rs:2027:9
[INFO] [stdout]   11:     0x617c2757f083 - test::test_main::{{closure}}::hc0a4963c59427c24
[INFO] [stdout]                                at /rustc/6067b36314ab5eb2eb47cecc464545ba58e1ad24/library/test/src/lib.rs:134:21
[INFO] [stdout]   12:     0x617c2792d863 - <alloc::boxed::Box<F,A> as core::ops::function::Fn<Args>>::call::h591b2225413a77e9
[INFO] [stdout]                                at /rustc/6067b36314ab5eb2eb47cecc464545ba58e1ad24/library/alloc/src/boxed.rs:2027:9
[INFO] [stdout]   13:     0x617c2792d863 - std::panicking::rust_panic_with_hook::h625eea43051b2edc
[INFO] [stdout]                                at /rustc/6067b36314ab5eb2eb47cecc464545ba58e1ad24/library/std/src/panicking.rs:839:13
[INFO] [stdout]   14:     0x617c2792d51a - std::panicking::begin_panic_handler::{{closure}}::h4f9159cfbc3f6bd3
[INFO] [stdout]                                at /rustc/6067b36314ab5eb2eb47cecc464545ba58e1ad24/library/std/src/panicking.rs:704:13
[INFO] [stdout]   15:     0x617c2792be49 - std::sys::backtrace::__rust_end_short_backtrace::h0390abce48353151
[INFO] [stdout]                                at /rustc/6067b36314ab5eb2eb47cecc464545ba58e1ad24/library/std/src/sys/backtrace.rs:168:18
[INFO] [stdout]   16:     0x617c2792d1ad - rust_begin_unwind
[INFO] [stdout]                                at /rustc/6067b36314ab5eb2eb47cecc464545ba58e1ad24/library/std/src/panicking.rs:695:5
[INFO] [stdout]   17:     0x617c279548f0 - core::panicking::panic_fmt::h9e7c637e9e5f29c9
[INFO] [stdout]                                at /rustc/6067b36314ab5eb2eb47cecc464545ba58e1ad24/library/core/src/panicking.rs:75:14
[INFO] [stdout]   18:     0x617c27954dc6 - core::result::unwrap_failed::h7979f09313fe1849
[INFO] [stdout]                                at /rustc/6067b36314ab5eb2eb47cecc464545ba58e1ad24/library/core/src/result.rs:1704:5
[INFO] [stdout]   19:     0x617c27544b56 - core::result::Result<T,E>::unwrap::h85a1f97ca3dc2384
[INFO] [stdout]                                at /rustc/6067b36314ab5eb2eb47cecc464545ba58e1ad24/library/core/src/result.rs:1109:23
[INFO] [stdout]   20:     0x617c27544b56 - metrsd_client::client::tests::test_api_error::{{closure}}::h0b4c288e6e6f4650
[INFO] [stdout]                                at /opt/rustwide/workdir/crates/metrsd_client/src/client.rs:162:19
[INFO] [stdout]   21:     0x617c27508e66 - ntex_rt::builder::SystemRunner::block_on::{{closure}}::ha352cb5e1767714e
[INFO] [stdout]                                at /opt/rustwide/cargo-home/registry/src/index.crates.io-1949cf8c6b5b557f/ntex-rt-0.4.20/src/builder.rs:168:17
[INFO] [stdout]   22:     0x617c27541936 - ntex_rt::system::SystemConfig::block_on::{{closure}}::h4ebf3ab9a1821b13
[INFO] [stdout]                                at /opt/rustwide/cargo-home/registry/src/index.crates.io-1949cf8c6b5b557f/ntex-rt-0.4.20/src/system.rs:136:29
[INFO] [stdout]   23:     0x617c2750d52d - <core::pin::Pin<P> as core::future::future::Future>::poll::h1ce32827babb2177
[INFO] [stdout]                                at /rustc/6067b36314ab5eb2eb47cecc464545ba58e1ad24/library/core/src/future/future.rs:124:9
[INFO] [stdout]   24:     0x617c27535bef - <tokio::task::local::RunUntil<T> as core::future::future::Future>::poll::{{closure}}::h6954fb12d754fcdc
[INFO] [stdout]                                at /opt/rustwide/cargo-home/registry/src/index.crates.io-1949cf8c6b5b557f/tokio-1.41.0/src/task/local.rs:1041:42
[INFO] [stdout]   25:     0x617c27532b90 - tokio::task::local::LocalSet::with::{{closure}}::h68fd17ff65243903
[INFO] [stdout]                                at /opt/rustwide/cargo-home/registry/src/index.crates.io-1949cf8c6b5b557f/tokio-1.41.0/src/task/local.rs:793:13
[INFO] [stdout]   26:     0x617c274de785 - std::thread::local::LocalKey<T>::try_with::h17f2c8efcfea8ac1
[INFO] [stdout]                                at /rustc/6067b36314ab5eb2eb47cecc464545ba58e1ad24/library/std/src/thread/local.rs:308:12
[INFO] [stdout]   27:     0x617c274dd27a - std::thread::local::LocalKey<T>::with::h35b6c0103cf4c8e0
[INFO] [stdout]                                at /rustc/6067b36314ab5eb2eb47cecc464545ba58e1ad24/library/std/src/thread/local.rs:272:9
[INFO] [stdout]   28:     0x617c27532916 - tokio::task::local::LocalSet::with::ha00b70c5df7ad320
[INFO] [stdout]                                at /opt/rustwide/cargo-home/registry/src/index.crates.io-1949cf8c6b5b557f/tokio-1.41.0/src/task/local.rs:791:9
[INFO] [stdout]   29:     0x617c27535a55 - <tokio::task::local::RunUntil<T> as core::future::future::Future>::poll::h20b83269d969a320
[INFO] [stdout]                                at /opt/rustwide/cargo-home/registry/src/index.crates.io-1949cf8c6b5b557f/tokio-1.41.0/src/task/local.rs:1031:9
[INFO] [stdout]   30:     0x617c275339aa - tokio::task::local::LocalSet::run_until::{{closure}}::ha86305259228dc93
[INFO] [stdout]                                at /opt/rustwide/cargo-home/registry/src/index.crates.io-1949cf8c6b5b557f/tokio-1.41.0/src/task/local.rs:689:19
[INFO] [stdout]   31:     0x617c2750d9ed - <core::pin::Pin<P> as core::future::future::Future>::poll::hd93e4bae8fd4bc16
[INFO] [stdout]                                at /rustc/6067b36314ab5eb2eb47cecc464545ba58e1ad24/library/core/src/future/future.rs:124:9
[INFO] [stdout]   32:     0x617c274dce1f - tokio::runtime::scheduler::current_thread::CoreGuard::block_on::{{closure}}::{{closure}}::{{closure}}::h07e6b506e128d81c
[INFO] [stdout]                                at /opt/rustwide/cargo-home/registry/src/index.crates.io-1949cf8c6b5b557f/tokio-1.41.0/src/runtime/scheduler/current_thread/mod.rs:729:57
[INFO] [stdout]   33:     0x617c274dba95 - tokio::runtime::coop::with_budget::ha41299f5dcda06c3
[INFO] [stdout]                                at /opt/rustwide/cargo-home/registry/src/index.crates.io-1949cf8c6b5b557f/tokio-1.41.0/src/runtime/coop.rs:107:5
[INFO] [stdout]   34:     0x617c274dba95 - tokio::runtime::coop::budget::h99c531418048529a
[INFO] [stdout]                                at /opt/rustwide/cargo-home/registry/src/index.crates.io-1949cf8c6b5b557f/tokio-1.41.0/src/runtime/coop.rs:73:5
[INFO] [stdout]   35:     0x617c274dba95 - tokio::runtime::scheduler::current_thread::CoreGuard::block_on::{{closure}}::{{closure}}::h23fa5238090c1be2
[INFO] [stdout]                                at /opt/rustwide/cargo-home/registry/src/index.crates.io-1949cf8c6b5b557f/tokio-1.41.0/src/runtime/scheduler/current_thread/mod.rs:729:25
[INFO] [stdout]   36:     0x617c274cf640 - tokio::runtime::scheduler::current_thread::Context::enter::he4b78397fbae237e
[INFO] [stdout]                                at /opt/rustwide/cargo-home/registry/src/index.crates.io-1949cf8c6b5b557f/tokio-1.41.0/src/runtime/scheduler/current_thread/mod.rs:428:19
[INFO] [stdout]   37:     0x617c274db2fb - tokio::runtime::scheduler::current_thread::CoreGuard::block_on::{{closure}}::hf8483c778d82b308
[INFO] [stdout]                                at /opt/rustwide/cargo-home/registry/src/index.crates.io-1949cf8c6b5b557f/tokio-1.41.0/src/runtime/scheduler/current_thread/mod.rs:728:36
[INFO] [stdout]   38:     0x617c274d4d44 - tokio::runtime::scheduler::current_thread::CoreGuard::enter::{{closure}}::hba6721bc6ddf786f
[INFO] [stdout]                                at /opt/rustwide/cargo-home/registry/src/index.crates.io-1949cf8c6b5b557f/tokio-1.41.0/src/runtime/scheduler/current_thread/mod.rs:807:68
[INFO] [stdout]   39:     0x617c2750ca1b - tokio::runtime::context::scoped::Scoped<T>::set::h9c82730718c525dd
[INFO] [stdout]                                at /opt/rustwide/cargo-home/registry/src/index.crates.io-1949cf8c6b5b557f/tokio-1.41.0/src/runtime/context/scoped.rs:40:9
[INFO] [stdout]   40:     0x617c27527919 - tokio::runtime::context::set_scheduler::{{closure}}::hb3a588e9a87afa08
[INFO] [stdout]                                at /opt/rustwide/cargo-home/registry/src/index.crates.io-1949cf8c6b5b557f/tokio-1.41.0/src/runtime/context.rs:180:26
[INFO] [stdout]   41:     0x617c274e3ac2 - std::thread::local::LocalKey<T>::try_with::hcf5abca7261507f3
[INFO] [stdout]                                at /rustc/6067b36314ab5eb2eb47cecc464545ba58e1ad24/library/std/src/thread/local.rs:308:12
[INFO] [stdout]   42:     0x617c274dd1ea - std::thread::local::LocalKey<T>::with::h21d3383bac0efa14
[INFO] [stdout]                                at /rustc/6067b36314ab5eb2eb47cecc464545ba58e1ad24/library/std/src/thread/local.rs:272:9
[INFO] [stdout]   43:     0x617c2752760d - tokio::runtime::context::set_scheduler::hb0e55ff16f6cb70b
[INFO] [stdout]                                at /opt/rustwide/cargo-home/registry/src/index.crates.io-1949cf8c6b5b557f/tokio-1.41.0/src/runtime/context.rs:180:9
[INFO] [stdout]   44:     0x617c274d2970 - tokio::runtime::scheduler::current_thread::CoreGuard::enter::h38a6db1da93667da
[INFO] [stdout]                                at /opt/rustwide/cargo-home/registry/src/index.crates.io-1949cf8c6b5b557f/tokio-1.41.0/src/runtime/scheduler/current_thread/mod.rs:807:27
[INFO] [stdout]   45:     0x617c274d51a3 - tokio::runtime::scheduler::current_thread::CoreGuard::block_on::hd203e2804fa8ce14
[INFO] [stdout]                                at /opt/rustwide/cargo-home/registry/src/index.crates.io-1949cf8c6b5b557f/tokio-1.41.0/src/runtime/scheduler/current_thread/mod.rs:716:19
[INFO] [stdout]   46:     0x617c274c913d - tokio::runtime::scheduler::current_thread::CurrentThread::block_on::{{closure}}::ha82a6305e85817f1
[INFO] [stdout]                                at /opt/rustwide/cargo-home/registry/src/index.crates.io-1949cf8c6b5b557f/tokio-1.41.0/src/runtime/scheduler/current_thread/mod.rs:196:28
[INFO] [stdout]   47:     0x617c27538507 - tokio::runtime::context::runtime::enter_runtime::h1b230e61c31b13d4
[INFO] [stdout]                                at /opt/rustwide/cargo-home/registry/src/index.crates.io-1949cf8c6b5b557f/tokio-1.41.0/src/runtime/context/runtime.rs:65:16
[INFO] [stdout]   48:     0x617c274c6f71 - tokio::runtime::scheduler::current_thread::CurrentThread::block_on::he6e5ecef5b88d5c5
[INFO] [stdout]                                at /opt/rustwide/cargo-home/registry/src/index.crates.io-1949cf8c6b5b557f/tokio-1.41.0/src/runtime/scheduler/current_thread/mod.rs:184:9
[INFO] [stdout]   49:     0x617c275345fb - tokio::runtime::runtime::Runtime::block_on_inner::ha9fafc5b4626071f
[INFO] [stdout]                                at /opt/rustwide/cargo-home/registry/src/index.crates.io-1949cf8c6b5b557f/tokio-1.41.0/src/runtime/runtime.rs:368:47
[INFO] [stdout]   50:     0x617c27535175 - tokio::runtime::runtime::Runtime::block_on::hc392d0d78194a9bf
[INFO] [stdout]                                at /opt/rustwide/cargo-home/registry/src/index.crates.io-1949cf8c6b5b557f/tokio-1.41.0/src/runtime/runtime.rs:342:13
[INFO] [stdout]   51:     0x617c27532f01 - tokio::task::local::LocalSet::block_on::h18656fb16d00f2aa
[INFO] [stdout]                                at /opt/rustwide/cargo-home/registry/src/index.crates.io-1949cf8c6b5b557f/tokio-1.41.0/src/task/local.rs:646:9
[INFO] [stdout]   52:     0x617c2751e962 - ntex_rt::tokio::block_on::h2088b7d945d501d1
[INFO] [stdout]                                at /opt/rustwide/cargo-home/registry/src/index.crates.io-1949cf8c6b5b557f/ntex-rt-0.4.20/src/lib.rs:72:13
[INFO] [stdout]   53:     0x617c2753ee99 - ntex_rt::system::SystemConfig::block_on::h88a412ab1eaa3cf2
[INFO] [stdout]                                at /opt/rustwide/cargo-home/registry/src/index.crates.io-1949cf8c6b5b557f/ntex-rt-0.4.20/src/system.rs:135:13
[INFO] [stdout]   54:     0x617c275073ce - ntex_rt::builder::SystemRunner::block_on::h23075b9f8462b6e5
[INFO] [stdout]                                at /opt/rustwide/cargo-home/registry/src/index.crates.io-1949cf8c6b5b557f/ntex-rt-0.4.20/src/builder.rs:165:9
[INFO] [stdout]   55:     0x617c27544848 - metrsd_client::client::tests::test_api_error::h29bc0e63d64aa25c
[INFO] [stdout]                                at /opt/rustwide/workdir/crates/metrsd_client/src/client.rs:159:3
[INFO] [stdout]   56:     0x617c275447f7 - metrsd_client::client::tests::test_api_error::{{closure}}::h3ac3d0e2ef323904
[INFO] [stdout]                                at /opt/rustwide/workdir/crates/metrsd_client/src/client.rs:159:16
[INFO] [stdout]   57:     0x617c274f38f6 - core::ops::function::FnOnce::call_once::hafcaebaf5d498136
[INFO] [stdout]                                at /rustc/6067b36314ab5eb2eb47cecc464545ba58e1ad24/library/core/src/ops/function.rs:250:5
[INFO] [stdout]   58:     0x617c275847db - core::ops::function::FnOnce::call_once::he27718dfdd183f43
[INFO] [stdout]                                at /rustc/6067b36314ab5eb2eb47cecc464545ba58e1ad24/library/core/src/ops/function.rs:250:5
[INFO] [stdout]   59:     0x617c275847db - test::__rust_begin_short_backtrace::h4e84902998457a5d
[INFO] [stdout]                                at /rustc/6067b36314ab5eb2eb47cecc464545ba58e1ad24/library/test/src/lib.rs:632:18
[INFO] [stdout]   60:     0x617c27583713 - test::run_test_in_process::{{closure}}::h7176fd18fc1feca0
[INFO] [stdout]                                at /rustc/6067b36314ab5eb2eb47cecc464545ba58e1ad24/library/test/src/lib.rs:655:60
[INFO] [stdout]   61:     0x617c27583713 - <core::panic::unwind_safe::AssertUnwindSafe<F> as core::ops::function::FnOnce<()>>::call_once::hf79cff2a624d8cf7
[INFO] [stdout]                                at /rustc/6067b36314ab5eb2eb47cecc464545ba58e1ad24/library/core/src/panic/unwind_safe.rs:272:9
[INFO] [stdout]   62:     0x617c27583713 - std::panicking::try::do_call::h3da0561d9ab99c25
[INFO] [stdout]                                at /rustc/6067b36314ab5eb2eb47cecc464545ba58e1ad24/library/std/src/panicking.rs:587:40
[INFO] [stdout]   63:     0x617c27583713 - std::panicking::try::h41c9fa508bc61df6
[INFO] [stdout]                                at /rustc/6067b36314ab5eb2eb47cecc464545ba58e1ad24/library/std/src/panicking.rs:550:19
[INFO] [stdout]   64:     0x617c27583713 - std::panic::catch_unwind::h6b3ff07bb5afad93
[INFO] [stdout]                                at /rustc/6067b36314ab5eb2eb47cecc464545ba58e1ad24/library/std/src/panic.rs:358:14
[INFO] [stdout]   65:     0x617c27583713 - test::run_test_in_process::hc7253dd11b39b9f4
[INFO] [stdout]                                at /rustc/6067b36314ab5eb2eb47cecc464545ba58e1ad24/library/test/src/lib.rs:655:27
[INFO] [stdout]   66:     0x617c27583713 - test::run_test::{{closure}}::hfb2007f8649c30bb
[INFO] [stdout]                                at /rustc/6067b36314ab5eb2eb47cecc464545ba58e1ad24/library/test/src/lib.rs:576:43
[INFO] [stdout]   67:     0x617c275467f5 - test::run_test::{{closure}}::h56a17aa7a282a9f4
[INFO] [stdout]                                at /rustc/6067b36314ab5eb2eb47cecc464545ba58e1ad24/library/test/src/lib.rs:606:41
[INFO] [stdout]   68:     0x617c275467f5 - std::sys::backtrace::__rust_begin_short_backtrace::hd2d2d2fb8e8c6aac
[INFO] [stdout]                                at /rustc/6067b36314ab5eb2eb47cecc464545ba58e1ad24/library/std/src/sys/backtrace.rs:152:18
[INFO] [stdout]   69:     0x617c2754a0da - std::thread::Builder::spawn_unchecked_::{{closure}}::{{closure}}::h4faa3f9db6133423
[INFO] [stdout]                                at /rustc/6067b36314ab5eb2eb47cecc464545ba58e1ad24/library/std/src/thread/mod.rs:559:17
[INFO] [stdout]   70:     0x617c2754a0da - <core::panic::unwind_safe::AssertUnwindSafe<F> as core::ops::function::FnOnce<()>>::call_once::hf2e855a36a4ea846
[INFO] [stdout]                                at /rustc/6067b36314ab5eb2eb47cecc464545ba58e1ad24/library/core/src/panic/unwind_safe.rs:272:9
[INFO] [stdout]   71:     0x617c2754a0da - std::panicking::try::do_call::h2f73af3616c35465
[INFO] [stdout]                                at /rustc/6067b36314ab5eb2eb47cecc464545ba58e1ad24/library/std/src/panicking.rs:587:40
[INFO] [stdout]   72:     0x617c2754a0da - std::panicking::try::hd1660ce9efadef5a
[INFO] [stdout]                                at /rustc/6067b36314ab5eb2eb47cecc464545ba58e1ad24/library/std/src/panicking.rs:550:19
[INFO] [stdout]   73:     0x617c2754a0da - std::panic::catch_unwind::h5ee8d7823b8ca744
[INFO] [stdout]                                at /rustc/6067b36314ab5eb2eb47cecc464545ba58e1ad24/library/std/src/panic.rs:358:14
[INFO] [stdout]   74:     0x617c2754a0da - std::thread::Builder::spawn_unchecked_::{{closure}}::h53c3a1894dce8407
[INFO] [stdout]                                at /rustc/6067b36314ab5eb2eb47cecc464545ba58e1ad24/library/std/src/thread/mod.rs:557:30
[INFO] [stdout]   75:     0x617c2754a0da - core::ops::function::FnOnce::call_once{{vtable.shim}}::h048ce291ad4f62bf
[INFO] [stdout]                                at /rustc/6067b36314ab5eb2eb47cecc464545ba58e1ad24/library/core/src/ops/function.rs:250:5
[INFO] [stdout]   76:     0x617c279318fb - <alloc::boxed::Box<F,A> as core::ops::function::FnOnce<Args>>::call_once::ha52bedf99a3b4981
[INFO] [stdout]                                at /rustc/6067b36314ab5eb2eb47cecc464545ba58e1ad24/library/alloc/src/boxed.rs:2013:9
[INFO] [stdout]   77:     0x617c279318fb - <alloc::boxed::Box<F,A> as core::ops::function::FnOnce<Args>>::call_once::h567748934d80ccf8
[INFO] [stdout]                                at /rustc/6067b36314ab5eb2eb47cecc464545ba58e1ad24/library/alloc/src/boxed.rs:2013:9
[INFO] [stdout]   78:     0x617c279318fb - std::sys::pal::unix::thread::Thread::new::thread_start::h2d970728ae887adc
[INFO] [stdout]                                at /rustc/6067b36314ab5eb2eb47cecc464545ba58e1ad24/library/std/src/sys/pal/unix/thread.rs:106:17
[INFO] [stdout]   79:     0x7b2621eb0ac3 - <unknown>
[INFO] [stdout]   80:     0x7b2621f41a04 - clone
[INFO] [stdout]   81:                0x0 - <unknown>
[INFO] [stdout] Panic in Arbiter thread.
[INFO] [stdout] 
[INFO] [stdout] ---- event::tests::test_subscribe stdout ----
[INFO] [stdout] 
[INFO] [stdout] thread 'event::tests::test_subscribe' panicked at crates/metrsd_client/src/event.rs:28:47:
[INFO] [stdout] called `Result::unwrap()` on an `Err` value: SendRequest(Connect(Disconnected(Some(Os { code: 111, kind: ConnectionRefused, message: "Connection refused" }))))
[INFO] [stdout] stack backtrace:
[INFO] [stdout]    0:     0x617c2792b94a - std::backtrace_rs::backtrace::libunwind::trace::hb059275cfc8d6126
[INFO] [stdout]                                at /rustc/6067b36314ab5eb2eb47cecc464545ba58e1ad24/library/std/src/../../backtrace/src/backtrace/libunwind.rs:116:5
[INFO] [stdout]    1:     0x617c2792b94a - std::backtrace_rs::backtrace::trace_unsynchronized::h2da071e4327ce3ee
[INFO] [stdout]                                at /rustc/6067b36314ab5eb2eb47cecc464545ba58e1ad24/library/std/src/../../backtrace/src/backtrace/mod.rs:66:5
[INFO] [stdout]    2:     0x617c2792b94a - std::sys::backtrace::_print_fmt::h842a1474e6f8d23f
[INFO] [stdout]                                at /rustc/6067b36314ab5eb2eb47cecc464545ba58e1ad24/library/std/src/sys/backtrace.rs:66:9
[INFO] [stdout]    3:     0x617c2792b94a - <std::sys::backtrace::BacktraceLock::print::DisplayBacktrace as core::fmt::Display>::fmt::h71a62eb3b9696b12
[INFO] [stdout]                                at /rustc/6067b36314ab5eb2eb47cecc464545ba58e1ad24/library/std/src/sys/backtrace.rs:39:26
[INFO] [stdout]    4:     0x617c27957183 - core::fmt::rt::Argument::fmt::hdb6b616786b41dc1
[INFO] [stdout]                                at /rustc/6067b36314ab5eb2eb47cecc464545ba58e1ad24/library/core/src/fmt/rt.rs:177:76
[INFO] [stdout]    5:     0x617c27957183 - core::fmt::write::h2cc1698af7e2d686
[INFO] [stdout]                                at /rustc/6067b36314ab5eb2eb47cecc464545ba58e1ad24/library/core/src/fmt/mod.rs:1440:21
[INFO] [stdout]    6:     0x617c279279c3 - std::io::Write::write_fmt::hab1b4cd059a79022
[INFO] [stdout]                                at /rustc/6067b36314ab5eb2eb47cecc464545ba58e1ad24/library/std/src/io/mod.rs:1887:15
[INFO] [stdout]    7:     0x617c2792b792 - std::sys::backtrace::BacktraceLock::print::h147fe35b4ea13b08
[INFO] [stdout]                                at /rustc/6067b36314ab5eb2eb47cecc464545ba58e1ad24/library/std/src/sys/backtrace.rs:42:9
[INFO] [stdout]    8:     0x617c2792cd6f - std::panicking::default_hook::{{closure}}::hbd44223dbdc0d208
[INFO] [stdout]                                at /rustc/6067b36314ab5eb2eb47cecc464545ba58e1ad24/library/std/src/panicking.rs:298:22
[INFO] [stdout]    9:     0x617c2792cb88 - std::panicking::default_hook::h20f81eb0576efcec
[INFO] [stdout]                                at /rustc/6067b36314ab5eb2eb47cecc464545ba58e1ad24/library/std/src/panicking.rs:322:9
[INFO] [stdout]   10:     0x617c2757f083 - <alloc::boxed::Box<F,A> as core::ops::function::Fn<Args>>::call::hdb53814c496a4d34
[INFO] [stdout]                                at /rustc/6067b36314ab5eb2eb47cecc464545ba58e1ad24/library/alloc/src/boxed.rs:2027:9
[INFO] [stdout]   11:     0x617c2757f083 - test::test_main::{{closure}}::hc0a4963c59427c24
[INFO] [stdout]                                at /rustc/6067b36314ab5eb2eb47cecc464545ba58e1ad24/library/test/src/lib.rs:134:21
[INFO] [stdout]   12:     0x617c2792d863 - <alloc::boxed::Box<F,A> as core::ops::function::Fn<Args>>::call::h591b2225413a77e9
[INFO] [stdout]                                at /rustc/6067b36314ab5eb2eb47cecc464545ba58e1ad24/library/alloc/src/boxed.rs:2027:9
[INFO] [stdout]   13:     0x617c2792d863 - std::panicking::rust_panic_with_hook::h625eea43051b2edc
[INFO] [stdout]                                at /rustc/6067b36314ab5eb2eb47cecc464545ba58e1ad24/library/std/src/panicking.rs:839:13
[INFO] [stdout]   14:     0x617c2792d51a - std::panicking::begin_panic_handler::{{closure}}::h4f9159cfbc3f6bd3
[INFO] [stdout]                                at /rustc/6067b36314ab5eb2eb47cecc464545ba58e1ad24/library/std/src/panicking.rs:704:13
[INFO] [stdout]   15:     0x617c2792be49 - std::sys::backtrace::__rust_end_short_backtrace::h0390abce48353151
[INFO] [stdout]                                at /rustc/6067b36314ab5eb2eb47cecc464545ba58e1ad24/library/std/src/sys/backtrace.rs:168:18
[INFO] [stdout]   16:     0x617c2792d1ad - rust_begin_unwind
[INFO] [stdout]                                at /rustc/6067b36314ab5eb2eb47cecc464545ba58e1ad24/library/std/src/panicking.rs:695:5
[INFO] [stdout]   17:     0x617c279548f0 - core::panicking::panic_fmt::h9e7c637e9e5f29c9
[INFO] [stdout]                                at /rustc/6067b36314ab5eb2eb47cecc464545ba58e1ad24/library/core/src/panicking.rs:75:14
[INFO] [stdout]   18:     0x617c27954dc6 - core::result::unwrap_failed::h7979f09313fe1849
[INFO] [stdout]                                at /rustc/6067b36314ab5eb2eb47cecc464545ba58e1ad24/library/core/src/result.rs:1704:5
[INFO] [stdout]   19:     0x617c27543299 - core::result::Result<T,E>::unwrap::he564b2add071791b
[INFO] [stdout]                                at /rustc/6067b36314ab5eb2eb47cecc464545ba58e1ad24/library/core/src/result.rs:1109:23
[INFO] [stdout]   20:     0x617c27543299 - metrsd_client::event::tests::test_subscribe::{{closure}}::h177710f0644fc87a
[INFO] [stdout]                                at /opt/rustwide/workdir/crates/metrsd_client/src/event.rs:28:22
[INFO] [stdout]   21:     0x617c275087e6 - ntex_rt::builder::SystemRunner::block_on::{{closure}}::h8c3745903a415b27
[INFO] [stdout]                                at /opt/rustwide/cargo-home/registry/src/index.crates.io-1949cf8c6b5b557f/ntex-rt-0.4.20/src/builder.rs:168:17
[INFO] [stdout]   22:     0x617c27542356 - ntex_rt::system::SystemConfig::block_on::{{closure}}::hcb06370ccf4abb83
[INFO] [stdout]                                at /opt/rustwide/cargo-home/registry/src/index.crates.io-1949cf8c6b5b557f/ntex-rt-0.4.20/src/system.rs:136:29
[INFO] [stdout]   23:     0x617c2750d5ad - <core::pin::Pin<P> as core::future::future::Future>::poll::h32b0d862b0a0ff9b
[INFO] [stdout]                                at /rustc/6067b36314ab5eb2eb47cecc464545ba58e1ad24/library/core/src/future/future.rs:124:9
[INFO] [stdout]   24:     0x617c27535d2f - <tokio::task::local::RunUntil<T> as core::future::future::Future>::poll::{{closure}}::h70804f2e95ab052d
[INFO] [stdout]                                at /opt/rustwide/cargo-home/registry/src/index.crates.io-1949cf8c6b5b557f/tokio-1.41.0/src/task/local.rs:1041:42
[INFO] [stdout]   25:     0x617c27532d70 - tokio::task::local::LocalSet::with::{{closure}}::had69fb8686113452
[INFO] [stdout]                                at /opt/rustwide/cargo-home/registry/src/index.crates.io-1949cf8c6b5b557f/tokio-1.41.0/src/task/local.rs:793:13
[INFO] [stdout]   26:     0x617c274e2645 - std::thread::local::LocalKey<T>::try_with::h9665432079d84e33
[INFO] [stdout]                                at /rustc/6067b36314ab5eb2eb47cecc464545ba58e1ad24/library/std/src/thread/local.rs:308:12
[INFO] [stdout]   27:     0x617c274dd97a - std::thread::local::LocalKey<T>::with::ha98e28100285d0d0
[INFO] [stdout]                                at /rustc/6067b36314ab5eb2eb47cecc464545ba58e1ad24/library/std/src/thread/local.rs:272:9
[INFO] [stdout]   28:     0x617c27532896 - tokio::task::local::LocalSet::with::h8b10079d3706b3a9
[INFO] [stdout]                                at /opt/rustwide/cargo-home/registry/src/index.crates.io-1949cf8c6b5b557f/tokio-1.41.0/src/task/local.rs:791:9
[INFO] [stdout]   29:     0x617c27535995 - <tokio::task::local::RunUntil<T> as core::future::future::Future>::poll::h0805512c5612b552
[INFO] [stdout]                                at /opt/rustwide/cargo-home/registry/src/index.crates.io-1949cf8c6b5b557f/tokio-1.41.0/src/task/local.rs:1031:9
[INFO] [stdout]   30:     0x617c2753362a - tokio::task::local::LocalSet::run_until::{{closure}}::h7125c56b680271c8
[INFO] [stdout]                                at /opt/rustwide/cargo-home/registry/src/index.crates.io-1949cf8c6b5b557f/tokio-1.41.0/src/task/local.rs:689:19
[INFO] [stdout]   31:     0x617c2750d6ad - <core::pin::Pin<P> as core::future::future::Future>::poll::h5a203291fc0b0878
[INFO] [stdout]                                at /rustc/6067b36314ab5eb2eb47cecc464545ba58e1ad24/library/core/src/future/future.rs:124:9
[INFO] [stdout]   32:     0x617c274dce5f - tokio::runtime::scheduler::current_thread::CoreGuard::block_on::{{closure}}::{{closure}}::{{closure}}::h2964087bbdddec82
[INFO] [stdout]                                at /opt/rustwide/cargo-home/registry/src/index.crates.io-1949cf8c6b5b557f/tokio-1.41.0/src/runtime/scheduler/current_thread/mod.rs:729:57
[INFO] [stdout]   33:     0x617c274dcd15 - tokio::runtime::coop::with_budget::hc8d12527f9a24083
[INFO] [stdout]                                at /opt/rustwide/cargo-home/registry/src/index.crates.io-1949cf8c6b5b557f/tokio-1.41.0/src/runtime/coop.rs:107:5
[INFO] [stdout]   34:     0x617c274dcd15 - tokio::runtime::coop::budget::h07d2153c1f2d7661
[INFO] [stdout]                                at /opt/rustwide/cargo-home/registry/src/index.crates.io-1949cf8c6b5b557f/tokio-1.41.0/src/runtime/coop.rs:73:5
[INFO] [stdout]   35:     0x617c274dcd15 - tokio::runtime::scheduler::current_thread::CoreGuard::block_on::{{closure}}::{{closure}}::hfbb7db877fc1aa79
[INFO] [stdout]                                at /opt/rustwide/cargo-home/registry/src/index.crates.io-1949cf8c6b5b557f/tokio-1.41.0/src/runtime/scheduler/current_thread/mod.rs:729:25
[INFO] [stdout]   36:     0x617c274cc250 - tokio::runtime::scheduler::current_thread::Context::enter::h2e9a2e040bd98949
[INFO] [stdout]                                at /opt/rustwide/cargo-home/registry/src/index.crates.io-1949cf8c6b5b557f/tokio-1.41.0/src/runtime/scheduler/current_thread/mod.rs:428:19
[INFO] [stdout]   37:     0x617c274d6e7b - tokio::runtime::scheduler::current_thread::CoreGuard::block_on::{{closure}}::h668abc82bbbb5698
[INFO] [stdout]                                at /opt/rustwide/cargo-home/registry/src/index.crates.io-1949cf8c6b5b557f/tokio-1.41.0/src/runtime/scheduler/current_thread/mod.rs:728:36
[INFO] [stdout]   38:     0x617c274d4d84 - tokio::runtime::scheduler::current_thread::CoreGuard::enter::{{closure}}::hd8ca6b7096eb0a4a
[INFO] [stdout]                                at /opt/rustwide/cargo-home/registry/src/index.crates.io-1949cf8c6b5b557f/tokio-1.41.0/src/runtime/scheduler/current_thread/mod.rs:807:68
[INFO] [stdout]   39:     0x617c2750c4db - tokio::runtime::context::scoped::Scoped<T>::set::h3cd48319b0570c59
[INFO] [stdout]                                at /opt/rustwide/cargo-home/registry/src/index.crates.io-1949cf8c6b5b557f/tokio-1.41.0/src/runtime/context/scoped.rs:40:9
[INFO] [stdout]   40:     0x617c27527999 - tokio::runtime::context::set_scheduler::{{closure}}::hce8d8a31cc3befaa
[INFO] [stdout]                                at /opt/rustwide/cargo-home/registry/src/index.crates.io-1949cf8c6b5b557f/tokio-1.41.0/src/runtime/context.rs:180:26
[INFO] [stdout]   41:     0x617c274def92 - std::thread::local::LocalKey<T>::try_with::h2a8e1f29691da519
[INFO] [stdout]                                at /rustc/6067b36314ab5eb2eb47cecc464545ba58e1ad24/library/std/src/thread/local.rs:308:12
[INFO] [stdout]   42:     0x617c274dd7ba - std::thread::local::LocalKey<T>::with::h8f0a8c70b7dc0784
[INFO] [stdout]                                at /rustc/6067b36314ab5eb2eb47cecc464545ba58e1ad24/library/std/src/thread/local.rs:272:9
[INFO] [stdout]   43:     0x617c2752744d - tokio::runtime::context::set_scheduler::h1cc8907e1c6e91e5
[INFO] [stdout]                                at /opt/rustwide/cargo-home/registry/src/index.crates.io-1949cf8c6b5b557f/tokio-1.41.0/src/runtime/context.rs:180:9
[INFO] [stdout]   44:     0x617c274d39f0 - tokio::runtime::scheduler::current_thread::CoreGuard::enter::hacf26adc678b3aff
[INFO] [stdout]                                at /opt/rustwide/cargo-home/registry/src/index.crates.io-1949cf8c6b5b557f/tokio-1.41.0/src/runtime/scheduler/current_thread/mod.rs:807:27
[INFO] [stdout]   45:     0x617c274d4ea3 - tokio::runtime::scheduler::current_thread::CoreGuard::block_on::h3bf1fc290ff9148c
[INFO] [stdout]                                at /opt/rustwide/cargo-home/registry/src/index.crates.io-1949cf8c6b5b557f/tokio-1.41.0/src/runtime/scheduler/current_thread/mod.rs:716:19
[INFO] [stdout]   46:     0x617c274c8cbd - tokio::runtime::scheduler::current_thread::CurrentThread::block_on::{{closure}}::ha49215f139f950f9
[INFO] [stdout]                                at /opt/rustwide/cargo-home/registry/src/index.crates.io-1949cf8c6b5b557f/tokio-1.41.0/src/runtime/scheduler/current_thread/mod.rs:196:28
[INFO] [stdout]   47:     0x617c275397c7 - tokio::runtime::context::runtime::enter_runtime::hd5dd426874b52825
[INFO] [stdout]                                at /opt/rustwide/cargo-home/registry/src/index.crates.io-1949cf8c6b5b557f/tokio-1.41.0/src/runtime/context/runtime.rs:65:16
[INFO] [stdout]   48:     0x617c274c6be1 - tokio::runtime::scheduler::current_thread::CurrentThread::block_on::h7ddd01d8938b99ba
[INFO] [stdout]                                at /opt/rustwide/cargo-home/registry/src/index.crates.io-1949cf8c6b5b557f/tokio-1.41.0/src/runtime/scheduler/current_thread/mod.rs:184:9
[INFO] [stdout]   49:     0x617c275344db - tokio::runtime::runtime::Runtime::block_on_inner::ha3a885c803a4eca4
[INFO] [stdout]                                at /opt/rustwide/cargo-home/registry/src/index.crates.io-1949cf8c6b5b557f/tokio-1.41.0/src/runtime/runtime.rs:368:47
[INFO] [stdout]   50:     0x617c275349f5 - tokio::runtime::runtime::Runtime::block_on::h1790b5dd54256aa8
[INFO] [stdout]                                at /opt/rustwide/cargo-home/registry/src/index.crates.io-1949cf8c6b5b557f/tokio-1.41.0/src/runtime/runtime.rs:342:13
[INFO] [stdout]   51:     0x617c27533091 - tokio::task::local::LocalSet::block_on::hd4663909b41fd29e
[INFO] [stdout]                                at /opt/rustwide/cargo-home/registry/src/index.crates.io-1949cf8c6b5b557f/tokio-1.41.0/src/task/local.rs:646:9
[INFO] [stdout]   52:     0x617c2751f032 - ntex_rt::tokio::block_on::h2f70567fb0c7f308
[INFO] [stdout]                                at /opt/rustwide/cargo-home/registry/src/index.crates.io-1949cf8c6b5b557f/ntex-rt-0.4.20/src/lib.rs:72:13
[INFO] [stdout]   53:     0x617c2753fed9 - ntex_rt::system::SystemConfig::block_on::he2a29c5c44c6a980
[INFO] [stdout]                                at /opt/rustwide/cargo-home/registry/src/index.crates.io-1949cf8c6b5b557f/ntex-rt-0.4.20/src/system.rs:135:13
[INFO] [stdout]   54:     0x617c275078fe - ntex_rt::builder::SystemRunner::block_on::h775f2091b1e95364
[INFO] [stdout]                                at /opt/rustwide/cargo-home/registry/src/index.crates.io-1949cf8c6b5b557f/ntex-rt-0.4.20/src/builder.rs:165:9
[INFO] [stdout]   55:     0x617c27542fc4 - metrsd_client::event::tests::test_subscribe::he7a1516959cdac48
[INFO] [stdout]                                at /opt/rustwide/workdir/crates/metrsd_client/src/event.rs:25:3
[INFO] [stdout]   56:     0x617c27542f77 - metrsd_client::event::tests::test_subscribe::{{closure}}::h7cae129ad4565e7a
[INFO] [stdout]                                at /opt/rustwide/workdir/crates/metrsd_client/src/event.rs:25:16
[INFO] [stdout]   57:     0x617c274f3676 - core::ops::function::FnOnce::call_once::h46400517e8627235
[INFO] [stdout]                                at /rustc/6067b36314ab5eb2eb47cecc464545ba58e1ad24/library/core/src/ops/function.rs:250:5
[INFO] [stdout]   58:     0x617c275847db - core::ops::function::FnOnce::call_once::he27718dfdd183f43
[INFO] [stdout]                                at /rustc/6067b36314ab5eb2eb47cecc464545ba58e1ad24/library/core/src/ops/function.rs:250:5
[INFO] [stdout]   59:     0x617c275847db - test::__rust_begin_short_backtrace::h4e84902998457a5d
[INFO] [stdout]                                at /rustc/6067b36314ab5eb2eb47cecc464545ba58e1ad24/library/test/src/lib.rs:632:18
[INFO] [stdout]   60:     0x617c27583713 - test::run_test_in_process::{{closure}}::h7176fd18fc1feca0
[INFO] [stdout]                                at /rustc/6067b36314ab5eb2eb47cecc464545ba58e1ad24/library/test/src/lib.rs:655:60
[INFO] [stdout]   61:     0x617c27583713 - <core::panic::unwind_safe::AssertUnwindSafe<F> as core::ops::function::FnOnce<()>>::call_once::hf79cff2a624d8cf7
[INFO] [stdout]                                at /rustc/6067b36314ab5eb2eb47cecc464545ba58e1ad24/library/core/src/panic/unwind_safe.rs:272:9
[INFO] [stdout]   62:     0x617c27583713 - std::panicking::try::do_call::h3da0561d9ab99c25
[INFO] [stdout]                                at /rustc/6067b36314ab5eb2eb47cecc464545ba58e1ad24/library/std/src/panicking.rs:587:40
[INFO] [stdout]   63:     0x617c27583713 - std::panicking::try::h41c9fa508bc61df6
[INFO] [stdout]                                at /rustc/6067b36314ab5eb2eb47cecc464545ba58e1ad24/library/std/src/panicking.rs:550:19
[INFO] [stdout]   64:     0x617c27583713 - std::panic::catch_unwind::h6b3ff07bb5afad93
[INFO] [stdout]                                at /rustc/6067b36314ab5eb2eb47cecc464545ba58e1ad24/library/std/src/panic.rs:358:14
[INFO] [stdout]   65:     0x617c27583713 - test::run_test_in_process::hc7253dd11b39b9f4
[INFO] [stdout]                                at /rustc/6067b36314ab5eb2eb47cecc464545ba58e1ad24/library/test/src/lib.rs:655:27
[INFO] [stdout]   66:     0x617c27583713 - test::run_test::{{closure}}::hfb2007f8649c30bb
[INFO] [stdout]                                at /rustc/6067b36314ab5eb2eb47cecc464545ba58e1ad24/library/test/src/lib.rs:576:43
[INFO] [stdout]   67:     0x617c275467f5 - test::run_test::{{closure}}::h56a17aa7a282a9f4
[INFO] [stdout]                                at /rustc/6067b36314ab5eb2eb47cecc464545ba58e1ad24/library/test/src/lib.rs:606:41
[INFO] [stdout]   68:     0x617c275467f5 - std::sys::backtrace::__rust_begin_short_backtrace::hd2d2d2fb8e8c6aac
[INFO] [stdout]                                at /rustc/6067b36314ab5eb2eb47cecc464545ba58e1ad24/library/std/src/sys/backtrace.rs:152:18
[INFO] [stdout]   69:     0x617c2754a0da - std::thread::Builder::spawn_unchecked_::{{closure}}::{{closure}}::h4faa3f9db6133423
[INFO] [stdout]                                at /rustc/6067b36314ab5eb2eb47cecc464545ba58e1ad24/library/std/src/thread/mod.rs:559:17
[INFO] [stdout]   70:     0x617c2754a0da - <core::panic::unwind_safe::AssertUnwindSafe<F> as core::ops::function::FnOnce<()>>::call_once::hf2e855a36a4ea846
[INFO] [stdout]                                at /rustc/6067b36314ab5eb2eb47cecc464545ba58e1ad24/library/core/src/panic/unwind_safe.rs:272:9
[INFO] [stdout]   71:     0x617c2754a0da - std::panicking::try::do_call::h2f73af3616c35465
[INFO] [stdout]                                at /rustc/6067b36314ab5eb2eb47cecc464545ba58e1ad24/library/std/src/panicking.rs:587:40
[INFO] [stdout]   72:     0x617c2754a0da - std::panicking::try::hd1660ce9efadef5a
[INFO] [stdout]                                at /rustc/6067b36314ab5eb2eb47cecc464545ba58e1ad24/library/std/src/panicking.rs:550:19
[INFO] [stdout]   73:     0x617c2754a0da - std::panic::catch_unwind::h5ee8d7823b8ca744
[INFO] [stdout]                                at /rustc/6067b36314ab5eb2eb47cecc464545ba58e1ad24/library/std/src/panic.rs:358:14
[INFO] [stdout]   74:     0x617c2754a0da - std::thread::Builder::spawn_unchecked_::{{closure}}::h53c3a1894dce8407
[INFO] [stdout]                                at /rustc/6067b36314ab5eb2eb47cecc464545ba58e1ad24/library/std/src/thread/mod.rs:557:30
[INFO] [stdout]   75:     0x617c2754a0da - core::ops::function::FnOnce::call_once{{vtable.shim}}::h048ce291ad4f62bf
[INFO] [stdout]                                at /rustc/6067b36314ab5eb2eb47cecc464545ba58e1ad24/library/core/src/ops/function.rs:250:5
[INFO] [stdout]   76:     0x617c279318fb - <alloc::boxed::Box<F,A> as core::ops::function::FnOnce<Args>>::call_once::ha52bedf99a3b4981
[INFO] [stdout]                                at /rustc/6067b36314ab5eb2eb47cecc464545ba58e1ad24/library/alloc/src/boxed.rs:2013:9
[INFO] [stdout]   77:     0x617c279318fb - <alloc::boxed::Box<F,A> as core::ops::function::FnOnce<Args>>::call_once::h567748934d80ccf8
[INFO] [stdout]                                at /rustc/6067b36314ab5eb2eb47cecc464545ba58e1ad24/library/alloc/src/boxed.rs:2013:9
[INFO] [stdout]   78:     0x617c279318fb - std::sys::pal::unix::thread::Thread::new::thread_start::h2d970728ae887adc
[INFO] [stdout]                                at /rustc/6067b36314ab5eb2eb47cecc464545ba58e1ad24/library/std/src/sys/pal/unix/thread.rs:106:17
[INFO] [stdout]   79:     0x7b2621eb0ac3 - <unknown>
[INFO] [stdout]   80:     0x7b2621f41a04 - clone
[INFO] [stdout]   81:                0x0 - <unknown>
[INFO] [stdout] Panic in Arbiter thread.
[INFO] [stdout] 
[INFO] [stdout] 
[INFO] [stdout] failures:
[INFO] [stdout]     client::tests::test_api_error
[INFO] [stdout]     event::tests::test_subscribe
[INFO] [stdout] 
[INFO] [stdout] test result: FAILED. 4 passed; 2 failed; 0 ignored; 0 measured; 0 filtered out; finished in 0.13s
[INFO] [stdout] 
[INFO] [stderr] error: test failed, to rerun pass `-p metrsd_client --lib`
[INFO] running `Command { std: "docker" "inspect" "ba2c24e1e8ebde284cefec38e596689900e2c4bdf8a8cb7eda7f70452cd54649", kill_on_drop: false }`
[INFO] running `Command { std: "docker" "rm" "-f" "ba2c24e1e8ebde284cefec38e596689900e2c4bdf8a8cb7eda7f70452cd54649", kill_on_drop: false }`
[INFO] [stdout] ba2c24e1e8ebde284cefec38e596689900e2c4bdf8a8cb7eda7f70452cd54649
