[INFO] cloning repository https://github.com/angusjf/advent_2022
[INFO] running `Command { std: "git" "-c" "credential.helper=" "-c" "credential.helper=/workspace/cargo-home/bin/git-credential-null" "clone" "--bare" "https://github.com/angusjf/advent_2022" "/workspace/cache/git-repos/https%3A%2F%2Fgithub.com%2Fangusjf%2Fadvent_2022", kill_on_drop: false }`
[INFO] [stderr] Cloning into bare repository '/workspace/cache/git-repos/https%3A%2F%2Fgithub.com%2Fangusjf%2Fadvent_2022'...
[INFO] running `Command { std: "git" "rev-parse" "HEAD", kill_on_drop: false }`
[INFO] [stdout] d93a344378791e9ca83d128589c8e94c60e0b6a4
[INFO] testing angusjf/advent_2022 against nightly-2025-01-18 for randomize-layout-2
[INFO] running `Command { std: "git" "clone" "/workspace/cache/git-repos/https%3A%2F%2Fgithub.com%2Fangusjf%2Fadvent_2022" "/workspace/builds/worker-0-tc1/source", kill_on_drop: false }`
[INFO] [stderr] Cloning into '/workspace/builds/worker-0-tc1/source'...
[INFO] [stderr] done.
[INFO] validating manifest of git repo https://github.com/angusjf/advent_2022 on toolchain nightly-2025-01-18
[INFO] running `Command { std: CARGO_HOME="/workspace/cargo-home" RUSTUP_HOME="/workspace/rustup-home" "/workspace/cargo-home/bin/cargo" "+nightly-2025-01-18" "metadata" "--manifest-path" "Cargo.toml" "--no-deps", kill_on_drop: false }`
[INFO] started tweaking git repo https://github.com/angusjf/advent_2022
[INFO] finished tweaking git repo https://github.com/angusjf/advent_2022
[INFO] tweaked toml for git repo https://github.com/angusjf/advent_2022 written to /workspace/builds/worker-0-tc1/source/Cargo.toml
[INFO] crate git repo https://github.com/angusjf/advent_2022 already has a lockfile, it will not be regenerated
[INFO] running `Command { std: CARGO_HOME="/workspace/cargo-home" RUSTUP_HOME="/workspace/rustup-home" "/workspace/cargo-home/bin/cargo" "+nightly-2025-01-18" "fetch" "--manifest-path" "Cargo.toml", kill_on_drop: false }`
[INFO] running `Command { std: "docker" "create" "-v" "/var/lib/crater-agent-workspace/builds/worker-0-tc1/target:/opt/rustwide/target:rw,Z" "-v" "/var/lib/crater-agent-workspace/builds/worker-0-tc1/source:/opt/rustwide/workdir:ro,Z" "-v" "/var/lib/crater-agent-workspace/cargo-home:/opt/rustwide/cargo-home:ro,Z" "-v" "/var/lib/crater-agent-workspace/rustup-home:/opt/rustwide/rustup-home:ro,Z" "-e" "SOURCE_DIR=/opt/rustwide/workdir" "-e" "CARGO_TARGET_DIR=/opt/rustwide/target" "-e" "CARGO_HOME=/opt/rustwide/cargo-home" "-e" "RUSTUP_HOME=/opt/rustwide/rustup-home" "-w" "/opt/rustwide/workdir" "-m" "1610612736" "--user" "0:0" "--network" "none" "ghcr.io/rust-lang/crates-build-env/linux@sha256:819108c5571ea2e421544af4d832f968d213c87fbe3707a016657f43d2f853bc" "/opt/rustwide/cargo-home/bin/cargo" "+nightly-2025-01-18" "metadata" "--no-deps" "--format-version=1", kill_on_drop: false }`
[INFO] [stdout] 9105cd26d5eb720a3d8ed34871e766d5c6c70be16e8ccb37effbc62b4f56e74d
[INFO] running `Command { std: "docker" "start" "-a" "9105cd26d5eb720a3d8ed34871e766d5c6c70be16e8ccb37effbc62b4f56e74d", kill_on_drop: false }`
[INFO] running `Command { std: "docker" "inspect" "9105cd26d5eb720a3d8ed34871e766d5c6c70be16e8ccb37effbc62b4f56e74d", kill_on_drop: false }`
[INFO] running `Command { std: "docker" "rm" "-f" "9105cd26d5eb720a3d8ed34871e766d5c6c70be16e8ccb37effbc62b4f56e74d", kill_on_drop: false }`
[INFO] [stdout] 9105cd26d5eb720a3d8ed34871e766d5c6c70be16e8ccb37effbc62b4f56e74d
[INFO] running `Command { std: "docker" "create" "-v" "/var/lib/crater-agent-workspace/builds/worker-0-tc1/target:/opt/rustwide/target:rw,Z" "-v" "/var/lib/crater-agent-workspace/builds/worker-0-tc1/source:/opt/rustwide/workdir:ro,Z" "-v" "/var/lib/crater-agent-workspace/cargo-home:/opt/rustwide/cargo-home:ro,Z" "-v" "/var/lib/crater-agent-workspace/rustup-home:/opt/rustwide/rustup-home:ro,Z" "-e" "SOURCE_DIR=/opt/rustwide/workdir" "-e" "CARGO_TARGET_DIR=/opt/rustwide/target" "-e" "CARGO_INCREMENTAL=0" "-e" "RUST_BACKTRACE=full" "-e" "RUSTFLAGS=--cap-lints=forbid" "-e" "RUSTDOCFLAGS=--cap-lints=forbid" "-e" "CARGO_HOME=/opt/rustwide/cargo-home" "-e" "RUSTUP_HOME=/opt/rustwide/rustup-home" "-w" "/opt/rustwide/workdir" "-m" "1610612736" "--user" "0:0" "--network" "none" "ghcr.io/rust-lang/crates-build-env/linux@sha256:819108c5571ea2e421544af4d832f968d213c87fbe3707a016657f43d2f853bc" "/opt/rustwide/cargo-home/bin/cargo" "+nightly-2025-01-18" "build" "--frozen" "--message-format=json", kill_on_drop: false }`
[INFO] [stdout] 93fa5a087ed6575f373444e8baf28172cab2c92f9685a06186253657310f7337
[INFO] running `Command { std: "docker" "start" "-a" "93fa5a087ed6575f373444e8baf28172cab2c92f9685a06186253657310f7337", kill_on_drop: false }`
[INFO] [stderr]    Compiling either v1.8.0
[INFO] [stderr]    Compiling itertools v0.10.5
[INFO] [stderr]    Compiling advent_2022 v0.1.0 (/opt/rustwide/workdir)
[INFO] [stdout] warning: unused label
[INFO] [stdout]   --> src/bin/day17.rs:76:5
[INFO] [stdout]    |
[INFO] [stdout] 76 |     'outer: for tet in tetronimos.iter().cycle().take(MAX as usize) {
[INFO] [stdout]    |     ^^^^^^
[INFO] [stdout]    |
[INFO] [stdout]    = note: `#[warn(unused_labels)]` on by default
[INFO] [stdout] 
[INFO] [stdout] 
[INFO] [stdout] warning: unused import: `itertools::*`
[INFO] [stdout]  --> src/bin/day16.rs:1:5
[INFO] [stdout]   |
[INFO] [stdout] 1 | use itertools::*;
[INFO] [stdout]   |     ^^^^^^^^^^^^
[INFO] [stdout]   |
[INFO] [stdout]   = note: `#[warn(unused_imports)]` on by default
[INFO] [stdout] 
[INFO] [stdout] 
[INFO] [stdout] warning: elided lifetime has a name
[INFO] [stdout]   --> src/bin/day16.rs:73:71
[INFO] [stdout]    |
[INFO] [stdout] 73 | fn selections<'a>(options: &'a Vec<&'a str>) -> impl Iterator<Item = (&str, Vec<&str>)> + 'a {
[INFO] [stdout]    |               -- lifetime `'a` declared here                          ^ this elided lifetime gets resolved as `'a`
[INFO] [stdout]    |
[INFO] [stdout]    = note: `#[warn(elided_named_lifetimes)]` on by default
[INFO] [stdout] 
[INFO] [stdout] 
[INFO] [stdout] warning: elided lifetime has a name
[INFO] [stdout]   --> src/bin/day16.rs:73:81
[INFO] [stdout]    |
[INFO] [stdout] 73 | fn selections<'a>(options: &'a Vec<&'a str>) -> impl Iterator<Item = (&str, Vec<&str>)> + 'a {
[INFO] [stdout]    |               -- lifetime `'a` declared here                                    ^ this elided lifetime gets resolved as `'a`
[INFO] [stdout] 
[INFO] [stdout] 
[INFO] [stdout] warning: unused import: `fmt`
[INFO] [stdout]  --> src/bin/day14.rs:1:12
[INFO] [stdout]   |
[INFO] [stdout] 1 | use core::{fmt, time};
[INFO] [stdout]   |            ^^^
[INFO] [stdout]   |
[INFO] [stdout]   = note: `#[warn(unused_imports)]` on by default
[INFO] [stdout] 
[INFO] [stdout] 
[INFO] [stdout] warning: unused import: `cmp::Ordering`
[INFO] [stdout]  --> src/bin/day14.rs:3:11
[INFO] [stdout]   |
[INFO] [stdout] 3 | use std::{cmp::Ordering, collections::HashSet, thread};
[INFO] [stdout]   |           ^^^^^^^^^^^^^
[INFO] [stdout] 
[INFO] [stdout] 
[INFO] [stdout] warning: unused import: `itertools`
[INFO] [stdout]  --> src/bin/day12.rs:1:5
[INFO] [stdout]   |
[INFO] [stdout] 1 | use itertools::*;
[INFO] [stdout]   |     ^^^^^^^^^
[INFO] [stdout]   |
[INFO] [stdout]   = note: `#[warn(unused_imports)]` on by default
[INFO] [stdout] 
[INFO] [stdout] 
[INFO] [stdout] warning: unused variable: `i`
[INFO] [stdout]   --> src/bin/day10.rs:31:16
[INFO] [stdout]    |
[INFO] [stdout] 31 |         .map(|(i, x)| x)
[INFO] [stdout]    |                ^ help: if this is intentional, prefix it with an underscore: `_i`
[INFO] [stdout]    |
[INFO] [stdout]    = note: `#[warn(unused_variables)]` on by default
[INFO] [stdout] 
[INFO] [stdout] 
[INFO] [stdout] warning: field `0` is never read
[INFO] [stdout]  --> src/bin/day07.rs:7:9
[INFO] [stdout]   |
[INFO] [stdout] 7 |     Dir(String),
[INFO] [stdout]   |     --- ^^^^^^
[INFO] [stdout]   |     |
[INFO] [stdout]   |     field in this variant
[INFO] [stdout]   |
[INFO] [stdout]   = note: `Cmd` has a derived impl for the trait `Debug`, but this is intentionally ignored during dead code analysis
[INFO] [stdout]   = note: `#[warn(dead_code)]` on by default
[INFO] [stdout] help: consider changing the field to be of unit type to suppress this warning while preserving the field numbering, or remove the field
[INFO] [stdout]   |
[INFO] [stdout] 7 |     Dir(()),
[INFO] [stdout]   |         ~~
[INFO] [stdout] 
[INFO] [stdout] 
[INFO] [stdout] warning: unused variable: `start`
[INFO] [stdout]   --> src/bin/day12.rs:24:46
[INFO] [stdout]    |
[INFO] [stdout] 24 | fn fewest_steps_to_end(map: &Vec<Vec<char>>, start: (usize, usize), goal: (usize, usize)) {
[INFO] [stdout]    |                                              ^^^^^ help: if this is intentional, prefix it with an underscore: `_start`
[INFO] [stdout]    |
[INFO] [stdout]    = note: `#[warn(unused_variables)]` on by default
[INFO] [stdout] 
[INFO] [stdout] 
[INFO] [stdout] warning: unused variable: `v`
[INFO] [stdout]   --> src/bin/day12.rs:59:16
[INFO] [stdout]    |
[INFO] [stdout] 59 |         .map(|(v, dist)| dist)
[INFO] [stdout]    |                ^ help: if this is intentional, prefix it with an underscore: `_v`
[INFO] [stdout] 
[INFO] [stdout] 
[INFO] [stdout] warning: unused variable: `c`
[INFO] [stdout]    --> src/bin/day12.rs:118:9
[INFO] [stdout]     |
[INFO] [stdout] 118 |     let c = map[y][x];
[INFO] [stdout]     |         ^ help: if this is intentional, prefix it with an underscore: `_c`
[INFO] [stdout] 
[INFO] [stdout] 
[INFO] [stdout] warning: unused variable: `input`
[INFO] [stdout]    --> src/bin/day12.rs:132:8
[INFO] [stdout]     |
[INFO] [stdout] 132 | fn two(input: &str) -> u64 {
[INFO] [stdout]     |        ^^^^^ help: if this is intentional, prefix it with an underscore: `_input`
[INFO] [stdout] 
[INFO] [stdout] 
[INFO] [stdout] warning: function `print_map` is never used
[INFO] [stdout]   --> src/bin/day12.rs:79:4
[INFO] [stdout]    |
[INFO] [stdout] 79 | fn print_map(map: &Vec<Vec<char>>, dist: &HashMap<(usize, usize), i32>) {
[INFO] [stdout]    |    ^^^^^^^^^
[INFO] [stdout]    |
[INFO] [stdout]    = note: `#[warn(dead_code)]` on by default
[INFO] [stdout] 
[INFO] [stdout] 
[INFO] [stdout] warning: function `two` is never used
[INFO] [stdout]    --> src/bin/day12.rs:132:4
[INFO] [stdout]     |
[INFO] [stdout] 132 | fn two(input: &str) -> u64 {
[INFO] [stdout]     |    ^^^
[INFO] [stdout] 
[INFO] [stdout] 
[INFO] [stdout] warning: unused variable: `input`
[INFO] [stdout]    --> src/bin/day14.rs:128:8
[INFO] [stdout]     |
[INFO] [stdout] 128 | fn two(input: &str) -> usize {
[INFO] [stdout]     |        ^^^^^ help: if this is intentional, prefix it with an underscore: `_input`
[INFO] [stdout]     |
[INFO] [stdout]     = note: `#[warn(unused_variables)]` on by default
[INFO] [stdout] 
[INFO] [stdout] 
[INFO] [stdout] warning: function `two` is never used
[INFO] [stdout]    --> src/bin/day14.rs:128:4
[INFO] [stdout]     |
[INFO] [stdout] 128 | fn two(input: &str) -> usize {
[INFO] [stdout]     |    ^^^
[INFO] [stdout]     |
[INFO] [stdout]     = note: `#[warn(dead_code)]` on by default
[INFO] [stdout] 
[INFO] [stdout] 
[INFO] [stdout] warning: function `one` is never used
[INFO] [stdout]   --> src/bin/day15.rs:17:4
[INFO] [stdout]    |
[INFO] [stdout] 17 | fn one(input: &str) -> i64 {
[INFO] [stdout]    |    ^^^
[INFO] [stdout]    |
[INFO] [stdout]    = note: `#[warn(dead_code)]` on by default
[INFO] [stdout] 
[INFO] [stdout] 
[INFO] [stdout] warning: constant `max` should have an upper case name
[INFO] [stdout]    --> src/bin/day15.rs:160:7
[INFO] [stdout]     |
[INFO] [stdout] 160 | const max: i64 = 4000000;
[INFO] [stdout]     |       ^^^ help: convert the identifier to upper case: `MAX`
[INFO] [stdout]     |
[INFO] [stdout]     = note: `#[warn(non_upper_case_globals)]` on by default
[INFO] [stdout] 
[INFO] [stdout] 
[INFO] [stderr]     Finished `dev` profile [unoptimized + debuginfo] target(s) in 5.06s
[INFO] running `Command { std: "docker" "inspect" "93fa5a087ed6575f373444e8baf28172cab2c92f9685a06186253657310f7337", kill_on_drop: false }`
[INFO] running `Command { std: "docker" "rm" "-f" "93fa5a087ed6575f373444e8baf28172cab2c92f9685a06186253657310f7337", kill_on_drop: false }`
[INFO] [stdout] 93fa5a087ed6575f373444e8baf28172cab2c92f9685a06186253657310f7337
[INFO] running `Command { std: "docker" "create" "-v" "/var/lib/crater-agent-workspace/builds/worker-0-tc1/target:/opt/rustwide/target:rw,Z" "-v" "/var/lib/crater-agent-workspace/builds/worker-0-tc1/source:/opt/rustwide/workdir:ro,Z" "-v" "/var/lib/crater-agent-workspace/cargo-home:/opt/rustwide/cargo-home:ro,Z" "-v" "/var/lib/crater-agent-workspace/rustup-home:/opt/rustwide/rustup-home:ro,Z" "-e" "SOURCE_DIR=/opt/rustwide/workdir" "-e" "CARGO_TARGET_DIR=/opt/rustwide/target" "-e" "CARGO_INCREMENTAL=0" "-e" "RUST_BACKTRACE=full" "-e" "RUSTFLAGS=--cap-lints=forbid" "-e" "RUSTDOCFLAGS=--cap-lints=forbid" "-e" "CARGO_HOME=/opt/rustwide/cargo-home" "-e" "RUSTUP_HOME=/opt/rustwide/rustup-home" "-w" "/opt/rustwide/workdir" "-m" "1610612736" "--user" "0:0" "--network" "none" "ghcr.io/rust-lang/crates-build-env/linux@sha256:819108c5571ea2e421544af4d832f968d213c87fbe3707a016657f43d2f853bc" "/opt/rustwide/cargo-home/bin/cargo" "+nightly-2025-01-18" "test" "--frozen" "--no-run" "--message-format=json", kill_on_drop: false }`
[INFO] [stdout] bc0414b4b2beb1744730ba4361b59f1ce1dcee664dc2a294a3029caeeaa97330
[INFO] running `Command { std: "docker" "start" "-a" "bc0414b4b2beb1744730ba4361b59f1ce1dcee664dc2a294a3029caeeaa97330", kill_on_drop: false }`
[INFO] [stderr]    Compiling advent_2022 v0.1.0 (/opt/rustwide/workdir)
[INFO] [stdout] warning: unused label
[INFO] [stdout]   --> src/bin/day17.rs:76:5
[INFO] [stdout]    |
[INFO] [stdout] 76 |     'outer: for tet in tetronimos.iter().cycle().take(MAX as usize) {
[INFO] [stdout]    |     ^^^^^^
[INFO] [stdout]    |
[INFO] [stdout]    = note: `#[warn(unused_labels)]` on by default
[INFO] [stdout] 
[INFO] [stdout] 
[INFO] [stdout] warning: constant `max` should have an upper case name
[INFO] [stdout]    --> src/bin/day15.rs:160:7
[INFO] [stdout]     |
[INFO] [stdout] 160 | const max: i64 = 4000000;
[INFO] [stdout]     |       ^^^ help: convert the identifier to upper case: `MAX`
[INFO] [stdout]     |
[INFO] [stdout]     = note: `#[warn(non_upper_case_globals)]` on by default
[INFO] [stdout] 
[INFO] [stdout] 
[INFO] [stdout] warning: unused import: `fmt`
[INFO] [stdout]  --> src/bin/day14.rs:1:12
[INFO] [stdout]   |
[INFO] [stdout] 1 | use core::{fmt, time};
[INFO] [stdout]   |            ^^^
[INFO] [stdout]   |
[INFO] [stdout]   = note: `#[warn(unused_imports)]` on by default
[INFO] [stdout] 
[INFO] [stdout] 
[INFO] [stdout] warning: unused import: `cmp::Ordering`
[INFO] [stdout]  --> src/bin/day14.rs:3:11
[INFO] [stdout]   |
[INFO] [stdout] 3 | use std::{cmp::Ordering, collections::HashSet, thread};
[INFO] [stdout]   |           ^^^^^^^^^^^^^
[INFO] [stdout] 
[INFO] [stdout] 
[INFO] [stdout] warning: field `0` is never read
[INFO] [stdout]  --> src/bin/day07.rs:7:9
[INFO] [stdout]   |
[INFO] [stdout] 7 |     Dir(String),
[INFO] [stdout]   |     --- ^^^^^^
[INFO] [stdout]   |     |
[INFO] [stdout]   |     field in this variant
[INFO] [stdout]   |
[INFO] [stdout]   = note: `Cmd` has a derived impl for the trait `Debug`, but this is intentionally ignored during dead code analysis
[INFO] [stdout]   = note: `#[warn(dead_code)]` on by default
[INFO] [stdout] help: consider changing the field to be of unit type to suppress this warning while preserving the field numbering, or remove the field
[INFO] [stdout]   |
[INFO] [stdout] 7 |     Dir(()),
[INFO] [stdout]   |         ~~
[INFO] [stdout] 
[INFO] [stdout] 
[INFO] [stdout] warning: unused import: `itertools`
[INFO] [stdout]  --> src/bin/day12.rs:1:5
[INFO] [stdout]   |
[INFO] [stdout] 1 | use itertools::*;
[INFO] [stdout]   |     ^^^^^^^^^
[INFO] [stdout]   |
[INFO] [stdout]   = note: `#[warn(unused_imports)]` on by default
[INFO] [stdout] 
[INFO] [stdout] 
[INFO] [stdout] warning: unused variable: `start`
[INFO] [stdout]   --> src/bin/day12.rs:24:46
[INFO] [stdout]    |
[INFO] [stdout] 24 | fn fewest_steps_to_end(map: &Vec<Vec<char>>, start: (usize, usize), goal: (usize, usize)) {
[INFO] [stdout]    |                                              ^^^^^ help: if this is intentional, prefix it with an underscore: `_start`
[INFO] [stdout]    |
[INFO] [stdout]    = note: `#[warn(unused_variables)]` on by default
[INFO] [stdout] 
[INFO] [stdout] 
[INFO] [stdout] warning: unused variable: `v`
[INFO] [stdout]   --> src/bin/day12.rs:59:16
[INFO] [stdout]    |
[INFO] [stdout] 59 |         .map(|(v, dist)| dist)
[INFO] [stdout]    |                ^ help: if this is intentional, prefix it with an underscore: `_v`
[INFO] [stdout] 
[INFO] [stdout] 
[INFO] [stdout] warning: unused variable: `c`
[INFO] [stdout]    --> src/bin/day12.rs:118:9
[INFO] [stdout]     |
[INFO] [stdout] 118 |     let c = map[y][x];
[INFO] [stdout]     |         ^ help: if this is intentional, prefix it with an underscore: `_c`
[INFO] [stdout] 
[INFO] [stdout] 
[INFO] [stdout] warning: unused variable: `input`
[INFO] [stdout]    --> src/bin/day12.rs:132:8
[INFO] [stdout]     |
[INFO] [stdout] 132 | fn two(input: &str) -> u64 {
[INFO] [stdout]     |        ^^^^^ help: if this is intentional, prefix it with an underscore: `_input`
[INFO] [stdout] 
[INFO] [stdout] 
[INFO] [stdout] warning: function `print_map` is never used
[INFO] [stdout]   --> src/bin/day12.rs:79:4
[INFO] [stdout]    |
[INFO] [stdout] 79 | fn print_map(map: &Vec<Vec<char>>, dist: &HashMap<(usize, usize), i32>) {
[INFO] [stdout]    |    ^^^^^^^^^
[INFO] [stdout]    |
[INFO] [stdout]    = note: `#[warn(dead_code)]` on by default
[INFO] [stdout] 
[INFO] [stdout] 
[INFO] [stdout] warning: unused variable: `i`
[INFO] [stdout]   --> src/bin/day10.rs:31:16
[INFO] [stdout]    |
[INFO] [stdout] 31 |         .map(|(i, x)| x)
[INFO] [stdout]    |                ^ help: if this is intentional, prefix it with an underscore: `_i`
[INFO] [stdout]    |
[INFO] [stdout]    = note: `#[warn(unused_variables)]` on by default
[INFO] [stdout] 
[INFO] [stdout] 
[INFO] [stdout] warning: unused variable: `input`
[INFO] [stdout]    --> src/bin/day14.rs:128:8
[INFO] [stdout]     |
[INFO] [stdout] 128 | fn two(input: &str) -> usize {
[INFO] [stdout]     |        ^^^^^ help: if this is intentional, prefix it with an underscore: `_input`
[INFO] [stdout]     |
[INFO] [stdout]     = note: `#[warn(unused_variables)]` on by default
[INFO] [stdout] 
[INFO] [stdout] 
[INFO] [stdout] warning: function `two` is never used
[INFO] [stdout]    --> src/bin/day14.rs:128:4
[INFO] [stdout]     |
[INFO] [stdout] 128 | fn two(input: &str) -> usize {
[INFO] [stdout]     |    ^^^
[INFO] [stdout]     |
[INFO] [stdout]     = note: `#[warn(dead_code)]` on by default
[INFO] [stdout] 
[INFO] [stdout] 
[INFO] [stdout] warning: unused import: `itertools::*`
[INFO] [stdout]  --> src/bin/day16.rs:1:5
[INFO] [stdout]   |
[INFO] [stdout] 1 | use itertools::*;
[INFO] [stdout]   |     ^^^^^^^^^^^^
[INFO] [stdout]   |
[INFO] [stdout]   = note: `#[warn(unused_imports)]` on by default
[INFO] [stdout] 
[INFO] [stdout] 
[INFO] [stdout] warning: elided lifetime has a name
[INFO] [stdout]   --> src/bin/day16.rs:73:71
[INFO] [stdout]    |
[INFO] [stdout] 73 | fn selections<'a>(options: &'a Vec<&'a str>) -> impl Iterator<Item = (&str, Vec<&str>)> + 'a {
[INFO] [stdout]    |               -- lifetime `'a` declared here                          ^ this elided lifetime gets resolved as `'a`
[INFO] [stdout]    |
[INFO] [stdout]    = note: `#[warn(elided_named_lifetimes)]` on by default
[INFO] [stdout] 
[INFO] [stdout] 
[INFO] [stdout] warning: elided lifetime has a name
[INFO] [stdout]   --> src/bin/day16.rs:73:81
[INFO] [stdout]    |
[INFO] [stdout] 73 | fn selections<'a>(options: &'a Vec<&'a str>) -> impl Iterator<Item = (&str, Vec<&str>)> + 'a {
[INFO] [stdout]    |               -- lifetime `'a` declared here                                    ^ this elided lifetime gets resolved as `'a`
[INFO] [stdout] 
[INFO] [stdout] 
[INFO] [stderr]     Finished `test` profile [unoptimized + debuginfo] target(s) in 2.68s
[INFO] running `Command { std: "docker" "inspect" "bc0414b4b2beb1744730ba4361b59f1ce1dcee664dc2a294a3029caeeaa97330", kill_on_drop: false }`
[INFO] running `Command { std: "docker" "rm" "-f" "bc0414b4b2beb1744730ba4361b59f1ce1dcee664dc2a294a3029caeeaa97330", kill_on_drop: false }`
[INFO] [stdout] bc0414b4b2beb1744730ba4361b59f1ce1dcee664dc2a294a3029caeeaa97330
[INFO] running `Command { std: "docker" "create" "-v" "/var/lib/crater-agent-workspace/builds/worker-0-tc1/target:/opt/rustwide/target:rw,Z" "-v" "/var/lib/crater-agent-workspace/builds/worker-0-tc1/source:/opt/rustwide/workdir:ro,Z" "-v" "/var/lib/crater-agent-workspace/cargo-home:/opt/rustwide/cargo-home:ro,Z" "-v" "/var/lib/crater-agent-workspace/rustup-home:/opt/rustwide/rustup-home:ro,Z" "-e" "SOURCE_DIR=/opt/rustwide/workdir" "-e" "CARGO_TARGET_DIR=/opt/rustwide/target" "-e" "CARGO_INCREMENTAL=0" "-e" "RUST_BACKTRACE=full" "-e" "RUSTFLAGS=--cap-lints=forbid" "-e" "RUSTDOCFLAGS=--cap-lints=forbid" "-e" "CARGO_HOME=/opt/rustwide/cargo-home" "-e" "RUSTUP_HOME=/opt/rustwide/rustup-home" "-w" "/opt/rustwide/workdir" "-m" "1610612736" "--user" "0:0" "--network" "none" "ghcr.io/rust-lang/crates-build-env/linux@sha256:819108c5571ea2e421544af4d832f968d213c87fbe3707a016657f43d2f853bc" "/opt/rustwide/cargo-home/bin/cargo" "+nightly-2025-01-18" "test" "--frozen", kill_on_drop: false }`
[INFO] [stdout] f96660a35aec06e804a794b09594a908896f8a32674e61603a29550ced2f6977
[INFO] running `Command { std: "docker" "start" "-a" "f96660a35aec06e804a794b09594a908896f8a32674e61603a29550ced2f6977", kill_on_drop: false }`
[INFO] [stderr] warning: unused import: `fmt`
[INFO] [stderr]  --> src/bin/day14.rs:1:12
[INFO] [stderr]   |
[INFO] [stderr] 1 | use core::{fmt, time};
[INFO] [stderr]   |            ^^^
[INFO] [stderr]   |
[INFO] [stderr]   = note: `#[warn(unused_imports)]` on by default
[INFO] [stderr] 
[INFO] [stderr] warning: unused import: `cmp::Ordering`
[INFO] [stderr]  --> src/bin/day14.rs:3:11
[INFO] [stderr]   |
[INFO] [stderr] 3 | use std::{cmp::Ordering, collections::HashSet, thread};
[INFO] [stderr]   |           ^^^^^^^^^^^^^
[INFO] [stderr] 
[INFO] [stderr] warning: unused variable: `input`
[INFO] [stderr]    --> src/bin/day14.rs:128:8
[INFO] [stderr]     |
[INFO] [stderr] 128 | fn two(input: &str) -> usize {
[INFO] [stderr]     |        ^^^^^ help: if this is intentional, prefix it with an underscore: `_input`
[INFO] [stderr]     |
[INFO] [stderr]     = note: `#[warn(unused_variables)]` on by default
[INFO] [stderr] 
[INFO] [stderr] warning: function `two` is never used
[INFO] [stderr]    --> src/bin/day14.rs:128:4
[INFO] [stderr]     |
[INFO] [stderr] 128 | fn two(input: &str) -> usize {
[INFO] [stderr]     |    ^^^
[INFO] [stderr]     |
[INFO] [stderr]     = note: `#[warn(dead_code)]` on by default
[INFO] [stderr] 
[INFO] [stderr] warning: `advent_2022` (bin "day14" test) generated 4 warnings (run `cargo fix --bin "day14" --tests` to apply 2 suggestions)
[INFO] [stderr] warning: constant `max` should have an upper case name
[INFO] [stderr]    --> src/bin/day15.rs:160:7
[INFO] [stderr]     |
[INFO] [stderr] 160 | const max: i64 = 4000000;
[INFO] [stderr]     |       ^^^ help: convert the identifier to upper case: `MAX`
[INFO] [stderr]     |
[INFO] [stderr]     = note: `#[warn(non_upper_case_globals)]` on by default
[INFO] [stderr] 
[INFO] [stderr] warning: `advent_2022` (bin "day15" test) generated 1 warning
[INFO] [stderr] warning: unused import: `itertools`
[INFO] [stderr]  --> src/bin/day12.rs:1:5
[INFO] [stderr]   |
[INFO] [stderr] 1 | use itertools::*;
[INFO] [stderr]   |     ^^^^^^^^^
[INFO] [stderr]   |
[INFO] [stderr]   = note: `#[warn(unused_imports)]` on by default
[INFO] [stderr] 
[INFO] [stderr] warning: unused variable: `start`
[INFO] [stderr]   --> src/bin/day12.rs:24:46
[INFO] [stderr]    |
[INFO] [stderr] 24 | fn fewest_steps_to_end(map: &Vec<Vec<char>>, start: (usize, usize), goal: (usize, usize)) {
[INFO] [stderr]    |                                              ^^^^^ help: if this is intentional, prefix it with an underscore: `_start`
[INFO] [stderr]    |
[INFO] [stderr]    = note: `#[warn(unused_variables)]` on by default
[INFO] [stderr] 
[INFO] [stderr] warning: unused variable: `v`
[INFO] [stderr]   --> src/bin/day12.rs:59:16
[INFO] [stderr]    |
[INFO] [stderr] 59 |         .map(|(v, dist)| dist)
[INFO] [stderr]    |                ^ help: if this is intentional, prefix it with an underscore: `_v`
[INFO] [stderr] 
[INFO] [stderr] warning: unused variable: `c`
[INFO] [stderr]    --> src/bin/day12.rs:118:9
[INFO] [stderr]     |
[INFO] [stderr] 118 |     let c = map[y][x];
[INFO] [stderr]     |         ^ help: if this is intentional, prefix it with an underscore: `_c`
[INFO] [stderr] 
[INFO] [stderr] warning: unused variable: `input`
[INFO] [stderr]    --> src/bin/day12.rs:132:8
[INFO] [stderr]     |
[INFO] [stderr] 132 | fn two(input: &str) -> u64 {
[INFO] [stderr]     |        ^^^^^ help: if this is intentional, prefix it with an underscore: `_input`
[INFO] [stderr] 
[INFO] [stderr] warning: function `print_map` is never used
[INFO] [stderr]   --> src/bin/day12.rs:79:4
[INFO] [stderr]    |
[INFO] [stderr] 79 | fn print_map(map: &Vec<Vec<char>>, dist: &HashMap<(usize, usize), i32>) {
[INFO] [stderr]    |    ^^^^^^^^^
[INFO] [stderr]    |
[INFO] [stderr]    = note: `#[warn(dead_code)]` on by default
[INFO] [stderr] 
[INFO] [stderr] warning: `advent_2022` (bin "day12" test) generated 6 warnings
[INFO] [stderr] warning: field `0` is never read
[INFO] [stderr]  --> src/bin/day07.rs:7:9
[INFO] [stderr]   |
[INFO] [stderr] 7 |     Dir(String),
[INFO] [stderr]   |     --- ^^^^^^
[INFO] [stderr]   |     |
[INFO] [stderr]   |     field in this variant
[INFO] [stderr]   |
[INFO] [stderr]   = note: `Cmd` has a derived impl for the trait `Debug`, but this is intentionally ignored during dead code analysis
[INFO] [stderr]   = note: `#[warn(dead_code)]` on by default
[INFO] [stderr] help: consider changing the field to be of unit type to suppress this warning while preserving the field numbering, or remove the field
[INFO] [stderr]   |
[INFO] [stderr] 7 |     Dir(()),
[INFO] [stderr]   |         ~~
[INFO] [stderr] 
[INFO] [stderr] warning: unused label
[INFO] [stderr]   --> src/bin/day17.rs:76:5
[INFO] [stderr]    |
[INFO] [stderr] 76 |     'outer: for tet in tetronimos.iter().cycle().take(MAX as usize) {
[INFO] [stderr]    |     ^^^^^^
[INFO] [stderr]    |
[INFO] [stderr]    = note: `#[warn(unused_labels)]` on by default
[INFO] [stderr] 
[INFO] [stderr] warning: unused variable: `i`
[INFO] [stderr]   --> src/bin/day10.rs:31:16
[INFO] [stderr]    |
[INFO] [stderr] 31 |         .map(|(i, x)| x)
[INFO] [stderr]    |                ^ help: if this is intentional, prefix it with an underscore: `_i`
[INFO] [stderr]    |
[INFO] [stderr]    = note: `#[warn(unused_variables)]` on by default
[INFO] [stderr] 
[INFO] [stderr] warning: unused import: `itertools::*`
[INFO] [stderr]  --> src/bin/day16.rs:1:5
[INFO] [stderr]   |
[INFO] [stderr] 1 | use itertools::*;
[INFO] [stderr]   |     ^^^^^^^^^^^^
[INFO] [stderr]   |
[INFO] [stderr]   = note: `#[warn(unused_imports)]` on by default
[INFO] [stderr] 
[INFO] [stderr] warning: elided lifetime has a name
[INFO] [stderr]   --> src/bin/day16.rs:73:71
[INFO] [stderr]    |
[INFO] [stderr] 73 | fn selections<'a>(options: &'a Vec<&'a str>) -> impl Iterator<Item = (&str, Vec<&str>)> + 'a {
[INFO] [stderr]    |               -- lifetime `'a` declared here                          ^ this elided lifetime gets resolved as `'a`
[INFO] [stderr]    |
[INFO] [stderr]    = note: `#[warn(elided_named_lifetimes)]` on by default
[INFO] [stderr] 
[INFO] [stderr] warning: elided lifetime has a name
[INFO] [stderr]   --> src/bin/day16.rs:73:81
[INFO] [stderr]    |
[INFO] [stderr] 73 | fn selections<'a>(options: &'a Vec<&'a str>) -> impl Iterator<Item = (&str, Vec<&str>)> + 'a {
[INFO] [stderr]    |               -- lifetime `'a` declared here                                    ^ this elided lifetime gets resolved as `'a`
[INFO] [stderr] 
[INFO] [stderr] warning: `advent_2022` (bin "day07" test) generated 1 warning
[INFO] [stderr] warning: `advent_2022` (bin "day17" test) generated 1 warning
[INFO] [stderr] warning: `advent_2022` (bin "day10" test) generated 1 warning
[INFO] [stderr] warning: `advent_2022` (bin "day16" test) generated 3 warnings (run `cargo fix --bin "day16" --tests` to apply 1 suggestion)
[INFO] [stderr]     Finished `test` profile [unoptimized + debuginfo] target(s) in 0.03s
[INFO] [stderr]      Running unittests src/bin/day01.rs (/opt/rustwide/target/debug/deps/day01-2b3c8071101530f9)
[INFO] [stdout] 
[INFO] [stdout] running 2 tests
[INFO] [stderr]      Running unittests src/bin/day02.rs (/opt/rustwide/target/debug/deps/day02-4c3147da3c4ee3d9)
[INFO] [stdout] test tests::two ... ok
[INFO] [stdout] test tests::one ... ok
[INFO] [stdout] 
[INFO] [stdout] test result: ok. 2 passed; 0 failed; 0 ignored; 0 measured; 0 filtered out; finished in 0.00s
[INFO] [stdout] 
[INFO] [stdout] 
[INFO] [stdout] running 2 tests
[INFO] [stdout] test tests::two ... ok
[INFO] [stdout] test tests::one ... ok
[INFO] [stdout] 
[INFO] [stdout] test result: ok. 2 passed; 0 failed; 0 ignored; 0 measured; 0 filtered out; finished in 0.01s
[INFO] [stdout] 
[INFO] [stderr]      Running unittests src/bin/day03.rs (/opt/rustwide/target/debug/deps/day03-32ab1dfdd36afc19)
[INFO] [stdout] 
[INFO] [stdout] running 2 tests
[INFO] [stdout] test tests::two ... ok
[INFO] [stdout] test tests::one ... ok
[INFO] [stdout] 
[INFO] [stdout] test result: ok. 2 passed; 0 failed; 0 ignored; 0 measured; 0 filtered out; finished in 0.00s
[INFO] [stdout] 
[INFO] [stderr]      Running unittests src/bin/day04.rs (/opt/rustwide/target/debug/deps/day04-84bf513cb172aa17)
[INFO] [stderr]      Running unittests src/bin/day05.rs (/opt/rustwide/target/debug/deps/day05-16fe166cda4fc72f)
[INFO] [stdout] 
[INFO] [stdout] running 2 tests
[INFO] [stdout] test tests::one ... ok
[INFO] [stdout] test tests::two ... ok
[INFO] [stdout] 
[INFO] [stdout] test result: ok. 2 passed; 0 failed; 0 ignored; 0 measured; 0 filtered out; finished in 0.00s
[INFO] [stdout] 
[INFO] [stdout] 
[INFO] [stdout] running 4 tests
[INFO] [stdout] test tests::one ... ok
[INFO] [stdout] test tests::two ... ok
[INFO] [stdout] test tests::two_real ... ok
[INFO] [stdout] test tests::one_real ... ok
[INFO] [stdout] 
[INFO] [stdout] test result: ok. 4 passed; 0 failed; 0 ignored; 0 measured; 0 filtered out; finished in 0.01s
[INFO] [stdout] 
[INFO] [stderr]      Running unittests src/bin/day06.rs (/opt/rustwide/target/debug/deps/day06-ecbcc892aa8f776b)
[INFO] [stdout] 
[INFO] [stdout] running 2 tests
[INFO] [stdout] test tests::two ... ok
[INFO] [stdout] test tests::one ... ok
[INFO] [stdout] 
[INFO] [stdout] test result: ok. 2 passed; 0 failed; 0 ignored; 0 measured; 0 filtered out; finished in 0.00s
[INFO] [stdout] 
[INFO] [stderr]      Running unittests src/bin/day07.rs (/opt/rustwide/target/debug/deps/day07-821cdc52ac6b2085)
[INFO] [stdout] 
[INFO] [stderr]      Running unittests src/bin/day08.rs (/opt/rustwide/target/debug/deps/day08-c15d60de2bb1d0df)
[INFO] [stdout] running 2 tests
[INFO] [stdout] test tests::two ... ok
[INFO] [stdout] test tests::one ... ok
[INFO] [stdout] 
[INFO] [stdout] test result: ok. 2 passed; 0 failed; 0 ignored; 0 measured; 0 filtered out; finished in 0.00s
[INFO] [stdout] 
[INFO] [stdout] 
[INFO] [stdout] running 4 tests
[INFO] [stdout] test tests::two_test ... ok
[INFO] [stdout] test tests::one_test ... ok
[INFO] [stdout] test tests::one ... ok
[INFO] [stdout] test tests::two ... ok
[INFO] [stdout] 
[INFO] [stdout] test result: ok. 4 passed; 0 failed; 0 ignored; 0 measured; 0 filtered out; finished in 0.02s
[INFO] [stdout] 
[INFO] [stderr]      Running unittests src/bin/day09.rs (/opt/rustwide/target/debug/deps/day09-0f52f5ef1b2fecfe)
[INFO] [stdout] 
[INFO] [stdout] running 2 tests
[INFO] [stdout] test tests::one ... ok
[INFO] [stdout] test tests::two ... ok
[INFO] [stdout] 
[INFO] [stdout] test result: ok. 2 passed; 0 failed; 0 ignored; 0 measured; 0 filtered out; finished in 0.05s
[INFO] [stdout] 
[INFO] [stderr]      Running unittests src/bin/day10.rs (/opt/rustwide/target/debug/deps/day10-dff1a85b333164bf)
[INFO] [stdout] 
[INFO] [stdout] running 3 tests
[INFO] [stderr] error: test failed, to rerun pass `--bin day10`
[INFO] [stdout] test tests::one_tiny ... FAILED
[INFO] [stdout] test tests::two ... FAILED
[INFO] [stdout] test tests::one ... FAILED
[INFO] [stdout] 
[INFO] [stdout] failures:
[INFO] [stdout] 
[INFO] [stdout] ---- tests::one_tiny stdout ----
[INFO] [stdout] [src/bin/day10.rs:22:5] &signal_strengths = [
[INFO] [stdout]     1,
[INFO] [stdout]     1,
[INFO] [stdout]     1,
[INFO] [stdout]     1,
[INFO] [stdout]     4,
[INFO] [stdout]     4,
[INFO] [stdout]     -1,
[INFO] [stdout] ]
[INFO] [stdout] 
[INFO] [stdout] thread 'tests::one_tiny' panicked at src/bin/day10.rs:85:9:
[INFO] [stdout] assertion `left == right` failed
[INFO] [stdout]   left: 0
[INFO] [stdout]  right: 24000
[INFO] [stdout] stack backtrace:
[INFO] [stdout]    0:     0x620d87ea13ba - std::backtrace_rs::backtrace::libunwind::trace::hb059275cfc8d6126
[INFO] [stdout]                                at /rustc/6067b36314ab5eb2eb47cecc464545ba58e1ad24/library/std/src/../../backtrace/src/backtrace/libunwind.rs:116:5
[INFO] [stdout]    1:     0x620d87ea13ba - std::backtrace_rs::backtrace::trace_unsynchronized::h2da071e4327ce3ee
[INFO] [stdout]                                at /rustc/6067b36314ab5eb2eb47cecc464545ba58e1ad24/library/std/src/../../backtrace/src/backtrace/mod.rs:66:5
[INFO] [stdout]    2:     0x620d87ea13ba - std::sys::backtrace::_print_fmt::h842a1474e6f8d23f
[INFO] [stdout]                                at /rustc/6067b36314ab5eb2eb47cecc464545ba58e1ad24/library/std/src/sys/backtrace.rs:66:9
[INFO] [stdout]    3:     0x620d87ea13ba - <std::sys::backtrace::BacktraceLock::print::DisplayBacktrace as core::fmt::Display>::fmt::h71a62eb3b9696b12
[INFO] [stdout]                                at /rustc/6067b36314ab5eb2eb47cecc464545ba58e1ad24/library/std/src/sys/backtrace.rs:39:26
[INFO] [stdout]    4:     0x620d87ec8b03 - core::fmt::rt::Argument::fmt::hdb6b616786b41dc1
[INFO] [stdout]                                at /rustc/6067b36314ab5eb2eb47cecc464545ba58e1ad24/library/core/src/fmt/rt.rs:177:76
[INFO] [stdout]    5:     0x620d87ec8b03 - core::fmt::write::h2cc1698af7e2d686
[INFO] [stdout]                                at /rustc/6067b36314ab5eb2eb47cecc464545ba58e1ad24/library/core/src/fmt/mod.rs:1440:21
[INFO] [stdout]    6:     0x620d87e9df13 - std::io::Write::write_fmt::hab1b4cd059a79022
[INFO] [stdout]                                at /rustc/6067b36314ab5eb2eb47cecc464545ba58e1ad24/library/std/src/io/mod.rs:1887:15
[INFO] [stdout]    7:     0x620d87ea1202 - std::sys::backtrace::BacktraceLock::print::h147fe35b4ea13b08
[INFO] [stdout]                                at /rustc/6067b36314ab5eb2eb47cecc464545ba58e1ad24/library/std/src/sys/backtrace.rs:42:9
[INFO] [stdout]    8:     0x620d87ea27df - std::panicking::default_hook::{{closure}}::hbd44223dbdc0d208
[INFO] [stdout]                                at /rustc/6067b36314ab5eb2eb47cecc464545ba58e1ad24/library/std/src/panicking.rs:298:22
[INFO] [stdout]    9:     0x620d87ea25f8 - std::panicking::default_hook::h20f81eb0576efcec
[INFO] [stdout]                                at /rustc/6067b36314ab5eb2eb47cecc464545ba58e1ad24/library/std/src/panicking.rs:322:9
[INFO] [stdout]   10:     0x620d87e6b293 - <alloc::boxed::Box<F,A> as core::ops::function::Fn<Args>>::call::hdb53814c496a4d34
[INFO] [stdout]                                at /rustc/6067b36314ab5eb2eb47cecc464545ba58e1ad24/library/alloc/src/boxed.rs:2027:9
[INFO] [stdout]   11:     0x620d87e6b293 - test::test_main::{{closure}}::hc0a4963c59427c24
[INFO] [stdout]                                at /rustc/6067b36314ab5eb2eb47cecc464545ba58e1ad24/library/test/src/lib.rs:134:21
[INFO] [stdout]   12:     0x620d87ea32d3 - <alloc::boxed::Box<F,A> as core::ops::function::Fn<Args>>::call::h591b2225413a77e9
[INFO] [stdout]                                at /rustc/6067b36314ab5eb2eb47cecc464545ba58e1ad24/library/alloc/src/boxed.rs:2027:9
[INFO] [stdout]   13:     0x620d87ea32d3 - std::panicking::rust_panic_with_hook::h625eea43051b2edc
[INFO] [stdout]                                at /rustc/6067b36314ab5eb2eb47cecc464545ba58e1ad24/library/std/src/panicking.rs:839:13
[INFO] [stdout]   14:     0x620d87ea2f8a - std::panicking::begin_panic_handler::{{closure}}::h4f9159cfbc3f6bd3
[INFO] [stdout]                                at /rustc/6067b36314ab5eb2eb47cecc464545ba58e1ad24/library/std/src/panicking.rs:704:13
[INFO] [stdout]   15:     0x620d87ea18b9 - std::sys::backtrace::__rust_end_short_backtrace::h0390abce48353151
[INFO] [stdout]                                at /rustc/6067b36314ab5eb2eb47cecc464545ba58e1ad24/library/std/src/sys/backtrace.rs:168:18
[INFO] [stdout]   16:     0x620d87ea2c1d - rust_begin_unwind
[INFO] [stdout]                                at /rustc/6067b36314ab5eb2eb47cecc464545ba58e1ad24/library/std/src/panicking.rs:695:5
[INFO] [stdout]   17:     0x620d87ec7510 - core::panicking::panic_fmt::h9e7c637e9e5f29c9
[INFO] [stdout]                                at /rustc/6067b36314ab5eb2eb47cecc464545ba58e1ad24/library/core/src/panicking.rs:75:14
[INFO] [stdout]   18:     0x620d87ec78d2 - core::panicking::assert_failed_inner::h538bec7c1374cd9c
[INFO] [stdout]   19:     0x620d87e27d38 - core::panicking::assert_failed::hb76e00a6918c2dfb
[INFO] [stdout]                                at /rustc/6067b36314ab5eb2eb47cecc464545ba58e1ad24/library/core/src/panicking.rs:364:5
[INFO] [stdout]   20:     0x620d87e28f2e - day10::tests::one_tiny::haf7a4311c00a6477
[INFO] [stdout]                                at /opt/rustwide/workdir/src/bin/day10.rs:85:9
[INFO] [stdout]   21:     0x620d87e28ea7 - day10::tests::one_tiny::{{closure}}::hef4469927376c4dc
[INFO] [stdout]                                at /opt/rustwide/workdir/src/bin/day10.rs:84:18
[INFO] [stdout]   22:     0x620d87e29626 - core::ops::function::FnOnce::call_once::h0f1eff276d27f28e
[INFO] [stdout]                                at /rustc/6067b36314ab5eb2eb47cecc464545ba58e1ad24/library/core/src/ops/function.rs:250:5
[INFO] [stdout]   23:     0x620d87e709eb - core::ops::function::FnOnce::call_once::he27718dfdd183f43
[INFO] [stdout]                                at /rustc/6067b36314ab5eb2eb47cecc464545ba58e1ad24/library/core/src/ops/function.rs:250:5
[INFO] [stdout]   24:     0x620d87e709eb - test::__rust_begin_short_backtrace::h4e84902998457a5d
[INFO] [stdout]                                at /rustc/6067b36314ab5eb2eb47cecc464545ba58e1ad24/library/test/src/lib.rs:632:18
[INFO] [stdout]   25:     0x620d87e6f923 - test::run_test_in_process::{{closure}}::h7176fd18fc1feca0
[INFO] [stdout]                                at /rustc/6067b36314ab5eb2eb47cecc464545ba58e1ad24/library/test/src/lib.rs:655:60
[INFO] [stdout]   26:     0x620d87e6f923 - <core::panic::unwind_safe::AssertUnwindSafe<F> as core::ops::function::FnOnce<()>>::call_once::hf79cff2a624d8cf7
[INFO] [stdout]                                at /rustc/6067b36314ab5eb2eb47cecc464545ba58e1ad24/library/core/src/panic/unwind_safe.rs:272:9
[INFO] [stdout]   27:     0x620d87e6f923 - std::panicking::try::do_call::h3da0561d9ab99c25
[INFO] [stdout]                                at /rustc/6067b36314ab5eb2eb47cecc464545ba58e1ad24/library/std/src/panicking.rs:587:40
[INFO] [stdout]   28:     0x620d87e6f923 - std::panicking::try::h41c9fa508bc61df6
[INFO] [stdout]                                at /rustc/6067b36314ab5eb2eb47cecc464545ba58e1ad24/library/std/src/panicking.rs:550:19
[INFO] [stdout]   29:     0x620d87e6f923 - std::panic::catch_unwind::h6b3ff07bb5afad93
[INFO] [stdout]                                at /rustc/6067b36314ab5eb2eb47cecc464545ba58e1ad24/library/std/src/panic.rs:358:14
[INFO] [stdout]   30:     0x620d87e6f923 - test::run_test_in_process::hc7253dd11b39b9f4
[INFO] [stdout]                                at /rustc/6067b36314ab5eb2eb47cecc464545ba58e1ad24/library/test/src/lib.rs:655:27
[INFO] [stdout]   31:     0x620d87e6f923 - test::run_test::{{closure}}::hfb2007f8649c30bb
[INFO] [stdout]                                at /rustc/6067b36314ab5eb2eb47cecc464545ba58e1ad24/library/test/src/lib.rs:576:43
[INFO] [stdout]   32:     0x620d87e32a05 - test::run_test::{{closure}}::h56a17aa7a282a9f4
[INFO] [stdout]                                at /rustc/6067b36314ab5eb2eb47cecc464545ba58e1ad24/library/test/src/lib.rs:606:41
[INFO] [stdout]   33:     0x620d87e32a05 - std::sys::backtrace::__rust_begin_short_backtrace::hd2d2d2fb8e8c6aac
[INFO] [stdout]                                at /rustc/6067b36314ab5eb2eb47cecc464545ba58e1ad24/library/std/src/sys/backtrace.rs:152:18
[INFO] [stdout]   34:     0x620d87e362ea - std::thread::Builder::spawn_unchecked_::{{closure}}::{{closure}}::h4faa3f9db6133423
[INFO] [stdout]                                at /rustc/6067b36314ab5eb2eb47cecc464545ba58e1ad24/library/std/src/thread/mod.rs:559:17
[INFO] [stdout]   35:     0x620d87e362ea - <core::panic::unwind_safe::AssertUnwindSafe<F> as core::ops::function::FnOnce<()>>::call_once::hf2e855a36a4ea846
[INFO] [stdout]                                at /rustc/6067b36314ab5eb2eb47cecc464545ba58e1ad24/library/core/src/panic/unwind_safe.rs:272:9
[INFO] [stdout]   36:     0x620d87e362ea - std::panicking::try::do_call::h2f73af3616c35465
[INFO] [stdout]                                at /rustc/6067b36314ab5eb2eb47cecc464545ba58e1ad24/library/std/src/panicking.rs:587:40
[INFO] [stdout]   37:     0x620d87e362ea - std::panicking::try::hd1660ce9efadef5a
[INFO] [stdout]                                at /rustc/6067b36314ab5eb2eb47cecc464545ba58e1ad24/library/std/src/panicking.rs:550:19
[INFO] [stdout]   38:     0x620d87e362ea - std::panic::catch_unwind::h5ee8d7823b8ca744
[INFO] [stdout]                                at /rustc/6067b36314ab5eb2eb47cecc464545ba58e1ad24/library/std/src/panic.rs:358:14
[INFO] [stdout]   39:     0x620d87e362ea - std::thread::Builder::spawn_unchecked_::{{closure}}::h53c3a1894dce8407
[INFO] [stdout]                                at /rustc/6067b36314ab5eb2eb47cecc464545ba58e1ad24/library/std/src/thread/mod.rs:557:30
[INFO] [stdout]   40:     0x620d87e362ea - core::ops::function::FnOnce::call_once{{vtable.shim}}::h048ce291ad4f62bf
[INFO] [stdout]                                at /rustc/6067b36314ab5eb2eb47cecc464545ba58e1ad24/library/core/src/ops/function.rs:250:5
[INFO] [stdout]   41:     0x620d87ea720b - <alloc::boxed::Box<F,A> as core::ops::function::FnOnce<Args>>::call_once::ha52bedf99a3b4981
[INFO] [stdout]                                at /rustc/6067b36314ab5eb2eb47cecc464545ba58e1ad24/library/alloc/src/boxed.rs:2013:9
[INFO] [stdout]   42:     0x620d87ea720b - <alloc::boxed::Box<F,A> as core::ops::function::FnOnce<Args>>::call_once::h567748934d80ccf8
[INFO] [stdout]                                at /rustc/6067b36314ab5eb2eb47cecc464545ba58e1ad24/library/alloc/src/boxed.rs:2013:9
[INFO] [stdout]   43:     0x620d87ea720b - std::sys::pal::unix::thread::Thread::new::thread_start::h2d970728ae887adc
[INFO] [stdout]                                at /rustc/6067b36314ab5eb2eb47cecc464545ba58e1ad24/library/std/src/sys/pal/unix/thread.rs:106:17
[INFO] [stdout]   44:     0x76757d29fac3 - <unknown>
[INFO] [stdout]   45:     0x76757d330a04 - clone
[INFO] [stdout]   46:                0x0 - <unknown>
[INFO] [stdout] 
[INFO] [stdout] ---- tests::two stdout ----
[INFO] [stdout] [src/bin/day10.rs:55:5] &signal_strengths = [
[INFO] [stdout]     1,
[INFO] [stdout]     1,
[INFO] [stdout]     16,
[INFO] [stdout]     16,
[INFO] [stdout]     5,
[INFO] [stdout]     5,
[INFO] [stdout]     11,
[INFO] [stdout]     11,
[INFO] [stdout]     8,
[INFO] [stdout]     8,
[INFO] [stdout]     13,
[INFO] [stdout]     13,
[INFO] [stdout]     12,
[INFO] [stdout]     12,
[INFO] [stdout]     4,
[INFO] [stdout]     4,
[INFO] [stdout]     17,
[INFO] [stdout]     17,
[INFO] [stdout]     21,
[INFO] [stdout]     21,
[INFO] [stdout]     21,
[INFO] [stdout]     20,
[INFO] [stdout]     20,
[INFO] [stdout]     25,
[INFO] [stdout]     25,
[INFO] [stdout]     24,
[INFO] [stdout]     24,
[INFO] [stdout]     29,
[INFO] [stdout]     29,
[INFO] [stdout]     28,
[INFO] [stdout]     28,
[INFO] [stdout]     33,
[INFO] [stdout]     33,
[INFO] [stdout]     32,
[INFO] [stdout]     32,
[INFO] [stdout]     37,
[INFO] [stdout]     37,
[INFO] [stdout]     36,
[INFO] [stdout]     36,
[INFO] [stdout]     1,
[INFO] [stdout]     1,
[INFO] [stdout]     2,
[INFO] [stdout]     2,
[INFO] [stdout]     26,
[INFO] [stdout]     26,
[INFO] [stdout]     7,
[INFO] [stdout]     7,
[INFO] [stdout]     8,
[INFO] [stdout]     8,
[INFO] [stdout]     24,
[INFO] [stdout]     24,
[INFO] [stdout]     13,
[INFO] [stdout]     13,
[INFO] [stdout]     13,
[INFO] [stdout]     13,
[INFO] [stdout]     34,
[INFO] [stdout]     34,
[INFO] [stdout]     19,
[INFO] [stdout]     19,
[INFO] [stdout]     19,
[INFO] [stdout]     19,
[INFO] [stdout]     16,
[INFO] [stdout]     16,
[INFO] [stdout]     25,
[INFO] [stdout]     25,
[INFO] [stdout]     26,
[INFO] [stdout]     26,
[INFO] [stdout]     23,
[INFO] [stdout]     23,
[INFO] [stdout]     31,
[INFO] [stdout]     31,
[INFO] [stdout]     32,
[INFO] [stdout]     32,
[INFO] [stdout]     37,
[INFO] [stdout]     37,
[INFO] [stdout]     37,
[INFO] [stdout]     37,
[INFO] [stdout]     37,
[INFO] [stdout]     37,
[INFO] [stdout]     37,
[INFO] [stdout]     1,
[INFO] [stdout]     1,
[INFO] [stdout]     1,
[INFO] [stdout]     2,
[INFO] [stdout]     2,
[INFO] [stdout]     9,
[INFO] [stdout]     9,
[INFO] [stdout]     9,
[INFO] [stdout]     9,
[INFO] [stdout]     9,
[INFO] [stdout]     11,
[INFO] [stdout]     11,
[INFO] [stdout]     17,
[INFO] [stdout]     17,
[INFO] [stdout]     17,
[INFO] [stdout]     17,
[INFO] [stdout]     17,
[INFO] [stdout]     17,
[INFO] [stdout]     17,
[INFO] [stdout]     18,
[INFO] [stdout]     18,
[INFO] [stdout]     18,
[INFO] [stdout]     18,
[INFO] [stdout]     25,
[INFO] [stdout]     25,
[INFO] [stdout]     26,
[INFO] [stdout]     26,
[INFO] [stdout]     26,
[INFO] [stdout]     13,
[INFO] [stdout]     13,
[INFO] [stdout]     26,
[INFO] [stdout]     26,
[INFO] [stdout]     33,
[INFO] [stdout]     33,
[INFO] [stdout]     33,
[INFO] [stdout]     34,
[INFO] [stdout]     34,
[INFO] [stdout]     1,
[INFO] [stdout]     1,
[INFO] [stdout]     1,
[INFO] [stdout]     1,
[INFO] [stdout]     1,
[INFO] [stdout]     3,
[INFO] [stdout]     3,
[INFO] [stdout]     3,
[INFO] [stdout]     3,
[INFO] [stdout]     3,
[INFO] [stdout]     11,
[INFO] [stdout]     11,
[INFO] [stdout]     11,
[INFO] [stdout]     10,
[INFO] [stdout]     10,
[INFO] [stdout]     12,
[INFO] [stdout]     12,
[INFO] [stdout]     13,
[INFO] [stdout]     13,
[INFO] [stdout]     13,
[INFO] [stdout]     30,
[INFO] [stdout]     30,
[INFO] [stdout]     21,
[INFO] [stdout]     21,
[INFO] [stdout]     22,
[INFO] [stdout]     22,
[INFO] [stdout]     23,
[INFO] [stdout]     23,
[INFO] [stdout]     20,
[INFO] [stdout]     20,
[INFO] [stdout]     31,
[INFO] [stdout]     31,
[INFO] [stdout]     31,
[INFO] [stdout]     31,
[INFO] [stdout]     32,
[INFO] [stdout]     32,
[INFO] [stdout]     32,
[INFO] [stdout]     33,
[INFO] [stdout]     33,
[INFO] [stdout]     33,
[INFO] [stdout]     33,
[INFO] [stdout]     20,
[INFO] [stdout]     20,
[INFO] [stdout]     1,
[INFO] [stdout]     1,
[INFO] [stdout]     2,
[INFO] [stdout]     2,
[INFO] [stdout]     5,
[INFO] [stdout]     5,
[INFO] [stdout]     31,
[INFO] [stdout]     31,
[INFO] [stdout]     1,
[INFO] [stdout]     1,
[INFO] [stdout]     13,
[INFO] [stdout]     13,
[INFO] [stdout]     12,
[INFO] [stdout]     12,
[INFO] [stdout]     15,
[INFO] [stdout]     15,
[INFO] [stdout]     16,
[INFO] [stdout]     16,
[INFO] [stdout]     16,
[INFO] [stdout]     16,
[INFO] [stdout]     16,
[INFO] [stdout]     7,
[INFO] [stdout]     7,
[INFO] [stdout]     25,
[INFO] [stdout]     25,
[INFO] [stdout]     26,
[INFO] [stdout]     26,
[INFO] [stdout]     28,
[INFO] [stdout]     28,
[INFO] [stdout]     28,
[INFO] [stdout]     28,
[INFO] [stdout]     37,
[INFO] [stdout]     37,
[INFO] [stdout]     37,
[INFO] [stdout]     37,
[INFO] [stdout]     37,
[INFO] [stdout]     36,
[INFO] [stdout]     36,
[INFO] [stdout]     38,
[INFO] [stdout]     38,
[INFO] [stdout]     1,
[INFO] [stdout]     1,
[INFO] [stdout]     2,
[INFO] [stdout]     2,
[INFO] [stdout]     5,
[INFO] [stdout]     5,
[INFO] [stdout]     5,
[INFO] [stdout]     20,
[INFO] [stdout]     20,
[INFO] [stdout]     -1,
[INFO] [stdout]     -1,
[INFO] [stdout]     21,
[INFO] [stdout]     21,
[INFO] [stdout]     15,
[INFO] [stdout]     15,
[INFO] [stdout]     16,
[INFO] [stdout]     16,
[INFO] [stdout]     16,
[INFO] [stdout]     18,
[INFO] [stdout]     18,
[INFO] [stdout]     19,
[INFO] [stdout]     19,
[INFO] [stdout]     19,
[INFO] [stdout]     9,
[INFO] [stdout]     9,
[INFO] [stdout]     9,
[INFO] [stdout]     9,
[INFO] [stdout]     29,
[INFO] [stdout]     29,
[INFO] [stdout]     30,
[INFO] [stdout]     30,
[INFO] [stdout]     32,
[INFO] [stdout]     32,
[INFO] [stdout]     34,
[INFO] [stdout]     34,
[INFO] [stdout]     28,
[INFO] [stdout]     28,
[INFO] [stdout]     17,
[INFO] [stdout]     17,
[INFO] [stdout]     17,
[INFO] [stdout]     17,
[INFO] [stdout] ]
[INFO] [stdout] "##..##..##..##..##..##..##..##..##..##.."
[INFO] [stdout] "###...###...###...###...###...###...###."
[INFO] [stdout] "####....####....####....####....####...."
[INFO] [stdout] "#####.....#####.....#####.....#####....."
[INFO] [stdout] "######......######......######......####"
[INFO] [stdout] "#######.......#######.......#######....."
[INFO] [stdout] "."
[INFO] [stdout] 
[INFO] [stdout] thread 'tests::two' panicked at src/bin/day10.rs:95:9:
[INFO] [stdout] assertion `left == right` failed
[INFO] [stdout]   left: 0
[INFO] [stdout]  right: 45000
[INFO] [stdout] stack backtrace:
[INFO] [stdout]    0:     0x620d87ea13ba - std::backtrace_rs::backtrace::libunwind::trace::hb059275cfc8d6126
[INFO] [stdout]                                at /rustc/6067b36314ab5eb2eb47cecc464545ba58e1ad24/library/std/src/../../backtrace/src/backtrace/libunwind.rs:116:5
[INFO] [stdout]    1:     0x620d87ea13ba - std::backtrace_rs::backtrace::trace_unsynchronized::h2da071e4327ce3ee
[INFO] [stdout]                                at /rustc/6067b36314ab5eb2eb47cecc464545ba58e1ad24/library/std/src/../../backtrace/src/backtrace/mod.rs:66:5
[INFO] [stdout]    2:     0x620d87ea13ba - std::sys::backtrace::_print_fmt::h842a1474e6f8d23f
[INFO] [stdout]                                at /rustc/6067b36314ab5eb2eb47cecc464545ba58e1ad24/library/std/src/sys/backtrace.rs:66:9
[INFO] [stdout]    3:     0x620d87ea13ba - <std::sys::backtrace::BacktraceLock::print::DisplayBacktrace as core::fmt::Display>::fmt::h71a62eb3b9696b12
[INFO] [stdout]                                at /rustc/6067b36314ab5eb2eb47cecc464545ba58e1ad24/library/std/src/sys/backtrace.rs:39:26
[INFO] [stdout]    4:     0x620d87ec8b03 - core::fmt::rt::Argument::fmt::hdb6b616786b41dc1
[INFO] [stdout]                                at /rustc/6067b36314ab5eb2eb47cecc464545ba58e1ad24/library/core/src/fmt/rt.rs:177:76
[INFO] [stdout]    5:     0x620d87ec8b03 - core::fmt::write::h2cc1698af7e2d686
[INFO] [stdout]                                at /rustc/6067b36314ab5eb2eb47cecc464545ba58e1ad24/library/core/src/fmt/mod.rs:1440:21
[INFO] [stdout]    6:     0x620d87e9df13 - std::io::Write::write_fmt::hab1b4cd059a79022
[INFO] [stdout]                                at /rustc/6067b36314ab5eb2eb47cecc464545ba58e1ad24/library/std/src/io/mod.rs:1887:15
[INFO] [stdout]    7:     0x620d87ea1202 - std::sys::backtrace::BacktraceLock::print::h147fe35b4ea13b08
[INFO] [stdout]                                at /rustc/6067b36314ab5eb2eb47cecc464545ba58e1ad24/library/std/src/sys/backtrace.rs:42:9
[INFO] [stdout]    8:     0x620d87ea27df - std::panicking::default_hook::{{closure}}::hbd44223dbdc0d208
[INFO] [stdout]                                at /rustc/6067b36314ab5eb2eb47cecc464545ba58e1ad24/library/std/src/panicking.rs:298:22
[INFO] [stdout]    9:     0x620d87ea25f8 - std::panicking::default_hook::h20f81eb0576efcec
[INFO] [stdout]                                at /rustc/6067b36314ab5eb2eb47cecc464545ba58e1ad24/library/std/src/panicking.rs:322:9
[INFO] [stdout]   10:     0x620d87e6b293 - <alloc::boxed::Box<F,A> as core::ops::function::Fn<Args>>::call::hdb53814c496a4d34
[INFO] [stdout]                                at /rustc/6067b36314ab5eb2eb47cecc464545ba58e1ad24/library/alloc/src/boxed.rs:2027:9
[INFO] [stdout]   11:     0x620d87e6b293 - test::test_main::{{closure}}::hc0a4963c59427c24
[INFO] [stdout]                                at /rustc/6067b36314ab5eb2eb47cecc464545ba58e1ad24/library/test/src/lib.rs:134:21
[INFO] [stdout]   12:     0x620d87ea32d3 - <alloc::boxed::Box<F,A> as core::ops::function::Fn<Args>>::call::h591b2225413a77e9
[INFO] [stdout]                                at /rustc/6067b36314ab5eb2eb47cecc464545ba58e1ad24/library/alloc/src/boxed.rs:2027:9
[INFO] [stdout]   13:     0x620d87ea32d3 - std::panicking::rust_panic_with_hook::h625eea43051b2edc
[INFO] [stdout]                                at /rustc/6067b36314ab5eb2eb47cecc464545ba58e1ad24/library/std/src/panicking.rs:839:13
[INFO] [stdout]   14:     0x620d87ea2f8a - std::panicking::begin_panic_handler::{{closure}}::h4f9159cfbc3f6bd3
[INFO] [stdout]                                at /rustc/6067b36314ab5eb2eb47cecc464545ba58e1ad24/library/std/src/panicking.rs:704:13
[INFO] [stdout]   15:     0x620d87ea18b9 - std::sys::backtrace::__rust_end_short_backtrace::h0390abce48353151
[INFO] [stdout]                                at /rustc/6067b36314ab5eb2eb47cecc464545ba58e1ad24/library/std/src/sys/backtrace.rs:168:18
[INFO] [stdout]   16:     0x620d87ea2c1d - rust_begin_unwind
[INFO] [stdout]                                at /rustc/6067b36314ab5eb2eb47cecc464545ba58e1ad24/library/std/src/panicking.rs:695:5
[INFO] [stdout]   17:     0x620d87ec7510 - core::panicking::panic_fmt::h9e7c637e9e5f29c9
[INFO] [stdout]                                at /rustc/6067b36314ab5eb2eb47cecc464545ba58e1ad24/library/core/src/panicking.rs:75:14
[INFO] [stdout]   18:     0x620d87ec78d2 - core::panicking::assert_failed_inner::h538bec7c1374cd9c
[INFO] [stdout]   19:     0x620d87e27cfa - core::panicking::assert_failed::h34731d0dd7c6bef1
[INFO] [stdout]                                at /rustc/6067b36314ab5eb2eb47cecc464545ba58e1ad24/library/core/src/panicking.rs:364:5
[INFO] [stdout]   20:     0x620d87e29085 - day10::tests::two::h9be43a9e528dfb0b
[INFO] [stdout]                                at /opt/rustwide/workdir/src/bin/day10.rs:95:9
[INFO] [stdout]   21:     0x620d87e29007 - day10::tests::two::{{closure}}::hc21d65f98de75d30
[INFO] [stdout]                                at /opt/rustwide/workdir/src/bin/day10.rs:94:13
[INFO] [stdout]   22:     0x620d87e29706 - core::ops::function::FnOnce::call_once::h9e663357fcadccb0
[INFO] [stdout]                                at /rustc/6067b36314ab5eb2eb47cecc464545ba58e1ad24/library/core/src/ops/function.rs:250:5
[INFO] [stdout]   23:     0x620d87e709eb - core::ops::function::FnOnce::call_once::he27718dfdd183f43
[INFO] [stdout]                                at /rustc/6067b36314ab5eb2eb47cecc464545ba58e1ad24/library/core/src/ops/function.rs:250:5
[INFO] [stdout]   24:     0x620d87e709eb - test::__rust_begin_short_backtrace::h4e84902998457a5d
[INFO] [stdout]                                at /rustc/6067b36314ab5eb2eb47cecc464545ba58e1ad24/library/test/src/lib.rs:632:18
[INFO] [stdout]   25:     0x620d87e6f923 - test::run_test_in_process::{{closure}}::h7176fd18fc1feca0
[INFO] [stdout]                                at /rustc/6067b36314ab5eb2eb47cecc464545ba58e1ad24/library/test/src/lib.rs:655:60
[INFO] [stdout]   26:     0x620d87e6f923 - <core::panic::unwind_safe::AssertUnwindSafe<F> as core::ops::function::FnOnce<()>>::call_once::hf79cff2a624d8cf7
[INFO] [stdout]                                at /rustc/6067b36314ab5eb2eb47cecc464545ba58e1ad24/library/core/src/panic/unwind_safe.rs:272:9
[INFO] [stdout]   27:     0x620d87e6f923 - std::panicking::try::do_call::h3da0561d9ab99c25
[INFO] [stdout]                                at /rustc/6067b36314ab5eb2eb47cecc464545ba58e1ad24/library/std/src/panicking.rs:587:40
[INFO] [stdout]   28:     0x620d87e6f923 - std::panicking::try::h41c9fa508bc61df6
[INFO] [stdout]                                at /rustc/6067b36314ab5eb2eb47cecc464545ba58e1ad24/library/std/src/panicking.rs:550:19
[INFO] [stdout]   29:     0x620d87e6f923 - std::panic::catch_unwind::h6b3ff07bb5afad93
[INFO] [stdout]                                at /rustc/6067b36314ab5eb2eb47cecc464545ba58e1ad24/library/std/src/panic.rs:358:14
[INFO] [stdout]   30:     0x620d87e6f923 - test::run_test_in_process::hc7253dd11b39b9f4
[INFO] [stdout]                                at /rustc/6067b36314ab5eb2eb47cecc464545ba58e1ad24/library/test/src/lib.rs:655:27
[INFO] [stdout]   31:     0x620d87e6f923 - test::run_test::{{closure}}::hfb2007f8649c30bb
[INFO] [stdout]                                at /rustc/6067b36314ab5eb2eb47cecc464545ba58e1ad24/library/test/src/lib.rs:576:43
[INFO] [stdout]   32:     0x620d87e32a05 - test::run_test::{{closure}}::h56a17aa7a282a9f4
[INFO] [stdout]                                at /rustc/6067b36314ab5eb2eb47cecc464545ba58e1ad24/library/test/src/lib.rs:606:41
[INFO] [stdout]   33:     0x620d87e32a05 - std::sys::backtrace::__rust_begin_short_backtrace::hd2d2d2fb8e8c6aac
[INFO] [stdout]                                at /rustc/6067b36314ab5eb2eb47cecc464545ba58e1ad24/library/std/src/sys/backtrace.rs:152:18
[INFO] [stdout]   34:     0x620d87e362ea - std::thread::Builder::spawn_unchecked_::{{closure}}::{{closure}}::h4faa3f9db6133423
[INFO] [stdout]                                at /rustc/6067b36314ab5eb2eb47cecc464545ba58e1ad24/library/std/src/thread/mod.rs:559:17
[INFO] [stdout]   35:     0x620d87e362ea - <core::panic::unwind_safe::AssertUnwindSafe<F> as core::ops::function::FnOnce<()>>::call_once::hf2e855a36a4ea846
[INFO] [stdout]                                at /rustc/6067b36314ab5eb2eb47cecc464545ba58e1ad24/library/core/src/panic/unwind_safe.rs:272:9
[INFO] [stdout]   36:     0x620d87e362ea - std::panicking::try::do_call::h2f73af3616c35465
[INFO] [stdout]                                at /rustc/6067b36314ab5eb2eb47cecc464545ba58e1ad24/library/std/src/panicking.rs:587:40
[INFO] [stdout]   37:     0x620d87e362ea - std::panicking::try::hd1660ce9efadef5a
[INFO] [stdout]                                at /rustc/6067b36314ab5eb2eb47cecc464545ba58e1ad24/library/std/src/panicking.rs:550:19
[INFO] [stdout]   38:     0x620d87e362ea - std::panic::catch_unwind::h5ee8d7823b8ca744
[INFO] [stdout]                                at /rustc/6067b36314ab5eb2eb47cecc464545ba58e1ad24/library/std/src/panic.rs:358:14
[INFO] [stdout]   39:     0x620d87e362ea - std::thread::Builder::spawn_unchecked_::{{closure}}::h53c3a1894dce8407
[INFO] [stdout]                                at /rustc/6067b36314ab5eb2eb47cecc464545ba58e1ad24/library/std/src/thread/mod.rs:557:30
[INFO] [stdout]   40:     0x620d87e362ea - core::ops::function::FnOnce::call_once{{vtable.shim}}::h048ce291ad4f62bf
[INFO] [stdout]                                at /rustc/6067b36314ab5eb2eb47cecc464545ba58e1ad24/library/core/src/ops/function.rs:250:5
[INFO] [stdout]   41:     0x620d87ea720b - <alloc::boxed::Box<F,A> as core::ops::function::FnOnce<Args>>::call_once::ha52bedf99a3b4981
[INFO] [stdout]                                at /rustc/6067b36314ab5eb2eb47cecc464545ba58e1ad24/library/alloc/src/boxed.rs:2013:9
[INFO] [stdout]   42:     0x620d87ea720b - <alloc::boxed::Box<F,A> as core::ops::function::FnOnce<Args>>::call_once::h567748934d80ccf8
[INFO] [stdout]                                at /rustc/6067b36314ab5eb2eb47cecc464545ba58e1ad24/library/alloc/src/boxed.rs:2013:9
[INFO] [stdout]   43:     0x620d87ea720b - std::sys::pal::unix::thread::Thread::new::thread_start::h2d970728ae887adc
[INFO] [stdout]                                at /rustc/6067b36314ab5eb2eb47cecc464545ba58e1ad24/library/std/src/sys/pal/unix/thread.rs:106:17
[INFO] [stdout]   44:     0x76757d29fac3 - <unknown>
[INFO] [stdout]   45:     0x76757d330a04 - clone
[INFO] [stdout]   46:                0x0 - <unknown>
[INFO] [stdout] 
[INFO] [stdout] ---- tests::one stdout ----
[INFO] [stdout] [src/bin/day10.rs:22:5] &signal_strengths = [
[INFO] [stdout]     1,
[INFO] [stdout]     1,
[INFO] [stdout]     1,
[INFO] [stdout]     16,
[INFO] [stdout]     16,
[INFO] [stdout]     5,
[INFO] [stdout]     5,
[INFO] [stdout]     11,
[INFO] [stdout]     11,
[INFO] [stdout]     8,
[INFO] [stdout]     8,
[INFO] [stdout]     13,
[INFO] [stdout]     13,
[INFO] [stdout]     12,
[INFO] [stdout]     12,
[INFO] [stdout]     4,
[INFO] [stdout]     4,
[INFO] [stdout]     17,
[INFO] [stdout]     17,
[INFO] [stdout]     21,
[INFO] [stdout]     21,
[INFO] [stdout]     21,
[INFO] [stdout]     20,
[INFO] [stdout]     20,
[INFO] [stdout]     25,
[INFO] [stdout]     25,
[INFO] [stdout]     24,
[INFO] [stdout]     24,
[INFO] [stdout]     29,
[INFO] [stdout]     29,
[INFO] [stdout]     28,
[INFO] [stdout]     28,
[INFO] [stdout]     33,
[INFO] [stdout]     33,
[INFO] [stdout]     32,
[INFO] [stdout]     32,
[INFO] [stdout]     37,
[INFO] [stdout]     37,
[INFO] [stdout]     36,
[INFO] [stdout]     36,
[INFO] [stdout]     1,
[INFO] [stdout]     1,
[INFO] [stdout]     2,
[INFO] [stdout]     2,
[INFO] [stdout]     26,
[INFO] [stdout]     26,
[INFO] [stdout]     7,
[INFO] [stdout]     7,
[INFO] [stdout]     8,
[INFO] [stdout]     8,
[INFO] [stdout]     24,
[INFO] [stdout]     24,
[INFO] [stdout]     13,
[INFO] [stdout]     13,
[INFO] [stdout]     13,
[INFO] [stdout]     13,
[INFO] [stdout]     34,
[INFO] [stdout]     34,
[INFO] [stdout]     19,
[INFO] [stdout]     19,
[INFO] [stdout]     19,
[INFO] [stdout]     19,
[INFO] [stdout]     16,
[INFO] [stdout]     16,
[INFO] [stdout]     25,
[INFO] [stdout]     25,
[INFO] [stdout]     26,
[INFO] [stdout]     26,
[INFO] [stdout]     23,
[INFO] [stdout]     23,
[INFO] [stdout]     31,
[INFO] [stdout]     31,
[INFO] [stdout]     32,
[INFO] [stdout]     32,
[INFO] [stdout]     37,
[INFO] [stdout]     37,
[INFO] [stdout]     37,
[INFO] [stdout]     37,
[INFO] [stdout]     37,
[INFO] [stdout]     37,
[INFO] [stdout]     37,
[INFO] [stdout]     1,
[INFO] [stdout]     1,
[INFO] [stdout]     1,
[INFO] [stdout]     2,
[INFO] [stdout]     2,
[INFO] [stdout]     9,
[INFO] [stdout]     9,
[INFO] [stdout]     9,
[INFO] [stdout]     9,
[INFO] [stdout]     9,
[INFO] [stdout]     11,
[INFO] [stdout]     11,
[INFO] [stdout]     17,
[INFO] [stdout]     17,
[INFO] [stdout]     17,
[INFO] [stdout]     17,
[INFO] [stdout]     17,
[INFO] [stdout]     17,
[INFO] [stdout]     17,
[INFO] [stdout]     18,
[INFO] [stdout]     18,
[INFO] [stdout]     18,
[INFO] [stdout]     18,
[INFO] [stdout]     25,
[INFO] [stdout]     25,
[INFO] [stdout]     26,
[INFO] [stdout]     26,
[INFO] [stdout]     26,
[INFO] [stdout]     13,
[INFO] [stdout]     13,
[INFO] [stdout]     26,
[INFO] [stdout]     26,
[INFO] [stdout]     33,
[INFO] [stdout]     33,
[INFO] [stdout]     33,
[INFO] [stdout]     34,
[INFO] [stdout]     34,
[INFO] [stdout]     1,
[INFO] [stdout]     1,
[INFO] [stdout]     1,
[INFO] [stdout]     1,
[INFO] [stdout]     1,
[INFO] [stdout]     3,
[INFO] [stdout]     3,
[INFO] [stdout]     3,
[INFO] [stdout]     3,
[INFO] [stdout]     3,
[INFO] [stdout]     11,
[INFO] [stdout]     11,
[INFO] [stdout]     11,
[INFO] [stdout]     10,
[INFO] [stdout]     10,
[INFO] [stdout]     12,
[INFO] [stdout]     12,
[INFO] [stdout]     13,
[INFO] [stdout]     13,
[INFO] [stdout]     13,
[INFO] [stdout]     30,
[INFO] [stdout]     30,
[INFO] [stdout]     21,
[INFO] [stdout]     21,
[INFO] [stdout]     22,
[INFO] [stdout]     22,
[INFO] [stdout]     23,
[INFO] [stdout]     23,
[INFO] [stdout]     20,
[INFO] [stdout]     20,
[INFO] [stdout]     31,
[INFO] [stdout]     31,
[INFO] [stdout]     31,
[INFO] [stdout]     31,
[INFO] [stdout]     32,
[INFO] [stdout]     32,
[INFO] [stdout]     32,
[INFO] [stdout]     33,
[INFO] [stdout]     33,
[INFO] [stdout]     33,
[INFO] [stdout]     33,
[INFO] [stdout]     20,
[INFO] [stdout]     20,
[INFO] [stdout]     1,
[INFO] [stdout]     1,
[INFO] [stdout]     2,
[INFO] [stdout]     2,
[INFO] [stdout]     5,
[INFO] [stdout]     5,
[INFO] [stdout]     31,
[INFO] [stdout]     31,
[INFO] [stdout]     1,
[INFO] [stdout]     1,
[INFO] [stdout]     13,
[INFO] [stdout]     13,
[INFO] [stdout]     12,
[INFO] [stdout]     12,
[INFO] [stdout]     15,
[INFO] [stdout]     15,
[INFO] [stdout]     16,
[INFO] [stdout]     16,
[INFO] [stdout]     16,
[INFO] [stdout]     16,
[INFO] [stdout]     16,
[INFO] [stdout]     7,
[INFO] [stdout]     7,
[INFO] [stdout]     25,
[INFO] [stdout]     25,
[INFO] [stdout]     26,
[INFO] [stdout]     26,
[INFO] [stdout]     28,
[INFO] [stdout]     28,
[INFO] [stdout]     28,
[INFO] [stdout]     28,
[INFO] [stdout]     37,
[INFO] [stdout]     37,
[INFO] [stdout]     37,
[INFO] [stdout]     37,
[INFO] [stdout]     37,
[INFO] [stdout]     36,
[INFO] [stdout]     36,
[INFO] [stdout]     38,
[INFO] [stdout]     38,
[INFO] [stdout]     1,
[INFO] [stdout]     1,
[INFO] [stdout]     2,
[INFO] [stdout]     2,
[INFO] [stdout]     5,
[INFO] [stdout]     5,
[INFO] [stdout]     5,
[INFO] [stdout]     20,
[INFO] [stdout]     20,
[INFO] [stdout]     -1,
[INFO] [stdout]     -1,
[INFO] [stdout]     21,
[INFO] [stdout]     21,
[INFO] [stdout]     15,
[INFO] [stdout]     15,
[INFO] [stdout]     16,
[INFO] [stdout]     16,
[INFO] [stdout]     16,
[INFO] [stdout]     18,
[INFO] [stdout]     18,
[INFO] [stdout]     19,
[INFO] [stdout]     19,
[INFO] [stdout]     19,
[INFO] [stdout]     9,
[INFO] [stdout]     9,
[INFO] [stdout]     9,
[INFO] [stdout]     9,
[INFO] [stdout]     29,
[INFO] [stdout]     29,
[INFO] [stdout]     30,
[INFO] [stdout]     30,
[INFO] [stdout]     32,
[INFO] [stdout]     32,
[INFO] [stdout]     34,
[INFO] [stdout]     34,
[INFO] [stdout]     28,
[INFO] [stdout]     28,
[INFO] [stdout]     17,
[INFO] [stdout]     17,
[INFO] [stdout]     17,
[INFO] [stdout]     17,
[INFO] [stdout] ]
[INFO] [stdout] [src/bin/day10.rs:28:18] x = (
[INFO] [stdout]     20,
[INFO] [stdout]     21,
[INFO] [stdout] )
[INFO] [stdout] [src/bin/day10.rs:30:20] six = (
[INFO] [stdout]     20,
[INFO] [stdout]     21,
[INFO] [stdout] )
[INFO] [stdout] [src/bin/day10.rs:32:18] x = 21
[INFO] [stdout] [src/bin/day10.rs:28:18] x = (
[INFO] [stdout]     60,
[INFO] [stdout]     19,
[INFO] [stdout] )
[INFO] [stdout] [src/bin/day10.rs:30:20] six = (
[INFO] [stdout]     60,
[INFO] [stdout]     19,
[INFO] [stdout] )
[INFO] [stdout] [src/bin/day10.rs:32:18] x = 19
[INFO] [stdout] [src/bin/day10.rs:28:18] x = (
[INFO] [stdout]     100,
[INFO] [stdout]     18,
[INFO] [stdout] )
[INFO] [stdout] [src/bin/day10.rs:30:20] six = (
[INFO] [stdout]     100,
[INFO] [stdout]     18,
[INFO] [stdout] )
[INFO] [stdout] [src/bin/day10.rs:32:18] x = 18
[INFO] [stdout] [src/bin/day10.rs:28:18] x = (
[INFO] [stdout]     140,
[INFO] [stdout]     21,
[INFO] [stdout] )
[INFO] [stdout] [src/bin/day10.rs:30:20] six = (
[INFO] [stdout]     140,
[INFO] [stdout]     21,
[INFO] [stdout] )
[INFO] [stdout] [src/bin/day10.rs:32:18] x = 21
[INFO] [stdout] [src/bin/day10.rs:28:18] x = (
[INFO] [stdout]     180,
[INFO] [stdout]     16,
[INFO] [stdout] )
[INFO] [stdout] [src/bin/day10.rs:30:20] six = (
[INFO] [stdout]     180,
[INFO] [stdout]     16,
[INFO] [stdout] )
[INFO] [stdout] [src/bin/day10.rs:32:18] x = 16
[INFO] [stdout] [src/bin/day10.rs:28:18] x = (
[INFO] [stdout]     220,
[INFO] [stdout]     18,
[INFO] [stdout] )
[INFO] [stdout] [src/bin/day10.rs:30:20] six = (
[INFO] [stdout]     220,
[INFO] [stdout]     18,
[INFO] [stdout] )
[INFO] [stdout] [src/bin/day10.rs:32:18] x = 18
[INFO] [stdout] 
[INFO] [stdout] thread 'tests::one' panicked at src/bin/day10.rs:90:9:
[INFO] [stdout] assertion `left == right` failed
[INFO] [stdout]   left: 113
[INFO] [stdout]  right: 24000
[INFO] [stdout] stack backtrace:
[INFO] [stdout]    0:     0x620d87ea13ba - std::backtrace_rs::backtrace::libunwind::trace::hb059275cfc8d6126
[INFO] [stdout]                                at /rustc/6067b36314ab5eb2eb47cecc464545ba58e1ad24/library/std/src/../../backtrace/src/backtrace/libunwind.rs:116:5
[INFO] [stdout]    1:     0x620d87ea13ba - std::backtrace_rs::backtrace::trace_unsynchronized::h2da071e4327ce3ee
[INFO] [stdout]                                at /rustc/6067b36314ab5eb2eb47cecc464545ba58e1ad24/library/std/src/../../backtrace/src/backtrace/mod.rs:66:5
[INFO] [stdout]    2:     0x620d87ea13ba - std::sys::backtrace::_print_fmt::h842a1474e6f8d23f
[INFO] [stdout]                                at /rustc/6067b36314ab5eb2eb47cecc464545ba58e1ad24/library/std/src/sys/backtrace.rs:66:9
[INFO] [stdout]    3:     0x620d87ea13ba - <std::sys::backtrace::BacktraceLock::print::DisplayBacktrace as core::fmt::Display>::fmt::h71a62eb3b9696b12
[INFO] [stdout]                                at /rustc/6067b36314ab5eb2eb47cecc464545ba58e1ad24/library/std/src/sys/backtrace.rs:39:26
[INFO] [stdout]    4:     0x620d87ec8b03 - core::fmt::rt::Argument::fmt::hdb6b616786b41dc1
[INFO] [stdout]                                at /rustc/6067b36314ab5eb2eb47cecc464545ba58e1ad24/library/core/src/fmt/rt.rs:177:76
[INFO] [stdout]    5:     0x620d87ec8b03 - core::fmt::write::h2cc1698af7e2d686
[INFO] [stdout]                                at /rustc/6067b36314ab5eb2eb47cecc464545ba58e1ad24/library/core/src/fmt/mod.rs:1440:21
[INFO] [stdout]    6:     0x620d87e9df13 - std::io::Write::write_fmt::hab1b4cd059a79022
[INFO] [stdout]                                at /rustc/6067b36314ab5eb2eb47cecc464545ba58e1ad24/library/std/src/io/mod.rs:1887:15
[INFO] [stdout]    7:     0x620d87ea1202 - std::sys::backtrace::BacktraceLock::print::h147fe35b4ea13b08
[INFO] [stdout]                                at /rustc/6067b36314ab5eb2eb47cecc464545ba58e1ad24/library/std/src/sys/backtrace.rs:42:9
[INFO] [stdout]    8:     0x620d87ea27df - std::panicking::default_hook::{{closure}}::hbd44223dbdc0d208
[INFO] [stdout]                                at /rustc/6067b36314ab5eb2eb47cecc464545ba58e1ad24/library/std/src/panicking.rs:298:22
[INFO] [stdout]    9:     0x620d87ea25f8 - std::panicking::default_hook::h20f81eb0576efcec
[INFO] [stdout]                                at /rustc/6067b36314ab5eb2eb47cecc464545ba58e1ad24/library/std/src/panicking.rs:322:9
[INFO] [stdout]   10:     0x620d87e6b293 - <alloc::boxed::Box<F,A> as core::ops::function::Fn<Args>>::call::hdb53814c496a4d34
[INFO] [stdout]                                at /rustc/6067b36314ab5eb2eb47cecc464545ba58e1ad24/library/alloc/src/boxed.rs:2027:9
[INFO] [stdout]   11:     0x620d87e6b293 - test::test_main::{{closure}}::hc0a4963c59427c24
[INFO] [stdout]                                at /rustc/6067b36314ab5eb2eb47cecc464545ba58e1ad24/library/test/src/lib.rs:134:21
[INFO] [stdout]   12:     0x620d87ea32d3 - <alloc::boxed::Box<F,A> as core::ops::function::Fn<Args>>::call::h591b2225413a77e9
[INFO] [stdout]                                at /rustc/6067b36314ab5eb2eb47cecc464545ba58e1ad24/library/alloc/src/boxed.rs:2027:9
[INFO] [stdout]   13:     0x620d87ea32d3 - std::panicking::rust_panic_with_hook::h625eea43051b2edc
[INFO] [stdout]                                at /rustc/6067b36314ab5eb2eb47cecc464545ba58e1ad24/library/std/src/panicking.rs:839:13
[INFO] [stdout]   14:     0x620d87ea2f8a - std::panicking::begin_panic_handler::{{closure}}::h4f9159cfbc3f6bd3
[INFO] [stdout]                                at /rustc/6067b36314ab5eb2eb47cecc464545ba58e1ad24/library/std/src/panicking.rs:704:13
[INFO] [stdout]   15:     0x620d87ea18b9 - std::sys::backtrace::__rust_end_short_backtrace::h0390abce48353151
[INFO] [stdout]                                at /rustc/6067b36314ab5eb2eb47cecc464545ba58e1ad24/library/std/src/sys/backtrace.rs:168:18
[INFO] [stdout]   16:     0x620d87ea2c1d - rust_begin_unwind
[INFO] [stdout]                                at /rustc/6067b36314ab5eb2eb47cecc464545ba58e1ad24/library/std/src/panicking.rs:695:5
[INFO] [stdout]   17:     0x620d87ec7510 - core::panicking::panic_fmt::h9e7c637e9e5f29c9
[INFO] [stdout]                                at /rustc/6067b36314ab5eb2eb47cecc464545ba58e1ad24/library/core/src/panicking.rs:75:14
[INFO] [stdout]   18:     0x620d87ec78d2 - core::panicking::assert_failed_inner::h538bec7c1374cd9c
[INFO] [stdout]   19:     0x620d87e27d38 - core::panicking::assert_failed::hb76e00a6918c2dfb
[INFO] [stdout]                                at /rustc/6067b36314ab5eb2eb47cecc464545ba58e1ad24/library/core/src/panicking.rs:364:5
[INFO] [stdout]   20:     0x620d87e28fde - day10::tests::one::he181c8ae6e5e1e2b
[INFO] [stdout]                                at /opt/rustwide/workdir/src/bin/day10.rs:90:9
[INFO] [stdout]   21:     0x620d87e28f57 - day10::tests::one::{{closure}}::h95d942cc18da1d31
[INFO] [stdout]                                at /opt/rustwide/workdir/src/bin/day10.rs:89:13
[INFO] [stdout]   22:     0x620d87e296c6 - core::ops::function::FnOnce::call_once::h9baa216593704748
[INFO] [stdout]                                at /rustc/6067b36314ab5eb2eb47cecc464545ba58e1ad24/library/core/src/ops/function.rs:250:5
[INFO] [stdout]   23:     0x620d87e709eb - core::ops::function::FnOnce::call_once::he27718dfdd183f43
[INFO] [stdout]                                at /rustc/6067b36314ab5eb2eb47cecc464545ba58e1ad24/library/core/src/ops/function.rs:250:5
[INFO] [stdout]   24:     0x620d87e709eb - test::__rust_begin_short_backtrace::h4e84902998457a5d
[INFO] [stdout]                                at /rustc/6067b36314ab5eb2eb47cecc464545ba58e1ad24/library/test/src/lib.rs:632:18
[INFO] [stdout]   25:     0x620d87e6f923 - test::run_test_in_process::{{closure}}::h7176fd18fc1feca0
[INFO] [stdout]                                at /rustc/6067b36314ab5eb2eb47cecc464545ba58e1ad24/library/test/src/lib.rs:655:60
[INFO] [stdout]   26:     0x620d87e6f923 - <core::panic::unwind_safe::AssertUnwindSafe<F> as core::ops::function::FnOnce<()>>::call_once::hf79cff2a624d8cf7
[INFO] [stdout]                                at /rustc/6067b36314ab5eb2eb47cecc464545ba58e1ad24/library/core/src/panic/unwind_safe.rs:272:9
[INFO] [stdout]   27:     0x620d87e6f923 - std::panicking::try::do_call::h3da0561d9ab99c25
[INFO] [stdout]                                at /rustc/6067b36314ab5eb2eb47cecc464545ba58e1ad24/library/std/src/panicking.rs:587:40
[INFO] [stdout]   28:     0x620d87e6f923 - std::panicking::try::h41c9fa508bc61df6
[INFO] [stdout]                                at /rustc/6067b36314ab5eb2eb47cecc464545ba58e1ad24/library/std/src/panicking.rs:550:19
[INFO] [stdout]   29:     0x620d87e6f923 - std::panic::catch_unwind::h6b3ff07bb5afad93
[INFO] [stdout]                                at /rustc/6067b36314ab5eb2eb47cecc464545ba58e1ad24/library/std/src/panic.rs:358:14
[INFO] [stdout]   30:     0x620d87e6f923 - test::run_test_in_process::hc7253dd11b39b9f4
[INFO] [stdout]                                at /rustc/6067b36314ab5eb2eb47cecc464545ba58e1ad24/library/test/src/lib.rs:655:27
[INFO] [stdout]   31:     0x620d87e6f923 - test::run_test::{{closure}}::hfb2007f8649c30bb
[INFO] [stdout]                                at /rustc/6067b36314ab5eb2eb47cecc464545ba58e1ad24/library/test/src/lib.rs:576:43
[INFO] [stdout]   32:     0x620d87e32a05 - test::run_test::{{closure}}::h56a17aa7a282a9f4
[INFO] [stdout]                                at /rustc/6067b36314ab5eb2eb47cecc464545ba58e1ad24/library/test/src/lib.rs:606:41
[INFO] [stdout]   33:     0x620d87e32a05 - std::sys::backtrace::__rust_begin_short_backtrace::hd2d2d2fb8e8c6aac
[INFO] [stdout]                                at /rustc/6067b36314ab5eb2eb47cecc464545ba58e1ad24/library/std/src/sys/backtrace.rs:152:18
[INFO] [stdout]   34:     0x620d87e362ea - std::thread::Builder::spawn_unchecked_::{{closure}}::{{closure}}::h4faa3f9db6133423
[INFO] [stdout]                                at /rustc/6067b36314ab5eb2eb47cecc464545ba58e1ad24/library/std/src/thread/mod.rs:559:17
[INFO] [stdout]   35:     0x620d87e362ea - <core::panic::unwind_safe::AssertUnwindSafe<F> as core::ops::function::FnOnce<()>>::call_once::hf2e855a36a4ea846
[INFO] [stdout]                                at /rustc/6067b36314ab5eb2eb47cecc464545ba58e1ad24/library/core/src/panic/unwind_safe.rs:272:9
[INFO] [stdout]   36:     0x620d87e362ea - std::panicking::try::do_call::h2f73af3616c35465
[INFO] [stdout]                                at /rustc/6067b36314ab5eb2eb47cecc464545ba58e1ad24/library/std/src/panicking.rs:587:40
[INFO] [stdout]   37:     0x620d87e362ea - std::panicking::try::hd1660ce9efadef5a
[INFO] [stdout]                                at /rustc/6067b36314ab5eb2eb47cecc464545ba58e1ad24/library/std/src/panicking.rs:550:19
[INFO] [stdout]   38:     0x620d87e362ea - std::panic::catch_unwind::h5ee8d7823b8ca744
[INFO] [stdout]                                at /rustc/6067b36314ab5eb2eb47cecc464545ba58e1ad24/library/std/src/panic.rs:358:14
[INFO] [stdout]   39:     0x620d87e362ea - std::thread::Builder::spawn_unchecked_::{{closure}}::h53c3a1894dce8407
[INFO] [stdout]                                at /rustc/6067b36314ab5eb2eb47cecc464545ba58e1ad24/library/std/src/thread/mod.rs:557:30
[INFO] [stdout]   40:     0x620d87e362ea - core::ops::function::FnOnce::call_once{{vtable.shim}}::h048ce291ad4f62bf
[INFO] [stdout]                                at /rustc/6067b36314ab5eb2eb47cecc464545ba58e1ad24/library/core/src/ops/function.rs:250:5
[INFO] [stdout]   41:     0x620d87ea720b - <alloc::boxed::Box<F,A> as core::ops::function::FnOnce<Args>>::call_once::ha52bedf99a3b4981
[INFO] [stdout]                                at /rustc/6067b36314ab5eb2eb47cecc464545ba58e1ad24/library/alloc/src/boxed.rs:2013:9
[INFO] [stdout]   42:     0x620d87ea720b - <alloc::boxed::Box<F,A> as core::ops::function::FnOnce<Args>>::call_once::h567748934d80ccf8
[INFO] [stdout]                                at /rustc/6067b36314ab5eb2eb47cecc464545ba58e1ad24/library/alloc/src/boxed.rs:2013:9
[INFO] [stdout]   43:     0x620d87ea720b - std::sys::pal::unix::thread::Thread::new::thread_start::h2d970728ae887adc
[INFO] [stdout]                                at /rustc/6067b36314ab5eb2eb47cecc464545ba58e1ad24/library/std/src/sys/pal/unix/thread.rs:106:17
[INFO] [stdout]   44:     0x76757d29fac3 - <unknown>
[INFO] [stdout]   45:     0x76757d330a04 - clone
[INFO] [stdout]   46:                0x0 - <unknown>
[INFO] [stdout] 
[INFO] [stdout] 
[INFO] [stdout] failures:
[INFO] [stdout]     tests::one
[INFO] [stdout]     tests::one_tiny
[INFO] [stdout]     tests::two
[INFO] [stdout] 
[INFO] [stdout] test result: FAILED. 0 passed; 3 failed; 0 ignored; 0 measured; 0 filtered out; finished in 0.03s
[INFO] [stdout] 
[INFO] running `Command { std: "docker" "inspect" "f96660a35aec06e804a794b09594a908896f8a32674e61603a29550ced2f6977", kill_on_drop: false }`
[INFO] running `Command { std: "docker" "rm" "-f" "f96660a35aec06e804a794b09594a908896f8a32674e61603a29550ced2f6977", kill_on_drop: false }`
[INFO] [stdout] f96660a35aec06e804a794b09594a908896f8a32674e61603a29550ced2f6977
