[INFO] cloning repository https://github.com/andystopia/cran-work
[INFO] running `Command { std: "git" "-c" "credential.helper=" "-c" "credential.helper=/workspace/cargo-home/bin/git-credential-null" "clone" "--bare" "https://github.com/andystopia/cran-work" "/workspace/cache/git-repos/https%3A%2F%2Fgithub.com%2Fandystopia%2Fcran-work", kill_on_drop: false }`
[INFO] [stderr] Cloning into bare repository '/workspace/cache/git-repos/https%3A%2F%2Fgithub.com%2Fandystopia%2Fcran-work'...
[INFO] running `Command { std: "git" "rev-parse" "HEAD", kill_on_drop: false }`
[INFO] [stdout] 3a9a9064266cfabed3415c309710638f3b0f5614
[INFO] testing andystopia/cran-work against nightly-2025-01-18 for randomize-layout-2
[INFO] running `Command { std: "git" "clone" "/workspace/cache/git-repos/https%3A%2F%2Fgithub.com%2Fandystopia%2Fcran-work" "/workspace/builds/worker-7-tc1/source", kill_on_drop: false }`
[INFO] [stderr] Cloning into '/workspace/builds/worker-7-tc1/source'...
[INFO] [stderr] done.
[INFO] validating manifest of git repo https://github.com/andystopia/cran-work on toolchain nightly-2025-01-18
[INFO] running `Command { std: CARGO_HOME="/workspace/cargo-home" RUSTUP_HOME="/workspace/rustup-home" "/workspace/cargo-home/bin/cargo" "+nightly-2025-01-18" "metadata" "--manifest-path" "Cargo.toml" "--no-deps", kill_on_drop: false }`
[INFO] started tweaking git repo https://github.com/andystopia/cran-work
[INFO] finished tweaking git repo https://github.com/andystopia/cran-work
[INFO] tweaked toml for git repo https://github.com/andystopia/cran-work written to /workspace/builds/worker-7-tc1/source/Cargo.toml
[INFO] crate git repo https://github.com/andystopia/cran-work already has a lockfile, it will not be regenerated
[INFO] running `Command { std: CARGO_HOME="/workspace/cargo-home" RUSTUP_HOME="/workspace/rustup-home" "/workspace/cargo-home/bin/cargo" "+nightly-2025-01-18" "fetch" "--manifest-path" "Cargo.toml", kill_on_drop: false }`
[INFO] [stderr]     Updating crates.io index
[INFO] [stderr]  Downloading crates ...
[INFO] [stderr]   Downloaded fs-err v3.0.0
[INFO] [stderr]   Downloaded rattler_digest v1.0.3
[INFO] [stderr]   Downloaded supports-color v3.0.1
[INFO] [stderr]   Downloaded supports-hyperlinks v3.0.0
[INFO] [stderr]   Downloaded pubgrub v0.2.1
[INFO] [stderr]   Downloaded reqwest v0.12.10
[INFO] running `Command { std: "docker" "create" "-v" "/var/lib/crater-agent-workspace/builds/worker-7-tc1/target:/opt/rustwide/target:rw,Z" "-v" "/var/lib/crater-agent-workspace/builds/worker-7-tc1/source:/opt/rustwide/workdir:ro,Z" "-v" "/var/lib/crater-agent-workspace/cargo-home:/opt/rustwide/cargo-home:ro,Z" "-v" "/var/lib/crater-agent-workspace/rustup-home:/opt/rustwide/rustup-home:ro,Z" "-e" "SOURCE_DIR=/opt/rustwide/workdir" "-e" "CARGO_TARGET_DIR=/opt/rustwide/target" "-e" "CARGO_HOME=/opt/rustwide/cargo-home" "-e" "RUSTUP_HOME=/opt/rustwide/rustup-home" "-w" "/opt/rustwide/workdir" "-m" "1610612736" "--user" "0:0" "--network" "none" "ghcr.io/rust-lang/crates-build-env/linux@sha256:819108c5571ea2e421544af4d832f968d213c87fbe3707a016657f43d2f853bc" "/opt/rustwide/cargo-home/bin/cargo" "+nightly-2025-01-18" "metadata" "--no-deps" "--format-version=1", kill_on_drop: false }`
[INFO] [stdout] 67250c2c514e9be2df7d6efd128de904ea48d027f0e892b6bafaabe771dd967e
[INFO] running `Command { std: "docker" "start" "-a" "67250c2c514e9be2df7d6efd128de904ea48d027f0e892b6bafaabe771dd967e", kill_on_drop: false }`
[INFO] running `Command { std: "docker" "inspect" "67250c2c514e9be2df7d6efd128de904ea48d027f0e892b6bafaabe771dd967e", kill_on_drop: false }`
[INFO] running `Command { std: "docker" "rm" "-f" "67250c2c514e9be2df7d6efd128de904ea48d027f0e892b6bafaabe771dd967e", kill_on_drop: false }`
[INFO] [stdout] 67250c2c514e9be2df7d6efd128de904ea48d027f0e892b6bafaabe771dd967e
[INFO] running `Command { std: "docker" "create" "-v" "/var/lib/crater-agent-workspace/builds/worker-7-tc1/target:/opt/rustwide/target:rw,Z" "-v" "/var/lib/crater-agent-workspace/builds/worker-7-tc1/source:/opt/rustwide/workdir:ro,Z" "-v" "/var/lib/crater-agent-workspace/cargo-home:/opt/rustwide/cargo-home:ro,Z" "-v" "/var/lib/crater-agent-workspace/rustup-home:/opt/rustwide/rustup-home:ro,Z" "-e" "SOURCE_DIR=/opt/rustwide/workdir" "-e" "CARGO_TARGET_DIR=/opt/rustwide/target" "-e" "CARGO_INCREMENTAL=0" "-e" "RUST_BACKTRACE=full" "-e" "RUSTFLAGS=--cap-lints=forbid" "-e" "RUSTDOCFLAGS=--cap-lints=forbid" "-e" "CARGO_HOME=/opt/rustwide/cargo-home" "-e" "RUSTUP_HOME=/opt/rustwide/rustup-home" "-w" "/opt/rustwide/workdir" "-m" "1610612736" "--user" "0:0" "--network" "none" "ghcr.io/rust-lang/crates-build-env/linux@sha256:819108c5571ea2e421544af4d832f968d213c87fbe3707a016657f43d2f853bc" "/opt/rustwide/cargo-home/bin/cargo" "+nightly-2025-01-18" "build" "--frozen" "--message-format=json", kill_on_drop: false }`
[INFO] [stdout] 875f2aea4f2ef1747840ce5ccd196ee658ce8d232e7178e584809ebb92660809
[INFO] running `Command { std: "docker" "start" "-a" "875f2aea4f2ef1747840ce5ccd196ee658ce8d232e7178e584809ebb92660809", kill_on_drop: false }`
[INFO] [stderr]    Compiling proc-macro2 v1.0.89
[INFO] [stderr]    Compiling unicode-ident v1.0.13
[INFO] [stderr]    Compiling cfg-if v1.0.0
[INFO] [stderr]    Compiling libc v0.2.164
[INFO] [stderr]    Compiling shlex v1.3.0
[INFO] [stderr]    Compiling autocfg v1.4.0
[INFO] [stderr]    Compiling smallvec v1.13.2
[INFO] [stderr]    Compiling once_cell v1.20.2
[INFO] [stderr]    Compiling serde v1.0.217
[INFO] [stderr]    Compiling siphasher v0.3.11
[INFO] [stderr]    Compiling byteorder v1.5.0
[INFO] [stderr]    Compiling stable_deref_trait v1.2.0
[INFO] [stderr]    Compiling version_check v0.9.5
[INFO] [stderr]    Compiling parking_lot_core v0.9.10
[INFO] [stderr]    Compiling scopeguard v1.2.0
[INFO] [stderr]    Compiling bitflags v2.6.0
[INFO] [stderr]    Compiling itoa v1.0.11
[INFO] [stderr]    Compiling cc v1.2.1
[INFO] [stderr]    Compiling memchr v2.7.4
[INFO] [stderr]    Compiling fnv v1.0.7
[INFO] [stderr]    Compiling log v0.4.22
[INFO] [stderr]    Compiling phf_shared v0.11.2
[INFO] [stderr]    Compiling writeable v0.5.5
[INFO] [stderr]    Compiling litemap v0.7.3
[INFO] [stderr]    Compiling phf_shared v0.10.0
[INFO] [stderr]    Compiling pin-project-lite v0.2.15
[INFO] [stderr]    Compiling bytes v1.9.0
[INFO] [stderr]    Compiling hashbrown v0.15.1
[INFO] [stderr]    Compiling equivalent v1.0.1
[INFO] [stderr]    Compiling icu_locid_transform_data v1.5.0
[INFO] [stderr]    Compiling new_debug_unreachable v1.0.6
[INFO] [stderr]    Compiling unicode-width v0.1.14
[INFO] [stderr]    Compiling adler2 v2.0.0
[INFO] [stderr]    Compiling futures-core v0.3.31
[INFO] [stderr]    Compiling rustix v0.38.40
[INFO] [stderr]    Compiling ahash v0.8.11
[INFO] [stderr]    Compiling miniz_oxide v0.8.0
[INFO] [stderr]    Compiling typenum v1.17.0
[INFO] [stderr]    Compiling lock_api v0.4.12
[INFO] [stderr]    Compiling slab v0.4.9
[INFO] [stderr]    Compiling linux-raw-sys v0.4.14
[INFO] [stderr]    Compiling futures-sink v0.3.31
[INFO] [stderr]    Compiling icu_properties_data v1.5.0
[INFO] [stderr]    Compiling pkg-config v0.3.31
[INFO] [stderr]    Compiling vcpkg v0.2.15
[INFO] [stderr]    Compiling quote v1.0.37
[INFO] [stderr]    Compiling generic-array v0.14.7
[INFO] [stderr]    Compiling zerocopy v0.7.35
[INFO] [stderr]    Compiling thiserror v1.0.69
[INFO] [stderr]    Compiling write16 v1.0.0
[INFO] [stderr]    Compiling syn v2.0.87
[INFO] [stderr]    Compiling getrandom v0.2.15
[INFO] [stderr]    Compiling socket2 v0.5.7
[INFO] [stderr]    Compiling signal-hook-registry v1.4.2
[INFO] [stderr]    Compiling parking_lot v0.12.3
[INFO] [stderr]    Compiling mio v1.0.2
[INFO] [stderr]    Compiling rand_core v0.6.4
[INFO] [stderr]    Compiling strsim v0.11.1
[INFO] [stderr]    Compiling gimli v0.31.1
[INFO] [stderr]    Compiling subtle v2.6.1
[INFO] [stderr]    Compiling utf16_iter v1.0.5
[INFO] [stderr]    Compiling mac v0.1.1
[INFO] [stderr]    Compiling rustls-pki-types v1.10.0
[INFO] [stderr]    Compiling precomputed-hash v0.1.1
[INFO] [stderr]    Compiling utf8_iter v1.0.4
[INFO] [stderr]    Compiling icu_normalizer_data v1.5.0
[INFO] [stderr]    Compiling futf v0.1.5
[INFO] [stderr]    Compiling object v0.36.5
[INFO] [stderr]    Compiling owo-colors v4.1.0
[INFO] [stderr]    Compiling dtoa v1.0.9
[INFO] [stderr]    Compiling rustc-demangle v0.1.24
[INFO] [stderr]    Compiling percent-encoding v2.3.1
[INFO] [stderr]    Compiling utf-8 v0.7.6
[INFO] [stderr]    Compiling dtoa-short v0.3.5
[INFO] [stderr]    Compiling http v1.1.0
[INFO] [stderr]    Compiling chumsky v1.0.0-alpha.7
[INFO] [stderr]    Compiling futures-io v0.3.31
[INFO] [stderr]    Compiling is_ci v1.2.0
[INFO] [stderr]    Compiling form_urlencoded v1.2.1
[INFO] [stderr]    Compiling tendril v0.4.3
[INFO] [stderr]    Compiling futures-task v0.3.31
[INFO] [stderr]    Compiling unicode-linebreak v0.1.5
[INFO] [stderr]    Compiling allocator-api2 v0.2.20
[INFO] [stderr]    Compiling pin-utils v0.1.0
[INFO] [stderr]    Compiling futures-util v0.3.31
[INFO] [stderr]    Compiling supports-color v3.0.1
[INFO] [stderr]    Compiling tracing-core v0.1.32
[INFO] [stderr]    Compiling openssl-sys v0.9.104
[INFO] [stderr]    Compiling psm v0.1.24
[INFO] [stderr]    Compiling stacker v0.1.17
[INFO] [stderr]    Compiling ring v0.17.8
[INFO] [stderr]    Compiling fxhash v0.2.1
[INFO] [stderr]    Compiling hashbrown v0.14.5
[INFO] [stderr]    Compiling textwrap v0.16.1
[INFO] [stderr]    Compiling servo_arc v0.4.0
[INFO] [stderr]    Compiling untrusted v0.9.0
[INFO] [stderr]    Compiling supports-unicode v3.0.0
[INFO] [stderr]    Compiling ident_case v1.0.1
[INFO] [stderr]    Compiling openssl v0.10.68
[INFO] [stderr]    Compiling spin v0.9.8
[INFO] [stderr]    Compiling foreign-types-shared v0.1.1
[INFO] [stderr]    Compiling httparse v1.9.5
[INFO] [stderr]    Compiling supports-hyperlinks v3.0.0
[INFO] [stderr]    Compiling ryu v1.0.18
[INFO] [stderr]    Compiling foreign-types v0.3.2
[INFO] [stderr]    Compiling tracing v0.1.40
[INFO] [stderr]    Compiling http-body v1.0.1
[INFO] [stderr]    Compiling getopts v0.2.21
[INFO] [stderr]    Compiling crc32fast v1.4.2
[INFO] [stderr]    Compiling native-tls v0.2.12
[INFO] [stderr]    Compiling thiserror v2.0.6
[INFO] [stderr]    Compiling utf8parse v0.2.2
[INFO] [stderr]    Compiling base64 v0.22.1
[INFO] [stderr]    Compiling yansi v1.0.1
[INFO] [stderr]    Compiling rustls v0.23.19
[INFO] [stderr]    Compiling try-lock v0.2.5
[INFO] [stderr]    Compiling atomic-waker v1.1.2
[INFO] [stderr]    Compiling want v0.3.1
[INFO] [stderr]    Compiling anstyle-parse v0.2.6
[INFO] [stderr]    Compiling flate2 v1.0.35
[INFO] [stderr]    Compiling crypto-common v0.1.6
[INFO] [stderr]    Compiling block-buffer v0.10.4
[INFO] [stderr]    Compiling filetime v0.2.25
[INFO] [stderr]    Compiling digest v0.10.7
[INFO] [stderr]    Compiling futures-channel v0.3.31
[INFO] [stderr]    Compiling anstyle v1.0.10
[INFO] [stderr]    Compiling ariadne v0.5.0
[INFO] [stderr]    Compiling tower-service v0.3.3
[INFO] [stderr]    Compiling anstyle-query v1.1.2
[INFO] [stderr]    Compiling colorchoice v1.0.3
[INFO] [stderr]    Compiling is_terminal_polyfill v1.70.1
[INFO] [stderr]    Compiling zeroize v1.8.1
[INFO] [stderr]    Compiling openssl-probe v0.1.5
[INFO] [stderr]    Compiling anstream v0.6.18
[INFO] [stderr]    Compiling webpki-roots v0.26.6
[INFO] [stderr]    Compiling fs-err v3.0.0
[INFO] [stderr]    Compiling ego-tree v0.10.0
[INFO] [stderr]    Compiling heck v0.5.0
[INFO] [stderr]    Compiling unsafe-libyaml v0.2.11
[INFO] [stderr]    Compiling ecow v0.2.3
[INFO] [stderr]    Compiling clap_lex v0.7.4
[INFO] [stderr]    Compiling sync_wrapper v1.0.1
[INFO] [stderr]    Compiling cpufeatures v0.2.16
[INFO] [stderr]    Compiling addr2line v0.24.2
[INFO] [stderr]    Compiling winnow v0.6.20
[INFO] [stderr]    Compiling clap_builder v4.5.23
[INFO] [stderr]    Compiling anyhow v1.0.95
[INFO] [stderr]    Compiling tower-layer v0.3.3
[INFO] [stderr]    Compiling sha2 v0.10.8
[INFO] [stderr]    Compiling blake2 v0.10.6
[INFO] [stderr]    Compiling md-5 v0.10.6
[INFO] [stderr]    Compiling rustls-pemfile v2.2.0
[INFO] [stderr]    Compiling encoding_rs v0.8.35
[INFO] [stderr]    Compiling ipnet v2.10.1
[INFO] [stderr]    Compiling ego-tree v0.9.0
[INFO] [stderr]    Compiling terminal_size v0.4.0
[INFO] [stderr]    Compiling xattr v1.3.1
[INFO] [stderr]    Compiling mime v0.3.17
[INFO] [stderr]    Compiling hex v0.4.3
[INFO] [stderr]    Compiling tar v0.4.43
[INFO] [stderr]    Compiling rustc-hash v1.1.0
[INFO] [stderr]    Compiling bimap v0.6.3
[INFO] [stderr]    Compiling http-body-util v0.1.2
[INFO] [stderr]    Compiling synstructure v0.13.1
[INFO] [stderr]    Compiling darling_core v0.20.10
[INFO] [stderr]    Compiling serde_derive v1.0.217
[INFO] [stderr]    Compiling zerocopy-derive v0.7.35
[INFO] [stderr]    Compiling zerofrom-derive v0.1.4
[INFO] [stderr]    Compiling yoke-derive v0.7.4
[INFO] [stderr]    Compiling zerovec-derive v0.10.3
[INFO] [stderr]    Compiling displaydoc v0.2.5
[INFO] [stderr]    Compiling icu_provider_macros v1.5.0
[INFO] [stderr]    Compiling tokio-macros v2.4.0
[INFO] [stderr]    Compiling thiserror-impl v1.0.69
[INFO] [stderr]    Compiling html5ever v0.29.0
[INFO] [stderr]    Compiling cssparser-macros v0.6.1
[INFO] [stderr]    Compiling tokio v1.42.0
[INFO] [stderr]    Compiling miette-derive v7.4.0
[INFO] [stderr]    Compiling derive_more v0.99.18
[INFO] [stderr]    Compiling openssl-macros v0.1.1
[INFO] [stderr]    Compiling backtrace v0.3.74
[INFO] [stderr]    Compiling rustls-webpki v0.102.8
[INFO] [stderr]    Compiling thiserror-impl v2.0.6
[INFO] [stderr]    Compiling backtrace-ext v0.2.1
[INFO] [stderr]    Compiling ppv-lite86 v0.2.20
[INFO] [stderr]    Compiling clap_derive v4.5.18
[INFO] [stderr]    Compiling zerofrom v0.1.4
[INFO] [stderr]    Compiling yoke v0.7.4
[INFO] [stderr]    Compiling pubgrub v0.2.1
[INFO] [stderr]    Compiling zerovec v0.10.4
[INFO] [stderr]    Compiling rand_chacha v0.3.1
[INFO] [stderr]    Compiling miette v7.4.0
[INFO] [stderr]    Compiling rand v0.8.5
[INFO] [stderr]    Compiling darling_macro v0.20.10
[INFO] [stderr]    Compiling tinystr v0.7.6
[INFO] [stderr]    Compiling icu_collections v1.5.0
[INFO] [stderr]    Compiling phf_generator v0.11.2
[INFO] [stderr]    Compiling phf_generator v0.10.0
[INFO] [stderr]    Compiling phf_codegen v0.11.2
[INFO] [stderr]    Compiling clap v4.5.23
[INFO] [stderr]    Compiling string_cache_codegen v0.5.2
[INFO] [stderr]    Compiling phf_macros v0.11.2
[INFO] [stderr]    Compiling cran-description-file-parser v0.1.0 (/opt/rustwide/workdir/crates/cran-description-file-parser)
[INFO] [stderr]    Compiling mini-r v0.1.0 (/opt/rustwide/workdir/crates/mini-r)
[INFO] [stderr]    Compiling selectors v0.26.0
[INFO] [stderr]    Compiling icu_locid v1.5.0
[INFO] [stderr]    Compiling darling v0.20.10
[INFO] [stderr]    Compiling serde_with_macros v3.11.0
[INFO] [stderr]    Compiling markup5ever v0.14.0
[INFO] [stderr]    Compiling phf v0.11.2
[INFO] [stderr]    Compiling cssparser v0.34.0
[INFO] [stderr]    Compiling icu_provider v1.5.0
[INFO] [stderr]    Compiling icu_locid_transform v1.5.0
[INFO] [stderr]    Compiling icu_properties v1.5.1
[INFO] [stderr]    Compiling tokio-util v0.7.12
[INFO] [stderr]    Compiling tokio-native-tls v0.3.1
[INFO] [stderr]    Compiling tower v0.5.2
[INFO] [stderr]    Compiling indexmap v2.7.0
[INFO] [stderr]    Compiling string_cache v0.8.7
[INFO] [stderr]    Compiling toml_datetime v0.6.8
[INFO] [stderr]    Compiling serde_spanned v0.6.8
[INFO] [stderr]    Compiling serde_urlencoded v0.7.1
[INFO] [stderr]    Compiling serde_with v3.11.0
[INFO] [stderr]    Compiling h2 v0.4.6
[INFO] [stderr]    Compiling serde_yaml v0.9.34+deprecated
[INFO] [stderr]    Compiling toml_edit v0.22.22
[INFO] [stderr]    Compiling icu_normalizer v1.5.0
[INFO] [stderr]    Compiling idna_adapter v1.2.0
[INFO] [stderr]    Compiling idna v1.0.3
[INFO] [stderr]    Compiling rattler_digest v1.0.3
[INFO] [stderr]    Compiling scraper v0.22.0
[INFO] [stderr]    Compiling scraper v0.21.0
[INFO] [stderr]    Compiling url v2.5.4
[INFO] [stderr]    Compiling ureq v2.12.1
[INFO] [stderr]    Compiling toml v0.8.19
[INFO] [stderr]    Compiling crancherry v0.1.0 (/opt/rustwide/workdir/crates/crancherry)
[INFO] [stdout] warning: associated function `new` is never used
[INFO] [stdout]   --> crates/crancherry/src/cherry.rs:18:8
[INFO] [stdout]    |
[INFO] [stdout] 17 | impl RepoDownloadFileGz {
[INFO] [stdout]    | ----------------------- associated function in this implementation
[INFO] [stdout] 18 |     fn new(url: Url) -> RepoDownloadFileGz {
[INFO] [stdout]    |        ^^^
[INFO] [stdout]    |
[INFO] [stdout]    = note: `#[warn(dead_code)]` on by default
[INFO] [stdout] 
[INFO] [stdout] 
[INFO] [stdout] warning: associated items `new`, `from_url_str`, and `as_index` are never used
[INFO] [stdout]   --> crates/crancherry/src/cherry.rs:55:12
[INFO] [stdout]    |
[INFO] [stdout] 54 | impl Repo {
[INFO] [stdout]    | --------- associated items in this implementation
[INFO] [stdout] 55 |     pub fn new(url: Url) -> Repo {
[INFO] [stdout]    |            ^^^
[INFO] [stdout] ...
[INFO] [stdout] 59 |     pub fn from_url_str(url: &str) -> Result<Repo, CranError> {
[INFO] [stdout]    |            ^^^^^^^^^^^^
[INFO] [stdout] ...
[INFO] [stdout] 68 |     pub fn as_index(&self) -> RepoIndex {
[INFO] [stdout]    |            ^^^^^^^^
[INFO] [stdout] 
[INFO] [stdout] 
[INFO] [stdout] warning: fields `manifest_repo` and `parsed_contents` are never read
[INFO] [stdout]    --> crates/crancherry/src/cherry.rs:105:5
[INFO] [stdout]     |
[INFO] [stdout] 104 | pub struct ParsedManifestRepo<'m, 'r> {
[INFO] [stdout]     |            ------------------ fields in this struct
[INFO] [stdout] 105 |     manifest_repo: &'m ManifestRepo<'r>,
[INFO] [stdout]     |     ^^^^^^^^^^^^^
[INFO] [stdout] 106 |     parsed_contents: Vec<Field<'m>>,
[INFO] [stdout]     |     ^^^^^^^^^^^^^^^
[INFO] [stdout]     |
[INFO] [stdout]     = note: `ParsedManifestRepo` has a derived impl for the trait `Debug`, but this is intentionally ignored during dead code analysis
[INFO] [stdout] 
[INFO] [stdout] 
[INFO] [stdout] warning: field `name` is never read
[INFO] [stdout]    --> crates/crancherry/src/cherry.rs:112:5
[INFO] [stdout]     |
[INFO] [stdout] 111 | pub struct PackageName<'s> {
[INFO] [stdout]     |            ----------- field in this struct
[INFO] [stdout] 112 |     name: Cow<'s, str>,
[INFO] [stdout]     |     ^^^^
[INFO] [stdout] 
[INFO] [stdout] 
[INFO] [stdout] warning: field `version` is never read
[INFO] [stdout]    --> crates/crancherry/src/cherry.rs:116:5
[INFO] [stdout]     |
[INFO] [stdout] 115 | pub struct PackageVersion {
[INFO] [stdout]     |            -------------- field in this struct
[INFO] [stdout] 116 |     version: String,
[INFO] [stdout]     |     ^^^^^^^
[INFO] [stdout] 
[INFO] [stdout] 
[INFO] [stderr]    Compiling hyper v1.5.0
[INFO] [stderr]    Compiling description-file-crater v0.1.0 (/opt/rustwide/workdir/crates/description-file-crater)
[INFO] [stderr]    Compiling description-to-rattler v0.1.0 (/opt/rustwide/workdir/crates/description-to-rattler)
[INFO] [stderr]    Compiling hyper-util v0.1.10
[INFO] [stderr]    Compiling hyper-tls v0.6.0
[INFO] [stderr]    Compiling reqwest v0.12.10
[INFO] [stderr]    Compiling cran-fetch v0.1.0 (/opt/rustwide/workdir/crates/cran-fetch)
[INFO] [stdout] warning: function `print_built_dependency_tree` is never used
[INFO] [stdout]    --> crates/cran-fetch/src/main.rs:635:4
[INFO] [stdout]     |
[INFO] [stdout] 635 | fn print_built_dependency_tree(
[INFO] [stdout]     |    ^^^^^^^^^^^^^^^^^^^^^^^^^^^
[INFO] [stdout]     |
[INFO] [stdout]     = note: `#[warn(dead_code)]` on by default
[INFO] [stdout] 
[INFO] [stdout] 
[INFO] [stdout] warning: method `push_child` is never used
[INFO] [stdout]   --> crates/cran-fetch/src/tree.rs:19:12
[INFO] [stdout]    |
[INFO] [stdout] 11 | impl<T> Tree<T> {
[INFO] [stdout]    | --------------- method in this implementation
[INFO] [stdout] ...
[INFO] [stdout] 19 |     pub fn push_child(&mut self, child: T) {
[INFO] [stdout]    |            ^^^^^^^^^^
[INFO] [stdout] 
[INFO] [stdout] 
[INFO] [stderr]     Finished `dev` profile [unoptimized + debuginfo] target(s) in 1m 01s
[INFO] running `Command { std: "docker" "inspect" "875f2aea4f2ef1747840ce5ccd196ee658ce8d232e7178e584809ebb92660809", kill_on_drop: false }`
[INFO] running `Command { std: "docker" "rm" "-f" "875f2aea4f2ef1747840ce5ccd196ee658ce8d232e7178e584809ebb92660809", kill_on_drop: false }`
[INFO] [stdout] 875f2aea4f2ef1747840ce5ccd196ee658ce8d232e7178e584809ebb92660809
[INFO] running `Command { std: "docker" "create" "-v" "/var/lib/crater-agent-workspace/builds/worker-7-tc1/target:/opt/rustwide/target:rw,Z" "-v" "/var/lib/crater-agent-workspace/builds/worker-7-tc1/source:/opt/rustwide/workdir:ro,Z" "-v" "/var/lib/crater-agent-workspace/cargo-home:/opt/rustwide/cargo-home:ro,Z" "-v" "/var/lib/crater-agent-workspace/rustup-home:/opt/rustwide/rustup-home:ro,Z" "-e" "SOURCE_DIR=/opt/rustwide/workdir" "-e" "CARGO_TARGET_DIR=/opt/rustwide/target" "-e" "CARGO_INCREMENTAL=0" "-e" "RUST_BACKTRACE=full" "-e" "RUSTFLAGS=--cap-lints=forbid" "-e" "RUSTDOCFLAGS=--cap-lints=forbid" "-e" "CARGO_HOME=/opt/rustwide/cargo-home" "-e" "RUSTUP_HOME=/opt/rustwide/rustup-home" "-w" "/opt/rustwide/workdir" "-m" "1610612736" "--user" "0:0" "--network" "none" "ghcr.io/rust-lang/crates-build-env/linux@sha256:819108c5571ea2e421544af4d832f968d213c87fbe3707a016657f43d2f853bc" "/opt/rustwide/cargo-home/bin/cargo" "+nightly-2025-01-18" "test" "--frozen" "--no-run" "--message-format=json", kill_on_drop: false }`
[INFO] [stdout] 57407638d1dfb26b7db1fef15aa04cb7cc5d7ab9cf58599bffb0a0cb87448462
[INFO] running `Command { std: "docker" "start" "-a" "57407638d1dfb26b7db1fef15aa04cb7cc5d7ab9cf58599bffb0a0cb87448462", kill_on_drop: false }`
[INFO] [stderr]    Compiling cran-description-file-parser v0.1.0 (/opt/rustwide/workdir/crates/cran-description-file-parser)
[INFO] [stderr]    Compiling mini-r v0.1.0 (/opt/rustwide/workdir/crates/mini-r)
[INFO] [stdout] warning: associated function `new` is never used
[INFO] [stdout]   --> crates/crancherry/src/cherry.rs:18:8
[INFO] [stdout]    |
[INFO] [stdout] 17 | impl RepoDownloadFileGz {
[INFO] [stdout]    | ----------------------- associated function in this implementation
[INFO] [stdout] 18 |     fn new(url: Url) -> RepoDownloadFileGz {
[INFO] [stdout]    |        ^^^
[INFO] [stdout]    |
[INFO] [stdout]    = note: `#[warn(dead_code)]` on by default
[INFO] [stdout] 
[INFO] [stdout] 
[INFO] [stdout] warning: associated items `new`, `from_url_str`, and `as_index` are never used
[INFO] [stdout]   --> crates/crancherry/src/cherry.rs:55:12
[INFO] [stdout]    |
[INFO] [stdout] 54 | impl Repo {
[INFO] [stdout]    | --------- associated items in this implementation
[INFO] [stdout] 55 |     pub fn new(url: Url) -> Repo {
[INFO] [stdout]    |            ^^^
[INFO] [stdout] ...
[INFO] [stdout] 59 |     pub fn from_url_str(url: &str) -> Result<Repo, CranError> {
[INFO] [stdout]    |            ^^^^^^^^^^^^
[INFO] [stdout] ...
[INFO] [stdout] 68 |     pub fn as_index(&self) -> RepoIndex {
[INFO] [stdout]    |            ^^^^^^^^
[INFO] [stdout] 
[INFO] [stdout] 
[INFO] [stdout] warning: fields `manifest_repo` and `parsed_contents` are never read
[INFO] [stdout]    --> crates/crancherry/src/cherry.rs:105:5
[INFO] [stdout]     |
[INFO] [stdout] 104 | pub struct ParsedManifestRepo<'m, 'r> {
[INFO] [stdout]     |            ------------------ fields in this struct
[INFO] [stdout] 105 |     manifest_repo: &'m ManifestRepo<'r>,
[INFO] [stdout]     |     ^^^^^^^^^^^^^
[INFO] [stdout] 106 |     parsed_contents: Vec<Field<'m>>,
[INFO] [stdout]     |     ^^^^^^^^^^^^^^^
[INFO] [stdout]     |
[INFO] [stdout]     = note: `ParsedManifestRepo` has a derived impl for the trait `Debug`, but this is intentionally ignored during dead code analysis
[INFO] [stdout] 
[INFO] [stdout] 
[INFO] [stdout] warning: field `name` is never read
[INFO] [stdout]    --> crates/crancherry/src/cherry.rs:112:5
[INFO] [stdout]     |
[INFO] [stdout] 111 | pub struct PackageName<'s> {
[INFO] [stdout]     |            ----------- field in this struct
[INFO] [stdout] 112 |     name: Cow<'s, str>,
[INFO] [stdout]     |     ^^^^
[INFO] [stdout] 
[INFO] [stdout] 
[INFO] [stderr]    Compiling crancherry v0.1.0 (/opt/rustwide/workdir/crates/crancherry)
[INFO] [stdout] warning: field `version` is never read
[INFO] [stdout]    --> crates/crancherry/src/cherry.rs:116:5
[INFO] [stdout]     |
[INFO] [stdout] 115 | pub struct PackageVersion {
[INFO] [stdout]     |            -------------- field in this struct
[INFO] [stdout] 116 |     version: String,
[INFO] [stdout]     |     ^^^^^^^
[INFO] [stdout] 
[INFO] [stdout] 
[INFO] [stderr]    Compiling cran-fetch v0.1.0 (/opt/rustwide/workdir/crates/cran-fetch)
[INFO] [stderr]    Compiling description-file-crater v0.1.0 (/opt/rustwide/workdir/crates/description-file-crater)
[INFO] [stderr]    Compiling description-to-rattler v0.1.0 (/opt/rustwide/workdir/crates/description-to-rattler)
[INFO] [stdout] warning: associated function `new` is never used
[INFO] [stdout]   --> crates/crancherry/src/cherry.rs:55:12
[INFO] [stdout]    |
[INFO] [stdout] 54 | impl Repo {
[INFO] [stdout]    | --------- associated function in this implementation
[INFO] [stdout] 55 |     pub fn new(url: Url) -> Repo {
[INFO] [stdout]    |            ^^^
[INFO] [stdout]    |
[INFO] [stdout]    = note: `#[warn(dead_code)]` on by default
[INFO] [stdout] 
[INFO] [stdout] 
[INFO] [stdout] warning: fields `manifest_repo` and `parsed_contents` are never read
[INFO] [stdout]    --> crates/crancherry/src/cherry.rs:105:5
[INFO] [stdout]     |
[INFO] [stdout] 104 | pub struct ParsedManifestRepo<'m, 'r> {
[INFO] [stdout]     |            ------------------ fields in this struct
[INFO] [stdout] 105 |     manifest_repo: &'m ManifestRepo<'r>,
[INFO] [stdout]     |     ^^^^^^^^^^^^^
[INFO] [stdout] 106 |     parsed_contents: Vec<Field<'m>>,
[INFO] [stdout]     |     ^^^^^^^^^^^^^^^
[INFO] [stdout]     |
[INFO] [stdout]     = note: `ParsedManifestRepo` has a derived impl for the trait `Debug`, but this is intentionally ignored during dead code analysis
[INFO] [stdout] 
[INFO] [stdout] 
[INFO] [stdout] warning: field `name` is never read
[INFO] [stdout]    --> crates/crancherry/src/cherry.rs:112:5
[INFO] [stdout]     |
[INFO] [stdout] 111 | pub struct PackageName<'s> {
[INFO] [stdout]     |            ----------- field in this struct
[INFO] [stdout] 112 |     name: Cow<'s, str>,
[INFO] [stdout]     |     ^^^^
[INFO] [stdout] 
[INFO] [stdout] 
[INFO] [stdout] warning: field `version` is never read
[INFO] [stdout]    --> crates/crancherry/src/cherry.rs:116:5
[INFO] [stdout]     |
[INFO] [stdout] 115 | pub struct PackageVersion {
[INFO] [stdout]     |            -------------- field in this struct
[INFO] [stdout] 116 |     version: String,
[INFO] [stdout]     |     ^^^^^^^
[INFO] [stdout] 
[INFO] [stdout] 
[INFO] [stdout] warning: function `print_built_dependency_tree` is never used
[INFO] [stdout]    --> crates/cran-fetch/src/main.rs:635:4
[INFO] [stdout]     |
[INFO] [stdout] 635 | fn print_built_dependency_tree(
[INFO] [stdout]     |    ^^^^^^^^^^^^^^^^^^^^^^^^^^^
[INFO] [stdout]     |
[INFO] [stdout]     = note: `#[warn(dead_code)]` on by default
[INFO] [stdout] 
[INFO] [stdout] 
[INFO] [stderr]     Finished `test` profile [unoptimized + debuginfo] target(s) in 6.34s
[INFO] running `Command { std: "docker" "inspect" "57407638d1dfb26b7db1fef15aa04cb7cc5d7ab9cf58599bffb0a0cb87448462", kill_on_drop: false }`
[INFO] running `Command { std: "docker" "rm" "-f" "57407638d1dfb26b7db1fef15aa04cb7cc5d7ab9cf58599bffb0a0cb87448462", kill_on_drop: false }`
[INFO] [stdout] 57407638d1dfb26b7db1fef15aa04cb7cc5d7ab9cf58599bffb0a0cb87448462
[INFO] running `Command { std: "docker" "create" "-v" "/var/lib/crater-agent-workspace/builds/worker-7-tc1/target:/opt/rustwide/target:rw,Z" "-v" "/var/lib/crater-agent-workspace/builds/worker-7-tc1/source:/opt/rustwide/workdir:ro,Z" "-v" "/var/lib/crater-agent-workspace/cargo-home:/opt/rustwide/cargo-home:ro,Z" "-v" "/var/lib/crater-agent-workspace/rustup-home:/opt/rustwide/rustup-home:ro,Z" "-e" "SOURCE_DIR=/opt/rustwide/workdir" "-e" "CARGO_TARGET_DIR=/opt/rustwide/target" "-e" "CARGO_INCREMENTAL=0" "-e" "RUST_BACKTRACE=full" "-e" "RUSTFLAGS=--cap-lints=forbid" "-e" "RUSTDOCFLAGS=--cap-lints=forbid" "-e" "CARGO_HOME=/opt/rustwide/cargo-home" "-e" "RUSTUP_HOME=/opt/rustwide/rustup-home" "-w" "/opt/rustwide/workdir" "-m" "1610612736" "--user" "0:0" "--network" "none" "ghcr.io/rust-lang/crates-build-env/linux@sha256:819108c5571ea2e421544af4d832f968d213c87fbe3707a016657f43d2f853bc" "/opt/rustwide/cargo-home/bin/cargo" "+nightly-2025-01-18" "test" "--frozen", kill_on_drop: false }`
[INFO] [stdout] 881650acd2cb349bf63721247f28878828b661f6a19d17d245ac037fb3152371
[INFO] running `Command { std: "docker" "start" "-a" "881650acd2cb349bf63721247f28878828b661f6a19d17d245ac037fb3152371", kill_on_drop: false }`
[INFO] [stderr] warning: associated function `new` is never used
[INFO] [stderr]   --> crates/crancherry/src/cherry.rs:18:8
[INFO] [stderr]    |
[INFO] [stderr] 17 | impl RepoDownloadFileGz {
[INFO] [stderr]    | ----------------------- associated function in this implementation
[INFO] [stderr] 18 |     fn new(url: Url) -> RepoDownloadFileGz {
[INFO] [stderr]    |        ^^^
[INFO] [stderr]    |
[INFO] [stderr]    = note: `#[warn(dead_code)]` on by default
[INFO] [stderr] 
[INFO] [stderr] warning: associated items `new`, `from_url_str`, and `as_index` are never used
[INFO] [stderr]   --> crates/crancherry/src/cherry.rs:55:12
[INFO] [stderr]    |
[INFO] [stderr] 54 | impl Repo {
[INFO] [stderr]    | --------- associated items in this implementation
[INFO] [stderr] 55 |     pub fn new(url: Url) -> Repo {
[INFO] [stderr]    |            ^^^
[INFO] [stderr] ...
[INFO] [stderr] 59 |     pub fn from_url_str(url: &str) -> Result<Repo, CranError> {
[INFO] [stderr]    |            ^^^^^^^^^^^^
[INFO] [stderr] ...
[INFO] [stderr] 68 |     pub fn as_index(&self) -> RepoIndex {
[INFO] [stderr]    |            ^^^^^^^^
[INFO] [stderr] 
[INFO] [stderr] warning: fields `manifest_repo` and `parsed_contents` are never read
[INFO] [stderr]    --> crates/crancherry/src/cherry.rs:105:5
[INFO] [stderr]     |
[INFO] [stderr] 104 | pub struct ParsedManifestRepo<'m, 'r> {
[INFO] [stderr]     |            ------------------ fields in this struct
[INFO] [stderr] 105 |     manifest_repo: &'m ManifestRepo<'r>,
[INFO] [stderr]     |     ^^^^^^^^^^^^^
[INFO] [stderr] 106 |     parsed_contents: Vec<Field<'m>>,
[INFO] [stderr]     |     ^^^^^^^^^^^^^^^
[INFO] [stderr]     |
[INFO] [stderr]     = note: `ParsedManifestRepo` has a derived impl for the trait `Debug`, but this is intentionally ignored during dead code analysis
[INFO] [stderr] 
[INFO] [stderr] warning: field `name` is never read
[INFO] [stderr]    --> crates/crancherry/src/cherry.rs:112:5
[INFO] [stderr]     |
[INFO] [stderr] 111 | pub struct PackageName<'s> {
[INFO] [stderr]     |            ----------- field in this struct
[INFO] [stderr] 112 |     name: Cow<'s, str>,
[INFO] [stderr]     |     ^^^^
[INFO] [stderr] 
[INFO] [stderr] warning: field `version` is never read
[INFO] [stderr]    --> crates/crancherry/src/cherry.rs:116:5
[INFO] [stderr]     |
[INFO] [stderr] 115 | pub struct PackageVersion {
[INFO] [stderr]     |            -------------- field in this struct
[INFO] [stderr] 116 |     version: String,
[INFO] [stderr]     |     ^^^^^^^
[INFO] [stderr] 
[INFO] [stderr] warning: associated function `new` is never used
[INFO] [stderr]   --> crates/crancherry/src/cherry.rs:55:12
[INFO] [stderr]    |
[INFO] [stderr] 54 | impl Repo {
[INFO] [stderr]    | --------- associated function in this implementation
[INFO] [stderr] 55 |     pub fn new(url: Url) -> Repo {
[INFO] [stderr]    |            ^^^
[INFO] [stderr]    |
[INFO] [stderr]    = note: `#[warn(dead_code)]` on by default
[INFO] [stderr] 
[INFO] [stderr] warning: function `print_built_dependency_tree` is never used
[INFO] [stderr]    --> crates/cran-fetch/src/main.rs:635:4
[INFO] [stderr]     |
[INFO] [stderr] 635 | fn print_built_dependency_tree(
[INFO] [stderr]     |    ^^^^^^^^^^^^^^^^^^^^^^^^^^^
[INFO] [stderr]     |
[INFO] [stderr]     = note: `#[warn(dead_code)]` on by default
[INFO] [stderr] 
[INFO] [stderr] warning: `crancherry` (lib) generated 5 warnings
[INFO] [stderr] warning: `crancherry` (lib test) generated 4 warnings (3 duplicates)
[INFO] [stderr] warning: `cran-fetch` (bin "cran-fetch" test) generated 1 warning
[INFO] [stderr]     Finished `test` profile [unoptimized + debuginfo] target(s) in 0.30s
[INFO] [stderr]      Running unittests src/lib.rs (/opt/rustwide/target/debug/deps/cran_description_file_parser-c0d05f852800fe3b)
[INFO] [stdout] 
[INFO] [stdout] running 11 tests
[INFO] [stdout] test tests::incorrect_line ... ok
[INFO] [stdout] test tests::test_colon_in_field ... ok
[INFO] [stdout] test tests::active_pathways ... ok
[INFO] [stdout] test tests::test_space_after_key ... ok
[INFO] [stdout] test tests::test_version ... ok
[INFO] [stdout] test tests::test_empty_depends ... ok
[INFO] [stdout] test tests::wrong_indent ... ok
[INFO] [stdout] test tests::test_dependency_list ... ok
[INFO] [stdout] test tests::test_version_parse ... ok
[INFO] [stdout] test tests::test_r_authors_2 ... ok
[INFO] [stdout] test tests::test_r_authors ... ok
[INFO] [stdout] 
[INFO] [stdout] test result: ok. 11 passed; 0 failed; 0 ignored; 0 measured; 0 filtered out; finished in 0.02s
[INFO] [stdout] 
[INFO] [stderr]      Running unittests src/main.rs (/opt/rustwide/target/debug/deps/cran_fetch-aede151a3dc63fdc)
[INFO] [stdout] 
[INFO] [stdout] running 2 tests
[INFO] [stdout] test tree::test::test_depth ... ok
[INFO] [stdout] test cran::tests::test_version_equality ... ok
[INFO] [stdout] 
[INFO] [stdout] test result: ok. 2 passed; 0 failed; 0 ignored; 0 measured; 0 filtered out; finished in 0.00s
[INFO] [stdout] 
[INFO] [stderr]      Running unittests src/lib.rs (/opt/rustwide/target/debug/deps/crancherry-fdde66cda265df35)
[INFO] [stdout] 
[INFO] [stdout] running 5 tests
[INFO] [stdout] test cherry::test::testing ... FAILED
[INFO] [stdout] test test::current_version ... FAILED
[INFO] [stdout] test test::test_available ... FAILED
[INFO] [stdout] test test::versions_test ... FAILED
[INFO] [stdout] test test::test_bioc ... FAILED
[INFO] [stdout] 
[INFO] [stdout] failures:
[INFO] [stdout] 
[INFO] [stdout] ---- cherry::test::testing stdout ----
[INFO] [stdout] Error: 
[INFO] [stdout]   × failed to get web resource: https://cran.r-project.org/src/contrib/
[INFO] [stdout]   │ PACKAGES.gz: Dns Failed: resolve dns name 'cran.r-project.org:443': failed
[INFO] [stdout]   │ to lookup address information: Temporary failure in name resolution
[INFO] [stdout]   ├─▶ https://cran.r-project.org/src/contrib/PACKAGES.gz: Dns Failed: resolve
[INFO] [stdout]   │   dns name 'cran.r-project.org:443': failed to lookup address information:
[INFO] [stdout]   │   Temporary failure in name resolution
[INFO] [stdout]   ╰─▶ failed to lookup address information: Temporary failure in name
[INFO] [stdout]       resolution
[INFO] [stdout] 
[INFO] [stdout] 
[INFO] [stdout] ---- test::current_version stdout ----
[INFO] [stdout] Error: 
[INFO] [stdout]   × failed to get web resource: https://cran.r-project.org/src/contrib/
[INFO] [stdout]   │ PACKAGES.gz: Dns Failed: resolve dns name 'cran.r-project.org:443': failed
[INFO] [stdout]   │ to lookup address information: Temporary failure in name resolution
[INFO] [stdout]   ├─▶ https://cran.r-project.org/src/contrib/PACKAGES.gz: Dns Failed: resolve
[INFO] [stdout]   │   dns name 'cran.r-project.org:443': failed to lookup address information:
[INFO] [stdout]   │   Temporary failure in name resolution
[INFO] [stdout]   ╰─▶ failed to lookup address information: Temporary failure in name
[INFO] [stdout]       resolution
[INFO] [stdout] 
[INFO] [stdout] 
[INFO] [stdout] ---- test::test_available stdout ----
[INFO] [stdout] Error: 
[INFO] [stdout]   × failed to get web resource: https://cran.r-project.org/src/contrib/
[INFO] [stdout]   │ PACKAGES.gz: Dns Failed: resolve dns name 'cran.r-project.org:443': failed
[INFO] [stdout]   │ to lookup address information: Temporary failure in name resolution
[INFO] [stdout]   ├─▶ https://cran.r-project.org/src/contrib/PACKAGES.gz: Dns Failed: resolve
[INFO] [stdout]   │   dns name 'cran.r-project.org:443': failed to lookup address information:
[INFO] [stdout]   │   Temporary failure in name resolution
[INFO] [stdout]   ╰─▶ failed to lookup address information: Temporary failure in name
[INFO] [stdout]       resolution
[INFO] [stdout] 
[INFO] [stdout] 
[INFO] [stdout] ---- test::versions_test stdout ----
[INFO] [stdout] Error: 
[INFO] [stdout]   × failed to get web resource: https://cran.r-project.org/src/contrib/
[INFO] [stdout]   │ Archive/ggplot2/: Dns Failed: resolve dns name 'cran.r-project.org:443':
[INFO] [stdout]   │ failed to lookup address information: Temporary failure in name resolution
[INFO] [stdout]   ├─▶ https://cran.r-project.org/src/contrib/Archive/ggplot2/: Dns Failed:
[INFO] [stdout]   │   resolve dns name 'cran.r-project.org:443': failed to lookup address
[INFO] [stdout]   │   information: Temporary failure in name resolution
[INFO] [stdout]   ╰─▶ failed to lookup address information: Temporary failure in name
[INFO] [stdout]       resolution
[INFO] [stdout] 
[INFO] [stdout] 
[INFO] [stdout] ---- test::test_bioc stdout ----
[INFO] [stdout] Error: 
[INFO] [stdout]   × failed to get web resource: https://bioconductor.org/config.yaml: Dns
[INFO] [stdout]   │ Failed: resolve dns name 'bioconductor.org:443': failed to lookup address
[INFO] [stdout]   │ information: Temporary failure in name resolution
[INFO] [stdout]   ├─▶ https://bioconductor.org/config.yaml: Dns Failed: resolve dns name
[INFO] [stdout]   │   'bioconductor.org:443': failed to lookup address information: Temporary
[INFO] [stdout]   │   failure in name resolution
[INFO] [stdout]   ╰─▶ failed to lookup address information: Temporary failure in name
[INFO] [stdout]       resolution
[INFO] [stdout] 
[INFO] [stdout] 
[INFO] [stdout] 
[INFO] [stdout] failures:
[INFO] [stdout]     cherry::test::testing
[INFO] [stdout]     test::current_version
[INFO] [stdout]     test::test_available
[INFO] [stdout]     test::test_bioc
[INFO] [stdout]     test::versions_test
[INFO] [stdout] 
[INFO] [stdout] test result: FAILED. 0 passed; 5 failed; 0 ignored; 0 measured; 0 filtered out; finished in 0.01s
[INFO] [stdout] 
[INFO] [stderr] error: test failed, to rerun pass `-p crancherry --lib`
[INFO] running `Command { std: "docker" "inspect" "881650acd2cb349bf63721247f28878828b661f6a19d17d245ac037fb3152371", kill_on_drop: false }`
[INFO] running `Command { std: "docker" "rm" "-f" "881650acd2cb349bf63721247f28878828b661f6a19d17d245ac037fb3152371", kill_on_drop: false }`
[INFO] [stdout] 881650acd2cb349bf63721247f28878828b661f6a19d17d245ac037fb3152371
