[INFO] cloning repository https://github.com/andy-thomason/kvstore
[INFO] running `Command { std: "git" "-c" "credential.helper=" "-c" "credential.helper=/workspace/cargo-home/bin/git-credential-null" "clone" "--bare" "https://github.com/andy-thomason/kvstore" "/workspace/cache/git-repos/https%3A%2F%2Fgithub.com%2Fandy-thomason%2Fkvstore", kill_on_drop: false }`
[INFO] [stderr] Cloning into bare repository '/workspace/cache/git-repos/https%3A%2F%2Fgithub.com%2Fandy-thomason%2Fkvstore'...
[INFO] running `Command { std: "git" "rev-parse" "HEAD", kill_on_drop: false }`
[INFO] [stdout] bf1abf64fb1078b63d51b3f02098949ee6adef35
[INFO] testing andy-thomason/kvstore against nightly-2025-01-18+rustflags=-Zrandomize-layout for randomize-layout-2
[INFO] running `Command { std: "git" "clone" "/workspace/cache/git-repos/https%3A%2F%2Fgithub.com%2Fandy-thomason%2Fkvstore" "/workspace/builds/worker-1-tc2/source", kill_on_drop: false }`
[INFO] [stderr] Cloning into '/workspace/builds/worker-1-tc2/source'...
[INFO] [stderr] done.
[INFO] validating manifest of git repo https://github.com/andy-thomason/kvstore on toolchain nightly-2025-01-18
[INFO] running `Command { std: CARGO_HOME="/workspace/cargo-home" RUSTUP_HOME="/workspace/rustup-home" "/workspace/cargo-home/bin/cargo" "+nightly-2025-01-18" "metadata" "--manifest-path" "Cargo.toml" "--no-deps", kill_on_drop: false }`
[INFO] started tweaking git repo https://github.com/andy-thomason/kvstore
[INFO] finished tweaking git repo https://github.com/andy-thomason/kvstore
[INFO] tweaked toml for git repo https://github.com/andy-thomason/kvstore written to /workspace/builds/worker-1-tc2/source/Cargo.toml
[INFO] crate git repo https://github.com/andy-thomason/kvstore already has a lockfile, it will not be regenerated
[INFO] running `Command { std: CARGO_HOME="/workspace/cargo-home" RUSTUP_HOME="/workspace/rustup-home" "/workspace/cargo-home/bin/cargo" "+nightly-2025-01-18" "fetch" "--manifest-path" "Cargo.toml", kill_on_drop: false }`
[INFO] running `Command { std: "docker" "create" "-v" "/var/lib/crater-agent-workspace/builds/worker-1-tc2/target:/opt/rustwide/target:rw,Z" "-v" "/var/lib/crater-agent-workspace/builds/worker-1-tc2/source:/opt/rustwide/workdir:ro,Z" "-v" "/var/lib/crater-agent-workspace/cargo-home:/opt/rustwide/cargo-home:ro,Z" "-v" "/var/lib/crater-agent-workspace/rustup-home:/opt/rustwide/rustup-home:ro,Z" "-e" "SOURCE_DIR=/opt/rustwide/workdir" "-e" "CARGO_TARGET_DIR=/opt/rustwide/target" "-e" "CARGO_HOME=/opt/rustwide/cargo-home" "-e" "RUSTUP_HOME=/opt/rustwide/rustup-home" "-w" "/opt/rustwide/workdir" "-m" "1610612736" "--user" "0:0" "--network" "none" "ghcr.io/rust-lang/crates-build-env/linux@sha256:819108c5571ea2e421544af4d832f968d213c87fbe3707a016657f43d2f853bc" "/opt/rustwide/cargo-home/bin/cargo" "+nightly-2025-01-18" "metadata" "--no-deps" "--format-version=1", kill_on_drop: false }`
[INFO] [stdout] 7e992496265730193c6118b40c6aa3d46a7cc45808a1f2641764ec49386e69d5
[INFO] running `Command { std: "docker" "start" "-a" "7e992496265730193c6118b40c6aa3d46a7cc45808a1f2641764ec49386e69d5", kill_on_drop: false }`
[INFO] running `Command { std: "docker" "inspect" "7e992496265730193c6118b40c6aa3d46a7cc45808a1f2641764ec49386e69d5", kill_on_drop: false }`
[INFO] running `Command { std: "docker" "rm" "-f" "7e992496265730193c6118b40c6aa3d46a7cc45808a1f2641764ec49386e69d5", kill_on_drop: false }`
[INFO] [stdout] 7e992496265730193c6118b40c6aa3d46a7cc45808a1f2641764ec49386e69d5
[INFO] running `Command { std: "docker" "create" "-v" "/var/lib/crater-agent-workspace/builds/worker-1-tc2/target:/opt/rustwide/target:rw,Z" "-v" "/var/lib/crater-agent-workspace/builds/worker-1-tc2/source:/opt/rustwide/workdir:ro,Z" "-v" "/var/lib/crater-agent-workspace/cargo-home:/opt/rustwide/cargo-home:ro,Z" "-v" "/var/lib/crater-agent-workspace/rustup-home:/opt/rustwide/rustup-home:ro,Z" "-e" "SOURCE_DIR=/opt/rustwide/workdir" "-e" "CARGO_TARGET_DIR=/opt/rustwide/target" "-e" "CARGO_INCREMENTAL=0" "-e" "RUST_BACKTRACE=full" "-e" "RUSTFLAGS=--cap-lints=forbid -Zrandomize-layout" "-e" "RUSTDOCFLAGS=--cap-lints=forbid" "-e" "CARGO_HOME=/opt/rustwide/cargo-home" "-e" "RUSTUP_HOME=/opt/rustwide/rustup-home" "-w" "/opt/rustwide/workdir" "-m" "1610612736" "--user" "0:0" "--network" "none" "ghcr.io/rust-lang/crates-build-env/linux@sha256:819108c5571ea2e421544af4d832f968d213c87fbe3707a016657f43d2f853bc" "/opt/rustwide/cargo-home/bin/cargo" "+nightly-2025-01-18" "build" "--frozen" "--message-format=json", kill_on_drop: false }`
[INFO] [stdout] fa52250cb9f4a30505b1c587511b0c0ffcd58a5e60f9e2c9cab3d0da056c349e
[INFO] running `Command { std: "docker" "start" "-a" "fa52250cb9f4a30505b1c587511b0c0ffcd58a5e60f9e2c9cab3d0da056c349e", kill_on_drop: false }`
[INFO] [stderr]    Compiling kvstore v0.1.0 (/opt/rustwide/workdir)
[INFO] [stdout] warning: unused variable: `key`
[INFO] [stdout]    --> src/file_spec.rs:161:23
[INFO] [stdout]     |
[INFO] [stdout] 161 |     pub fn get(&self, key: &[u8], res: &mut [u8]) -> Result<Option<usize>, Error> {
[INFO] [stdout]     |                       ^^^ help: if this is intentional, prefix it with an underscore: `_key`
[INFO] [stdout]     |
[INFO] [stdout]     = note: `#[warn(unused_variables)]` on by default
[INFO] [stdout] 
[INFO] [stdout] 
[INFO] [stdout] warning: unused variable: `res`
[INFO] [stdout]    --> src/file_spec.rs:161:35
[INFO] [stdout]     |
[INFO] [stdout] 161 |     pub fn get(&self, key: &[u8], res: &mut [u8]) -> Result<Option<usize>, Error> {
[INFO] [stdout]     |                                   ^^^ help: if this is intentional, prefix it with an underscore: `_res`
[INFO] [stdout] 
[INFO] [stdout] 
[INFO] [stdout] warning: unused variable: `value_offsets`
[INFO] [stdout]    --> src/file_spec.rs:198:13
[INFO] [stdout]     |
[INFO] [stdout] 198 |         let value_offsets = &self.buf[keys_end..values_end];
[INFO] [stdout]     |             ^^^^^^^^^^^^^ help: if this is intentional, prefix it with an underscore: `_value_offsets`
[INFO] [stdout] 
[INFO] [stdout] 
[INFO] [stdout] warning: unused variable: `lower`
[INFO] [stdout]    --> src/file_spec.rs:200:13
[INFO] [stdout]     |
[INFO] [stdout] 200 |         let lower = partition(key, bytes, key_offsets, Ordering::Less);
[INFO] [stdout]     |             ^^^^^ help: if this is intentional, prefix it with an underscore: `_lower`
[INFO] [stdout] 
[INFO] [stdout] 
[INFO] [stdout] warning: unused variable: `upper`
[INFO] [stdout]    --> src/file_spec.rs:201:13
[INFO] [stdout]     |
[INFO] [stdout] 201 |         let upper = partition(key, bytes, key_offsets, Ordering::Greater);
[INFO] [stdout]     |             ^^^^^ help: if this is intentional, prefix it with an underscore: `_upper`
[INFO] [stdout] 
[INFO] [stdout] 
[INFO] [stdout] warning: unused variable: `res`
[INFO] [stdout]    --> src/file_spec.rs:188:35
[INFO] [stdout]     |
[INFO] [stdout] 188 |     pub fn get(&self, key: &[u8], res: &mut [u8]) -> Result<Option<usize>, Error> {
[INFO] [stdout]     |                                   ^^^ help: if this is intentional, prefix it with an underscore: `_res`
[INFO] [stdout] 
[INFO] [stdout] 
[INFO] [stdout] warning: unused variable: `key`
[INFO] [stdout]    --> src/lib.rs:108:23
[INFO] [stdout]     |
[INFO] [stdout] 108 |     fn set(&mut self, key: &[u8], buf: &[u8]) -> Result<(), Error> {
[INFO] [stdout]     |                       ^^^ help: if this is intentional, prefix it with an underscore: `_key`
[INFO] [stdout] 
[INFO] [stdout] 
[INFO] [stdout] warning: unused variable: `buf`
[INFO] [stdout]    --> src/lib.rs:108:35
[INFO] [stdout]     |
[INFO] [stdout] 108 |     fn set(&mut self, key: &[u8], buf: &[u8]) -> Result<(), Error> {
[INFO] [stdout]     |                                   ^^^ help: if this is intentional, prefix it with an underscore: `_buf`
[INFO] [stdout] 
[INFO] [stdout] 
[INFO] [stderr]     Finished `dev` profile [unoptimized + debuginfo] target(s) in 0.37s
[INFO] running `Command { std: "docker" "inspect" "fa52250cb9f4a30505b1c587511b0c0ffcd58a5e60f9e2c9cab3d0da056c349e", kill_on_drop: false }`
[INFO] running `Command { std: "docker" "rm" "-f" "fa52250cb9f4a30505b1c587511b0c0ffcd58a5e60f9e2c9cab3d0da056c349e", kill_on_drop: false }`
[INFO] [stdout] fa52250cb9f4a30505b1c587511b0c0ffcd58a5e60f9e2c9cab3d0da056c349e
[INFO] running `Command { std: "docker" "create" "-v" "/var/lib/crater-agent-workspace/builds/worker-1-tc2/target:/opt/rustwide/target:rw,Z" "-v" "/var/lib/crater-agent-workspace/builds/worker-1-tc2/source:/opt/rustwide/workdir:ro,Z" "-v" "/var/lib/crater-agent-workspace/cargo-home:/opt/rustwide/cargo-home:ro,Z" "-v" "/var/lib/crater-agent-workspace/rustup-home:/opt/rustwide/rustup-home:ro,Z" "-e" "SOURCE_DIR=/opt/rustwide/workdir" "-e" "CARGO_TARGET_DIR=/opt/rustwide/target" "-e" "CARGO_INCREMENTAL=0" "-e" "RUST_BACKTRACE=full" "-e" "RUSTFLAGS=--cap-lints=forbid -Zrandomize-layout" "-e" "RUSTDOCFLAGS=--cap-lints=forbid" "-e" "CARGO_HOME=/opt/rustwide/cargo-home" "-e" "RUSTUP_HOME=/opt/rustwide/rustup-home" "-w" "/opt/rustwide/workdir" "-m" "1610612736" "--user" "0:0" "--network" "none" "ghcr.io/rust-lang/crates-build-env/linux@sha256:819108c5571ea2e421544af4d832f968d213c87fbe3707a016657f43d2f853bc" "/opt/rustwide/cargo-home/bin/cargo" "+nightly-2025-01-18" "test" "--frozen" "--no-run" "--message-format=json", kill_on_drop: false }`
[INFO] [stdout] 488f2a5757ad98a72243bd49858db66b45fae50b74ebca12081e4c73e54ba401
[INFO] running `Command { std: "docker" "start" "-a" "488f2a5757ad98a72243bd49858db66b45fae50b74ebca12081e4c73e54ba401", kill_on_drop: false }`
[INFO] [stdout] warning: unused variable: `key`
[INFO] [stdout]    --> src/file_spec.rs:161:23
[INFO] [stdout]     |
[INFO] [stdout] 161 |     pub fn get(&self, key: &[u8], res: &mut [u8]) -> Result<Option<usize>, Error> {
[INFO] [stdout]     |                       ^^^ help: if this is intentional, prefix it with an underscore: `_key`
[INFO] [stdout]     |
[INFO] [stdout]     = note: `#[warn(unused_variables)]` on by default
[INFO] [stdout] 
[INFO] [stdout] 
[INFO] [stdout] warning: unused variable: `res`
[INFO] [stdout]    --> src/file_spec.rs:161:35
[INFO] [stdout]     |
[INFO] [stdout] 161 |     pub fn get(&self, key: &[u8], res: &mut [u8]) -> Result<Option<usize>, Error> {
[INFO] [stdout]     |                                   ^^^ help: if this is intentional, prefix it with an underscore: `_res`
[INFO] [stdout] 
[INFO] [stdout] 
[INFO] [stdout] warning: unused variable: `value_offsets`
[INFO] [stdout]    --> src/file_spec.rs:198:13
[INFO] [stdout]     |
[INFO] [stdout] 198 |         let value_offsets = &self.buf[keys_end..values_end];
[INFO] [stdout]     |             ^^^^^^^^^^^^^ help: if this is intentional, prefix it with an underscore: `_value_offsets`
[INFO] [stdout] 
[INFO] [stdout] 
[INFO] [stdout] warning: unused variable: `lower`
[INFO] [stdout]    --> src/file_spec.rs:200:13
[INFO] [stdout]     |
[INFO] [stdout] 200 |         let lower = partition(key, bytes, key_offsets, Ordering::Less);
[INFO] [stdout]     |             ^^^^^ help: if this is intentional, prefix it with an underscore: `_lower`
[INFO] [stdout] 
[INFO] [stdout] 
[INFO] [stdout] warning: unused variable: `upper`
[INFO] [stdout]    --> src/file_spec.rs:201:13
[INFO] [stdout]     |
[INFO] [stdout] 201 |         let upper = partition(key, bytes, key_offsets, Ordering::Greater);
[INFO] [stdout]     |             ^^^^^ help: if this is intentional, prefix it with an underscore: `_upper`
[INFO] [stdout] 
[INFO] [stdout] 
[INFO] [stdout] warning: unused variable: `res`
[INFO] [stdout]    --> src/file_spec.rs:188:35
[INFO] [stdout]     |
[INFO] [stdout] 188 |     pub fn get(&self, key: &[u8], res: &mut [u8]) -> Result<Option<usize>, Error> {
[INFO] [stdout]     |                                   ^^^ help: if this is intentional, prefix it with an underscore: `_res`
[INFO] [stdout] 
[INFO] [stdout] 
[INFO] [stdout] warning: unused variable: `key`
[INFO] [stdout]    --> src/lib.rs:108:23
[INFO] [stdout]     |
[INFO] [stdout] 108 |     fn set(&mut self, key: &[u8], buf: &[u8]) -> Result<(), Error> {
[INFO] [stdout]     |                       ^^^ help: if this is intentional, prefix it with an underscore: `_key`
[INFO] [stdout] 
[INFO] [stdout] 
[INFO] [stdout] warning: unused variable: `buf`
[INFO] [stdout]    --> src/lib.rs:108:35
[INFO] [stdout]     |
[INFO] [stdout] 108 |     fn set(&mut self, key: &[u8], buf: &[u8]) -> Result<(), Error> {
[INFO] [stdout]     |                                   ^^^ help: if this is intentional, prefix it with an underscore: `_buf`
[INFO] [stdout] 
[INFO] [stdout] 
[INFO] [stderr]    Compiling kvstore v0.1.0 (/opt/rustwide/workdir)
[INFO] [stdout] warning: unused variable: `key`
[INFO] [stdout]    --> src/file_spec.rs:161:23
[INFO] [stdout]     |
[INFO] [stdout] 161 |     pub fn get(&self, key: &[u8], res: &mut [u8]) -> Result<Option<usize>, Error> {
[INFO] [stdout]     |                       ^^^ help: if this is intentional, prefix it with an underscore: `_key`
[INFO] [stdout]     |
[INFO] [stdout]     = note: `#[warn(unused_variables)]` on by default
[INFO] [stdout] 
[INFO] [stdout] 
[INFO] [stdout] warning: unused variable: `res`
[INFO] [stdout]    --> src/file_spec.rs:161:35
[INFO] [stdout]     |
[INFO] [stdout] 161 |     pub fn get(&self, key: &[u8], res: &mut [u8]) -> Result<Option<usize>, Error> {
[INFO] [stdout]     |                                   ^^^ help: if this is intentional, prefix it with an underscore: `_res`
[INFO] [stdout] 
[INFO] [stdout] 
[INFO] [stdout] warning: unused variable: `value_offsets`
[INFO] [stdout]    --> src/file_spec.rs:198:13
[INFO] [stdout]     |
[INFO] [stdout] 198 |         let value_offsets = &self.buf[keys_end..values_end];
[INFO] [stdout]     |             ^^^^^^^^^^^^^ help: if this is intentional, prefix it with an underscore: `_value_offsets`
[INFO] [stdout] 
[INFO] [stdout] 
[INFO] [stdout] warning: unused variable: `lower`
[INFO] [stdout]    --> src/file_spec.rs:200:13
[INFO] [stdout]     |
[INFO] [stdout] 200 |         let lower = partition(key, bytes, key_offsets, Ordering::Less);
[INFO] [stdout]     |             ^^^^^ help: if this is intentional, prefix it with an underscore: `_lower`
[INFO] [stdout] 
[INFO] [stdout] 
[INFO] [stdout] warning: unused variable: `upper`
[INFO] [stdout]    --> src/file_spec.rs:201:13
[INFO] [stdout]     |
[INFO] [stdout] 201 |         let upper = partition(key, bytes, key_offsets, Ordering::Greater);
[INFO] [stdout]     |             ^^^^^ help: if this is intentional, prefix it with an underscore: `_upper`
[INFO] [stdout] 
[INFO] [stdout] 
[INFO] [stdout] warning: unused variable: `res`
[INFO] [stdout]    --> src/file_spec.rs:188:35
[INFO] [stdout]     |
[INFO] [stdout] 188 |     pub fn get(&self, key: &[u8], res: &mut [u8]) -> Result<Option<usize>, Error> {
[INFO] [stdout]     |                                   ^^^ help: if this is intentional, prefix it with an underscore: `_res`
[INFO] [stdout] 
[INFO] [stdout] 
[INFO] [stdout] warning: unused variable: `key`
[INFO] [stdout]    --> src/lib.rs:108:23
[INFO] [stdout]     |
[INFO] [stdout] 108 |     fn set(&mut self, key: &[u8], buf: &[u8]) -> Result<(), Error> {
[INFO] [stdout]     |                       ^^^ help: if this is intentional, prefix it with an underscore: `_key`
[INFO] [stdout] 
[INFO] [stdout] 
[INFO] [stdout] warning: unused variable: `buf`
[INFO] [stdout]    --> src/lib.rs:108:35
[INFO] [stdout]     |
[INFO] [stdout] 108 |     fn set(&mut self, key: &[u8], buf: &[u8]) -> Result<(), Error> {
[INFO] [stdout]     |                                   ^^^ help: if this is intentional, prefix it with an underscore: `_buf`
[INFO] [stdout] 
[INFO] [stdout] 
[INFO] [stderr]     Finished `test` profile [unoptimized + debuginfo] target(s) in 0.38s
[INFO] running `Command { std: "docker" "inspect" "488f2a5757ad98a72243bd49858db66b45fae50b74ebca12081e4c73e54ba401", kill_on_drop: false }`
[INFO] running `Command { std: "docker" "rm" "-f" "488f2a5757ad98a72243bd49858db66b45fae50b74ebca12081e4c73e54ba401", kill_on_drop: false }`
[INFO] [stdout] 488f2a5757ad98a72243bd49858db66b45fae50b74ebca12081e4c73e54ba401
[INFO] running `Command { std: "docker" "create" "-v" "/var/lib/crater-agent-workspace/builds/worker-1-tc2/target:/opt/rustwide/target:rw,Z" "-v" "/var/lib/crater-agent-workspace/builds/worker-1-tc2/source:/opt/rustwide/workdir:ro,Z" "-v" "/var/lib/crater-agent-workspace/cargo-home:/opt/rustwide/cargo-home:ro,Z" "-v" "/var/lib/crater-agent-workspace/rustup-home:/opt/rustwide/rustup-home:ro,Z" "-e" "SOURCE_DIR=/opt/rustwide/workdir" "-e" "CARGO_TARGET_DIR=/opt/rustwide/target" "-e" "CARGO_INCREMENTAL=0" "-e" "RUST_BACKTRACE=full" "-e" "RUSTFLAGS=--cap-lints=forbid -Zrandomize-layout" "-e" "RUSTDOCFLAGS=--cap-lints=forbid" "-e" "CARGO_HOME=/opt/rustwide/cargo-home" "-e" "RUSTUP_HOME=/opt/rustwide/rustup-home" "-w" "/opt/rustwide/workdir" "-m" "1610612736" "--user" "0:0" "--network" "none" "ghcr.io/rust-lang/crates-build-env/linux@sha256:819108c5571ea2e421544af4d832f968d213c87fbe3707a016657f43d2f853bc" "/opt/rustwide/cargo-home/bin/cargo" "+nightly-2025-01-18" "test" "--frozen", kill_on_drop: false }`
[INFO] [stdout] 794005caaa76f2130031d38807c8e6b9c82ac3be3b98e0166bf2a9447a003fcb
[INFO] running `Command { std: "docker" "start" "-a" "794005caaa76f2130031d38807c8e6b9c82ac3be3b98e0166bf2a9447a003fcb", kill_on_drop: false }`
[INFO] [stderr] warning: unused variable: `key`
[INFO] [stderr]    --> src/file_spec.rs:161:23
[INFO] [stderr]     |
[INFO] [stderr] 161 |     pub fn get(&self, key: &[u8], res: &mut [u8]) -> Result<Option<usize>, Error> {
[INFO] [stderr]     |                       ^^^ help: if this is intentional, prefix it with an underscore: `_key`
[INFO] [stderr]     |
[INFO] [stderr]     = note: `#[warn(unused_variables)]` on by default
[INFO] [stderr] 
[INFO] [stderr] warning: unused variable: `res`
[INFO] [stderr]    --> src/file_spec.rs:161:35
[INFO] [stderr]     |
[INFO] [stderr] 161 |     pub fn get(&self, key: &[u8], res: &mut [u8]) -> Result<Option<usize>, Error> {
[INFO] [stderr]     |                                   ^^^ help: if this is intentional, prefix it with an underscore: `_res`
[INFO] [stderr] 
[INFO] [stderr] warning: unused variable: `value_offsets`
[INFO] [stderr]    --> src/file_spec.rs:198:13
[INFO] [stderr]     |
[INFO] [stderr] 198 |         let value_offsets = &self.buf[keys_end..values_end];
[INFO] [stderr]     |             ^^^^^^^^^^^^^ help: if this is intentional, prefix it with an underscore: `_value_offsets`
[INFO] [stderr] 
[INFO] [stderr] warning: unused variable: `lower`
[INFO] [stderr]    --> src/file_spec.rs:200:13
[INFO] [stderr]     |
[INFO] [stderr] 200 |         let lower = partition(key, bytes, key_offsets, Ordering::Less);
[INFO] [stderr]     |             ^^^^^ help: if this is intentional, prefix it with an underscore: `_lower`
[INFO] [stderr] 
[INFO] [stderr] warning: unused variable: `upper`
[INFO] [stderr]    --> src/file_spec.rs:201:13
[INFO] [stderr]     |
[INFO] [stderr] 201 |         let upper = partition(key, bytes, key_offsets, Ordering::Greater);
[INFO] [stderr]     |             ^^^^^ help: if this is intentional, prefix it with an underscore: `_upper`
[INFO] [stderr] 
[INFO] [stderr] warning: unused variable: `res`
[INFO] [stderr]    --> src/file_spec.rs:188:35
[INFO] [stderr]     |
[INFO] [stderr] 188 |     pub fn get(&self, key: &[u8], res: &mut [u8]) -> Result<Option<usize>, Error> {
[INFO] [stderr]     |                                   ^^^ help: if this is intentional, prefix it with an underscore: `_res`
[INFO] [stderr] 
[INFO] [stderr] warning: unused variable: `key`
[INFO] [stderr]    --> src/lib.rs:108:23
[INFO] [stderr]     |
[INFO] [stderr] 108 |     fn set(&mut self, key: &[u8], buf: &[u8]) -> Result<(), Error> {
[INFO] [stderr]     |                       ^^^ help: if this is intentional, prefix it with an underscore: `_key`
[INFO] [stderr] 
[INFO] [stderr] warning: unused variable: `buf`
[INFO] [stderr]    --> src/lib.rs:108:35
[INFO] [stderr]     |
[INFO] [stderr] 108 |     fn set(&mut self, key: &[u8], buf: &[u8]) -> Result<(), Error> {
[INFO] [stderr]     |                                   ^^^ help: if this is intentional, prefix it with an underscore: `_buf`
[INFO] [stderr] 
[INFO] [stderr] warning: `kvstore` (lib) generated 8 warnings
[INFO] [stderr] warning: `kvstore` (lib test) generated 8 warnings (8 duplicates)
[INFO] [stderr]     Finished `test` profile [unoptimized + debuginfo] target(s) in 0.02s
[INFO] [stderr]      Running unittests src/lib.rs (/opt/rustwide/target/debug/deps/kvstore-c0f2b174ff79080a)
[INFO] [stdout] 
[INFO] [stdout] running 2 tests
[INFO] [stderr] error: test failed, to rerun pass `--lib`
[INFO] [stdout] test file_spec::test ... FAILED
[INFO] [stdout] test test::smoke ... FAILED
[INFO] [stdout] 
[INFO] [stdout] failures:
[INFO] [stdout] 
[INFO] [stdout] ---- file_spec::test stdout ----
[INFO] [stdout] 
[INFO] [stdout] thread 'file_spec::test' panicked at src/file_spec.rs:260:5:
[INFO] [stdout] assertion `left == right` failed
[INFO] [stdout]   left: "6b763166ffffffffffffffffffffffffffffffff000000000000002000000000"
[INFO] [stdout]  right: "6b7673746f726520ffffffffffffffffffffffffffffffff0000000000000000"
[INFO] [stdout] stack backtrace:
[INFO] [stdout]    0:     0x5c755a97301a - std::backtrace_rs::backtrace::libunwind::trace::hb059275cfc8d6126
[INFO] [stdout]                                at /rustc/6067b36314ab5eb2eb47cecc464545ba58e1ad24/library/std/src/../../backtrace/src/backtrace/libunwind.rs:116:5
[INFO] [stdout]    1:     0x5c755a97301a - std::backtrace_rs::backtrace::trace_unsynchronized::h2da071e4327ce3ee
[INFO] [stdout]                                at /rustc/6067b36314ab5eb2eb47cecc464545ba58e1ad24/library/std/src/../../backtrace/src/backtrace/mod.rs:66:5
[INFO] [stdout]    2:     0x5c755a97301a - std::sys::backtrace::_print_fmt::h842a1474e6f8d23f
[INFO] [stdout]                                at /rustc/6067b36314ab5eb2eb47cecc464545ba58e1ad24/library/std/src/sys/backtrace.rs:66:9
[INFO] [stdout]    3:     0x5c755a97301a - <std::sys::backtrace::BacktraceLock::print::DisplayBacktrace as core::fmt::Display>::fmt::h71a62eb3b9696b12
[INFO] [stdout]                                at /rustc/6067b36314ab5eb2eb47cecc464545ba58e1ad24/library/std/src/sys/backtrace.rs:39:26
[INFO] [stdout]    4:     0x5c755a99a603 - core::fmt::rt::Argument::fmt::hdb6b616786b41dc1
[INFO] [stdout]                                at /rustc/6067b36314ab5eb2eb47cecc464545ba58e1ad24/library/core/src/fmt/rt.rs:177:76
[INFO] [stdout]    5:     0x5c755a99a603 - core::fmt::write::h2cc1698af7e2d686
[INFO] [stdout]                                at /rustc/6067b36314ab5eb2eb47cecc464545ba58e1ad24/library/core/src/fmt/mod.rs:1440:21
[INFO] [stdout]    6:     0x5c755a96fb73 - std::io::Write::write_fmt::hab1b4cd059a79022
[INFO] [stdout]                                at /rustc/6067b36314ab5eb2eb47cecc464545ba58e1ad24/library/std/src/io/mod.rs:1887:15
[INFO] [stdout]    7:     0x5c755a972e62 - std::sys::backtrace::BacktraceLock::print::h147fe35b4ea13b08
[INFO] [stdout]                                at /rustc/6067b36314ab5eb2eb47cecc464545ba58e1ad24/library/std/src/sys/backtrace.rs:42:9
[INFO] [stdout]    8:     0x5c755a97443f - std::panicking::default_hook::{{closure}}::hbd44223dbdc0d208
[INFO] [stdout]                                at /rustc/6067b36314ab5eb2eb47cecc464545ba58e1ad24/library/std/src/panicking.rs:298:22
[INFO] [stdout]    9:     0x5c755a974258 - std::panicking::default_hook::h20f81eb0576efcec
[INFO] [stdout]                                at /rustc/6067b36314ab5eb2eb47cecc464545ba58e1ad24/library/std/src/panicking.rs:322:9
[INFO] [stdout]   10:     0x5c755a93d073 - <alloc::boxed::Box<F,A> as core::ops::function::Fn<Args>>::call::hdb53814c496a4d34
[INFO] [stdout]                                at /rustc/6067b36314ab5eb2eb47cecc464545ba58e1ad24/library/alloc/src/boxed.rs:2027:9
[INFO] [stdout]   11:     0x5c755a93d073 - test::test_main::{{closure}}::hc0a4963c59427c24
[INFO] [stdout]                                at /rustc/6067b36314ab5eb2eb47cecc464545ba58e1ad24/library/test/src/lib.rs:134:21
[INFO] [stdout]   12:     0x5c755a974f33 - <alloc::boxed::Box<F,A> as core::ops::function::Fn<Args>>::call::h591b2225413a77e9
[INFO] [stdout]                                at /rustc/6067b36314ab5eb2eb47cecc464545ba58e1ad24/library/alloc/src/boxed.rs:2027:9
[INFO] [stdout]   13:     0x5c755a974f33 - std::panicking::rust_panic_with_hook::h625eea43051b2edc
[INFO] [stdout]                                at /rustc/6067b36314ab5eb2eb47cecc464545ba58e1ad24/library/std/src/panicking.rs:839:13
[INFO] [stdout]   14:     0x5c755a974bea - std::panicking::begin_panic_handler::{{closure}}::h4f9159cfbc3f6bd3
[INFO] [stdout]                                at /rustc/6067b36314ab5eb2eb47cecc464545ba58e1ad24/library/std/src/panicking.rs:704:13
[INFO] [stdout]   15:     0x5c755a973519 - std::sys::backtrace::__rust_end_short_backtrace::h0390abce48353151
[INFO] [stdout]                                at /rustc/6067b36314ab5eb2eb47cecc464545ba58e1ad24/library/std/src/sys/backtrace.rs:168:18
[INFO] [stdout]   16:     0x5c755a97487d - rust_begin_unwind
[INFO] [stdout]                                at /rustc/6067b36314ab5eb2eb47cecc464545ba58e1ad24/library/std/src/panicking.rs:695:5
[INFO] [stdout]   17:     0x5c755a9990b0 - core::panicking::panic_fmt::h9e7c637e9e5f29c9
[INFO] [stdout]                                at /rustc/6067b36314ab5eb2eb47cecc464545ba58e1ad24/library/core/src/panicking.rs:75:14
[INFO] [stdout]   18:     0x5c755a9993d2 - core::panicking::assert_failed_inner::h538bec7c1374cd9c
[INFO] [stdout]   19:     0x5c755a90029e - core::panicking::assert_failed::hd165d3252663b0f9
[INFO] [stdout]                                at /rustc/6067b36314ab5eb2eb47cecc464545ba58e1ad24/library/core/src/panicking.rs:364:5
[INFO] [stdout]   20:     0x5c755a902c6f - kvstore::file_spec::test::h217b1b806abe9ad1
[INFO] [stdout]                                at /opt/rustwide/workdir/src/file_spec.rs:260:5
[INFO] [stdout]   21:     0x5c755a902b27 - kvstore::file_spec::test::{{closure}}::he2292fb801dd36ce
[INFO] [stdout]                                at /opt/rustwide/workdir/src/file_spec.rs:257:10
[INFO] [stdout]   22:     0x5c755a8ff736 - core::ops::function::FnOnce::call_once::h10e18035bd0b4cb9
[INFO] [stdout]                                at /rustc/6067b36314ab5eb2eb47cecc464545ba58e1ad24/library/core/src/ops/function.rs:250:5
[INFO] [stdout]   23:     0x5c755a9427cb - core::ops::function::FnOnce::call_once::he27718dfdd183f43
[INFO] [stdout]                                at /rustc/6067b36314ab5eb2eb47cecc464545ba58e1ad24/library/core/src/ops/function.rs:250:5
[INFO] [stdout]   24:     0x5c755a9427cb - test::__rust_begin_short_backtrace::h4e84902998457a5d
[INFO] [stdout]                                at /rustc/6067b36314ab5eb2eb47cecc464545ba58e1ad24/library/test/src/lib.rs:632:18
[INFO] [stdout]   25:     0x5c755a941703 - test::run_test_in_process::{{closure}}::h7176fd18fc1feca0
[INFO] [stdout]                                at /rustc/6067b36314ab5eb2eb47cecc464545ba58e1ad24/library/test/src/lib.rs:655:60
[INFO] [stdout]   26:     0x5c755a941703 - <core::panic::unwind_safe::AssertUnwindSafe<F> as core::ops::function::FnOnce<()>>::call_once::hf79cff2a624d8cf7
[INFO] [stdout]                                at /rustc/6067b36314ab5eb2eb47cecc464545ba58e1ad24/library/core/src/panic/unwind_safe.rs:272:9
[INFO] [stdout]   27:     0x5c755a941703 - std::panicking::try::do_call::h3da0561d9ab99c25
[INFO] [stdout]                                at /rustc/6067b36314ab5eb2eb47cecc464545ba58e1ad24/library/std/src/panicking.rs:587:40
[INFO] [stdout]   28:     0x5c755a941703 - std::panicking::try::h41c9fa508bc61df6
[INFO] [stdout]                                at /rustc/6067b36314ab5eb2eb47cecc464545ba58e1ad24/library/std/src/panicking.rs:550:19
[INFO] [stdout]   29:     0x5c755a941703 - std::panic::catch_unwind::h6b3ff07bb5afad93
[INFO] [stdout]                                at /rustc/6067b36314ab5eb2eb47cecc464545ba58e1ad24/library/std/src/panic.rs:358:14
[INFO] [stdout]   30:     0x5c755a941703 - test::run_test_in_process::hc7253dd11b39b9f4
[INFO] [stdout]                                at /rustc/6067b36314ab5eb2eb47cecc464545ba58e1ad24/library/test/src/lib.rs:655:27
[INFO] [stdout]   31:     0x5c755a941703 - test::run_test::{{closure}}::hfb2007f8649c30bb
[INFO] [stdout]                                at /rustc/6067b36314ab5eb2eb47cecc464545ba58e1ad24/library/test/src/lib.rs:576:43
[INFO] [stdout]   32:     0x5c755a9047e5 - test::run_test::{{closure}}::h56a17aa7a282a9f4
[INFO] [stdout]                                at /rustc/6067b36314ab5eb2eb47cecc464545ba58e1ad24/library/test/src/lib.rs:606:41
[INFO] [stdout]   33:     0x5c755a9047e5 - std::sys::backtrace::__rust_begin_short_backtrace::hd2d2d2fb8e8c6aac
[INFO] [stdout]                                at /rustc/6067b36314ab5eb2eb47cecc464545ba58e1ad24/library/std/src/sys/backtrace.rs:152:18
[INFO] [stdout]   34:     0x5c755a9080ca - std::thread::Builder::spawn_unchecked_::{{closure}}::{{closure}}::h4faa3f9db6133423
[INFO] [stdout]                                at /rustc/6067b36314ab5eb2eb47cecc464545ba58e1ad24/library/std/src/thread/mod.rs:559:17
[INFO] [stdout]   35:     0x5c755a9080ca - <core::panic::unwind_safe::AssertUnwindSafe<F> as core::ops::function::FnOnce<()>>::call_once::hf2e855a36a4ea846
[INFO] [stdout]                                at /rustc/6067b36314ab5eb2eb47cecc464545ba58e1ad24/library/core/src/panic/unwind_safe.rs:272:9
[INFO] [stdout]   36:     0x5c755a9080ca - std::panicking::try::do_call::h2f73af3616c35465
[INFO] [stdout]                                at /rustc/6067b36314ab5eb2eb47cecc464545ba58e1ad24/library/std/src/panicking.rs:587:40
[INFO] [stdout]   37:     0x5c755a9080ca - std::panicking::try::hd1660ce9efadef5a
[INFO] [stdout]                                at /rustc/6067b36314ab5eb2eb47cecc464545ba58e1ad24/library/std/src/panicking.rs:550:19
[INFO] [stdout]   38:     0x5c755a9080ca - std::panic::catch_unwind::h5ee8d7823b8ca744
[INFO] [stdout]                                at /rustc/6067b36314ab5eb2eb47cecc464545ba58e1ad24/library/std/src/panic.rs:358:14
[INFO] [stdout]   39:     0x5c755a9080ca - std::thread::Builder::spawn_unchecked_::{{closure}}::h53c3a1894dce8407
[INFO] [stdout]                                at /rustc/6067b36314ab5eb2eb47cecc464545ba58e1ad24/library/std/src/thread/mod.rs:557:30
[INFO] [stdout]   40:     0x5c755a9080ca - core::ops::function::FnOnce::call_once{{vtable.shim}}::h048ce291ad4f62bf
[INFO] [stdout]                                at /rustc/6067b36314ab5eb2eb47cecc464545ba58e1ad24/library/core/src/ops/function.rs:250:5
[INFO] [stdout]   41:     0x5c755a978e6b - <alloc::boxed::Box<F,A> as core::ops::function::FnOnce<Args>>::call_once::ha52bedf99a3b4981
[INFO] [stdout]                                at /rustc/6067b36314ab5eb2eb47cecc464545ba58e1ad24/library/alloc/src/boxed.rs:2013:9
[INFO] [stdout]   42:     0x5c755a978e6b - <alloc::boxed::Box<F,A> as core::ops::function::FnOnce<Args>>::call_once::h567748934d80ccf8
[INFO] [stdout]                                at /rustc/6067b36314ab5eb2eb47cecc464545ba58e1ad24/library/alloc/src/boxed.rs:2013:9
[INFO] [stdout]   43:     0x5c755a978e6b - std::sys::pal::unix::thread::Thread::new::thread_start::h2d970728ae887adc
[INFO] [stdout]                                at /rustc/6067b36314ab5eb2eb47cecc464545ba58e1ad24/library/std/src/sys/pal/unix/thread.rs:106:17
[INFO] [stdout]   44:     0x73de11643ac3 - <unknown>
[INFO] [stdout]   45:     0x73de116d4a04 - clone
[INFO] [stdout]   46:                0x0 - <unknown>
[INFO] [stdout] 
[INFO] [stdout] ---- test::smoke stdout ----
[INFO] [stdout] 
[INFO] [stdout] thread 'test::smoke' panicked at src/lib.rs:61:9:
[INFO] [stdout] assertion failed: PAGE_SIZE.is_power_of_two() && PAGE_SIZE >= 4096
[INFO] [stdout] stack backtrace:
[INFO] [stdout]    0:     0x5c755a97301a - std::backtrace_rs::backtrace::libunwind::trace::hb059275cfc8d6126
[INFO] [stdout]                                at /rustc/6067b36314ab5eb2eb47cecc464545ba58e1ad24/library/std/src/../../backtrace/src/backtrace/libunwind.rs:116:5
[INFO] [stdout]    1:     0x5c755a97301a - std::backtrace_rs::backtrace::trace_unsynchronized::h2da071e4327ce3ee
[INFO] [stdout]                                at /rustc/6067b36314ab5eb2eb47cecc464545ba58e1ad24/library/std/src/../../backtrace/src/backtrace/mod.rs:66:5
[INFO] [stdout]    2:     0x5c755a97301a - std::sys::backtrace::_print_fmt::h842a1474e6f8d23f
[INFO] [stdout]                                at /rustc/6067b36314ab5eb2eb47cecc464545ba58e1ad24/library/std/src/sys/backtrace.rs:66:9
[INFO] [stdout]    3:     0x5c755a97301a - <std::sys::backtrace::BacktraceLock::print::DisplayBacktrace as core::fmt::Display>::fmt::h71a62eb3b9696b12
[INFO] [stdout]                                at /rustc/6067b36314ab5eb2eb47cecc464545ba58e1ad24/library/std/src/sys/backtrace.rs:39:26
[INFO] [stdout]    4:     0x5c755a99a603 - core::fmt::rt::Argument::fmt::hdb6b616786b41dc1
[INFO] [stdout]                                at /rustc/6067b36314ab5eb2eb47cecc464545ba58e1ad24/library/core/src/fmt/rt.rs:177:76
[INFO] [stdout]    5:     0x5c755a99a603 - core::fmt::write::h2cc1698af7e2d686
[INFO] [stdout]                                at /rustc/6067b36314ab5eb2eb47cecc464545ba58e1ad24/library/core/src/fmt/mod.rs:1440:21
[INFO] [stdout]    6:     0x5c755a96fb73 - std::io::Write::write_fmt::hab1b4cd059a79022
[INFO] [stdout]                                at /rustc/6067b36314ab5eb2eb47cecc464545ba58e1ad24/library/std/src/io/mod.rs:1887:15
[INFO] [stdout]    7:     0x5c755a972e62 - std::sys::backtrace::BacktraceLock::print::h147fe35b4ea13b08
[INFO] [stdout]                                at /rustc/6067b36314ab5eb2eb47cecc464545ba58e1ad24/library/std/src/sys/backtrace.rs:42:9
[INFO] [stdout]    8:     0x5c755a97443f - std::panicking::default_hook::{{closure}}::hbd44223dbdc0d208
[INFO] [stdout]                                at /rustc/6067b36314ab5eb2eb47cecc464545ba58e1ad24/library/std/src/panicking.rs:298:22
[INFO] [stdout]    9:     0x5c755a974258 - std::panicking::default_hook::h20f81eb0576efcec
[INFO] [stdout]                                at /rustc/6067b36314ab5eb2eb47cecc464545ba58e1ad24/library/std/src/panicking.rs:322:9
[INFO] [stdout]   10:     0x5c755a93d073 - <alloc::boxed::Box<F,A> as core::ops::function::Fn<Args>>::call::hdb53814c496a4d34
[INFO] [stdout]                                at /rustc/6067b36314ab5eb2eb47cecc464545ba58e1ad24/library/alloc/src/boxed.rs:2027:9
[INFO] [stdout]   11:     0x5c755a93d073 - test::test_main::{{closure}}::hc0a4963c59427c24
[INFO] [stdout]                                at /rustc/6067b36314ab5eb2eb47cecc464545ba58e1ad24/library/test/src/lib.rs:134:21
[INFO] [stdout]   12:     0x5c755a974f33 - <alloc::boxed::Box<F,A> as core::ops::function::Fn<Args>>::call::h591b2225413a77e9
[INFO] [stdout]                                at /rustc/6067b36314ab5eb2eb47cecc464545ba58e1ad24/library/alloc/src/boxed.rs:2027:9
[INFO] [stdout]   13:     0x5c755a974f33 - std::panicking::rust_panic_with_hook::h625eea43051b2edc
[INFO] [stdout]                                at /rustc/6067b36314ab5eb2eb47cecc464545ba58e1ad24/library/std/src/panicking.rs:839:13
[INFO] [stdout]   14:     0x5c755a974bb6 - std::panicking::begin_panic_handler::{{closure}}::h4f9159cfbc3f6bd3
[INFO] [stdout]                                at /rustc/6067b36314ab5eb2eb47cecc464545ba58e1ad24/library/std/src/panicking.rs:697:13
[INFO] [stdout]   15:     0x5c755a973519 - std::sys::backtrace::__rust_end_short_backtrace::h0390abce48353151
[INFO] [stdout]                                at /rustc/6067b36314ab5eb2eb47cecc464545ba58e1ad24/library/std/src/sys/backtrace.rs:168:18
[INFO] [stdout]   16:     0x5c755a97487d - rust_begin_unwind
[INFO] [stdout]                                at /rustc/6067b36314ab5eb2eb47cecc464545ba58e1ad24/library/std/src/panicking.rs:695:5
[INFO] [stdout]   17:     0x5c755a9990b0 - core::panicking::panic_fmt::h9e7c637e9e5f29c9
[INFO] [stdout]                                at /rustc/6067b36314ab5eb2eb47cecc464545ba58e1ad24/library/core/src/panicking.rs:75:14
[INFO] [stdout]   18:     0x5c755a99913c - core::panicking::panic::haa3255ea20181a33
[INFO] [stdout]                                at /rustc/6067b36314ab5eb2eb47cecc464545ba58e1ad24/library/core/src/panicking.rs:145:5
[INFO] [stdout]   19:     0x5c755a90252c - kvstore::KvStore<kvstore::memory_storage::MemoryStorage,_>::in_memory::h906b29a078716903
[INFO] [stdout]                                at /opt/rustwide/workdir/src/lib.rs:61:9
[INFO] [stdout]   20:     0x5c755a902d36 - kvstore::test::smoke::hdd203d55956c6474
[INFO] [stdout]                                at /opt/rustwide/workdir/src/lib.rs:121:13
[INFO] [stdout]   21:     0x5c755a902d07 - kvstore::test::smoke::{{closure}}::hce0b075bd248a835
[INFO] [stdout]                                at /opt/rustwide/workdir/src/lib.rs:119:15
[INFO] [stdout]   22:     0x5c755a8ff6f6 - core::ops::function::FnOnce::call_once::h07d8c35055942e68
[INFO] [stdout]                                at /rustc/6067b36314ab5eb2eb47cecc464545ba58e1ad24/library/core/src/ops/function.rs:250:5
[INFO] [stdout]   23:     0x5c755a9427cb - core::ops::function::FnOnce::call_once::he27718dfdd183f43
[INFO] [stdout]                                at /rustc/6067b36314ab5eb2eb47cecc464545ba58e1ad24/library/core/src/ops/function.rs:250:5
[INFO] [stdout]   24:     0x5c755a9427cb - test::__rust_begin_short_backtrace::h4e84902998457a5d
[INFO] [stdout]                                at /rustc/6067b36314ab5eb2eb47cecc464545ba58e1ad24/library/test/src/lib.rs:632:18
[INFO] [stdout]   25:     0x5c755a941703 - test::run_test_in_process::{{closure}}::h7176fd18fc1feca0
[INFO] [stdout]                                at /rustc/6067b36314ab5eb2eb47cecc464545ba58e1ad24/library/test/src/lib.rs:655:60
[INFO] [stdout]   26:     0x5c755a941703 - <core::panic::unwind_safe::AssertUnwindSafe<F> as core::ops::function::FnOnce<()>>::call_once::hf79cff2a624d8cf7
[INFO] [stdout]                                at /rustc/6067b36314ab5eb2eb47cecc464545ba58e1ad24/library/core/src/panic/unwind_safe.rs:272:9
[INFO] [stdout]   27:     0x5c755a941703 - std::panicking::try::do_call::h3da0561d9ab99c25
[INFO] [stdout]                                at /rustc/6067b36314ab5eb2eb47cecc464545ba58e1ad24/library/std/src/panicking.rs:587:40
[INFO] [stdout]   28:     0x5c755a941703 - std::panicking::try::h41c9fa508bc61df6
[INFO] [stdout]                                at /rustc/6067b36314ab5eb2eb47cecc464545ba58e1ad24/library/std/src/panicking.rs:550:19
[INFO] [stdout]   29:     0x5c755a941703 - std::panic::catch_unwind::h6b3ff07bb5afad93
[INFO] [stdout]                                at /rustc/6067b36314ab5eb2eb47cecc464545ba58e1ad24/library/std/src/panic.rs:358:14
[INFO] [stdout]   30:     0x5c755a941703 - test::run_test_in_process::hc7253dd11b39b9f4
[INFO] [stdout]                                at /rustc/6067b36314ab5eb2eb47cecc464545ba58e1ad24/library/test/src/lib.rs:655:27
[INFO] [stdout]   31:     0x5c755a941703 - test::run_test::{{closure}}::hfb2007f8649c30bb
[INFO] [stdout]                                at /rustc/6067b36314ab5eb2eb47cecc464545ba58e1ad24/library/test/src/lib.rs:576:43
[INFO] [stdout]   32:     0x5c755a9047e5 - test::run_test::{{closure}}::h56a17aa7a282a9f4
[INFO] [stdout]                                at /rustc/6067b36314ab5eb2eb47cecc464545ba58e1ad24/library/test/src/lib.rs:606:41
[INFO] [stdout]   33:     0x5c755a9047e5 - std::sys::backtrace::__rust_begin_short_backtrace::hd2d2d2fb8e8c6aac
[INFO] [stdout]                                at /rustc/6067b36314ab5eb2eb47cecc464545ba58e1ad24/library/std/src/sys/backtrace.rs:152:18
[INFO] [stdout]   34:     0x5c755a9080ca - std::thread::Builder::spawn_unchecked_::{{closure}}::{{closure}}::h4faa3f9db6133423
[INFO] [stdout]                                at /rustc/6067b36314ab5eb2eb47cecc464545ba58e1ad24/library/std/src/thread/mod.rs:559:17
[INFO] [stdout]   35:     0x5c755a9080ca - <core::panic::unwind_safe::AssertUnwindSafe<F> as core::ops::function::FnOnce<()>>::call_once::hf2e855a36a4ea846
[INFO] [stdout]                                at /rustc/6067b36314ab5eb2eb47cecc464545ba58e1ad24/library/core/src/panic/unwind_safe.rs:272:9
[INFO] [stdout]   36:     0x5c755a9080ca - std::panicking::try::do_call::h2f73af3616c35465
[INFO] [stdout]                                at /rustc/6067b36314ab5eb2eb47cecc464545ba58e1ad24/library/std/src/panicking.rs:587:40
[INFO] [stdout]   37:     0x5c755a9080ca - std::panicking::try::hd1660ce9efadef5a
[INFO] [stdout]                                at /rustc/6067b36314ab5eb2eb47cecc464545ba58e1ad24/library/std/src/panicking.rs:550:19
[INFO] [stdout]   38:     0x5c755a9080ca - std::panic::catch_unwind::h5ee8d7823b8ca744
[INFO] [stdout]                                at /rustc/6067b36314ab5eb2eb47cecc464545ba58e1ad24/library/std/src/panic.rs:358:14
[INFO] [stdout]   39:     0x5c755a9080ca - std::thread::Builder::spawn_unchecked_::{{closure}}::h53c3a1894dce8407
[INFO] [stdout]                                at /rustc/6067b36314ab5eb2eb47cecc464545ba58e1ad24/library/std/src/thread/mod.rs:557:30
[INFO] [stdout]   40:     0x5c755a9080ca - core::ops::function::FnOnce::call_once{{vtable.shim}}::h048ce291ad4f62bf
[INFO] [stdout]                                at /rustc/6067b36314ab5eb2eb47cecc464545ba58e1ad24/library/core/src/ops/function.rs:250:5
[INFO] [stdout]   41:     0x5c755a978e6b - <alloc::boxed::Box<F,A> as core::ops::function::FnOnce<Args>>::call_once::ha52bedf99a3b4981
[INFO] [stdout]                                at /rustc/6067b36314ab5eb2eb47cecc464545ba58e1ad24/library/alloc/src/boxed.rs:2013:9
[INFO] [stdout]   42:     0x5c755a978e6b - <alloc::boxed::Box<F,A> as core::ops::function::FnOnce<Args>>::call_once::h567748934d80ccf8
[INFO] [stdout]                                at /rustc/6067b36314ab5eb2eb47cecc464545ba58e1ad24/library/alloc/src/boxed.rs:2013:9
[INFO] [stdout]   43:     0x5c755a978e6b - std::sys::pal::unix::thread::Thread::new::thread_start::h2d970728ae887adc
[INFO] [stdout]                                at /rustc/6067b36314ab5eb2eb47cecc464545ba58e1ad24/library/std/src/sys/pal/unix/thread.rs:106:17
[INFO] [stdout]   44:     0x73de11643ac3 - <unknown>
[INFO] [stdout]   45:     0x73de116d4a04 - clone
[INFO] [stdout]   46:                0x0 - <unknown>
[INFO] [stdout] 
[INFO] [stdout] 
[INFO] [stdout] failures:
[INFO] [stdout]     file_spec::test
[INFO] [stdout]     test::smoke
[INFO] [stdout] 
[INFO] [stdout] test result: FAILED. 0 passed; 2 failed; 0 ignored; 0 measured; 0 filtered out; finished in 0.03s
[INFO] [stdout] 
[INFO] running `Command { std: "docker" "inspect" "794005caaa76f2130031d38807c8e6b9c82ac3be3b98e0166bf2a9447a003fcb", kill_on_drop: false }`
[INFO] running `Command { std: "docker" "rm" "-f" "794005caaa76f2130031d38807c8e6b9c82ac3be3b98e0166bf2a9447a003fcb", kill_on_drop: false }`
[INFO] [stdout] 794005caaa76f2130031d38807c8e6b9c82ac3be3b98e0166bf2a9447a003fcb
