[INFO] cloning repository https://github.com/andreivasilescu24/crowdfunding_esdt_sc
[INFO] running `Command { std: "git" "-c" "credential.helper=" "-c" "credential.helper=/workspace/cargo-home/bin/git-credential-null" "clone" "--bare" "https://github.com/andreivasilescu24/crowdfunding_esdt_sc" "/workspace/cache/git-repos/https%3A%2F%2Fgithub.com%2Fandreivasilescu24%2Fcrowdfunding_esdt_sc", kill_on_drop: false }`
[INFO] [stderr] Cloning into bare repository '/workspace/cache/git-repos/https%3A%2F%2Fgithub.com%2Fandreivasilescu24%2Fcrowdfunding_esdt_sc'...
[INFO] running `Command { std: "git" "rev-parse" "HEAD", kill_on_drop: false }`
[INFO] [stdout] 1a5e42905544a9875df702a1bee1b747e31ccdf0
[INFO] testing andreivasilescu24/crowdfunding_esdt_sc against nightly-2025-01-18 for randomize-layout-2
[INFO] running `Command { std: "git" "clone" "/workspace/cache/git-repos/https%3A%2F%2Fgithub.com%2Fandreivasilescu24%2Fcrowdfunding_esdt_sc" "/workspace/builds/worker-3-tc1/source", kill_on_drop: false }`
[INFO] [stderr] Cloning into '/workspace/builds/worker-3-tc1/source'...
[INFO] [stderr] done.
[INFO] validating manifest of git repo https://github.com/andreivasilescu24/crowdfunding_esdt_sc on toolchain nightly-2025-01-18
[INFO] running `Command { std: CARGO_HOME="/workspace/cargo-home" RUSTUP_HOME="/workspace/rustup-home" "/workspace/cargo-home/bin/cargo" "+nightly-2025-01-18" "metadata" "--manifest-path" "Cargo.toml" "--no-deps", kill_on_drop: false }`
[INFO] started tweaking git repo https://github.com/andreivasilescu24/crowdfunding_esdt_sc
[INFO] finished tweaking git repo https://github.com/andreivasilescu24/crowdfunding_esdt_sc
[INFO] tweaked toml for git repo https://github.com/andreivasilescu24/crowdfunding_esdt_sc written to /workspace/builds/worker-3-tc1/source/Cargo.toml
[INFO] crate git repo https://github.com/andreivasilescu24/crowdfunding_esdt_sc already has a lockfile, it will not be regenerated
[INFO] running `Command { std: CARGO_HOME="/workspace/cargo-home" RUSTUP_HOME="/workspace/rustup-home" "/workspace/cargo-home/bin/cargo" "+nightly-2025-01-18" "fetch" "--manifest-path" "Cargo.toml", kill_on_drop: false }`
[INFO] [stderr]     Updating crates.io index
[INFO] [stderr]  Downloading crates ...
[INFO] [stderr]   Downloaded multiversx-sc-codec-derive v0.20.0
[INFO] [stderr]   Downloaded multiversx-chain-vm-executor v0.2.0
[INFO] [stderr]   Downloaded multiversx-sc-codec v0.20.0
[INFO] [stderr]   Downloaded multiversx-sc-meta-lib v0.51.1
[INFO] [stderr]   Downloaded multiversx-chain-vm v0.9.0
[INFO] [stderr]   Downloaded multiversx-sdk v0.5.0
[INFO] [stderr]   Downloaded wasmparser v0.212.0
[INFO] [stderr]   Downloaded multiversx-sc-scenario v0.51.1
[INFO] [stderr]   Downloaded multiversx-sc-snippets v0.51.1
[INFO] [stderr]   Downloaded multiversx-sc v0.51.1
[INFO] [stderr]   Downloaded multiversx-sc-derive v0.51.1
[INFO] [stderr]   Downloaded wasmprinter v0.212.0
[INFO] [stderr]   Downloaded multiversx-chain-scenario-format v0.22.3
[INFO] running `Command { std: "docker" "create" "-v" "/var/lib/crater-agent-workspace/builds/worker-3-tc1/target:/opt/rustwide/target:rw,Z" "-v" "/var/lib/crater-agent-workspace/builds/worker-3-tc1/source:/opt/rustwide/workdir:ro,Z" "-v" "/var/lib/crater-agent-workspace/cargo-home:/opt/rustwide/cargo-home:ro,Z" "-v" "/var/lib/crater-agent-workspace/rustup-home:/opt/rustwide/rustup-home:ro,Z" "-e" "SOURCE_DIR=/opt/rustwide/workdir" "-e" "CARGO_TARGET_DIR=/opt/rustwide/target" "-e" "CARGO_HOME=/opt/rustwide/cargo-home" "-e" "RUSTUP_HOME=/opt/rustwide/rustup-home" "-w" "/opt/rustwide/workdir" "-m" "1610612736" "--user" "0:0" "--network" "none" "ghcr.io/rust-lang/crates-build-env/linux@sha256:819108c5571ea2e421544af4d832f968d213c87fbe3707a016657f43d2f853bc" "/opt/rustwide/cargo-home/bin/cargo" "+nightly-2025-01-18" "metadata" "--no-deps" "--format-version=1", kill_on_drop: false }`
[INFO] [stdout] 0b2db38d9fc921ddd6a50d2b550ea42df481f273c8015a66c0680503abb26f17
[INFO] running `Command { std: "docker" "start" "-a" "0b2db38d9fc921ddd6a50d2b550ea42df481f273c8015a66c0680503abb26f17", kill_on_drop: false }`
[INFO] running `Command { std: "docker" "inspect" "0b2db38d9fc921ddd6a50d2b550ea42df481f273c8015a66c0680503abb26f17", kill_on_drop: false }`
[INFO] running `Command { std: "docker" "rm" "-f" "0b2db38d9fc921ddd6a50d2b550ea42df481f273c8015a66c0680503abb26f17", kill_on_drop: false }`
[INFO] [stdout] 0b2db38d9fc921ddd6a50d2b550ea42df481f273c8015a66c0680503abb26f17
[INFO] running `Command { std: "docker" "create" "-v" "/var/lib/crater-agent-workspace/builds/worker-3-tc1/target:/opt/rustwide/target:rw,Z" "-v" "/var/lib/crater-agent-workspace/builds/worker-3-tc1/source:/opt/rustwide/workdir:ro,Z" "-v" "/var/lib/crater-agent-workspace/cargo-home:/opt/rustwide/cargo-home:ro,Z" "-v" "/var/lib/crater-agent-workspace/rustup-home:/opt/rustwide/rustup-home:ro,Z" "-e" "SOURCE_DIR=/opt/rustwide/workdir" "-e" "CARGO_TARGET_DIR=/opt/rustwide/target" "-e" "CARGO_INCREMENTAL=0" "-e" "RUST_BACKTRACE=full" "-e" "RUSTFLAGS=--cap-lints=forbid" "-e" "RUSTDOCFLAGS=--cap-lints=forbid" "-e" "CARGO_HOME=/opt/rustwide/cargo-home" "-e" "RUSTUP_HOME=/opt/rustwide/rustup-home" "-w" "/opt/rustwide/workdir" "-m" "1610612736" "--user" "0:0" "--network" "none" "ghcr.io/rust-lang/crates-build-env/linux@sha256:819108c5571ea2e421544af4d832f968d213c87fbe3707a016657f43d2f853bc" "/opt/rustwide/cargo-home/bin/cargo" "+nightly-2025-01-18" "build" "--frozen" "--message-format=json", kill_on_drop: false }`
[INFO] [stdout] d542a1f971563ef8cd468337f6579a1cf0b575e5bcf7ca4ef96e1a7d2490459c
[INFO] running `Command { std: "docker" "start" "-a" "d542a1f971563ef8cd468337f6579a1cf0b575e5bcf7ca4ef96e1a7d2490459c", kill_on_drop: false }`
[INFO] [stderr]    Compiling proc-macro2 v1.0.86
[INFO] [stderr]    Compiling unicode-ident v1.0.12
[INFO] [stderr]    Compiling hex v0.4.3
[INFO] [stderr]    Compiling smallvec v1.13.2
[INFO] [stderr]    Compiling autocfg v1.3.0
[INFO] [stderr]    Compiling endian-type v0.1.2
[INFO] [stderr]    Compiling arrayvec v0.7.4
[INFO] [stderr]    Compiling unwrap-infallible v0.1.5
[INFO] [stderr]    Compiling bitflags v2.6.0
[INFO] [stderr]    Compiling hex-literal v0.4.1
[INFO] [stderr]    Compiling num-traits v0.2.19
[INFO] [stderr]    Compiling nibble_vec v0.1.0
[INFO] [stderr]    Compiling radix_trie v0.2.1
[INFO] [stderr]    Compiling quote v1.0.36
[INFO] [stderr]    Compiling syn v2.0.68
[INFO] [stderr]    Compiling multiversx-sc-codec-derive v0.20.0
[INFO] [stderr]    Compiling multiversx-sc-derive v0.51.1
[INFO] [stderr]    Compiling multiversx-sc-codec v0.20.0
[INFO] [stderr]    Compiling multiversx-sc v0.51.1
[INFO] [stderr]    Compiling crowdfunding-esdt v0.0.0 (/opt/rustwide/workdir)
[INFO] [stderr]     Finished `dev` profile [unoptimized + debuginfo] target(s) in 29.02s
[INFO] running `Command { std: "docker" "inspect" "d542a1f971563ef8cd468337f6579a1cf0b575e5bcf7ca4ef96e1a7d2490459c", kill_on_drop: false }`
[INFO] running `Command { std: "docker" "rm" "-f" "d542a1f971563ef8cd468337f6579a1cf0b575e5bcf7ca4ef96e1a7d2490459c", kill_on_drop: false }`
[INFO] [stdout] d542a1f971563ef8cd468337f6579a1cf0b575e5bcf7ca4ef96e1a7d2490459c
[INFO] running `Command { std: "docker" "create" "-v" "/var/lib/crater-agent-workspace/builds/worker-3-tc1/target:/opt/rustwide/target:rw,Z" "-v" "/var/lib/crater-agent-workspace/builds/worker-3-tc1/source:/opt/rustwide/workdir:ro,Z" "-v" "/var/lib/crater-agent-workspace/cargo-home:/opt/rustwide/cargo-home:ro,Z" "-v" "/var/lib/crater-agent-workspace/rustup-home:/opt/rustwide/rustup-home:ro,Z" "-e" "SOURCE_DIR=/opt/rustwide/workdir" "-e" "CARGO_TARGET_DIR=/opt/rustwide/target" "-e" "CARGO_INCREMENTAL=0" "-e" "RUST_BACKTRACE=full" "-e" "RUSTFLAGS=--cap-lints=forbid" "-e" "RUSTDOCFLAGS=--cap-lints=forbid" "-e" "CARGO_HOME=/opt/rustwide/cargo-home" "-e" "RUSTUP_HOME=/opt/rustwide/rustup-home" "-w" "/opt/rustwide/workdir" "-m" "1610612736" "--user" "0:0" "--network" "none" "ghcr.io/rust-lang/crates-build-env/linux@sha256:819108c5571ea2e421544af4d832f968d213c87fbe3707a016657f43d2f853bc" "/opt/rustwide/cargo-home/bin/cargo" "+nightly-2025-01-18" "test" "--frozen" "--no-run" "--message-format=json", kill_on_drop: false }`
[INFO] [stdout] f460d8b900691c091d4b66d08b9200980e53638de41485db96186656ea80a8b0
[INFO] running `Command { std: "docker" "start" "-a" "f460d8b900691c091d4b66d08b9200980e53638de41485db96186656ea80a8b0", kill_on_drop: false }`
[INFO] [stderr]    Compiling serde v1.0.204
[INFO] [stderr]    Compiling libc v0.2.155
[INFO] [stderr]    Compiling byteorder v1.5.0
[INFO] [stderr]    Compiling zerocopy v0.7.35
[INFO] [stderr]    Compiling once_cell v1.19.0
[INFO] [stderr]    Compiling getrandom v0.1.16
[INFO] [stderr]    Compiling num-traits v0.2.19
[INFO] [stderr]    Compiling semver v1.0.23
[INFO] [stderr]    Compiling utf8parse v0.2.2
[INFO] [stderr]    Compiling syn v2.0.68
[INFO] [stderr]    Compiling anyhow v1.0.86
[INFO] [stderr]    Compiling colorchoice v1.0.2
[INFO] [stderr]    Compiling is_terminal_polyfill v1.70.1
[INFO] [stderr]    Compiling anstyle-query v1.1.1
[INFO] [stderr]    Compiling digest v0.10.7
[INFO] [stderr]    Compiling digest v0.9.0
[INFO] [stderr]    Compiling cpufeatures v0.2.12
[INFO] [stderr]    Compiling anstyle v1.0.8
[INFO] [stderr]    Compiling serde_json v1.0.121
[INFO] [stderr]    Compiling block-buffer v0.9.0
[INFO] [stderr]    Compiling anstyle-parse v0.2.5
[INFO] [stderr]    Compiling subtle v2.6.1
[INFO] [stderr]    Compiling clap_lex v0.7.2
[INFO] [stderr]    Compiling signature v1.6.4
[INFO] [stderr]    Compiling keccak v0.1.5
[INFO] [stderr]    Compiling opaque-debug v0.3.1
[INFO] [stderr]    Compiling winnow v0.6.16
[INFO] [stderr]    Compiling strsim v0.11.1
[INFO] [stderr]    Compiling sha2 v0.9.9
[INFO] [stderr]    Compiling ed25519 v1.5.3
[INFO] [stderr]    Compiling colored v2.1.0
[INFO] [stderr]    Compiling termcolor v1.4.1
[INFO] [stderr]    Compiling anstream v0.6.15
[INFO] [stderr]    Compiling ahash v0.8.11
[INFO] [stderr]    Compiling sha3 v0.10.8
[INFO] [stderr]    Compiling unicode-segmentation v1.11.0
[INFO] [stderr]    Compiling either v1.13.0
[INFO] [stderr]    Compiling rustc_version v0.4.0
[INFO] [stderr]    Compiling clap_builder v4.5.11
[INFO] [stderr]    Compiling itertools v0.13.0
[INFO] [stderr]    Compiling sha2 v0.10.8
[INFO] [stderr]    Compiling multiversx-chain-vm-executor v0.2.0
[INFO] [stderr]    Compiling bech32 v0.9.1
[INFO] [stderr]    Compiling convert_case v0.6.0
[INFO] [stderr]    Compiling pathdiff v0.2.1
[INFO] [stderr]    Compiling log v0.4.22
[INFO] [stderr]    Compiling base64 v0.22.1
[INFO] [stderr]    Compiling getrandom v0.2.15
[INFO] [stderr]    Compiling rand_core v0.5.1
[INFO] [stderr]    Compiling num-integer v0.1.46
[INFO] [stderr]    Compiling rand_core v0.6.4
[INFO] [stderr]    Compiling rand_seeder v0.2.3
[INFO] [stderr]    Compiling num-bigint v0.4.6
[INFO] [stderr]    Compiling serde_derive v1.0.204
[INFO] [stderr]    Compiling zerocopy-derive v0.6.6
[INFO] [stderr]    Compiling zeroize_derive v1.4.2
[INFO] [stderr]    Compiling multiversx-sc-codec-derive v0.20.0
[INFO] [stderr]    Compiling multiversx-sc-derive v0.51.1
[INFO] [stderr]    Compiling clap_derive v4.5.11
[INFO] [stderr]    Compiling zeroize v1.8.1
[INFO] [stderr]    Compiling multiversx-sc-codec v0.20.0
[INFO] [stderr]    Compiling curve25519-dalek v3.2.0
[INFO] [stderr]    Compiling zerocopy v0.6.6
[INFO] [stderr]    Compiling ppv-lite86 v0.2.18
[INFO] [stderr]    Compiling rand_chacha v0.2.2
[INFO] [stderr]    Compiling rand_chacha v0.3.1
[INFO] [stderr]    Compiling multiversx-sc v0.51.1
[INFO] [stderr]    Compiling rand v0.8.5
[INFO] [stderr]    Compiling rand v0.7.3
[INFO] [stderr]    Compiling clap v4.5.11
[INFO] [stderr]    Compiling hashbrown v0.14.5
[INFO] [stderr]    Compiling toml_datetime v0.6.8
[INFO] [stderr]    Compiling serde_spanned v0.6.7
[INFO] [stderr]    Compiling ed25519-dalek v1.0.1
[INFO] [stderr]    Compiling multiversx-chain-vm v0.9.0
[INFO] [stderr]    Compiling indexmap v2.2.6
[INFO] [stderr]    Compiling multiversx-chain-scenario-format v0.22.3
[INFO] [stderr]    Compiling toml_edit v0.22.18
[INFO] [stderr]    Compiling wasmparser v0.212.0
[INFO] [stderr]    Compiling toml v0.8.17
[INFO] [stderr]    Compiling wasmprinter v0.212.0
[INFO] [stderr]    Compiling multiversx-sc-meta-lib v0.51.1
[INFO] [stderr]    Compiling crowdfunding-esdt v0.0.0 (/opt/rustwide/workdir)
[INFO] [stderr]    Compiling multiversx-sc-scenario v0.51.1
[INFO] [stdout] warning: unused import: `crowdfunding_esdt`
[INFO] [stdout]  --> tests/crowdfunding_esdt_blackbox_test.rs:3:5
[INFO] [stdout]   |
[INFO] [stdout] 3 | use crowdfunding_esdt::*;
[INFO] [stdout]   |     ^^^^^^^^^^^^^^^^^
[INFO] [stdout]   |
[INFO] [stdout]   = note: `#[warn(unused_imports)]` on by default
[INFO] [stdout] 
[INFO] [stdout] 
[INFO] [stderr]     Finished `test` profile [unoptimized + debuginfo] target(s) in 49.93s
[INFO] running `Command { std: "docker" "inspect" "f460d8b900691c091d4b66d08b9200980e53638de41485db96186656ea80a8b0", kill_on_drop: false }`
[INFO] running `Command { std: "docker" "rm" "-f" "f460d8b900691c091d4b66d08b9200980e53638de41485db96186656ea80a8b0", kill_on_drop: false }`
[INFO] [stdout] f460d8b900691c091d4b66d08b9200980e53638de41485db96186656ea80a8b0
[INFO] running `Command { std: "docker" "create" "-v" "/var/lib/crater-agent-workspace/builds/worker-3-tc1/target:/opt/rustwide/target:rw,Z" "-v" "/var/lib/crater-agent-workspace/builds/worker-3-tc1/source:/opt/rustwide/workdir:ro,Z" "-v" "/var/lib/crater-agent-workspace/cargo-home:/opt/rustwide/cargo-home:ro,Z" "-v" "/var/lib/crater-agent-workspace/rustup-home:/opt/rustwide/rustup-home:ro,Z" "-e" "SOURCE_DIR=/opt/rustwide/workdir" "-e" "CARGO_TARGET_DIR=/opt/rustwide/target" "-e" "CARGO_INCREMENTAL=0" "-e" "RUST_BACKTRACE=full" "-e" "RUSTFLAGS=--cap-lints=forbid" "-e" "RUSTDOCFLAGS=--cap-lints=forbid" "-e" "CARGO_HOME=/opt/rustwide/cargo-home" "-e" "RUSTUP_HOME=/opt/rustwide/rustup-home" "-w" "/opt/rustwide/workdir" "-m" "1610612736" "--user" "0:0" "--network" "none" "ghcr.io/rust-lang/crates-build-env/linux@sha256:819108c5571ea2e421544af4d832f968d213c87fbe3707a016657f43d2f853bc" "/opt/rustwide/cargo-home/bin/cargo" "+nightly-2025-01-18" "test" "--frozen", kill_on_drop: false }`
[INFO] [stdout] 23874738fbd5ecbe85da5085c7403d0cda096c25f8e4f93922737630fc173100
[INFO] running `Command { std: "docker" "start" "-a" "23874738fbd5ecbe85da5085c7403d0cda096c25f8e4f93922737630fc173100", kill_on_drop: false }`
[INFO] [stderr] warning: unused import: `crowdfunding_esdt`
[INFO] [stderr]  --> tests/crowdfunding_esdt_blackbox_test.rs:3:5
[INFO] [stderr]   |
[INFO] [stderr] 3 | use crowdfunding_esdt::*;
[INFO] [stderr]   |     ^^^^^^^^^^^^^^^^^
[INFO] [stderr]   |
[INFO] [stderr]   = note: `#[warn(unused_imports)]` on by default
[INFO] [stderr] 
[INFO] [stderr] warning: `crowdfunding-esdt` (test "crowdfunding_esdt_blackbox_test") generated 1 warning
[INFO] [stderr]     Finished `test` profile [unoptimized + debuginfo] target(s) in 0.27s
[INFO] [stderr]      Running unittests src/crowdfunding_esdt.rs (/opt/rustwide/target/debug/deps/crowdfunding_esdt-101ca5f903f98b17)
[INFO] [stdout] 
[INFO] [stdout] running 0 tests
[INFO] [stdout] 
[INFO] [stdout] test result: ok. 0 passed; 0 failed; 0 ignored; 0 measured; 0 filtered out; finished in 0.00s
[INFO] [stdout] 
[INFO] [stderr]      Running tests/crowdfunding_esdt_blackbox_test.rs (/opt/rustwide/target/debug/deps/crowdfunding_esdt_blackbox_test-6b1b8ff9058dad82)
[INFO] [stdout] 
[INFO] [stdout] running 6 tests
[INFO] [stdout] test test_deploy ... FAILED
[INFO] [stdout] test test_check_fund ... FAILED
[INFO] [stdout] test test_claim_before_deadline ... FAILED
[INFO] [stdout] test test_wrong_token_fund ... FAILED
[INFO] [stdout] test test_status_succes ... FAILED
[INFO] [stdout] test test_status_failed ... FAILED
[INFO] [stdout] 
[INFO] [stdout] failures:
[INFO] [stdout] 
[INFO] [stdout] ---- test_deploy stdout ----
[INFO] [stdout] 
[INFO] [stdout] thread 'test_deploy' panicked at /opt/rustwide/cargo-home/registry/src/index.crates.io-1949cf8c6b5b557f/multiversx-chain-scenario-format-0.22.3/src/serde_raw/scenario_raw.rs:61:47:
[INFO] [stdout] called `Result::unwrap()` on an `Err` value: Os { code: 30, kind: ReadOnlyFilesystem, message: "Read-only file system" }
[INFO] [stdout] stack backtrace:
[INFO] [stdout]    0:     0x648762496d2a - std::backtrace_rs::backtrace::libunwind::trace::hb059275cfc8d6126
[INFO] [stdout]                                at /rustc/6067b36314ab5eb2eb47cecc464545ba58e1ad24/library/std/src/../../backtrace/src/backtrace/libunwind.rs:116:5
[INFO] [stdout]    1:     0x648762496d2a - std::backtrace_rs::backtrace::trace_unsynchronized::h2da071e4327ce3ee
[INFO] [stdout]                                at /rustc/6067b36314ab5eb2eb47cecc464545ba58e1ad24/library/std/src/../../backtrace/src/backtrace/mod.rs:66:5
[INFO] [stdout]    2:     0x648762496d2a - std::sys::backtrace::_print_fmt::h842a1474e6f8d23f
[INFO] [stdout]                                at /rustc/6067b36314ab5eb2eb47cecc464545ba58e1ad24/library/std/src/sys/backtrace.rs:66:9
[INFO] [stdout]    3:     0x648762496d2a - <std::sys::backtrace::BacktraceLock::print::DisplayBacktrace as core::fmt::Display>::fmt::h71a62eb3b9696b12
[INFO] [stdout]                                at /rustc/6067b36314ab5eb2eb47cecc464545ba58e1ad24/library/std/src/sys/backtrace.rs:39:26
[INFO] [stdout]    4:     0x6487624c00d3 - core::fmt::rt::Argument::fmt::hdb6b616786b41dc1
[INFO] [stdout]                                at /rustc/6067b36314ab5eb2eb47cecc464545ba58e1ad24/library/core/src/fmt/rt.rs:177:76
[INFO] [stdout]    5:     0x6487624c00d3 - core::fmt::write::h2cc1698af7e2d686
[INFO] [stdout]                                at /rustc/6067b36314ab5eb2eb47cecc464545ba58e1ad24/library/core/src/fmt/mod.rs:1440:21
[INFO] [stdout]    6:     0x648762493723 - std::io::Write::write_fmt::hab1b4cd059a79022
[INFO] [stdout]                                at /rustc/6067b36314ab5eb2eb47cecc464545ba58e1ad24/library/std/src/io/mod.rs:1887:15
[INFO] [stdout]    7:     0x648762496b72 - std::sys::backtrace::BacktraceLock::print::h147fe35b4ea13b08
[INFO] [stdout]                                at /rustc/6067b36314ab5eb2eb47cecc464545ba58e1ad24/library/std/src/sys/backtrace.rs:42:9
[INFO] [stdout]    8:     0x64876249814f - std::panicking::default_hook::{{closure}}::hbd44223dbdc0d208
[INFO] [stdout]                                at /rustc/6067b36314ab5eb2eb47cecc464545ba58e1ad24/library/std/src/panicking.rs:298:22
[INFO] [stdout]    9:     0x648762497f68 - std::panicking::default_hook::h20f81eb0576efcec
[INFO] [stdout]                                at /rustc/6067b36314ab5eb2eb47cecc464545ba58e1ad24/library/std/src/panicking.rs:322:9
[INFO] [stdout]   10:     0x6487621ea133 - <alloc::boxed::Box<F,A> as core::ops::function::Fn<Args>>::call::hdb53814c496a4d34
[INFO] [stdout]                                at /rustc/6067b36314ab5eb2eb47cecc464545ba58e1ad24/library/alloc/src/boxed.rs:2027:9
[INFO] [stdout]   11:     0x6487621ea133 - test::test_main::{{closure}}::hc0a4963c59427c24
[INFO] [stdout]                                at /rustc/6067b36314ab5eb2eb47cecc464545ba58e1ad24/library/test/src/lib.rs:134:21
[INFO] [stdout]   12:     0x648762498c43 - <alloc::boxed::Box<F,A> as core::ops::function::Fn<Args>>::call::h591b2225413a77e9
[INFO] [stdout]                                at /rustc/6067b36314ab5eb2eb47cecc464545ba58e1ad24/library/alloc/src/boxed.rs:2027:9
[INFO] [stdout]   13:     0x648762498c43 - std::panicking::rust_panic_with_hook::h625eea43051b2edc
[INFO] [stdout]                                at /rustc/6067b36314ab5eb2eb47cecc464545ba58e1ad24/library/std/src/panicking.rs:839:13
[INFO] [stdout]   14:     0x6487624988fa - std::panicking::begin_panic_handler::{{closure}}::h4f9159cfbc3f6bd3
[INFO] [stdout]                                at /rustc/6067b36314ab5eb2eb47cecc464545ba58e1ad24/library/std/src/panicking.rs:704:13
[INFO] [stdout]   15:     0x648762497229 - std::sys::backtrace::__rust_end_short_backtrace::h0390abce48353151
[INFO] [stdout]                                at /rustc/6067b36314ab5eb2eb47cecc464545ba58e1ad24/library/std/src/sys/backtrace.rs:168:18
[INFO] [stdout]   16:     0x64876249858d - rust_begin_unwind
[INFO] [stdout]                                at /rustc/6067b36314ab5eb2eb47cecc464545ba58e1ad24/library/std/src/panicking.rs:695:5
[INFO] [stdout]   17:     0x6487624be3d0 - core::panicking::panic_fmt::h9e7c637e9e5f29c9
[INFO] [stdout]                                at /rustc/6067b36314ab5eb2eb47cecc464545ba58e1ad24/library/core/src/panicking.rs:75:14
[INFO] [stdout]   18:     0x6487624be846 - core::result::unwrap_failed::h7979f09313fe1849
[INFO] [stdout]                                at /rustc/6067b36314ab5eb2eb47cecc464545ba58e1ad24/library/core/src/result.rs:1704:5
[INFO] [stdout]   19:     0x64876219af04 - core::result::Result<T,E>::unwrap::h8186639f295d6812
[INFO] [stdout]                                at /rustc/6067b36314ab5eb2eb47cecc464545ba58e1ad24/library/core/src/result.rs:1109:23
[INFO] [stdout]   20:     0x64876219af04 - multiversx_chain_scenario_format::serde_raw::scenario_raw::ScenarioRaw::save_to_file::h744ab3f6277c2402
[INFO] [stdout]                                at /opt/rustwide/cargo-home/registry/src/index.crates.io-1949cf8c6b5b557f/multiversx-chain-scenario-format-0.22.3/src/serde_raw/scenario_raw.rs:61:24
[INFO] [stdout]   21:     0x64876217c1a8 - multiversx_sc_scenario::scenario::run_trace::scenario_trace::ScenarioTrace::write_scenario_trace::h1efbb0d458ed6048
[INFO] [stdout]                                at /opt/rustwide/cargo-home/registry/src/index.crates.io-1949cf8c6b5b557f/multiversx-sc-scenario-0.51.1/src/scenario/run_trace/scenario_trace.rs:25:9
[INFO] [stdout]   22:     0x64876217b87e - multiversx_sc_scenario::facade::scenario_world::ScenarioWorld::write_scenario_trace::h3f22aaf993e2b55f
[INFO] [stdout]                                at /opt/rustwide/cargo-home/registry/src/index.crates.io-1949cf8c6b5b557f/multiversx-sc-scenario-0.51.1/src/facade/scenario_world.rs:125:13
[INFO] [stdout]   23:     0x64876218469a - crowdfunding_esdt_blackbox_test::test_deploy::hbc6cc029834f5c67
[INFO] [stdout]                                at /opt/rustwide/workdir/tests/crowdfunding_esdt_blackbox_test.rs:160:5
[INFO] [stdout]   24:     0x6487621845f7 - crowdfunding_esdt_blackbox_test::test_deploy::{{closure}}::hc96aec0972ba401d
[INFO] [stdout]                                at /opt/rustwide/workdir/tests/crowdfunding_esdt_blackbox_test.rs:152:17
[INFO] [stdout]   25:     0x64876217d4a6 - core::ops::function::FnOnce::call_once::h18ff2a6843a284f6
[INFO] [stdout]                                at /rustc/6067b36314ab5eb2eb47cecc464545ba58e1ad24/library/core/src/ops/function.rs:250:5
[INFO] [stdout]   26:     0x6487621ef88b - core::ops::function::FnOnce::call_once::he27718dfdd183f43
[INFO] [stdout]                                at /rustc/6067b36314ab5eb2eb47cecc464545ba58e1ad24/library/core/src/ops/function.rs:250:5
[INFO] [stdout]   27:     0x6487621ef88b - test::__rust_begin_short_backtrace::h4e84902998457a5d
[INFO] [stdout]                                at /rustc/6067b36314ab5eb2eb47cecc464545ba58e1ad24/library/test/src/lib.rs:632:18
[INFO] [stdout]   28:     0x6487621ee7c3 - test::run_test_in_process::{{closure}}::h7176fd18fc1feca0
[INFO] [stdout]                                at /rustc/6067b36314ab5eb2eb47cecc464545ba58e1ad24/library/test/src/lib.rs:655:60
[INFO] [stdout]   29:     0x6487621ee7c3 - <core::panic::unwind_safe::AssertUnwindSafe<F> as core::ops::function::FnOnce<()>>::call_once::hf79cff2a624d8cf7
[INFO] [stdout]                                at /rustc/6067b36314ab5eb2eb47cecc464545ba58e1ad24/library/core/src/panic/unwind_safe.rs:272:9
[INFO] [stdout]   30:     0x6487621ee7c3 - std::panicking::try::do_call::h3da0561d9ab99c25
[INFO] [stdout]                                at /rustc/6067b36314ab5eb2eb47cecc464545ba58e1ad24/library/std/src/panicking.rs:587:40
[INFO] [stdout]   31:     0x6487621ee7c3 - std::panicking::try::h41c9fa508bc61df6
[INFO] [stdout]                                at /rustc/6067b36314ab5eb2eb47cecc464545ba58e1ad24/library/std/src/panicking.rs:550:19
[INFO] [stdout]   32:     0x6487621ee7c3 - std::panic::catch_unwind::h6b3ff07bb5afad93
[INFO] [stdout]                                at /rustc/6067b36314ab5eb2eb47cecc464545ba58e1ad24/library/std/src/panic.rs:358:14
[INFO] [stdout]   33:     0x6487621ee7c3 - test::run_test_in_process::hc7253dd11b39b9f4
[INFO] [stdout]                                at /rustc/6067b36314ab5eb2eb47cecc464545ba58e1ad24/library/test/src/lib.rs:655:27
[INFO] [stdout]   34:     0x6487621ee7c3 - test::run_test::{{closure}}::hfb2007f8649c30bb
[INFO] [stdout]                                at /rustc/6067b36314ab5eb2eb47cecc464545ba58e1ad24/library/test/src/lib.rs:576:43
[INFO] [stdout]   35:     0x6487621b18a5 - test::run_test::{{closure}}::h56a17aa7a282a9f4
[INFO] [stdout]                                at /rustc/6067b36314ab5eb2eb47cecc464545ba58e1ad24/library/test/src/lib.rs:606:41
[INFO] [stdout]   36:     0x6487621b18a5 - std::sys::backtrace::__rust_begin_short_backtrace::hd2d2d2fb8e8c6aac
[INFO] [stdout]                                at /rustc/6067b36314ab5eb2eb47cecc464545ba58e1ad24/library/std/src/sys/backtrace.rs:152:18
[INFO] [stdout]   37:     0x6487621b518a - std::thread::Builder::spawn_unchecked_::{{closure}}::{{closure}}::h4faa3f9db6133423
[INFO] [stdout]                                at /rustc/6067b36314ab5eb2eb47cecc464545ba58e1ad24/library/std/src/thread/mod.rs:559:17
[INFO] [stdout]   38:     0x6487621b518a - <core::panic::unwind_safe::AssertUnwindSafe<F> as core::ops::function::FnOnce<()>>::call_once::hf2e855a36a4ea846
[INFO] [stdout]                                at /rustc/6067b36314ab5eb2eb47cecc464545ba58e1ad24/library/core/src/panic/unwind_safe.rs:272:9
[INFO] [stdout]   39:     0x6487621b518a - std::panicking::try::do_call::h2f73af3616c35465
[INFO] [stdout]                                at /rustc/6067b36314ab5eb2eb47cecc464545ba58e1ad24/library/std/src/panicking.rs:587:40
[INFO] [stdout]   40:     0x6487621b518a - std::panicking::try::hd1660ce9efadef5a
[INFO] [stdout]                                at /rustc/6067b36314ab5eb2eb47cecc464545ba58e1ad24/library/std/src/panicking.rs:550:19
[INFO] [stdout]   41:     0x6487621b518a - std::panic::catch_unwind::h5ee8d7823b8ca744
[INFO] [stdout]                                at /rustc/6067b36314ab5eb2eb47cecc464545ba58e1ad24/library/std/src/panic.rs:358:14
[INFO] [stdout]   42:     0x6487621b518a - std::thread::Builder::spawn_unchecked_::{{closure}}::h53c3a1894dce8407
[INFO] [stdout]                                at /rustc/6067b36314ab5eb2eb47cecc464545ba58e1ad24/library/std/src/thread/mod.rs:557:30
[INFO] [stdout]   43:     0x6487621b518a - core::ops::function::FnOnce::call_once{{vtable.shim}}::h048ce291ad4f62bf
[INFO] [stdout]                                at /rustc/6067b36314ab5eb2eb47cecc464545ba58e1ad24/library/core/src/ops/function.rs:250:5
[INFO] [stdout]   44:     0x64876249cbbb - <alloc::boxed::Box<F,A> as core::ops::function::FnOnce<Args>>::call_once::ha52bedf99a3b4981
[INFO] [stdout]                                at /rustc/6067b36314ab5eb2eb47cecc464545ba58e1ad24/library/alloc/src/boxed.rs:2013:9
[INFO] [stdout]   45:     0x64876249cbbb - <alloc::boxed::Box<F,A> as core::ops::function::FnOnce<Args>>::call_once::h567748934d80ccf8
[INFO] [stdout]                                at /rustc/6067b36314ab5eb2eb47cecc464545ba58e1ad24/library/alloc/src/boxed.rs:2013:9
[INFO] [stdout]   46:     0x64876249cbbb - std::sys::pal::unix::thread::Thread::new::thread_start::h2d970728ae887adc
[INFO] [stdout]                                at /rustc/6067b36314ab5eb2eb47cecc464545ba58e1ad24/library/std/src/sys/pal/unix/thread.rs:106:17
[INFO] [stdout]   47:     0x71ef8521aac3 - <unknown>
[INFO] [stdout]   48:     0x71ef852aba04 - clone
[INFO] [stdout]   49:                0x0 - <unknown>
[INFO] [stdout] 
[INFO] [stdout] ---- test_check_fund stdout ----
[INFO] [stdout] 
[INFO] [stdout] thread 'test_check_fund' panicked at /opt/rustwide/cargo-home/registry/src/index.crates.io-1949cf8c6b5b557f/multiversx-chain-scenario-format-0.22.3/src/serde_raw/scenario_raw.rs:61:47:
[INFO] [stdout] called `Result::unwrap()` on an `Err` value: Os { code: 30, kind: ReadOnlyFilesystem, message: "Read-only file system" }
[INFO] [stdout] stack backtrace:
[INFO] [stdout]    0:     0x648762496d2a - std::backtrace_rs::backtrace::libunwind::trace::hb059275cfc8d6126
[INFO] [stdout]                                at /rustc/6067b36314ab5eb2eb47cecc464545ba58e1ad24/library/std/src/../../backtrace/src/backtrace/libunwind.rs:116:5
[INFO] [stdout]    1:     0x648762496d2a - std::backtrace_rs::backtrace::trace_unsynchronized::h2da071e4327ce3ee
[INFO] [stdout]                                at /rustc/6067b36314ab5eb2eb47cecc464545ba58e1ad24/library/std/src/../../backtrace/src/backtrace/mod.rs:66:5
[INFO] [stdout]    2:     0x648762496d2a - std::sys::backtrace::_print_fmt::h842a1474e6f8d23f
[INFO] [stdout]                                at /rustc/6067b36314ab5eb2eb47cecc464545ba58e1ad24/library/std/src/sys/backtrace.rs:66:9
[INFO] [stdout]    3:     0x648762496d2a - <std::sys::backtrace::BacktraceLock::print::DisplayBacktrace as core::fmt::Display>::fmt::h71a62eb3b9696b12
[INFO] [stdout]                                at /rustc/6067b36314ab5eb2eb47cecc464545ba58e1ad24/library/std/src/sys/backtrace.rs:39:26
[INFO] [stdout]    4:     0x6487624c00d3 - core::fmt::rt::Argument::fmt::hdb6b616786b41dc1
[INFO] [stdout]                                at /rustc/6067b36314ab5eb2eb47cecc464545ba58e1ad24/library/core/src/fmt/rt.rs:177:76
[INFO] [stdout]    5:     0x6487624c00d3 - core::fmt::write::h2cc1698af7e2d686
[INFO] [stdout]                                at /rustc/6067b36314ab5eb2eb47cecc464545ba58e1ad24/library/core/src/fmt/mod.rs:1440:21
[INFO] [stdout]    6:     0x648762493723 - std::io::Write::write_fmt::hab1b4cd059a79022
[INFO] [stdout]                                at /rustc/6067b36314ab5eb2eb47cecc464545ba58e1ad24/library/std/src/io/mod.rs:1887:15
[INFO] [stdout]    7:     0x648762496b72 - std::sys::backtrace::BacktraceLock::print::h147fe35b4ea13b08
[INFO] [stdout]                                at /rustc/6067b36314ab5eb2eb47cecc464545ba58e1ad24/library/std/src/sys/backtrace.rs:42:9
[INFO] [stdout]    8:     0x64876249814f - std::panicking::default_hook::{{closure}}::hbd44223dbdc0d208
[INFO] [stdout]                                at /rustc/6067b36314ab5eb2eb47cecc464545ba58e1ad24/library/std/src/panicking.rs:298:22
[INFO] [stdout]    9:     0x648762497f68 - std::panicking::default_hook::h20f81eb0576efcec
[INFO] [stdout]                                at /rustc/6067b36314ab5eb2eb47cecc464545ba58e1ad24/library/std/src/panicking.rs:322:9
[INFO] [stdout]   10:     0x6487621ea133 - <alloc::boxed::Box<F,A> as core::ops::function::Fn<Args>>::call::hdb53814c496a4d34
[INFO] [stdout]                                at /rustc/6067b36314ab5eb2eb47cecc464545ba58e1ad24/library/alloc/src/boxed.rs:2027:9
[INFO] [stdout]   11:     0x6487621ea133 - test::test_main::{{closure}}::hc0a4963c59427c24
[INFO] [stdout]                                at /rustc/6067b36314ab5eb2eb47cecc464545ba58e1ad24/library/test/src/lib.rs:134:21
[INFO] [stdout]   12:     0x648762498c43 - <alloc::boxed::Box<F,A> as core::ops::function::Fn<Args>>::call::h591b2225413a77e9
[INFO] [stdout]                                at /rustc/6067b36314ab5eb2eb47cecc464545ba58e1ad24/library/alloc/src/boxed.rs:2027:9
[INFO] [stdout]   13:     0x648762498c43 - std::panicking::rust_panic_with_hook::h625eea43051b2edc
[INFO] [stdout]                                at /rustc/6067b36314ab5eb2eb47cecc464545ba58e1ad24/library/std/src/panicking.rs:839:13
[INFO] [stdout]   14:     0x6487624988fa - std::panicking::begin_panic_handler::{{closure}}::h4f9159cfbc3f6bd3
[INFO] [stdout]                                at /rustc/6067b36314ab5eb2eb47cecc464545ba58e1ad24/library/std/src/panicking.rs:704:13
[INFO] [stdout]   15:     0x648762497229 - std::sys::backtrace::__rust_end_short_backtrace::h0390abce48353151
[INFO] [stdout]                                at /rustc/6067b36314ab5eb2eb47cecc464545ba58e1ad24/library/std/src/sys/backtrace.rs:168:18
[INFO] [stdout]   16:     0x64876249858d - rust_begin_unwind
[INFO] [stdout]                                at /rustc/6067b36314ab5eb2eb47cecc464545ba58e1ad24/library/std/src/panicking.rs:695:5
[INFO] [stdout]   17:     0x6487624be3d0 - core::panicking::panic_fmt::h9e7c637e9e5f29c9
[INFO] [stdout]                                at /rustc/6067b36314ab5eb2eb47cecc464545ba58e1ad24/library/core/src/panicking.rs:75:14
[INFO] [stdout]   18:     0x6487624be846 - core::result::unwrap_failed::h7979f09313fe1849
[INFO] [stdout]                                at /rustc/6067b36314ab5eb2eb47cecc464545ba58e1ad24/library/core/src/result.rs:1704:5
[INFO] [stdout]   19:     0x64876219af04 - core::result::Result<T,E>::unwrap::h8186639f295d6812
[INFO] [stdout]                                at /rustc/6067b36314ab5eb2eb47cecc464545ba58e1ad24/library/core/src/result.rs:1109:23
[INFO] [stdout]   20:     0x64876219af04 - multiversx_chain_scenario_format::serde_raw::scenario_raw::ScenarioRaw::save_to_file::h744ab3f6277c2402
[INFO] [stdout]                                at /opt/rustwide/cargo-home/registry/src/index.crates.io-1949cf8c6b5b557f/multiversx-chain-scenario-format-0.22.3/src/serde_raw/scenario_raw.rs:61:24
[INFO] [stdout]   21:     0x64876217c1a8 - multiversx_sc_scenario::scenario::run_trace::scenario_trace::ScenarioTrace::write_scenario_trace::h1efbb0d458ed6048
[INFO] [stdout]                                at /opt/rustwide/cargo-home/registry/src/index.crates.io-1949cf8c6b5b557f/multiversx-sc-scenario-0.51.1/src/scenario/run_trace/scenario_trace.rs:25:9
[INFO] [stdout]   22:     0x64876217b87e - multiversx_sc_scenario::facade::scenario_world::ScenarioWorld::write_scenario_trace::h3f22aaf993e2b55f
[INFO] [stdout]                                at /opt/rustwide/cargo-home/registry/src/index.crates.io-1949cf8c6b5b557f/multiversx-sc-scenario-0.51.1/src/facade/scenario_world.rs:125:13
[INFO] [stdout]   23:     0x6487621847c6 - crowdfunding_esdt_blackbox_test::test_check_fund::h5b4b32ab3185d699
[INFO] [stdout]                                at /opt/rustwide/workdir/tests/crowdfunding_esdt_blackbox_test.rs:175:5
[INFO] [stdout]   24:     0x6487621846e7 - crowdfunding_esdt_blackbox_test::test_check_fund::{{closure}}::he26726a0c3ac8831
[INFO] [stdout]                                at /opt/rustwide/workdir/tests/crowdfunding_esdt_blackbox_test.rs:165:21
[INFO] [stdout]   25:     0x64876217d636 - core::ops::function::FnOnce::call_once::hcb292e4d81dee4af
[INFO] [stdout]                                at /rustc/6067b36314ab5eb2eb47cecc464545ba58e1ad24/library/core/src/ops/function.rs:250:5
[INFO] [stdout]   26:     0x6487621ef88b - core::ops::function::FnOnce::call_once::he27718dfdd183f43
[INFO] [stdout]                                at /rustc/6067b36314ab5eb2eb47cecc464545ba58e1ad24/library/core/src/ops/function.rs:250:5
[INFO] [stdout]   27:     0x6487621ef88b - test::__rust_begin_short_backtrace::h4e84902998457a5d
[INFO] [stdout]                                at /rustc/6067b36314ab5eb2eb47cecc464545ba58e1ad24/library/test/src/lib.rs:632:18
[INFO] [stdout]   28:     0x6487621ee7c3 - test::run_test_in_process::{{closure}}::h7176fd18fc1feca0
[INFO] [stdout]                                at /rustc/6067b36314ab5eb2eb47cecc464545ba58e1ad24/library/test/src/lib.rs:655:60
[INFO] [stdout]   29:     0x6487621ee7c3 - <core::panic::unwind_safe::AssertUnwindSafe<F> as core::ops::function::FnOnce<()>>::call_once::hf79cff2a624d8cf7
[INFO] [stdout]                                at /rustc/6067b36314ab5eb2eb47cecc464545ba58e1ad24/library/core/src/panic/unwind_safe.rs:272:9
[INFO] [stdout]   30:     0x6487621ee7c3 - std::panicking::try::do_call::h3da0561d9ab99c25
[INFO] [stdout]                                at /rustc/6067b36314ab5eb2eb47cecc464545ba58e1ad24/library/std/src/panicking.rs:587:40
[INFO] [stdout]   31:     0x6487621ee7c3 - std::panicking::try::h41c9fa508bc61df6
[INFO] [stdout]                                at /rustc/6067b36314ab5eb2eb47cecc464545ba58e1ad24/library/std/src/panicking.rs:550:19
[INFO] [stdout]   32:     0x6487621ee7c3 - std::panic::catch_unwind::h6b3ff07bb5afad93
[INFO] [stdout]                                at /rustc/6067b36314ab5eb2eb47cecc464545ba58e1ad24/library/std/src/panic.rs:358:14
[INFO] [stdout]   33:     0x6487621ee7c3 - test::run_test_in_process::hc7253dd11b39b9f4
[INFO] [stdout]                                at /rustc/6067b36314ab5eb2eb47cecc464545ba58e1ad24/library/test/src/lib.rs:655:27
[INFO] [stdout]   34:     0x6487621ee7c3 - test::run_test::{{closure}}::hfb2007f8649c30bb
[INFO] [stdout]                                at /rustc/6067b36314ab5eb2eb47cecc464545ba58e1ad24/library/test/src/lib.rs:576:43
[INFO] [stdout]   35:     0x6487621b18a5 - test::run_test::{{closure}}::h56a17aa7a282a9f4
[INFO] [stdout]                                at /rustc/6067b36314ab5eb2eb47cecc464545ba58e1ad24/library/test/src/lib.rs:606:41
[INFO] [stdout]   36:     0x6487621b18a5 - std::sys::backtrace::__rust_begin_short_backtrace::hd2d2d2fb8e8c6aac
[INFO] [stdout]                                at /rustc/6067b36314ab5eb2eb47cecc464545ba58e1ad24/library/std/src/sys/backtrace.rs:152:18
[INFO] [stdout]   37:     0x6487621b518a - std::thread::Builder::spawn_unchecked_::{{closure}}::{{closure}}::h4faa3f9db6133423
[INFO] [stdout]                                at /rustc/6067b36314ab5eb2eb47cecc464545ba58e1ad24/library/std/src/thread/mod.rs:559:17
[INFO] [stdout]   38:     0x6487621b518a - <core::panic::unwind_safe::AssertUnwindSafe<F> as core::ops::function::FnOnce<()>>::call_once::hf2e855a36a4ea846
[INFO] [stdout]                                at /rustc/6067b36314ab5eb2eb47cecc464545ba58e1ad24/library/core/src/panic/unwind_safe.rs:272:9
[INFO] [stdout]   39:     0x6487621b518a - std::panicking::try::do_call::h2f73af3616c35465
[INFO] [stdout]                                at /rustc/6067b36314ab5eb2eb47cecc464545ba58e1ad24/library/std/src/panicking.rs:587:40
[INFO] [stdout]   40:     0x6487621b518a - std::panicking::try::hd1660ce9efadef5a
[INFO] [stdout]                                at /rustc/6067b36314ab5eb2eb47cecc464545ba58e1ad24/library/std/src/panicking.rs:550:19
[INFO] [stdout]   41:     0x6487621b518a - std::panic::catch_unwind::h5ee8d7823b8ca744
[INFO] [stdout]                                at /rustc/6067b36314ab5eb2eb47cecc464545ba58e1ad24/library/std/src/panic.rs:358:14
[INFO] [stdout]   42:     0x6487621b518a - std::thread::Builder::spawn_unchecked_::{{closure}}::h53c3a1894dce8407
[INFO] [stdout]                                at /rustc/6067b36314ab5eb2eb47cecc464545ba58e1ad24/library/std/src/thread/mod.rs:557:30
[INFO] [stdout]   43:     0x6487621b518a - core::ops::function::FnOnce::call_once{{vtable.shim}}::h048ce291ad4f62bf
[INFO] [stdout]                                at /rustc/6067b36314ab5eb2eb47cecc464545ba58e1ad24/library/core/src/ops/function.rs:250:5
[INFO] [stdout]   44:     0x64876249cbbb - <alloc::boxed::Box<F,A> as core::ops::function::FnOnce<Args>>::call_once::ha52bedf99a3b4981
[INFO] [stdout]                                at /rustc/6067b36314ab5eb2eb47cecc464545ba58e1ad24/library/alloc/src/boxed.rs:2013:9
[INFO] [stdout]   45:     0x64876249cbbb - <alloc::boxed::Box<F,A> as core::ops::function::FnOnce<Args>>::call_once::h567748934d80ccf8
[INFO] [stdout]                                at /rustc/6067b36314ab5eb2eb47cecc464545ba58e1ad24/library/alloc/src/boxed.rs:2013:9
[INFO] [stdout]   46:     0x64876249cbbb - std::sys::pal::unix::thread::Thread::new::thread_start::h2d970728ae887adc
[INFO] [stdout]                                at /rustc/6067b36314ab5eb2eb47cecc464545ba58e1ad24/library/std/src/sys/pal/unix/thread.rs:106:17
[INFO] [stdout]   47:     0x71ef8521aac3 - <unknown>
[INFO] [stdout]   48:     0x71ef852aba04 - clone
[INFO] [stdout]   49:                0x0 - <unknown>
[INFO] [stdout] 
[INFO] [stdout] ---- test_claim_before_deadline stdout ----
[INFO] [stdout] cannot claim before deadline
[INFO] [stdout] 
[INFO] [stdout] thread 'test_claim_before_deadline' panicked at /opt/rustwide/cargo-home/registry/src/index.crates.io-1949cf8c6b5b557f/multiversx-chain-vm-0.9.0/src/vm_hooks/vh_impl/vh_debug_api.rs:45:9:
[INFO] [stdout] Box<dyn Any>
[INFO] [stdout] stack backtrace:
[INFO] [stdout]    0:     0x648762496d2a - std::backtrace_rs::backtrace::libunwind::trace::hb059275cfc8d6126
[INFO] [stdout]                                at /rustc/6067b36314ab5eb2eb47cecc464545ba58e1ad24/library/std/src/../../backtrace/src/backtrace/libunwind.rs:116:5
[INFO] [stdout]    1:     0x648762496d2a - std::backtrace_rs::backtrace::trace_unsynchronized::h2da071e4327ce3ee
[INFO] [stdout]                                at /rustc/6067b36314ab5eb2eb47cecc464545ba58e1ad24/library/std/src/../../backtrace/src/backtrace/mod.rs:66:5
[INFO] [stdout]    2:     0x648762496d2a - std::sys::backtrace::_print_fmt::h842a1474e6f8d23f
[INFO] [stdout]                                at /rustc/6067b36314ab5eb2eb47cecc464545ba58e1ad24/library/std/src/sys/backtrace.rs:66:9
[INFO] [stdout]    3:     0x648762496d2a - <std::sys::backtrace::BacktraceLock::print::DisplayBacktrace as core::fmt::Display>::fmt::h71a62eb3b9696b12
[INFO] [stdout]                                at /rustc/6067b36314ab5eb2eb47cecc464545ba58e1ad24/library/std/src/sys/backtrace.rs:39:26
[INFO] [stdout]    4:     0x6487624c00d3 - core::fmt::rt::Argument::fmt::hdb6b616786b41dc1
[INFO] [stdout]                                at /rustc/6067b36314ab5eb2eb47cecc464545ba58e1ad24/library/core/src/fmt/rt.rs:177:76
[INFO] [stdout]    5:     0x6487624c00d3 - core::fmt::write::h2cc1698af7e2d686
[INFO] [stdout]                                at /rustc/6067b36314ab5eb2eb47cecc464545ba58e1ad24/library/core/src/fmt/mod.rs:1440:21
[INFO] [stdout]    6:     0x648762493723 - std::io::Write::write_fmt::hab1b4cd059a79022
[INFO] [stdout]                                at /rustc/6067b36314ab5eb2eb47cecc464545ba58e1ad24/library/std/src/io/mod.rs:1887:15
[INFO] [stdout]    7:     0x648762496b72 - std::sys::backtrace::BacktraceLock::print::h147fe35b4ea13b08
[INFO] [stdout]                                at /rustc/6067b36314ab5eb2eb47cecc464545ba58e1ad24/library/std/src/sys/backtrace.rs:42:9
[INFO] [stdout]    8:     0x64876249814f - std::panicking::default_hook::{{closure}}::hbd44223dbdc0d208
[INFO] [stdout]                                at /rustc/6067b36314ab5eb2eb47cecc464545ba58e1ad24/library/std/src/panicking.rs:298:22
[INFO] [stdout]    9:     0x648762497f68 - std::panicking::default_hook::h20f81eb0576efcec
[INFO] [stdout]                                at /rustc/6067b36314ab5eb2eb47cecc464545ba58e1ad24/library/std/src/panicking.rs:322:9
[INFO] [stdout]   10:     0x6487621ea133 - <alloc::boxed::Box<F,A> as core::ops::function::Fn<Args>>::call::hdb53814c496a4d34
[INFO] [stdout]                                at /rustc/6067b36314ab5eb2eb47cecc464545ba58e1ad24/library/alloc/src/boxed.rs:2027:9
[INFO] [stdout]   11:     0x6487621ea133 - test::test_main::{{closure}}::hc0a4963c59427c24
[INFO] [stdout]                                at /rustc/6067b36314ab5eb2eb47cecc464545ba58e1ad24/library/test/src/lib.rs:134:21
[INFO] [stdout]   12:     0x648762498c43 - <alloc::boxed::Box<F,A> as core::ops::function::Fn<Args>>::call::h591b2225413a77e9
[INFO] [stdout]                                at /rustc/6067b36314ab5eb2eb47cecc464545ba58e1ad24/library/alloc/src/boxed.rs:2027:9
[INFO] [stdout]   13:     0x648762498c43 - std::panicking::rust_panic_with_hook::h625eea43051b2edc
[INFO] [stdout]                                at /rustc/6067b36314ab5eb2eb47cecc464545ba58e1ad24/library/std/src/panicking.rs:839:13
[INFO] [stdout]   14:     0x6487623e568c - std::panicking::begin_panic::{{closure}}::h152dc7b76ad07fdb
[INFO] [stdout]                                at /rustc/6067b36314ab5eb2eb47cecc464545ba58e1ad24/library/std/src/panicking.rs:768:9
[INFO] [stdout]   15:     0x6487623918ec - std::sys::backtrace::__rust_end_short_backtrace::ha312660e8a434e29
[INFO] [stdout]                                at /rustc/6067b36314ab5eb2eb47cecc464545ba58e1ad24/library/std/src/sys/backtrace.rs:168:18
[INFO] [stdout]   16:     0x6487623e5643 - std::panicking::begin_panic::ha2190f3cf98e5d6c
[INFO] [stdout]                                at /rustc/6067b36314ab5eb2eb47cecc464545ba58e1ad24/library/std/src/panicking.rs:767:5
[INFO] [stdout]   17:     0x6487623b72f4 - std::panic::panic_any::he4a6423edf45b9bc
[INFO] [stdout]                                at /rustc/6067b36314ab5eb2eb47cecc464545ba58e1ad24/library/std/src/panic.rs:259:5
[INFO] [stdout]   18:     0x6487623ac225 - <multiversx_chain_vm::vm_hooks::vh_impl::vh_debug_api::DebugApiVMHooksHandler as multiversx_chain_vm::vm_hooks::vh_source::VMHooksHandlerSource>::halt_with_error::hb1ee092706dd5cc9
[INFO] [stdout]                                at /opt/rustwide/cargo-home/registry/src/index.crates.io-1949cf8c6b5b557f/multiversx-chain-vm-0.9.0/src/vm_hooks/vh_impl/vh_debug_api.rs:45:9
[INFO] [stdout]   19:     0x648762176677 - multiversx_chain_vm::vm_hooks::vh_handler::vh_error::VMHooksError::signal_error::hd7163edcfd29c0dd
[INFO] [stdout]                                at /opt/rustwide/cargo-home/registry/src/index.crates.io-1949cf8c6b5b557f/multiversx-chain-vm-0.9.0/src/vm_hooks/vh_handler/vh_error.rs:11:9
[INFO] [stdout]   20:     0x6487623d7105 - <multiversx_chain_vm::vm_hooks::vh_dispatcher::VMHooksDispatcher as multiversx_chain_vm_executor::vm_hooks::VMHooks>::signal_error::{{closure}}::h3510ce83bc20d765
[INFO] [stdout]                                at /opt/rustwide/cargo-home/registry/src/index.crates.io-1949cf8c6b5b557f/multiversx-chain-vm-0.9.0/src/vm_hooks/vh_dispatcher.rs:64:17
[INFO] [stdout]   21:     0x6487623c7e50 - multiversx_chain_vm::mem_conv::with_bytes::hb4842046eb76e91d
[INFO] [stdout]                                at /opt/rustwide/cargo-home/registry/src/index.crates.io-1949cf8c6b5b557f/multiversx-chain-vm-0.9.0/src/mem_conv.rs:27:5
[INFO] [stdout]   22:     0x6487623d70b8 - <multiversx_chain_vm::vm_hooks::vh_dispatcher::VMHooksDispatcher as multiversx_chain_vm_executor::vm_hooks::VMHooks>::signal_error::h289991253b65740d
[INFO] [stdout]                                at /opt/rustwide/cargo-home/registry/src/index.crates.io-1949cf8c6b5b557f/multiversx-chain-vm-0.9.0/src/vm_hooks/vh_dispatcher.rs:63:13
[INFO] [stdout]   23:     0x64876219440f - multiversx_sc_scenario::api::core_api_vh::error_api_vh::<impl multiversx_sc::api::error_api::ErrorApiImpl for multiversx_sc_scenario::api::impl_vh::vm_hooks_api::VMHooksApi<VHB>>::signal_error::{{closure}}::{{closure}}::h227b5a88a7262748
[INFO] [stdout]                                at /opt/rustwide/cargo-home/registry/src/index.crates.io-1949cf8c6b5b557f/multiversx-sc-scenario-0.51.1/src/api/core_api_vh/error_api_vh.rs:18:17
[INFO] [stdout]   24:     0x648762189447 - multiversx_chain_vm::mem_conv::with_mem_ptr::hcf1caddc44ec0fce
[INFO] [stdout]                                at /opt/rustwide/cargo-home/registry/src/index.crates.io-1949cf8c6b5b557f/multiversx-chain-vm-0.9.0/src/mem_conv.rs:7:5
[INFO] [stdout]   25:     0x6487621943c7 - multiversx_sc_scenario::api::core_api_vh::error_api_vh::<impl multiversx_sc::api::error_api::ErrorApiImpl for multiversx_sc_scenario::api::impl_vh::vm_hooks_api::VMHooksApi<VHB>>::signal_error::{{closure}}::h5e0cb4db00b70596
[INFO] [stdout]                                at /opt/rustwide/cargo-home/registry/src/index.crates.io-1949cf8c6b5b557f/multiversx-sc-scenario-0.51.1/src/api/core_api_vh/error_api_vh.rs:17:13
[INFO] [stdout]   26:     0x64876218da1b - <multiversx_sc_scenario::api::impl_vh::debug_api::DebugApiBackend as multiversx_sc_scenario::api::impl_vh::vm_hooks_backend::VMHooksApiBackend>::with_vm_hooks::h630a5e21f6626167
[INFO] [stdout]                                at /opt/rustwide/cargo-home/registry/src/index.crates.io-1949cf8c6b5b557f/multiversx-sc-scenario-0.51.1/src/api/impl_vh/debug_api.rs:27:9
[INFO] [stdout]   27:     0x6487621a8590 - multiversx_sc_scenario::api::impl_vh::vm_hooks_api::VMHooksApi<VHB>::with_vm_hooks::h568124f02c86bed8
[INFO] [stdout]                                at /opt/rustwide/cargo-home/registry/src/index.crates.io-1949cf8c6b5b557f/multiversx-sc-scenario-0.51.1/src/api/impl_vh/vm_hooks_api.rs:27:9
[INFO] [stdout]   28:     0x6487621a6f27 - multiversx_sc_scenario::api::core_api_vh::error_api_vh::<impl multiversx_sc::api::error_api::ErrorApiImpl for multiversx_sc_scenario::api::impl_vh::vm_hooks_api::VMHooksApi<VHB>>::signal_error::hbac42258ddcbebd0
[INFO] [stdout]                                at /opt/rustwide/cargo-home/registry/src/index.crates.io-1949cf8c6b5b557f/multiversx-sc-scenario-0.51.1/src/api/core_api_vh/error_api_vh.rs:16:9
[INFO] [stdout]   29:     0x648762177199 - <&str as multiversx_sc::contract_base::wrappers::error_helper::IntoSignalError<M>>::signal_error_with_message::h9263f227908ddec0
[INFO] [stdout]                                at /opt/rustwide/cargo-home/registry/src/index.crates.io-1949cf8c6b5b557f/multiversx-sc-0.51.1/src/contract_base/wrappers/error_helper.rs:42:9
[INFO] [stdout]   30:     0x648762179923 - multiversx_sc::contract_base::wrappers::error_helper::ErrorHelper<M>::signal_error_with_message::h25e2f186878054f1
[INFO] [stdout]                                at /opt/rustwide/cargo-home/registry/src/index.crates.io-1949cf8c6b5b557f/multiversx-sc-0.51.1/src/contract_base/wrappers/error_helper.rs:30:9
[INFO] [stdout]   31:     0x64876219219f - crowdfunding_esdt::Crowdfunding::claim::h969aa062a30d79b7
[INFO] [stdout]                                at /opt/rustwide/workdir/src/crowdfunding_esdt.rs:71:38
[INFO] [stdout]   32:     0x648762192a21 - crowdfunding_esdt::EndpointWrappers::call_claim::hba2515593eb32927
[INFO] [stdout]                                at /opt/rustwide/workdir/src/crowdfunding_esdt.rs:14:1
[INFO] [stdout]   33:     0x648762193986 - crowdfunding_esdt::EndpointWrappers::call::hf6e76343d1572f73
[INFO] [stdout]                                at /opt/rustwide/workdir/src/crowdfunding_esdt.rs:14:1
[INFO] [stdout]   34:     0x64876218bc47 - <crowdfunding_esdt::ContractObj<A> as multiversx_sc::contract_base::callable_contract::CallableContract>::call::hffb5b714deb2c8ee
[INFO] [stdout]                                at /opt/rustwide/workdir/src/crowdfunding_esdt.rs:14:1
[INFO] [stdout]   35:     0x6487622b11b8 - multiversx_sc_scenario::debug_executor::contract_container::ContractContainer::call::hab431f426ca74fc0
[INFO] [stdout]                                at /opt/rustwide/cargo-home/registry/src/index.crates.io-1949cf8c6b5b557f/multiversx-sc-scenario-0.51.1/src/debug_executor/contract_container.rs:42:13
[INFO] [stdout]   36:     0x6487622b1570 - <multiversx_sc_scenario::debug_executor::contract_container::ContractContainerRef as multiversx_chain_vm_executor::instance::Instance>::call::{{closure}}::h93f31bba356864cb
[INFO] [stdout]                                at /opt/rustwide/cargo-home/registry/src/index.crates.io-1949cf8c6b5b557f/multiversx-sc-scenario-0.51.1/src/debug_executor/contract_container.rs:80:35
[INFO] [stdout]   37:     0x6487622da28a - <core::panic::unwind_safe::AssertUnwindSafe<F> as core::ops::function::FnOnce<()>>::call_once::h83fe4c8682b05990
[INFO] [stdout]                                at /rustc/6067b36314ab5eb2eb47cecc464545ba58e1ad24/library/core/src/panic/unwind_safe.rs:272:9
[INFO] [stdout]   38:     0x64876224dd04 - std::panicking::try::do_call::he2a3151f2356bc45
[INFO] [stdout]                                at /rustc/6067b36314ab5eb2eb47cecc464545ba58e1ad24/library/std/src/panicking.rs:587:40
[INFO] [stdout]   39:     0x64876228026b - __rust_try
[INFO] [stdout]   40:     0x64876227184d - std::panicking::try::h5aab357d39c821fc
[INFO] [stdout]                                at /rustc/6067b36314ab5eb2eb47cecc464545ba58e1ad24/library/std/src/panicking.rs:550:19
[INFO] [stdout]   41:     0x64876227184d - std::panic::catch_unwind::h7f8eb0540ea90669
[INFO] [stdout]                                at /rustc/6067b36314ab5eb2eb47cecc464545ba58e1ad24/library/std/src/panic.rs:358:14
[INFO] [stdout]   42:     0x64876224f3fa - multiversx_sc_scenario::debug_executor::catch_tx_panic::catch_tx_panic::h1913aaa7d755c6dc
[INFO] [stdout]                                at /opt/rustwide/cargo-home/registry/src/index.crates.io-1949cf8c6b5b557f/multiversx-sc-scenario-0.51.1/src/debug_executor/catch_tx_panic.rs:14:18
[INFO] [stdout]   43:     0x6487622b127f - multiversx_sc_scenario::debug_executor::contract_container::contract_instance_wrapped_execution::h1468bb552ac1a603
[INFO] [stdout]                                at /opt/rustwide/cargo-home/registry/src/index.crates.io-1949cf8c6b5b557f/multiversx-sc-scenario-0.51.1/src/debug_executor/contract_container.rs:57:18
[INFO] [stdout]   44:     0x6487622b14fe - <multiversx_sc_scenario::debug_executor::contract_container::ContractContainerRef as multiversx_chain_vm_executor::instance::Instance>::call::h54a518991eafcdab
[INFO] [stdout]                                at /opt/rustwide/cargo-home/registry/src/index.crates.io-1949cf8c6b5b557f/multiversx-sc-scenario-0.51.1/src/debug_executor/contract_container.rs:79:9
[INFO] [stdout]   45:     0x64876239b2e7 - multiversx_chain_vm::tx_execution::exec_call::execute_current_tx_context_input::hcfe2e94fa25ba5fa
[INFO] [stdout]                                at /opt/rustwide/cargo-home/registry/src/index.crates.io-1949cf8c6b5b557f/multiversx-chain-vm-0.9.0/src/tx_execution/exec_call.rs:26:5
[INFO] [stdout]   46:     0x6487623926e7 - core::ops::function::FnOnce::call_once::h61057c2d00cef8f8
[INFO] [stdout]                                at /rustc/6067b36314ab5eb2eb47cecc464545ba58e1ad24/library/core/src/ops/function.rs:250:5
[INFO] [stdout]   47:     0x6487623abd85 - multiversx_chain_vm::tx_mock::tx_context_stack::TxContextStack::execute_on_vm_stack::{{closure}}::ha5f6f6ecebc7fddc
[INFO] [stdout]                                at /opt/rustwide/cargo-home/registry/src/index.crates.io-1949cf8c6b5b557f/multiversx-chain-vm-0.9.0/src/tx_mock/tx_context_stack.rs:46:26
[INFO] [stdout]   48:     0x6487623dfeb1 - multiversx_chain_vm::with_shared::shareable::Shareable<T>::with_shared::h1cd24d239b87ae6d
[INFO] [stdout]                                at /opt/rustwide/cargo-home/registry/src/index.crates.io-1949cf8c6b5b557f/multiversx-chain-vm-0.9.0/src/with_shared/shareable.rs:116:22
[INFO] [stdout]   49:     0x6487623abd2f - multiversx_chain_vm::tx_mock::tx_context_stack::TxContextStack::execute_on_vm_stack::he562328643163212
[INFO] [stdout]                                at /opt/rustwide/cargo-home/registry/src/index.crates.io-1949cf8c6b5b557f/multiversx-chain-vm-0.9.0/src/tx_mock/tx_context_stack.rs:43:9
[INFO] [stdout]   50:     0x6487623c4580 - multiversx_chain_vm::tx_execution::exec_general_tx::<impl multiversx_chain_vm::tx_execution::blockchain_vm::BlockchainVMRef>::default_execution::h4b629c89094b416e
[INFO] [stdout]                                at /opt/rustwide/cargo-home/registry/src/index.crates.io-1949cf8c6b5b557f/multiversx-chain-vm-0.9.0/src/tx_execution/exec_general_tx.rs:112:13
[INFO] [stdout]   51:     0x64876239b37b - multiversx_chain_vm::tx_execution::exec_call::<impl multiversx_chain_vm::tx_execution::blockchain_vm::BlockchainVMRef>::execute_builtin_function_or_default::{{closure}}::h5d58609e6ec225ab
[INFO] [stdout]                                at /opt/rustwide/cargo-home/registry/src/index.crates.io-1949cf8c6b5b557f/multiversx-chain-vm-0.9.0/src/tx_execution/exec_call.rs:75:37
[INFO] [stdout]   52:     0x648762397fc7 - multiversx_chain_vm::tx_execution::builtin_function_mocks::builtin_func_container::BuiltinFunctionCall::execute_or_else::h9836050aec011daf
[INFO] [stdout]                                at /opt/rustwide/cargo-home/registry/src/index.crates.io-1949cf8c6b5b557f/multiversx-chain-vm-0.9.0/src/tx_execution/builtin_function_mocks/builtin_func_container.rs:118:18
[INFO] [stdout]   53:     0x64876239720d - multiversx_chain_vm::tx_execution::builtin_function_mocks::builtin_func_container::BuiltinFunctionContainer::execute_builtin_function_or_else::h60dfc5a0ffe9e592
[INFO] [stdout]                                at /opt/rustwide/cargo-home/registry/src/index.crates.io-1949cf8c6b5b557f/multiversx-chain-vm-0.9.0/src/tx_execution/builtin_function_mocks/builtin_func_container.rs:39:9
[INFO] [stdout]   54:     0x6487623c243a - multiversx_chain_vm::tx_execution::exec_call::<impl multiversx_chain_vm::tx_execution::blockchain_vm::BlockchainVMRef>::execute_builtin_function_or_default::hbd37f94cdf91bd3e
[INFO] [stdout]                                at /opt/rustwide/cargo-home/registry/src/index.crates.io-1949cf8c6b5b557f/multiversx-chain-vm-0.9.0/src/tx_execution/exec_call.rs:70:9
[INFO] [stdout]   55:     0x64876239b46f - multiversx_chain_vm::tx_execution::exec_call::<impl multiversx_chain_vm::tx_execution::blockchain_vm::BlockchainVMRef>::execute_sc_call_lambda::{{closure}}::hf7ba3c5b2021661b
[INFO] [stdout]                                at /opt/rustwide/cargo-home/registry/src/index.crates.io-1949cf8c6b5b557f/multiversx-chain-vm-0.9.0/src/tx_execution/exec_call.rs:92:13
[INFO] [stdout]   56:     0x6487623e0150 - multiversx_chain_vm::with_shared::shareable::Shareable<T>::with_shared::hdd5559314d8cb2f3
[INFO] [stdout]                                at /opt/rustwide/cargo-home/registry/src/index.crates.io-1949cf8c6b5b557f/multiversx-chain-vm-0.9.0/src/with_shared/shareable.rs:116:22
[INFO] [stdout]   57:     0x6487623c25ce - multiversx_chain_vm::tx_execution::exec_call::<impl multiversx_chain_vm::tx_execution::blockchain_vm::BlockchainVMRef>::execute_sc_call_lambda::h639313b18a4d0c34
[INFO] [stdout]                                at /opt/rustwide/cargo-home/registry/src/index.crates.io-1949cf8c6b5b557f/multiversx-chain-vm-0.9.0/src/tx_execution/exec_call.rs:90:47
[INFO] [stdout]   58:     0x6487623c2e0f - multiversx_chain_vm::tx_execution::exec_call::<impl multiversx_chain_vm::tx_execution::blockchain_vm::BlockchainVMRef>::sc_call_with_async_and_callback::h5d9c800641174921
[INFO] [stdout]                                at /opt/rustwide/cargo-home/registry/src/index.crates.io-1949cf8c6b5b557f/multiversx-chain-vm-0.9.0/src/tx_execution/exec_call.rs:151:29
[INFO] [stdout]   59:     0x648762255d2a - multiversx_sc_scenario::scenario::run_vm::sc_call::<impl multiversx_sc_scenario::scenario::run_vm::vm_runner::ScenarioVMRunner>::perform_sc_call_lambda::h95f557c47b10ba05
[INFO] [stdout]                                at /opt/rustwide/cargo-home/registry/src/index.crates.io-1949cf8c6b5b557f/multiversx-sc-scenario-0.51.1/src/scenario/run_vm/sc_call.rs:63:9
[INFO] [stdout]   60:     0x648762255da1 - multiversx_sc_scenario::scenario::run_vm::sc_call::<impl multiversx_sc_scenario::scenario::run_vm::vm_runner::ScenarioVMRunner>::perform_sc_call_lambda_and_check::h1d1af62f14ac7dc9
[INFO] [stdout]                                at /opt/rustwide/cargo-home/registry/src/index.crates.io-1949cf8c6b5b557f/multiversx-sc-scenario-0.51.1/src/scenario/run_vm/sc_call.rs:78:25
[INFO] [stdout]   61:     0x648762255bbd - multiversx_sc_scenario::scenario::run_vm::sc_call::<impl multiversx_sc_scenario::scenario::run_vm::vm_runner::ScenarioVMRunner>::perform_sc_call_update_results::h4325a4be337404f1
[INFO] [stdout]                                at /opt/rustwide/cargo-home/registry/src/index.crates.io-1949cf8c6b5b557f/multiversx-sc-scenario-0.51.1/src/scenario/run_vm/sc_call.rs:21:13
[INFO] [stdout]   62:     0x648762257084 - <multiversx_sc_scenario::scenario::run_vm::vm_runner::ScenarioVMRunner as multiversx_sc_scenario::scenario::scenario_runner::ScenarioRunner>::run_sc_call_step::h245d93f848935d31
[INFO] [stdout]                                at /opt/rustwide/cargo-home/registry/src/index.crates.io-1949cf8c6b5b557f/multiversx-sc-scenario-0.51.1/src/scenario/run_vm/vm_runner.rs:36:9
[INFO] [stdout]   63:     0x6487622bc546 - multiversx_sc_scenario::facade::scenario_world_runner::<impl multiversx_sc_scenario::scenario::scenario_runner::ScenarioRunner for multiversx_sc_scenario::facade::scenario_world::ScenarioWorld>::run_sc_call_step::{{closure}}::hbd2b26e714e6e8f6
[INFO] [stdout]                                at /opt/rustwide/cargo-home/registry/src/index.crates.io-1949cf8c6b5b557f/multiversx-sc-scenario-0.51.1/src/facade/scenario_world_runner.rs:34:43
[INFO] [stdout]   64:     0x6487622503b4 - multiversx_sc_scenario::facade::scenario_world_runner::<impl multiversx_sc_scenario::facade::scenario_world::ScenarioWorld>::for_each_runner_mut::h53a3f1413cdf2698
[INFO] [stdout]                                at /opt/rustwide/cargo-home/registry/src/index.crates.io-1949cf8c6b5b557f/multiversx-sc-scenario-0.51.1/src/facade/scenario_world_runner.rs:12:17
[INFO] [stdout]   65:     0x648762250594 - multiversx_sc_scenario::facade::scenario_world_runner::<impl multiversx_sc_scenario::scenario::scenario_runner::ScenarioRunner for multiversx_sc_scenario::facade::scenario_world::ScenarioWorld>::run_sc_call_step::hdab7d14a84eece0c
[INFO] [stdout]                                at /opt/rustwide/cargo-home/registry/src/index.crates.io-1949cf8c6b5b557f/multiversx-sc-scenario-0.51.1/src/facade/scenario_world_runner.rs:34:9
[INFO] [stdout]   66:     0x64876217b921 - multiversx_sc_scenario::facade::scenario_world_steps::<impl multiversx_sc_scenario::facade::scenario_world::ScenarioWorld>::sc_call::h92ad596d0473e9b9
[INFO] [stdout]                                at /opt/rustwide/cargo-home/registry/src/index.crates.io-1949cf8c6b5b557f/multiversx-sc-scenario-0.51.1/src/facade/scenario_world_steps.rs:34:9
[INFO] [stdout]   67:     0x6487621aa4e8 - multiversx_sc_scenario::facade::world_tx::scenario_exec_call::<impl multiversx_sc_scenario::facade::world_tx::scenario_tx_env::ScenarioTxRun for multiversx_sc::types::interaction::tx::Tx<multiversx_sc_scenario::facade::world_tx::scenario_exec_call::ScenarioEnvExec,From,To,Payment,Gas,multiversx_sc::types::interaction::tx_data::function_call::FunctionCall<multiversx_sc_scenario::api::impl_vh::vm_hooks_api::VMHooksApi<multiversx_sc_scenario::api::impl_vh::static_api::StaticApiBackend>>,RH>>::run::h8ab719f7b0a2170c
[INFO] [stdout]                                at /opt/rustwide/cargo-home/registry/src/index.crates.io-1949cf8c6b5b557f/multiversx-sc-scenario-0.51.1/src/facade/world_tx/scenario_exec_call.rs:89:9
[INFO] [stdout]   68:     0x648762184090 - crowdfunding_esdt_blackbox_test::claim_before_deadline::hbb19a8abaf91591b
[INFO] [stdout]                                at /opt/rustwide/workdir/tests/crowdfunding_esdt_blackbox_test.rs:127:5
[INFO] [stdout]   69:     0x648762184ea5 - crowdfunding_esdt_blackbox_test::test_claim_before_deadline::h74b9071d1a82f45d
[INFO] [stdout]                                at /opt/rustwide/workdir/tests/crowdfunding_esdt_blackbox_test.rs:288:5
[INFO] [stdout]   70:     0x648762184da7 - crowdfunding_esdt_blackbox_test::test_claim_before_deadline::{{closure}}::hbd0b38a92fc86936
[INFO] [stdout]                                at /opt/rustwide/workdir/tests/crowdfunding_esdt_blackbox_test.rs:276:32
[INFO] [stdout]   71:     0x64876217d526 - core::ops::function::FnOnce::call_once::h3adbb18ec3ff49f8
[INFO] [stdout]                                at /rustc/6067b36314ab5eb2eb47cecc464545ba58e1ad24/library/core/src/ops/function.rs:250:5
[INFO] [stdout]   72:     0x6487621ef88b - core::ops::function::FnOnce::call_once::he27718dfdd183f43
[INFO] [stdout]                                at /rustc/6067b36314ab5eb2eb47cecc464545ba58e1ad24/library/core/src/ops/function.rs:250:5
[INFO] [stdout]   73:     0x6487621ef88b - test::__rust_begin_short_backtrace::h4e84902998457a5d
[INFO] [stdout]                                at /rustc/6067b36314ab5eb2eb47cecc464545ba58e1ad24/library/test/src/lib.rs:632:18
[INFO] [stdout]   74:     0x6487621ee7c3 - test::run_test_in_process::{{closure}}::h7176fd18fc1feca0
[INFO] [stdout]                                at /rustc/6067b36314ab5eb2eb47cecc464545ba58e1ad24/library/test/src/lib.rs:655:60
[INFO] [stdout]   75:     0x6487621ee7c3 - <core::panic::unwind_safe::AssertUnwindSafe<F> as core::ops::function::FnOnce<()>>::call_once::hf79cff2a624d8cf7
[INFO] [stdout]                                at /rustc/6067b36314ab5eb2eb47cecc464545ba58e1ad24/library/core/src/panic/unwind_safe.rs:272:9
[INFO] [stdout]   76:     0x6487621ee7c3 - std::panicking::try::do_call::h3da0561d9ab99c25
[INFO] [stdout]                                at /rustc/6067b36314ab5eb2eb47cecc464545ba58e1ad24/library/std/src/panicking.rs:587:40
[INFO] [stdout]   77:     0x6487621ee7c3 - std::panicking::try::h41c9fa508bc61df6
[INFO] [stdout]                                at /rustc/6067b36314ab5eb2eb47cecc464545ba58e1ad24/library/std/src/panicking.rs:550:19
[INFO] [stdout]   78:     0x6487621ee7c3 - std::panic::catch_unwind::h6b3ff07bb5afad93
[INFO] [stdout]                                at /rustc/6067b36314ab5eb2eb47cecc464545ba58e1ad24/library/std/src/panic.rs:358:14
[INFO] [stdout]   79:     0x6487621ee7c3 - test::run_test_in_process::hc7253dd11b39b9f4
[INFO] [stdout]                                at /rustc/6067b36314ab5eb2eb47cecc464545ba58e1ad24/library/test/src/lib.rs:655:27
[INFO] [stdout]   80:     0x6487621ee7c3 - test::run_test::{{closure}}::hfb2007f8649c30bb
[INFO] [stdout]                                at /rustc/6067b36314ab5eb2eb47cecc464545ba58e1ad24/library/test/src/lib.rs:576:43
[INFO] [stdout]   81:     0x6487621b18a5 - test::run_test::{{closure}}::h56a17aa7a282a9f4
[INFO] [stdout]                                at /rustc/6067b36314ab5eb2eb47cecc464545ba58e1ad24/library/test/src/lib.rs:606:41
[INFO] [stdout]   82:     0x6487621b18a5 - std::sys::backtrace::__rust_begin_short_backtrace::hd2d2d2fb8e8c6aac
[INFO] [stdout]                                at /rustc/6067b36314ab5eb2eb47cecc464545ba58e1ad24/library/std/src/sys/backtrace.rs:152:18
[INFO] [stdout]   83:     0x6487621b518a - std::thread::Builder::spawn_unchecked_::{{closure}}::{{closure}}::h4faa3f9db6133423
[INFO] [stdout]                                at /rustc/6067b36314ab5eb2eb47cecc464545ba58e1ad24/library/std/src/thread/mod.rs:559:17
[INFO] [stdout]   84:     0x6487621b518a - <core::panic::unwind_safe::AssertUnwindSafe<F> as core::ops::function::FnOnce<()>>::call_once::hf2e855a36a4ea846
[INFO] [stdout]                                at /rustc/6067b36314ab5eb2eb47cecc464545ba58e1ad24/library/core/src/panic/unwind_safe.rs:272:9
[INFO] [stdout]   85:     0x6487621b518a - std::panicking::try::do_call::h2f73af3616c35465
[INFO] [stdout]                                at /rustc/6067b36314ab5eb2eb47cecc464545ba58e1ad24/library/std/src/panicking.rs:587:40
[INFO] [stdout]   86:     0x6487621b518a - std::panicking::try::hd1660ce9efadef5a
[INFO] [stdout]                                at /rustc/6067b36314ab5eb2eb47cecc464545ba58e1ad24/library/std/src/panicking.rs:550:19
[INFO] [stdout]   87:     0x6487621b518a - std::panic::catch_unwind::h5ee8d7823b8ca744
[INFO] [stdout]                                at /rustc/6067b36314ab5eb2eb47cecc464545ba58e1ad24/library/std/src/panic.rs:358:14
[INFO] [stdout]   88:     0x6487621b518a - std::thread::Builder::spawn_unchecked_::{{closure}}::h53c3a1894dce8407
[INFO] [stdout]                                at /rustc/6067b36314ab5eb2eb47cecc464545ba58e1ad24/library/std/src/thread/mod.rs:557:30
[INFO] [stdout]   89:     0x6487621b518a - core::ops::function::FnOnce::call_once{{vtable.shim}}::h048ce291ad4f62bf
[INFO] [stdout]                                at /rustc/6067b36314ab5eb2eb47cecc464545ba58e1ad24/library/core/src/ops/function.rs:250:5
[INFO] [stdout]   90:     0x64876249cbbb - <alloc::boxed::Box<F,A> as core::ops::function::FnOnce<Args>>::call_once::ha52bedf99a3b4981
[INFO] [stdout]                                at /rustc/6067b36314ab5eb2eb47cecc464545ba58e1ad24/library/alloc/src/boxed.rs:2013:9
[INFO] [stdout]   91:     0x64876249cbbb - <alloc::boxed::Box<F,A> as core::ops::function::FnOnce<Args>>::call_once::h567748934d80ccf8
[INFO] [stdout]                                at /rustc/6067b36314ab5eb2eb47cecc464545ba58e1ad24/library/alloc/src/boxed.rs:2013:9
[INFO] [stdout]   92:     0x64876249cbbb - std::sys::pal::unix::thread::Thread::new::thread_start::h2d970728ae887adc
[INFO] [stdout]                                at /rustc/6067b36314ab5eb2eb47cecc464545ba58e1ad24/library/std/src/sys/pal/unix/thread.rs:106:17
[INFO] [stdout]   93:     0x71ef8521aac3 - <unknown>
[INFO] [stdout]   94:     0x71ef852aba04 - clone
[INFO] [stdout]   95:                0x0 - <unknown>
[INFO] [stdout] 
[INFO] [stdout] thread 'test_claim_before_deadline' panicked at /opt/rustwide/cargo-home/registry/src/index.crates.io-1949cf8c6b5b557f/multiversx-chain-scenario-format-0.22.3/src/serde_raw/scenario_raw.rs:61:47:
[INFO] [stdout] called `Result::unwrap()` on an `Err` value: Os { code: 30, kind: ReadOnlyFilesystem, message: "Read-only file system" }
[INFO] [stdout] stack backtrace:
[INFO] [stdout]    0:     0x648762496d2a - std::backtrace_rs::backtrace::libunwind::trace::hb059275cfc8d6126
[INFO] [stdout]                                at /rustc/6067b36314ab5eb2eb47cecc464545ba58e1ad24/library/std/src/../../backtrace/src/backtrace/libunwind.rs:116:5
[INFO] [stdout]    1:     0x648762496d2a - std::backtrace_rs::backtrace::trace_unsynchronized::h2da071e4327ce3ee
[INFO] [stdout]                                at /rustc/6067b36314ab5eb2eb47cecc464545ba58e1ad24/library/std/src/../../backtrace/src/backtrace/mod.rs:66:5
[INFO] [stdout]    2:     0x648762496d2a - std::sys::backtrace::_print_fmt::h842a1474e6f8d23f
[INFO] [stdout]                                at /rustc/6067b36314ab5eb2eb47cecc464545ba58e1ad24/library/std/src/sys/backtrace.rs:66:9
[INFO] [stdout]    3:     0x648762496d2a - <std::sys::backtrace::BacktraceLock::print::DisplayBacktrace as core::fmt::Display>::fmt::h71a62eb3b9696b12
[INFO] [stdout]                                at /rustc/6067b36314ab5eb2eb47cecc464545ba58e1ad24/library/std/src/sys/backtrace.rs:39:26
[INFO] [stdout]    4:     0x6487624c00d3 - core::fmt::rt::Argument::fmt::hdb6b616786b41dc1
[INFO] [stdout]                                at /rustc/6067b36314ab5eb2eb47cecc464545ba58e1ad24/library/core/src/fmt/rt.rs:177:76
[INFO] [stdout]    5:     0x6487624c00d3 - core::fmt::write::h2cc1698af7e2d686
[INFO] [stdout]                                at /rustc/6067b36314ab5eb2eb47cecc464545ba58e1ad24/library/core/src/fmt/mod.rs:1440:21
[INFO] [stdout]    6:     0x648762493723 - std::io::Write::write_fmt::hab1b4cd059a79022
[INFO] [stdout]                                at /rustc/6067b36314ab5eb2eb47cecc464545ba58e1ad24/library/std/src/io/mod.rs:1887:15
[INFO] [stdout]    7:     0x648762496b72 - std::sys::backtrace::BacktraceLock::print::h147fe35b4ea13b08
[INFO] [stdout]                                at /rustc/6067b36314ab5eb2eb47cecc464545ba58e1ad24/library/std/src/sys/backtrace.rs:42:9
[INFO] [stdout]    8:     0x64876249814f - std::panicking::default_hook::{{closure}}::hbd44223dbdc0d208
[INFO] [stdout]                                at /rustc/6067b36314ab5eb2eb47cecc464545ba58e1ad24/library/std/src/panicking.rs:298:22
[INFO] [stdout]    9:     0x648762497f68 - std::panicking::default_hook::h20f81eb0576efcec
[INFO] [stdout]                                at /rustc/6067b36314ab5eb2eb47cecc464545ba58e1ad24/library/std/src/panicking.rs:322:9
[INFO] [stdout]   10:     0x6487621ea133 - <alloc::boxed::Box<F,A> as core::ops::function::Fn<Args>>::call::hdb53814c496a4d34
[INFO] [stdout]                                at /rustc/6067b36314ab5eb2eb47cecc464545ba58e1ad24/library/alloc/src/boxed.rs:2027:9
[INFO] [stdout]   11:     0x6487621ea133 - test::test_main::{{closure}}::hc0a4963c59427c24
[INFO] [stdout]                                at /rustc/6067b36314ab5eb2eb47cecc464545ba58e1ad24/library/test/src/lib.rs:134:21
[INFO] [stdout]   12:     0x648762498c43 - <alloc::boxed::Box<F,A> as core::ops::function::Fn<Args>>::call::h591b2225413a77e9
[INFO] [stdout]                                at /rustc/6067b36314ab5eb2eb47cecc464545ba58e1ad24/library/alloc/src/boxed.rs:2027:9
[INFO] [stdout]   13:     0x648762498c43 - std::panicking::rust_panic_with_hook::h625eea43051b2edc
[INFO] [stdout]                                at /rustc/6067b36314ab5eb2eb47cecc464545ba58e1ad24/library/std/src/panicking.rs:839:13
[INFO] [stdout]   14:     0x6487624988fa - std::panicking::begin_panic_handler::{{closure}}::h4f9159cfbc3f6bd3
[INFO] [stdout]                                at /rustc/6067b36314ab5eb2eb47cecc464545ba58e1ad24/library/std/src/panicking.rs:704:13
[INFO] [stdout]   15:     0x648762497229 - std::sys::backtrace::__rust_end_short_backtrace::h0390abce48353151
[INFO] [stdout]                                at /rustc/6067b36314ab5eb2eb47cecc464545ba58e1ad24/library/std/src/sys/backtrace.rs:168:18
[INFO] [stdout]   16:     0x64876249858d - rust_begin_unwind
[INFO] [stdout]                                at /rustc/6067b36314ab5eb2eb47cecc464545ba58e1ad24/library/std/src/panicking.rs:695:5
[INFO] [stdout]   17:     0x6487624be3d0 - core::panicking::panic_fmt::h9e7c637e9e5f29c9
[INFO] [stdout]                                at /rustc/6067b36314ab5eb2eb47cecc464545ba58e1ad24/library/core/src/panicking.rs:75:14
[INFO] [stdout]   18:     0x6487624be846 - core::result::unwrap_failed::h7979f09313fe1849
[INFO] [stdout]                                at /rustc/6067b36314ab5eb2eb47cecc464545ba58e1ad24/library/core/src/result.rs:1704:5
[INFO] [stdout]   19:     0x64876219af04 - core::result::Result<T,E>::unwrap::h8186639f295d6812
[INFO] [stdout]                                at /rustc/6067b36314ab5eb2eb47cecc464545ba58e1ad24/library/core/src/result.rs:1109:23
[INFO] [stdout]   20:     0x64876219af04 - multiversx_chain_scenario_format::serde_raw::scenario_raw::ScenarioRaw::save_to_file::h744ab3f6277c2402
[INFO] [stdout]                                at /opt/rustwide/cargo-home/registry/src/index.crates.io-1949cf8c6b5b557f/multiversx-chain-scenario-format-0.22.3/src/serde_raw/scenario_raw.rs:61:24
[INFO] [stdout]   21:     0x64876217c1a8 - multiversx_sc_scenario::scenario::run_trace::scenario_trace::ScenarioTrace::write_scenario_trace::h1efbb0d458ed6048
[INFO] [stdout]                                at /opt/rustwide/cargo-home/registry/src/index.crates.io-1949cf8c6b5b557f/multiversx-sc-scenario-0.51.1/src/scenario/run_trace/scenario_trace.rs:25:9
[INFO] [stdout]   22:     0x64876217b87e - multiversx_sc_scenario::facade::scenario_world::ScenarioWorld::write_scenario_trace::h3f22aaf993e2b55f
[INFO] [stdout]                                at /opt/rustwide/cargo-home/registry/src/index.crates.io-1949cf8c6b5b557f/multiversx-sc-scenario-0.51.1/src/facade/scenario_world.rs:125:13
[INFO] [stdout]   23:     0x648762184ef5 - crowdfunding_esdt_blackbox_test::test_claim_before_deadline::h74b9071d1a82f45d
[INFO] [stdout]                                at /opt/rustwide/workdir/tests/crowdfunding_esdt_blackbox_test.rs:297:5
[INFO] [stdout]   24:     0x648762184da7 - crowdfunding_esdt_blackbox_test::test_claim_before_deadline::{{closure}}::hbd0b38a92fc86936
[INFO] [stdout]                                at /opt/rustwide/workdir/tests/crowdfunding_esdt_blackbox_test.rs:276:32
[INFO] [stdout]   25:     0x64876217d526 - core::ops::function::FnOnce::call_once::h3adbb18ec3ff49f8
[INFO] [stdout]                                at /rustc/6067b36314ab5eb2eb47cecc464545ba58e1ad24/library/core/src/ops/function.rs:250:5
[INFO] [stdout]   26:     0x6487621ef88b - core::ops::function::FnOnce::call_once::he27718dfdd183f43
[INFO] [stdout]                                at /rustc/6067b36314ab5eb2eb47cecc464545ba58e1ad24/library/core/src/ops/function.rs:250:5
[INFO] [stdout]   27:     0x6487621ef88b - test::__rust_begin_short_backtrace::h4e84902998457a5d
[INFO] [stdout]                                at /rustc/6067b36314ab5eb2eb47cecc464545ba58e1ad24/library/test/src/lib.rs:632:18
[INFO] [stdout]   28:     0x6487621ee7c3 - test::run_test_in_process::{{closure}}::h7176fd18fc1feca0
[INFO] [stdout]                                at /rustc/6067b36314ab5eb2eb47cecc464545ba58e1ad24/library/test/src/lib.rs:655:60
[INFO] [stdout]   29:     0x6487621ee7c3 - <core::panic::unwind_safe::AssertUnwindSafe<F> as core::ops::function::FnOnce<()>>::call_once::hf79cff2a624d8cf7
[INFO] [stdout]                                at /rustc/6067b36314ab5eb2eb47cecc464545ba58e1ad24/library/core/src/panic/unwind_safe.rs:272:9
[INFO] [stdout]   30:     0x6487621ee7c3 - std::panicking::try::do_call::h3da0561d9ab99c25
[INFO] [stdout]                                at /rustc/6067b36314ab5eb2eb47cecc464545ba58e1ad24/library/std/src/panicking.rs:587:40
[INFO] [stdout]   31:     0x6487621ee7c3 - std::panicking::try::h41c9fa508bc61df6
[INFO] [stdout]                                at /rustc/6067b36314ab5eb2eb47cecc464545ba58e1ad24/library/std/src/panicking.rs:550:19
[INFO] [stdout]   32:     0x6487621ee7c3 - std::panic::catch_unwind::h6b3ff07bb5afad93
[INFO] [stdout]                                at /rustc/6067b36314ab5eb2eb47cecc464545ba58e1ad24/library/std/src/panic.rs:358:14
[INFO] [stdout]   33:     0x6487621ee7c3 - test::run_test_in_process::hc7253dd11b39b9f4
[INFO] [stdout]                                at /rustc/6067b36314ab5eb2eb47cecc464545ba58e1ad24/library/test/src/lib.rs:655:27
[INFO] [stdout]   34:     0x6487621ee7c3 - test::run_test::{{closure}}::hfb2007f8649c30bb
[INFO] [stdout]                                at /rustc/6067b36314ab5eb2eb47cecc464545ba58e1ad24/library/test/src/lib.rs:576:43
[INFO] [stdout]   35:     0x6487621b18a5 - test::run_test::{{closure}}::h56a17aa7a282a9f4
[INFO] [stdout]                                at /rustc/6067b36314ab5eb2eb47cecc464545ba58e1ad24/library/test/src/lib.rs:606:41
[INFO] [stdout]   36:     0x6487621b18a5 - std::sys::backtrace::__rust_begin_short_backtrace::hd2d2d2fb8e8c6aac
[INFO] [stdout]                                at /rustc/6067b36314ab5eb2eb47cecc464545ba58e1ad24/library/std/src/sys/backtrace.rs:152:18
[INFO] [stdout]   37:     0x6487621b518a - std::thread::Builder::spawn_unchecked_::{{closure}}::{{closure}}::h4faa3f9db6133423
[INFO] [stdout]                                at /rustc/6067b36314ab5eb2eb47cecc464545ba58e1ad24/library/std/src/thread/mod.rs:559:17
[INFO] [stdout]   38:     0x6487621b518a - <core::panic::unwind_safe::AssertUnwindSafe<F> as core::ops::function::FnOnce<()>>::call_once::hf2e855a36a4ea846
[INFO] [stdout]                                at /rustc/6067b36314ab5eb2eb47cecc464545ba58e1ad24/library/core/src/panic/unwind_safe.rs:272:9
[INFO] [stdout]   39:     0x6487621b518a - std::panicking::try::do_call::h2f73af3616c35465
[INFO] [stdout]                                at /rustc/6067b36314ab5eb2eb47cecc464545ba58e1ad24/library/std/src/panicking.rs:587:40
[INFO] [stdout]   40:     0x6487621b518a - std::panicking::try::hd1660ce9efadef5a
[INFO] [stdout]                                at /rustc/6067b36314ab5eb2eb47cecc464545ba58e1ad24/library/std/src/panicking.rs:550:19
[INFO] [stdout]   41:     0x6487621b518a - std::panic::catch_unwind::h5ee8d7823b8ca744
[INFO] [stdout]                                at /rustc/6067b36314ab5eb2eb47cecc464545ba58e1ad24/library/std/src/panic.rs:358:14
[INFO] [stdout]   42:     0x6487621b518a - std::thread::Builder::spawn_unchecked_::{{closure}}::h53c3a1894dce8407
[INFO] [stdout]                                at /rustc/6067b36314ab5eb2eb47cecc464545ba58e1ad24/library/std/src/thread/mod.rs:557:30
[INFO] [stdout]   43:     0x6487621b518a - core::ops::function::FnOnce::call_once{{vtable.shim}}::h048ce291ad4f62bf
[INFO] [stdout]                                at /rustc/6067b36314ab5eb2eb47cecc464545ba58e1ad24/library/core/src/ops/function.rs:250:5
[INFO] [stdout]   44:     0x64876249cbbb - <alloc::boxed::Box<F,A> as core::ops::function::FnOnce<Args>>::call_once::ha52bedf99a3b4981
[INFO] [stdout]                                at /rustc/6067b36314ab5eb2eb47cecc464545ba58e1ad24/library/alloc/src/boxed.rs:2013:9
[INFO] [stdout]   45:     0x64876249cbbb - <alloc::boxed::Box<F,A> as core::ops::function::FnOnce<Args>>::call_once::h567748934d80ccf8
[INFO] [stdout]                                at /rustc/6067b36314ab5eb2eb47cecc464545ba58e1ad24/library/alloc/src/boxed.rs:2013:9
[INFO] [stdout]   46:     0x64876249cbbb - std::sys::pal::unix::thread::Thread::new::thread_start::h2d970728ae887adc
[INFO] [stdout]                                at /rustc/6067b36314ab5eb2eb47cecc464545ba58e1ad24/library/std/src/sys/pal/unix/thread.rs:106:17
[INFO] [stdout]   47:     0x71ef8521aac3 - <unknown>
[INFO] [stdout]   48:     0x71ef852aba04 - clone
[INFO] [stdout]   49:                0x0 - <unknown>
[INFO] [stdout] 
[INFO] [stdout] ---- test_wrong_token_fund stdout ----
[INFO] [stdout] wrong token
[INFO] [stdout] 
[INFO] [stdout] thread 'test_wrong_token_fund' panicked at /opt/rustwide/cargo-home/registry/src/index.crates.io-1949cf8c6b5b557f/multiversx-chain-vm-0.9.0/src/vm_hooks/vh_impl/vh_debug_api.rs:45:9:
[INFO] [stdout] Box<dyn Any>
[INFO] [stdout] stack backtrace:
[INFO] [stdout]    0:     0x648762496d2a - std::backtrace_rs::backtrace::libunwind::trace::hb059275cfc8d6126
[INFO] [stdout]                                at /rustc/6067b36314ab5eb2eb47cecc464545ba58e1ad24/library/std/src/../../backtrace/src/backtrace/libunwind.rs:116:5
[INFO] [stdout]    1:     0x648762496d2a - std::backtrace_rs::backtrace::trace_unsynchronized::h2da071e4327ce3ee
[INFO] [stdout]                                at /rustc/6067b36314ab5eb2eb47cecc464545ba58e1ad24/library/std/src/../../backtrace/src/backtrace/mod.rs:66:5
[INFO] [stdout]    2:     0x648762496d2a - std::sys::backtrace::_print_fmt::h842a1474e6f8d23f
[INFO] [stdout]                                at /rustc/6067b36314ab5eb2eb47cecc464545ba58e1ad24/library/std/src/sys/backtrace.rs:66:9
[INFO] [stdout]    3:     0x648762496d2a - <std::sys::backtrace::BacktraceLock::print::DisplayBacktrace as core::fmt::Display>::fmt::h71a62eb3b9696b12
[INFO] [stdout]                                at /rustc/6067b36314ab5eb2eb47cecc464545ba58e1ad24/library/std/src/sys/backtrace.rs:39:26
[INFO] [stdout]    4:     0x6487624c00d3 - core::fmt::rt::Argument::fmt::hdb6b616786b41dc1
[INFO] [stdout]                                at /rustc/6067b36314ab5eb2eb47cecc464545ba58e1ad24/library/core/src/fmt/rt.rs:177:76
[INFO] [stdout]    5:     0x6487624c00d3 - core::fmt::write::h2cc1698af7e2d686
[INFO] [stdout]                                at /rustc/6067b36314ab5eb2eb47cecc464545ba58e1ad24/library/core/src/fmt/mod.rs:1440:21
[INFO] [stdout]    6:     0x648762493723 - std::io::Write::write_fmt::hab1b4cd059a79022
[INFO] [stdout]                                at /rustc/6067b36314ab5eb2eb47cecc464545ba58e1ad24/library/std/src/io/mod.rs:1887:15
[INFO] [stdout]    7:     0x648762496b72 - std::sys::backtrace::BacktraceLock::print::h147fe35b4ea13b08
[INFO] [stdout]                                at /rustc/6067b36314ab5eb2eb47cecc464545ba58e1ad24/library/std/src/sys/backtrace.rs:42:9
[INFO] [stdout]    8:     0x64876249814f - std::panicking::default_hook::{{closure}}::hbd44223dbdc0d208
[INFO] [stdout]                                at /rustc/6067b36314ab5eb2eb47cecc464545ba58e1ad24/library/std/src/panicking.rs:298:22
[INFO] [stdout]    9:     0x648762497f68 - std::panicking::default_hook::h20f81eb0576efcec
[INFO] [stdout]                                at /rustc/6067b36314ab5eb2eb47cecc464545ba58e1ad24/library/std/src/panicking.rs:322:9
[INFO] [stdout]   10:     0x6487621ea133 - <alloc::boxed::Box<F,A> as core::ops::function::Fn<Args>>::call::hdb53814c496a4d34
[INFO] [stdout]                                at /rustc/6067b36314ab5eb2eb47cecc464545ba58e1ad24/library/alloc/src/boxed.rs:2027:9
[INFO] [stdout]   11:     0x6487621ea133 - test::test_main::{{closure}}::hc0a4963c59427c24
[INFO] [stdout]                                at /rustc/6067b36314ab5eb2eb47cecc464545ba58e1ad24/library/test/src/lib.rs:134:21
[INFO] [stdout]   12:     0x648762498c43 - <alloc::boxed::Box<F,A> as core::ops::function::Fn<Args>>::call::h591b2225413a77e9
[INFO] [stdout]                                at /rustc/6067b36314ab5eb2eb47cecc464545ba58e1ad24/library/alloc/src/boxed.rs:2027:9
[INFO] [stdout]   13:     0x648762498c43 - std::panicking::rust_panic_with_hook::h625eea43051b2edc
[INFO] [stdout]                                at /rustc/6067b36314ab5eb2eb47cecc464545ba58e1ad24/library/std/src/panicking.rs:839:13
[INFO] [stdout]   14:     0x6487623e568c - std::panicking::begin_panic::{{closure}}::h152dc7b76ad07fdb
[INFO] [stdout]                                at /rustc/6067b36314ab5eb2eb47cecc464545ba58e1ad24/library/std/src/panicking.rs:768:9
[INFO] [stdout]   15:     0x6487623918ec - std::sys::backtrace::__rust_end_short_backtrace::ha312660e8a434e29
[INFO] [stdout]                                at /rustc/6067b36314ab5eb2eb47cecc464545ba58e1ad24/library/std/src/sys/backtrace.rs:168:18
[INFO] [stdout]   16:     0x6487623e5643 - std::panicking::begin_panic::ha2190f3cf98e5d6c
[INFO] [stdout]                                at /rustc/6067b36314ab5eb2eb47cecc464545ba58e1ad24/library/std/src/panicking.rs:767:5
[INFO] [stdout]   17:     0x6487623b72f4 - std::panic::panic_any::he4a6423edf45b9bc
[INFO] [stdout]                                at /rustc/6067b36314ab5eb2eb47cecc464545ba58e1ad24/library/std/src/panic.rs:259:5
[INFO] [stdout]   18:     0x6487623ac225 - <multiversx_chain_vm::vm_hooks::vh_impl::vh_debug_api::DebugApiVMHooksHandler as multiversx_chain_vm::vm_hooks::vh_source::VMHooksHandlerSource>::halt_with_error::hb1ee092706dd5cc9
[INFO] [stdout]                                at /opt/rustwide/cargo-home/registry/src/index.crates.io-1949cf8c6b5b557f/multiversx-chain-vm-0.9.0/src/vm_hooks/vh_impl/vh_debug_api.rs:45:9
[INFO] [stdout]   19:     0x648762176677 - multiversx_chain_vm::vm_hooks::vh_handler::vh_error::VMHooksError::signal_error::hd7163edcfd29c0dd
[INFO] [stdout]                                at /opt/rustwide/cargo-home/registry/src/index.crates.io-1949cf8c6b5b557f/multiversx-chain-vm-0.9.0/src/vm_hooks/vh_handler/vh_error.rs:11:9
[INFO] [stdout]   20:     0x6487623d7105 - <multiversx_chain_vm::vm_hooks::vh_dispatcher::VMHooksDispatcher as multiversx_chain_vm_executor::vm_hooks::VMHooks>::signal_error::{{closure}}::h3510ce83bc20d765
[INFO] [stdout]                                at /opt/rustwide/cargo-home/registry/src/index.crates.io-1949cf8c6b5b557f/multiversx-chain-vm-0.9.0/src/vm_hooks/vh_dispatcher.rs:64:17
[INFO] [stdout]   21:     0x6487623c7e50 - multiversx_chain_vm::mem_conv::with_bytes::hb4842046eb76e91d
[INFO] [stdout]                                at /opt/rustwide/cargo-home/registry/src/index.crates.io-1949cf8c6b5b557f/multiversx-chain-vm-0.9.0/src/mem_conv.rs:27:5
[INFO] [stdout]   22:     0x6487623d70b8 - <multiversx_chain_vm::vm_hooks::vh_dispatcher::VMHooksDispatcher as multiversx_chain_vm_executor::vm_hooks::VMHooks>::signal_error::h289991253b65740d
[INFO] [stdout]                                at /opt/rustwide/cargo-home/registry/src/index.crates.io-1949cf8c6b5b557f/multiversx-chain-vm-0.9.0/src/vm_hooks/vh_dispatcher.rs:63:13
[INFO] [stdout]   23:     0x64876219440f - multiversx_sc_scenario::api::core_api_vh::error_api_vh::<impl multiversx_sc::api::error_api::ErrorApiImpl for multiversx_sc_scenario::api::impl_vh::vm_hooks_api::VMHooksApi<VHB>>::signal_error::{{closure}}::{{closure}}::h227b5a88a7262748
[INFO] [stdout]                                at /opt/rustwide/cargo-home/registry/src/index.crates.io-1949cf8c6b5b557f/multiversx-sc-scenario-0.51.1/src/api/core_api_vh/error_api_vh.rs:18:17
[INFO] [stdout]   24:     0x648762189447 - multiversx_chain_vm::mem_conv::with_mem_ptr::hcf1caddc44ec0fce
[INFO] [stdout]                                at /opt/rustwide/cargo-home/registry/src/index.crates.io-1949cf8c6b5b557f/multiversx-chain-vm-0.9.0/src/mem_conv.rs:7:5
[INFO] [stdout]   25:     0x6487621943c7 - multiversx_sc_scenario::api::core_api_vh::error_api_vh::<impl multiversx_sc::api::error_api::ErrorApiImpl for multiversx_sc_scenario::api::impl_vh::vm_hooks_api::VMHooksApi<VHB>>::signal_error::{{closure}}::h5e0cb4db00b70596
[INFO] [stdout]                                at /opt/rustwide/cargo-home/registry/src/index.crates.io-1949cf8c6b5b557f/multiversx-sc-scenario-0.51.1/src/api/core_api_vh/error_api_vh.rs:17:13
[INFO] [stdout]   26:     0x64876218da1b - <multiversx_sc_scenario::api::impl_vh::debug_api::DebugApiBackend as multiversx_sc_scenario::api::impl_vh::vm_hooks_backend::VMHooksApiBackend>::with_vm_hooks::h630a5e21f6626167
[INFO] [stdout]                                at /opt/rustwide/cargo-home/registry/src/index.crates.io-1949cf8c6b5b557f/multiversx-sc-scenario-0.51.1/src/api/impl_vh/debug_api.rs:27:9
[INFO] [stdout]   27:     0x6487621a8590 - multiversx_sc_scenario::api::impl_vh::vm_hooks_api::VMHooksApi<VHB>::with_vm_hooks::h568124f02c86bed8
[INFO] [stdout]                                at /opt/rustwide/cargo-home/registry/src/index.crates.io-1949cf8c6b5b557f/multiversx-sc-scenario-0.51.1/src/api/impl_vh/vm_hooks_api.rs:27:9
[INFO] [stdout]   28:     0x6487621a6f27 - multiversx_sc_scenario::api::core_api_vh::error_api_vh::<impl multiversx_sc::api::error_api::ErrorApiImpl for multiversx_sc_scenario::api::impl_vh::vm_hooks_api::VMHooksApi<VHB>>::signal_error::hbac42258ddcbebd0
[INFO] [stdout]                                at /opt/rustwide/cargo-home/registry/src/index.crates.io-1949cf8c6b5b557f/multiversx-sc-scenario-0.51.1/src/api/core_api_vh/error_api_vh.rs:16:9
[INFO] [stdout]   29:     0x648762177199 - <&str as multiversx_sc::contract_base::wrappers::error_helper::IntoSignalError<M>>::signal_error_with_message::h9263f227908ddec0
[INFO] [stdout]                                at /opt/rustwide/cargo-home/registry/src/index.crates.io-1949cf8c6b5b557f/multiversx-sc-0.51.1/src/contract_base/wrappers/error_helper.rs:42:9
[INFO] [stdout]   30:     0x648762179923 - multiversx_sc::contract_base::wrappers::error_helper::ErrorHelper<M>::signal_error_with_message::h25e2f186878054f1
[INFO] [stdout]                                at /opt/rustwide/cargo-home/registry/src/index.crates.io-1949cf8c6b5b557f/multiversx-sc-0.51.1/src/contract_base/wrappers/error_helper.rs:30:9
[INFO] [stdout]   31:     0x648762191cdf - crowdfunding_esdt::Crowdfunding::fund::h5aefd07820485474
[INFO] [stdout]                                at /opt/rustwide/workdir/src/crowdfunding_esdt.rs:45:9
[INFO] [stdout]   32:     0x648762193b01 - crowdfunding_esdt::EndpointWrappers::call_fund::h30e0e283490a7178
[INFO] [stdout]                                at /opt/rustwide/workdir/src/crowdfunding_esdt.rs:14:1
[INFO] [stdout]   33:     0x6487621938e7 - crowdfunding_esdt::EndpointWrappers::call::hf6e76343d1572f73
[INFO] [stdout]                                at /opt/rustwide/workdir/src/crowdfunding_esdt.rs:14:1
[INFO] [stdout]   34:     0x64876218bc47 - <crowdfunding_esdt::ContractObj<A> as multiversx_sc::contract_base::callable_contract::CallableContract>::call::hffb5b714deb2c8ee
[INFO] [stdout]                                at /opt/rustwide/workdir/src/crowdfunding_esdt.rs:14:1
[INFO] [stdout]   35:     0x6487622b11b8 - multiversx_sc_scenario::debug_executor::contract_container::ContractContainer::call::hab431f426ca74fc0
[INFO] [stdout]                                at /opt/rustwide/cargo-home/registry/src/index.crates.io-1949cf8c6b5b557f/multiversx-sc-scenario-0.51.1/src/debug_executor/contract_container.rs:42:13
[INFO] [stdout]   36:     0x6487622b1570 - <multiversx_sc_scenario::debug_executor::contract_container::ContractContainerRef as multiversx_chain_vm_executor::instance::Instance>::call::{{closure}}::h93f31bba356864cb
[INFO] [stdout]                                at /opt/rustwide/cargo-home/registry/src/index.crates.io-1949cf8c6b5b557f/multiversx-sc-scenario-0.51.1/src/debug_executor/contract_container.rs:80:35
[INFO] [stdout]   37:     0x6487622da28a - <core::panic::unwind_safe::AssertUnwindSafe<F> as core::ops::function::FnOnce<()>>::call_once::h83fe4c8682b05990
[INFO] [stdout]                                at /rustc/6067b36314ab5eb2eb47cecc464545ba58e1ad24/library/core/src/panic/unwind_safe.rs:272:9
[INFO] [stdout]   38:     0x64876224dd04 - std::panicking::try::do_call::he2a3151f2356bc45
[INFO] [stdout]                                at /rustc/6067b36314ab5eb2eb47cecc464545ba58e1ad24/library/std/src/panicking.rs:587:40
[INFO] [stdout]   39:     0x64876228026b - __rust_try
[INFO] [stdout]   40:     0x64876227184d - std::panicking::try::h5aab357d39c821fc
[INFO] [stdout]                                at /rustc/6067b36314ab5eb2eb47cecc464545ba58e1ad24/library/std/src/panicking.rs:550:19
[INFO] [stdout]   41:     0x64876227184d - std::panic::catch_unwind::h7f8eb0540ea90669
[INFO] [stdout]                                at /rustc/6067b36314ab5eb2eb47cecc464545ba58e1ad24/library/std/src/panic.rs:358:14
[INFO] [stdout]   42:     0x64876224f3fa - multiversx_sc_scenario::debug_executor::catch_tx_panic::catch_tx_panic::h1913aaa7d755c6dc
[INFO] [stdout]                                at /opt/rustwide/cargo-home/registry/src/index.crates.io-1949cf8c6b5b557f/multiversx-sc-scenario-0.51.1/src/debug_executor/catch_tx_panic.rs:14:18
[INFO] [stdout]   43:     0x6487622b127f - multiversx_sc_scenario::debug_executor::contract_container::contract_instance_wrapped_execution::h1468bb552ac1a603
[INFO] [stdout]                                at /opt/rustwide/cargo-home/registry/src/index.crates.io-1949cf8c6b5b557f/multiversx-sc-scenario-0.51.1/src/debug_executor/contract_container.rs:57:18
[INFO] [stdout]   44:     0x6487622b14fe - <multiversx_sc_scenario::debug_executor::contract_container::ContractContainerRef as multiversx_chain_vm_executor::instance::Instance>::call::h54a518991eafcdab
[INFO] [stdout]                                at /opt/rustwide/cargo-home/registry/src/index.crates.io-1949cf8c6b5b557f/multiversx-sc-scenario-0.51.1/src/debug_executor/contract_container.rs:79:9
[INFO] [stdout]   45:     0x64876239b2e7 - multiversx_chain_vm::tx_execution::exec_call::execute_current_tx_context_input::hcfe2e94fa25ba5fa
[INFO] [stdout]                                at /opt/rustwide/cargo-home/registry/src/index.crates.io-1949cf8c6b5b557f/multiversx-chain-vm-0.9.0/src/tx_execution/exec_call.rs:26:5
[INFO] [stdout]   46:     0x6487623926e7 - core::ops::function::FnOnce::call_once::h61057c2d00cef8f8
[INFO] [stdout]                                at /rustc/6067b36314ab5eb2eb47cecc464545ba58e1ad24/library/core/src/ops/function.rs:250:5
[INFO] [stdout]   47:     0x6487623abd85 - multiversx_chain_vm::tx_mock::tx_context_stack::TxContextStack::execute_on_vm_stack::{{closure}}::ha5f6f6ecebc7fddc
[INFO] [stdout]                                at /opt/rustwide/cargo-home/registry/src/index.crates.io-1949cf8c6b5b557f/multiversx-chain-vm-0.9.0/src/tx_mock/tx_context_stack.rs:46:26
[INFO] [stdout]   48:     0x6487623dfeb1 - multiversx_chain_vm::with_shared::shareable::Shareable<T>::with_shared::h1cd24d239b87ae6d
[INFO] [stdout]                                at /opt/rustwide/cargo-home/registry/src/index.crates.io-1949cf8c6b5b557f/multiversx-chain-vm-0.9.0/src/with_shared/shareable.rs:116:22
[INFO] [stdout]   49:     0x6487623abd2f - multiversx_chain_vm::tx_mock::tx_context_stack::TxContextStack::execute_on_vm_stack::he562328643163212
[INFO] [stdout]                                at /opt/rustwide/cargo-home/registry/src/index.crates.io-1949cf8c6b5b557f/multiversx-chain-vm-0.9.0/src/tx_mock/tx_context_stack.rs:43:9
[INFO] [stdout]   50:     0x6487623c4580 - multiversx_chain_vm::tx_execution::exec_general_tx::<impl multiversx_chain_vm::tx_execution::blockchain_vm::BlockchainVMRef>::default_execution::h4b629c89094b416e
[INFO] [stdout]                                at /opt/rustwide/cargo-home/registry/src/index.crates.io-1949cf8c6b5b557f/multiversx-chain-vm-0.9.0/src/tx_execution/exec_general_tx.rs:112:13
[INFO] [stdout]   51:     0x64876239b37b - multiversx_chain_vm::tx_execution::exec_call::<impl multiversx_chain_vm::tx_execution::blockchain_vm::BlockchainVMRef>::execute_builtin_function_or_default::{{closure}}::h5d58609e6ec225ab
[INFO] [stdout]                                at /opt/rustwide/cargo-home/registry/src/index.crates.io-1949cf8c6b5b557f/multiversx-chain-vm-0.9.0/src/tx_execution/exec_call.rs:75:37
[INFO] [stdout]   52:     0x648762397fc7 - multiversx_chain_vm::tx_execution::builtin_function_mocks::builtin_func_container::BuiltinFunctionCall::execute_or_else::h9836050aec011daf
[INFO] [stdout]                                at /opt/rustwide/cargo-home/registry/src/index.crates.io-1949cf8c6b5b557f/multiversx-chain-vm-0.9.0/src/tx_execution/builtin_function_mocks/builtin_func_container.rs:118:18
[INFO] [stdout]   53:     0x64876239720d - multiversx_chain_vm::tx_execution::builtin_function_mocks::builtin_func_container::BuiltinFunctionContainer::execute_builtin_function_or_else::h60dfc5a0ffe9e592
[INFO] [stdout]                                at /opt/rustwide/cargo-home/registry/src/index.crates.io-1949cf8c6b5b557f/multiversx-chain-vm-0.9.0/src/tx_execution/builtin_function_mocks/builtin_func_container.rs:39:9
[INFO] [stdout]   54:     0x6487623c243a - multiversx_chain_vm::tx_execution::exec_call::<impl multiversx_chain_vm::tx_execution::blockchain_vm::BlockchainVMRef>::execute_builtin_function_or_default::hbd37f94cdf91bd3e
[INFO] [stdout]                                at /opt/rustwide/cargo-home/registry/src/index.crates.io-1949cf8c6b5b557f/multiversx-chain-vm-0.9.0/src/tx_execution/exec_call.rs:70:9
[INFO] [stdout]   55:     0x64876239b46f - multiversx_chain_vm::tx_execution::exec_call::<impl multiversx_chain_vm::tx_execution::blockchain_vm::BlockchainVMRef>::execute_sc_call_lambda::{{closure}}::hf7ba3c5b2021661b
[INFO] [stdout]                                at /opt/rustwide/cargo-home/registry/src/index.crates.io-1949cf8c6b5b557f/multiversx-chain-vm-0.9.0/src/tx_execution/exec_call.rs:92:13
[INFO] [stdout]   56:     0x6487623e0150 - multiversx_chain_vm::with_shared::shareable::Shareable<T>::with_shared::hdd5559314d8cb2f3
[INFO] [stdout]                                at /opt/rustwide/cargo-home/registry/src/index.crates.io-1949cf8c6b5b557f/multiversx-chain-vm-0.9.0/src/with_shared/shareable.rs:116:22
[INFO] [stdout]   57:     0x6487623c25ce - multiversx_chain_vm::tx_execution::exec_call::<impl multiversx_chain_vm::tx_execution::blockchain_vm::BlockchainVMRef>::execute_sc_call_lambda::h639313b18a4d0c34
[INFO] [stdout]                                at /opt/rustwide/cargo-home/registry/src/index.crates.io-1949cf8c6b5b557f/multiversx-chain-vm-0.9.0/src/tx_execution/exec_call.rs:90:47
[INFO] [stdout]   58:     0x6487623c2e0f - multiversx_chain_vm::tx_execution::exec_call::<impl multiversx_chain_vm::tx_execution::blockchain_vm::BlockchainVMRef>::sc_call_with_async_and_callback::h5d9c800641174921
[INFO] [stdout]                                at /opt/rustwide/cargo-home/registry/src/index.crates.io-1949cf8c6b5b557f/multiversx-chain-vm-0.9.0/src/tx_execution/exec_call.rs:151:29
[INFO] [stdout]   59:     0x648762255d2a - multiversx_sc_scenario::scenario::run_vm::sc_call::<impl multiversx_sc_scenario::scenario::run_vm::vm_runner::ScenarioVMRunner>::perform_sc_call_lambda::h95f557c47b10ba05
[INFO] [stdout]                                at /opt/rustwide/cargo-home/registry/src/index.crates.io-1949cf8c6b5b557f/multiversx-sc-scenario-0.51.1/src/scenario/run_vm/sc_call.rs:63:9
[INFO] [stdout]   60:     0x648762255da1 - multiversx_sc_scenario::scenario::run_vm::sc_call::<impl multiversx_sc_scenario::scenario::run_vm::vm_runner::ScenarioVMRunner>::perform_sc_call_lambda_and_check::h1d1af62f14ac7dc9
[INFO] [stdout]                                at /opt/rustwide/cargo-home/registry/src/index.crates.io-1949cf8c6b5b557f/multiversx-sc-scenario-0.51.1/src/scenario/run_vm/sc_call.rs:78:25
[INFO] [stdout]   61:     0x648762255bbd - multiversx_sc_scenario::scenario::run_vm::sc_call::<impl multiversx_sc_scenario::scenario::run_vm::vm_runner::ScenarioVMRunner>::perform_sc_call_update_results::h4325a4be337404f1
[INFO] [stdout]                                at /opt/rustwide/cargo-home/registry/src/index.crates.io-1949cf8c6b5b557f/multiversx-sc-scenario-0.51.1/src/scenario/run_vm/sc_call.rs:21:13
[INFO] [stdout]   62:     0x648762257084 - <multiversx_sc_scenario::scenario::run_vm::vm_runner::ScenarioVMRunner as multiversx_sc_scenario::scenario::scenario_runner::ScenarioRunner>::run_sc_call_step::h245d93f848935d31
[INFO] [stdout]                                at /opt/rustwide/cargo-home/registry/src/index.crates.io-1949cf8c6b5b557f/multiversx-sc-scenario-0.51.1/src/scenario/run_vm/vm_runner.rs:36:9
[INFO] [stdout]   63:     0x6487622bc546 - multiversx_sc_scenario::facade::scenario_world_runner::<impl multiversx_sc_scenario::scenario::scenario_runner::ScenarioRunner for multiversx_sc_scenario::facade::scenario_world::ScenarioWorld>::run_sc_call_step::{{closure}}::hbd2b26e714e6e8f6
[INFO] [stdout]                                at /opt/rustwide/cargo-home/registry/src/index.crates.io-1949cf8c6b5b557f/multiversx-sc-scenario-0.51.1/src/facade/scenario_world_runner.rs:34:43
[INFO] [stdout]   64:     0x6487622503b4 - multiversx_sc_scenario::facade::scenario_world_runner::<impl multiversx_sc_scenario::facade::scenario_world::ScenarioWorld>::for_each_runner_mut::h53a3f1413cdf2698
[INFO] [stdout]                                at /opt/rustwide/cargo-home/registry/src/index.crates.io-1949cf8c6b5b557f/multiversx-sc-scenario-0.51.1/src/facade/scenario_world_runner.rs:12:17
[INFO] [stdout]   65:     0x648762250594 - multiversx_sc_scenario::facade::scenario_world_runner::<impl multiversx_sc_scenario::scenario::scenario_runner::ScenarioRunner for multiversx_sc_scenario::facade::scenario_world::ScenarioWorld>::run_sc_call_step::hdab7d14a84eece0c
[INFO] [stdout]                                at /opt/rustwide/cargo-home/registry/src/index.crates.io-1949cf8c6b5b557f/multiversx-sc-scenario-0.51.1/src/facade/scenario_world_runner.rs:34:9
[INFO] [stdout]   66:     0x64876217b921 - multiversx_sc_scenario::facade::scenario_world_steps::<impl multiversx_sc_scenario::facade::scenario_world::ScenarioWorld>::sc_call::h92ad596d0473e9b9
[INFO] [stdout]                                at /opt/rustwide/cargo-home/registry/src/index.crates.io-1949cf8c6b5b557f/multiversx-sc-scenario-0.51.1/src/facade/scenario_world_steps.rs:34:9
[INFO] [stdout]   67:     0x6487621aa288 - multiversx_sc_scenario::facade::world_tx::scenario_exec_call::<impl multiversx_sc_scenario::facade::world_tx::scenario_tx_env::ScenarioTxRun for multiversx_sc::types::interaction::tx::Tx<multiversx_sc_scenario::facade::world_tx::scenario_exec_call::ScenarioEnvExec,From,To,Payment,Gas,multiversx_sc::types::interaction::tx_data::function_call::FunctionCall<multiversx_sc_scenario::api::impl_vh::vm_hooks_api::VMHooksApi<multiversx_sc_scenario::api::impl_vh::static_api::StaticApiBackend>>,RH>>::run::h82e8276e38b2b346
[INFO] [stdout]                                at /opt/rustwide/cargo-home/registry/src/index.crates.io-1949cf8c6b5b557f/multiversx-sc-scenario-0.51.1/src/facade/world_tx/scenario_exec_call.rs:89:9
[INFO] [stdout]   68:     0x648762183beb - crowdfunding_esdt_blackbox_test::fund_wrong_token::h0524ab3c53217ae6
[INFO] [stdout]                                at /opt/rustwide/workdir/tests/crowdfunding_esdt_blackbox_test.rs:62:5
[INFO] [stdout]   69:     0x6487621848a4 - crowdfunding_esdt_blackbox_test::test_wrong_token_fund::haf31ed94ae9127d6
[INFO] [stdout]                                at /opt/rustwide/workdir/tests/crowdfunding_esdt_blackbox_test.rs:185:5
[INFO] [stdout]   70:     0x648762184817 - crowdfunding_esdt_blackbox_test::test_wrong_token_fund::{{closure}}::h008ef5694b41dac2
[INFO] [stdout]                                at /opt/rustwide/workdir/tests/crowdfunding_esdt_blackbox_test.rs:180:27
[INFO] [stdout]   71:     0x64876217d566 - core::ops::function::FnOnce::call_once::h797d9f36fb16d2b2
[INFO] [stdout]                                at /rustc/6067b36314ab5eb2eb47cecc464545ba58e1ad24/library/core/src/ops/function.rs:250:5
[INFO] [stdout]   72:     0x6487621ef88b - core::ops::function::FnOnce::call_once::he27718dfdd183f43
[INFO] [stdout]                                at /rustc/6067b36314ab5eb2eb47cecc464545ba58e1ad24/library/core/src/ops/function.rs:250:5
[INFO] [stdout]   73:     0x6487621ef88b - test::__rust_begin_short_backtrace::h4e84902998457a5d
[INFO] [stdout]                                at /rustc/6067b36314ab5eb2eb47cecc464545ba58e1ad24/library/test/src/lib.rs:632:18
[INFO] [stdout]   74:     0x6487621ee7c3 - test::run_test_in_process::{{closure}}::h7176fd18fc1feca0
[INFO] [stdout]                                at /rustc/6067b36314ab5eb2eb47cecc464545ba58e1ad24/library/test/src/lib.rs:655:60
[INFO] [stdout]   75:     0x6487621ee7c3 - <core::panic::unwind_safe::AssertUnwindSafe<F> as core::ops::function::FnOnce<()>>::call_once::hf79cff2a624d8cf7
[INFO] [stdout]                                at /rustc/6067b36314ab5eb2eb47cecc464545ba58e1ad24/library/core/src/panic/unwind_safe.rs:272:9
[INFO] [stdout]   76:     0x6487621ee7c3 - std::panicking::try::do_call::h3da0561d9ab99c25
[INFO] [stdout]                                at /rustc/6067b36314ab5eb2eb47cecc464545ba58e1ad24/library/std/src/panicking.rs:587:40
[INFO] [stdout]   77:     0x6487621ee7c3 - std::panicking::try::h41c9fa508bc61df6
[INFO] [stdout]                                at /rustc/6067b36314ab5eb2eb47cecc464545ba58e1ad24/library/std/src/panicking.rs:550:19
[INFO] [stdout]   78:     0x6487621ee7c3 - std::panic::catch_unwind::h6b3ff07bb5afad93
[INFO] [stdout]                                at /rustc/6067b36314ab5eb2eb47cecc464545ba58e1ad24/library/std/src/panic.rs:358:14
[INFO] [stdout]   79:     0x6487621ee7c3 - test::run_test_in_process::hc7253dd11b39b9f4
[INFO] [stdout]                                at /rustc/6067b36314ab5eb2eb47cecc464545ba58e1ad24/library/test/src/lib.rs:655:27
[INFO] [stdout]   80:     0x6487621ee7c3 - test::run_test::{{closure}}::hfb2007f8649c30bb
[INFO] [stdout]                                at /rustc/6067b36314ab5eb2eb47cecc464545ba58e1ad24/library/test/src/lib.rs:576:43
[INFO] [stdout]   81:     0x6487621b18a5 - test::run_test::{{closure}}::h56a17aa7a282a9f4
[INFO] [stdout]                                at /rustc/6067b36314ab5eb2eb47cecc464545ba58e1ad24/library/test/src/lib.rs:606:41
[INFO] [stdout]   82:     0x6487621b18a5 - std::sys::backtrace::__rust_begin_short_backtrace::hd2d2d2fb8e8c6aac
[INFO] [stdout]                                at /rustc/6067b36314ab5eb2eb47cecc464545ba58e1ad24/library/std/src/sys/backtrace.rs:152:18
[INFO] [stdout]   83:     0x6487621b518a - std::thread::Builder::spawn_unchecked_::{{closure}}::{{closure}}::h4faa3f9db6133423
[INFO] [stdout]                                at /rustc/6067b36314ab5eb2eb47cecc464545ba58e1ad24/library/std/src/thread/mod.rs:559:17
[INFO] [stdout]   84:     0x6487621b518a - <core::panic::unwind_safe::AssertUnwindSafe<F> as core::ops::function::FnOnce<()>>::call_once::hf2e855a36a4ea846
[INFO] [stdout]                                at /rustc/6067b36314ab5eb2eb47cecc464545ba58e1ad24/library/core/src/panic/unwind_safe.rs:272:9
[INFO] [stdout]   85:     0x6487621b518a - std::panicking::try::do_call::h2f73af3616c35465
[INFO] [stdout]                                at /rustc/6067b36314ab5eb2eb47cecc464545ba58e1ad24/library/std/src/panicking.rs:587:40
[INFO] [stdout]   86:     0x6487621b518a - std::panicking::try::hd1660ce9efadef5a
[INFO] [stdout]                                at /rustc/6067b36314ab5eb2eb47cecc464545ba58e1ad24/library/std/src/panicking.rs:550:19
[INFO] [stdout]   87:     0x6487621b518a - std::panic::catch_unwind::h5ee8d7823b8ca744
[INFO] [stdout]                                at /rustc/6067b36314ab5eb2eb47cecc464545ba58e1ad24/library/std/src/panic.rs:358:14
[INFO] [stdout]   88:     0x6487621b518a - std::thread::Builder::spawn_unchecked_::{{closure}}::h53c3a1894dce8407
[INFO] [stdout]                                at /rustc/6067b36314ab5eb2eb47cecc464545ba58e1ad24/library/std/src/thread/mod.rs:557:30
[INFO] [stdout]   89:     0x6487621b518a - core::ops::function::FnOnce::call_once{{vtable.shim}}::h048ce291ad4f62bf
[INFO] [stdout]                                at /rustc/6067b36314ab5eb2eb47cecc464545ba58e1ad24/library/core/src/ops/function.rs:250:5
[INFO] [stdout]   90:     0x64876249cbbb - <alloc::boxed::Box<F,A> as core::ops::function::FnOnce<Args>>::call_once::ha52bedf99a3b4981
[INFO] [stdout]                                at /rustc/6067b36314ab5eb2eb47cecc464545ba58e1ad24/library/alloc/src/boxed.rs:2013:9
[INFO] [stdout]   91:     0x64876249cbbb - <alloc::boxed::Box<F,A> as core::ops::function::FnOnce<Args>>::call_once::h567748934d80ccf8
[INFO] [stdout]                                at /rustc/6067b36314ab5eb2eb47cecc464545ba58e1ad24/library/alloc/src/boxed.rs:2013:9
[INFO] [stdout]   92:     0x64876249cbbb - std::sys::pal::unix::thread::Thread::new::thread_start::h2d970728ae887adc
[INFO] [stdout]                                at /rustc/6067b36314ab5eb2eb47cecc464545ba58e1ad24/library/std/src/sys/pal/unix/thread.rs:106:17
[INFO] [stdout]   93:     0x71ef8521aac3 - <unknown>
[INFO] [stdout]   94:     0x71ef852aba04 - clone
[INFO] [stdout]   95:                0x0 - <unknown>
[INFO] [stdout] 
[INFO] [stdout] thread 'test_wrong_token_fund' panicked at /opt/rustwide/cargo-home/registry/src/index.crates.io-1949cf8c6b5b557f/multiversx-chain-scenario-format-0.22.3/src/serde_raw/scenario_raw.rs:61:47:
[INFO] [stdout] called `Result::unwrap()` on an `Err` value: Os { code: 30, kind: ReadOnlyFilesystem, message: "Read-only file system" }
[INFO] [stdout] stack backtrace:
[INFO] [stdout]    0:     0x648762496d2a - std::backtrace_rs::backtrace::libunwind::trace::hb059275cfc8d6126
[INFO] [stdout]                                at /rustc/6067b36314ab5eb2eb47cecc464545ba58e1ad24/library/std/src/../../backtrace/src/backtrace/libunwind.rs:116:5
[INFO] [stdout]    1:     0x648762496d2a - std::backtrace_rs::backtrace::trace_unsynchronized::h2da071e4327ce3ee
[INFO] [stdout]                                at /rustc/6067b36314ab5eb2eb47cecc464545ba58e1ad24/library/std/src/../../backtrace/src/backtrace/mod.rs:66:5
[INFO] [stdout]    2:     0x648762496d2a - std::sys::backtrace::_print_fmt::h842a1474e6f8d23f
[INFO] [stdout]                                at /rustc/6067b36314ab5eb2eb47cecc464545ba58e1ad24/library/std/src/sys/backtrace.rs:66:9
[INFO] [stdout]    3:     0x648762496d2a - <std::sys::backtrace::BacktraceLock::print::DisplayBacktrace as core::fmt::Display>::fmt::h71a62eb3b9696b12
[INFO] [stdout]                                at /rustc/6067b36314ab5eb2eb47cecc464545ba58e1ad24/library/std/src/sys/backtrace.rs:39:26
[INFO] [stdout]    4:     0x6487624c00d3 - core::fmt::rt::Argument::fmt::hdb6b616786b41dc1
[INFO] [stdout]                                at /rustc/6067b36314ab5eb2eb47cecc464545ba58e1ad24/library/core/src/fmt/rt.rs:177:76
[INFO] [stdout]    5:     0x6487624c00d3 - core::fmt::write::h2cc1698af7e2d686
[INFO] [stdout]                                at /rustc/6067b36314ab5eb2eb47cecc464545ba58e1ad24/library/core/src/fmt/mod.rs:1440:21
[INFO] [stdout]    6:     0x648762493723 - std::io::Write::write_fmt::hab1b4cd059a79022
[INFO] [stdout]                                at /rustc/6067b36314ab5eb2eb47cecc464545ba58e1ad24/library/std/src/io/mod.rs:1887:15
[INFO] [stdout]    7:     0x648762496b72 - std::sys::backtrace::BacktraceLock::print::h147fe35b4ea13b08
[INFO] [stdout]                                at /rustc/6067b36314ab5eb2eb47cecc464545ba58e1ad24/library/std/src/sys/backtrace.rs:42:9
[INFO] [stdout]    8:     0x64876249814f - std::panicking::default_hook::{{closure}}::hbd44223dbdc0d208
[INFO] [stdout]                                at /rustc/6067b36314ab5eb2eb47cecc464545ba58e1ad24/library/std/src/panicking.rs:298:22
[INFO] [stdout]    9:     0x648762497f68 - std::panicking::default_hook::h20f81eb0576efcec
[INFO] [stdout]                                at /rustc/6067b36314ab5eb2eb47cecc464545ba58e1ad24/library/std/src/panicking.rs:322:9
[INFO] [stdout]   10:     0x6487621ea133 - <alloc::boxed::Box<F,A> as core::ops::function::Fn<Args>>::call::hdb53814c496a4d34
[INFO] [stdout]                                at /rustc/6067b36314ab5eb2eb47cecc464545ba58e1ad24/library/alloc/src/boxed.rs:2027:9
[INFO] [stdout]   11:     0x6487621ea133 - test::test_main::{{closure}}::hc0a4963c59427c24
[INFO] [stdout]                                at /rustc/6067b36314ab5eb2eb47cecc464545ba58e1ad24/library/test/src/lib.rs:134:21
[INFO] [stdout]   12:     0x648762498c43 - <alloc::boxed::Box<F,A> as core::ops::function::Fn<Args>>::call::h591b2225413a77e9
[INFO] [stdout]                                at /rustc/6067b36314ab5eb2eb47cecc464545ba58e1ad24/library/alloc/src/boxed.rs:2027:9
[INFO] [stdout]   13:     0x648762498c43 - std::panicking::rust_panic_with_hook::h625eea43051b2edc
[INFO] [stdout]                                at /rustc/6067b36314ab5eb2eb47cecc464545ba58e1ad24/library/std/src/panicking.rs:839:13
[INFO] [stdout]   14:     0x6487624988fa - std::panicking::begin_panic_handler::{{closure}}::h4f9159cfbc3f6bd3
[INFO] [stdout]                                at /rustc/6067b36314ab5eb2eb47cecc464545ba58e1ad24/library/std/src/panicking.rs:704:13
[INFO] [stdout]   15:     0x648762497229 - std::sys::backtrace::__rust_end_short_backtrace::h0390abce48353151
[INFO] [stdout]                                at /rustc/6067b36314ab5eb2eb47cecc464545ba58e1ad24/library/std/src/sys/backtrace.rs:168:18
[INFO] [stdout]   16:     0x64876249858d - rust_begin_unwind
[INFO] [stdout]                                at /rustc/6067b36314ab5eb2eb47cecc464545ba58e1ad24/library/std/src/panicking.rs:695:5
[INFO] [stdout]   17:     0x6487624be3d0 - core::panicking::panic_fmt::h9e7c637e9e5f29c9
[INFO] [stdout]                                at /rustc/6067b36314ab5eb2eb47cecc464545ba58e1ad24/library/core/src/panicking.rs:75:14
[INFO] [stdout]   18:     0x6487624be846 - core::result::unwrap_failed::h7979f09313fe1849
[INFO] [stdout]                                at /rustc/6067b36314ab5eb2eb47cecc464545ba58e1ad24/library/core/src/result.rs:1704:5
[INFO] [stdout]   19:     0x64876219af04 - core::result::Result<T,E>::unwrap::h8186639f295d6812
[INFO] [stdout]                                at /rustc/6067b36314ab5eb2eb47cecc464545ba58e1ad24/library/core/src/result.rs:1109:23
[INFO] [stdout]   20:     0x64876219af04 - multiversx_chain_scenario_format::serde_raw::scenario_raw::ScenarioRaw::save_to_file::h744ab3f6277c2402
[INFO] [stdout]                                at /opt/rustwide/cargo-home/registry/src/index.crates.io-1949cf8c6b5b557f/multiversx-chain-scenario-format-0.22.3/src/serde_raw/scenario_raw.rs:61:24
[INFO] [stdout]   21:     0x64876217c1a8 - multiversx_sc_scenario::scenario::run_trace::scenario_trace::ScenarioTrace::write_scenario_trace::h1efbb0d458ed6048
[INFO] [stdout]                                at /opt/rustwide/cargo-home/registry/src/index.crates.io-1949cf8c6b5b557f/multiversx-sc-scenario-0.51.1/src/scenario/run_trace/scenario_trace.rs:25:9
[INFO] [stdout]   22:     0x64876217b87e - multiversx_sc_scenario::facade::scenario_world::ScenarioWorld::write_scenario_trace::h3f22aaf993e2b55f
[INFO] [stdout]                                at /opt/rustwide/cargo-home/registry/src/index.crates.io-1949cf8c6b5b557f/multiversx-sc-scenario-0.51.1/src/facade/scenario_world.rs:125:13
[INFO] [stdout]   23:     0x6487621848d8 - crowdfunding_esdt_blackbox_test::test_wrong_token_fund::haf31ed94ae9127d6
[INFO] [stdout]                                at /opt/rustwide/workdir/tests/crowdfunding_esdt_blackbox_test.rs:188:5
[INFO] [stdout]   24:     0x648762184817 - crowdfunding_esdt_blackbox_test::test_wrong_token_fund::{{closure}}::h008ef5694b41dac2
[INFO] [stdout]                                at /opt/rustwide/workdir/tests/crowdfunding_esdt_blackbox_test.rs:180:27
[INFO] [stdout]   25:     0x64876217d566 - core::ops::function::FnOnce::call_once::h797d9f36fb16d2b2
[INFO] [stdout]                                at /rustc/6067b36314ab5eb2eb47cecc464545ba58e1ad24/library/core/src/ops/function.rs:250:5
[INFO] [stderr] error: test failed, to rerun pass `--test crowdfunding_esdt_blackbox_test`
[INFO] [stdout]   26:     0x6487621ef88b - core::ops::function::FnOnce::call_once::he27718dfdd183f43
[INFO] [stdout]                                at /rustc/6067b36314ab5eb2eb47cecc464545ba58e1ad24/library/core/src/ops/function.rs:250:5
[INFO] [stdout]   27:     0x6487621ef88b - test::__rust_begin_short_backtrace::h4e84902998457a5d
[INFO] [stdout]                                at /rustc/6067b36314ab5eb2eb47cecc464545ba58e1ad24/library/test/src/lib.rs:632:18
[INFO] [stdout]   28:     0x6487621ee7c3 - test::run_test_in_process::{{closure}}::h7176fd18fc1feca0
[INFO] [stdout]                                at /rustc/6067b36314ab5eb2eb47cecc464545ba58e1ad24/library/test/src/lib.rs:655:60
[INFO] [stdout]   29:     0x6487621ee7c3 - <core::panic::unwind_safe::AssertUnwindSafe<F> as core::ops::function::FnOnce<()>>::call_once::hf79cff2a624d8cf7
[INFO] [stdout]                                at /rustc/6067b36314ab5eb2eb47cecc464545ba58e1ad24/library/core/src/panic/unwind_safe.rs:272:9
[INFO] [stdout]   30:     0x6487621ee7c3 - std::panicking::try::do_call::h3da0561d9ab99c25
[INFO] [stdout]                                at /rustc/6067b36314ab5eb2eb47cecc464545ba58e1ad24/library/std/src/panicking.rs:587:40
[INFO] [stdout]   31:     0x6487621ee7c3 - std::panicking::try::h41c9fa508bc61df6
[INFO] [stdout]                                at /rustc/6067b36314ab5eb2eb47cecc464545ba58e1ad24/library/std/src/panicking.rs:550:19
[INFO] [stdout]   32:     0x6487621ee7c3 - std::panic::catch_unwind::h6b3ff07bb5afad93
[INFO] [stdout]                                at /rustc/6067b36314ab5eb2eb47cecc464545ba58e1ad24/library/std/src/panic.rs:358:14
[INFO] [stdout]   33:     0x6487621ee7c3 - test::run_test_in_process::hc7253dd11b39b9f4
[INFO] [stdout]                                at /rustc/6067b36314ab5eb2eb47cecc464545ba58e1ad24/library/test/src/lib.rs:655:27
[INFO] [stdout]   34:     0x6487621ee7c3 - test::run_test::{{closure}}::hfb2007f8649c30bb
[INFO] [stdout]                                at /rustc/6067b36314ab5eb2eb47cecc464545ba58e1ad24/library/test/src/lib.rs:576:43
[INFO] [stdout]   35:     0x6487621b18a5 - test::run_test::{{closure}}::h56a17aa7a282a9f4
[INFO] [stdout]                                at /rustc/6067b36314ab5eb2eb47cecc464545ba58e1ad24/library/test/src/lib.rs:606:41
[INFO] [stdout]   36:     0x6487621b18a5 - std::sys::backtrace::__rust_begin_short_backtrace::hd2d2d2fb8e8c6aac
[INFO] [stdout]                                at /rustc/6067b36314ab5eb2eb47cecc464545ba58e1ad24/library/std/src/sys/backtrace.rs:152:18
[INFO] [stdout]   37:     0x6487621b518a - std::thread::Builder::spawn_unchecked_::{{closure}}::{{closure}}::h4faa3f9db6133423
[INFO] [stdout]                                at /rustc/6067b36314ab5eb2eb47cecc464545ba58e1ad24/library/std/src/thread/mod.rs:559:17
[INFO] [stdout]   38:     0x6487621b518a - <core::panic::unwind_safe::AssertUnwindSafe<F> as core::ops::function::FnOnce<()>>::call_once::hf2e855a36a4ea846
[INFO] [stdout]                                at /rustc/6067b36314ab5eb2eb47cecc464545ba58e1ad24/library/core/src/panic/unwind_safe.rs:272:9
[INFO] [stdout]   39:     0x6487621b518a - std::panicking::try::do_call::h2f73af3616c35465
[INFO] [stdout]                                at /rustc/6067b36314ab5eb2eb47cecc464545ba58e1ad24/library/std/src/panicking.rs:587:40
[INFO] [stdout]   40:     0x6487621b518a - std::panicking::try::hd1660ce9efadef5a
[INFO] [stdout]                                at /rustc/6067b36314ab5eb2eb47cecc464545ba58e1ad24/library/std/src/panicking.rs:550:19
[INFO] [stdout]   41:     0x6487621b518a - std::panic::catch_unwind::h5ee8d7823b8ca744
[INFO] [stdout]                                at /rustc/6067b36314ab5eb2eb47cecc464545ba58e1ad24/library/std/src/panic.rs:358:14
[INFO] [stdout]   42:     0x6487621b518a - std::thread::Builder::spawn_unchecked_::{{closure}}::h53c3a1894dce8407
[INFO] [stdout]                                at /rustc/6067b36314ab5eb2eb47cecc464545ba58e1ad24/library/std/src/thread/mod.rs:557:30
[INFO] [stdout]   43:     0x6487621b518a - core::ops::function::FnOnce::call_once{{vtable.shim}}::h048ce291ad4f62bf
[INFO] [stdout]                                at /rustc/6067b36314ab5eb2eb47cecc464545ba58e1ad24/library/core/src/ops/function.rs:250:5
[INFO] [stdout]   44:     0x64876249cbbb - <alloc::boxed::Box<F,A> as core::ops::function::FnOnce<Args>>::call_once::ha52bedf99a3b4981
[INFO] [stdout]                                at /rustc/6067b36314ab5eb2eb47cecc464545ba58e1ad24/library/alloc/src/boxed.rs:2013:9
[INFO] [stdout]   45:     0x64876249cbbb - <alloc::boxed::Box<F,A> as core::ops::function::FnOnce<Args>>::call_once::h567748934d80ccf8
[INFO] [stdout]                                at /rustc/6067b36314ab5eb2eb47cecc464545ba58e1ad24/library/alloc/src/boxed.rs:2013:9
[INFO] [stdout]   46:     0x64876249cbbb - std::sys::pal::unix::thread::Thread::new::thread_start::h2d970728ae887adc
[INFO] [stdout]                                at /rustc/6067b36314ab5eb2eb47cecc464545ba58e1ad24/library/std/src/sys/pal/unix/thread.rs:106:17
[INFO] [stdout]   47:     0x71ef8521aac3 - <unknown>
[INFO] [stdout]   48:     0x71ef852aba04 - clone
[INFO] [stdout]   49:                0x0 - <unknown>
[INFO] [stdout] 
[INFO] [stdout] ---- test_status_succes stdout ----
[INFO] [stdout] only owner can claim successful funding
[INFO] [stdout] 
[INFO] [stdout] thread 'test_status_succes' panicked at /opt/rustwide/cargo-home/registry/src/index.crates.io-1949cf8c6b5b557f/multiversx-chain-vm-0.9.0/src/vm_hooks/vh_impl/vh_debug_api.rs:45:9:
[INFO] [stdout] Box<dyn Any>
[INFO] [stdout] stack backtrace:
[INFO] [stdout]    0:     0x648762496d2a - std::backtrace_rs::backtrace::libunwind::trace::hb059275cfc8d6126
[INFO] [stdout]                                at /rustc/6067b36314ab5eb2eb47cecc464545ba58e1ad24/library/std/src/../../backtrace/src/backtrace/libunwind.rs:116:5
[INFO] [stdout]    1:     0x648762496d2a - std::backtrace_rs::backtrace::trace_unsynchronized::h2da071e4327ce3ee
[INFO] [stdout]                                at /rustc/6067b36314ab5eb2eb47cecc464545ba58e1ad24/library/std/src/../../backtrace/src/backtrace/mod.rs:66:5
[INFO] [stdout]    2:     0x648762496d2a - std::sys::backtrace::_print_fmt::h842a1474e6f8d23f
[INFO] [stdout]                                at /rustc/6067b36314ab5eb2eb47cecc464545ba58e1ad24/library/std/src/sys/backtrace.rs:66:9
[INFO] [stdout]    3:     0x648762496d2a - <std::sys::backtrace::BacktraceLock::print::DisplayBacktrace as core::fmt::Display>::fmt::h71a62eb3b9696b12
[INFO] [stdout]                                at /rustc/6067b36314ab5eb2eb47cecc464545ba58e1ad24/library/std/src/sys/backtrace.rs:39:26
[INFO] [stdout]    4:     0x6487624c00d3 - core::fmt::rt::Argument::fmt::hdb6b616786b41dc1
[INFO] [stdout]                                at /rustc/6067b36314ab5eb2eb47cecc464545ba58e1ad24/library/core/src/fmt/rt.rs:177:76
[INFO] [stdout]    5:     0x6487624c00d3 - core::fmt::write::h2cc1698af7e2d686
[INFO] [stdout]                                at /rustc/6067b36314ab5eb2eb47cecc464545ba58e1ad24/library/core/src/fmt/mod.rs:1440:21
[INFO] [stdout]    6:     0x648762493723 - std::io::Write::write_fmt::hab1b4cd059a79022
[INFO] [stdout]                                at /rustc/6067b36314ab5eb2eb47cecc464545ba58e1ad24/library/std/src/io/mod.rs:1887:15
[INFO] [stdout]    7:     0x648762496b72 - std::sys::backtrace::BacktraceLock::print::h147fe35b4ea13b08
[INFO] [stdout]                                at /rustc/6067b36314ab5eb2eb47cecc464545ba58e1ad24/library/std/src/sys/backtrace.rs:42:9
[INFO] [stdout]    8:     0x64876249814f - std::panicking::default_hook::{{closure}}::hbd44223dbdc0d208
[INFO] [stdout]                                at /rustc/6067b36314ab5eb2eb47cecc464545ba58e1ad24/library/std/src/panicking.rs:298:22
[INFO] [stdout]    9:     0x648762497f68 - std::panicking::default_hook::h20f81eb0576efcec
[INFO] [stdout]                                at /rustc/6067b36314ab5eb2eb47cecc464545ba58e1ad24/library/std/src/panicking.rs:322:9
[INFO] [stdout]   10:     0x6487621ea133 - <alloc::boxed::Box<F,A> as core::ops::function::Fn<Args>>::call::hdb53814c496a4d34
[INFO] [stdout]                                at /rustc/6067b36314ab5eb2eb47cecc464545ba58e1ad24/library/alloc/src/boxed.rs:2027:9
[INFO] [stdout]   11:     0x6487621ea133 - test::test_main::{{closure}}::hc0a4963c59427c24
[INFO] [stdout]                                at /rustc/6067b36314ab5eb2eb47cecc464545ba58e1ad24/library/test/src/lib.rs:134:21
[INFO] [stdout]   12:     0x648762498c43 - <alloc::boxed::Box<F,A> as core::ops::function::Fn<Args>>::call::h591b2225413a77e9
[INFO] [stdout]                                at /rustc/6067b36314ab5eb2eb47cecc464545ba58e1ad24/library/alloc/src/boxed.rs:2027:9
[INFO] [stdout]   13:     0x648762498c43 - std::panicking::rust_panic_with_hook::h625eea43051b2edc
[INFO] [stdout]                                at /rustc/6067b36314ab5eb2eb47cecc464545ba58e1ad24/library/std/src/panicking.rs:839:13
[INFO] [stdout]   14:     0x6487623e568c - std::panicking::begin_panic::{{closure}}::h152dc7b76ad07fdb
[INFO] [stdout]                                at /rustc/6067b36314ab5eb2eb47cecc464545ba58e1ad24/library/std/src/panicking.rs:768:9
[INFO] [stdout]   15:     0x6487623918ec - std::sys::backtrace::__rust_end_short_backtrace::ha312660e8a434e29
[INFO] [stdout]                                at /rustc/6067b36314ab5eb2eb47cecc464545ba58e1ad24/library/std/src/sys/backtrace.rs:168:18
[INFO] [stdout]   16:     0x6487623e5643 - std::panicking::begin_panic::ha2190f3cf98e5d6c
[INFO] [stdout]                                at /rustc/6067b36314ab5eb2eb47cecc464545ba58e1ad24/library/std/src/panicking.rs:767:5
[INFO] [stdout]   17:     0x6487623b72f4 - std::panic::panic_any::he4a6423edf45b9bc
[INFO] [stdout]                                at /rustc/6067b36314ab5eb2eb47cecc464545ba58e1ad24/library/std/src/panic.rs:259:5
[INFO] [stdout]   18:     0x6487623ac225 - <multiversx_chain_vm::vm_hooks::vh_impl::vh_debug_api::DebugApiVMHooksHandler as multiversx_chain_vm::vm_hooks::vh_source::VMHooksHandlerSource>::halt_with_error::hb1ee092706dd5cc9
[INFO] [stdout]                                at /opt/rustwide/cargo-home/registry/src/index.crates.io-1949cf8c6b5b557f/multiversx-chain-vm-0.9.0/src/vm_hooks/vh_impl/vh_debug_api.rs:45:9
[INFO] [stdout]   19:     0x648762176677 - multiversx_chain_vm::vm_hooks::vh_handler::vh_error::VMHooksError::signal_error::hd7163edcfd29c0dd
[INFO] [stdout]                                at /opt/rustwide/cargo-home/registry/src/index.crates.io-1949cf8c6b5b557f/multiversx-chain-vm-0.9.0/src/vm_hooks/vh_handler/vh_error.rs:11:9
[INFO] [stdout]   20:     0x6487623d7105 - <multiversx_chain_vm::vm_hooks::vh_dispatcher::VMHooksDispatcher as multiversx_chain_vm_executor::vm_hooks::VMHooks>::signal_error::{{closure}}::h3510ce83bc20d765
[INFO] [stdout]                                at /opt/rustwide/cargo-home/registry/src/index.crates.io-1949cf8c6b5b557f/multiversx-chain-vm-0.9.0/src/vm_hooks/vh_dispatcher.rs:64:17
[INFO] [stdout]   21:     0x6487623c7e50 - multiversx_chain_vm::mem_conv::with_bytes::hb4842046eb76e91d
[INFO] [stdout]                                at /opt/rustwide/cargo-home/registry/src/index.crates.io-1949cf8c6b5b557f/multiversx-chain-vm-0.9.0/src/mem_conv.rs:27:5
[INFO] [stdout]   22:     0x6487623d70b8 - <multiversx_chain_vm::vm_hooks::vh_dispatcher::VMHooksDispatcher as multiversx_chain_vm_executor::vm_hooks::VMHooks>::signal_error::h289991253b65740d
[INFO] [stdout]                                at /opt/rustwide/cargo-home/registry/src/index.crates.io-1949cf8c6b5b557f/multiversx-chain-vm-0.9.0/src/vm_hooks/vh_dispatcher.rs:63:13
[INFO] [stdout]   23:     0x64876219440f - multiversx_sc_scenario::api::core_api_vh::error_api_vh::<impl multiversx_sc::api::error_api::ErrorApiImpl for multiversx_sc_scenario::api::impl_vh::vm_hooks_api::VMHooksApi<VHB>>::signal_error::{{closure}}::{{closure}}::h227b5a88a7262748
[INFO] [stdout]                                at /opt/rustwide/cargo-home/registry/src/index.crates.io-1949cf8c6b5b557f/multiversx-sc-scenario-0.51.1/src/api/core_api_vh/error_api_vh.rs:18:17
[INFO] [stdout]   24:     0x648762189447 - multiversx_chain_vm::mem_conv::with_mem_ptr::hcf1caddc44ec0fce
[INFO] [stdout]                                at /opt/rustwide/cargo-home/registry/src/index.crates.io-1949cf8c6b5b557f/multiversx-chain-vm-0.9.0/src/mem_conv.rs:7:5
[INFO] [stdout]   25:     0x6487621943c7 - multiversx_sc_scenario::api::core_api_vh::error_api_vh::<impl multiversx_sc::api::error_api::ErrorApiImpl for multiversx_sc_scenario::api::impl_vh::vm_hooks_api::VMHooksApi<VHB>>::signal_error::{{closure}}::h5e0cb4db00b70596
[INFO] [stdout]                                at /opt/rustwide/cargo-home/registry/src/index.crates.io-1949cf8c6b5b557f/multiversx-sc-scenario-0.51.1/src/api/core_api_vh/error_api_vh.rs:17:13
[INFO] [stdout]   26:     0x64876218da1b - <multiversx_sc_scenario::api::impl_vh::debug_api::DebugApiBackend as multiversx_sc_scenario::api::impl_vh::vm_hooks_backend::VMHooksApiBackend>::with_vm_hooks::h630a5e21f6626167
[INFO] [stdout]                                at /opt/rustwide/cargo-home/registry/src/index.crates.io-1949cf8c6b5b557f/multiversx-sc-scenario-0.51.1/src/api/impl_vh/debug_api.rs:27:9
[INFO] [stdout]   27:     0x6487621a8590 - multiversx_sc_scenario::api::impl_vh::vm_hooks_api::VMHooksApi<VHB>::with_vm_hooks::h568124f02c86bed8
[INFO] [stdout]                                at /opt/rustwide/cargo-home/registry/src/index.crates.io-1949cf8c6b5b557f/multiversx-sc-scenario-0.51.1/src/api/impl_vh/vm_hooks_api.rs:27:9
[INFO] [stdout]   28:     0x6487621a6f27 - multiversx_sc_scenario::api::core_api_vh::error_api_vh::<impl multiversx_sc::api::error_api::ErrorApiImpl for multiversx_sc_scenario::api::impl_vh::vm_hooks_api::VMHooksApi<VHB>>::signal_error::hbac42258ddcbebd0
[INFO] [stdout]                                at /opt/rustwide/cargo-home/registry/src/index.crates.io-1949cf8c6b5b557f/multiversx-sc-scenario-0.51.1/src/api/core_api_vh/error_api_vh.rs:16:9
[INFO] [stdout]   29:     0x648762177199 - <&str as multiversx_sc::contract_base::wrappers::error_helper::IntoSignalError<M>>::signal_error_with_message::h9263f227908ddec0
[INFO] [stdout]                                at /opt/rustwide/cargo-home/registry/src/index.crates.io-1949cf8c6b5b557f/multiversx-sc-0.51.1/src/contract_base/wrappers/error_helper.rs:42:9
[INFO] [stdout]   30:     0x648762179923 - multiversx_sc::contract_base::wrappers::error_helper::ErrorHelper<M>::signal_error_with_message::h25e2f186878054f1
[INFO] [stdout]                                at /opt/rustwide/cargo-home/registry/src/index.crates.io-1949cf8c6b5b557f/multiversx-sc-0.51.1/src/contract_base/wrappers/error_helper.rs:30:9
[INFO] [stdout]   31:     0x64876219230f - crowdfunding_esdt::Crowdfunding::claim::h969aa062a30d79b7
[INFO] [stdout]                                at /opt/rustwide/workdir/src/crowdfunding_esdt.rs:74:17
[INFO] [stdout]   32:     0x648762192a21 - crowdfunding_esdt::EndpointWrappers::call_claim::hba2515593eb32927
[INFO] [stdout]                                at /opt/rustwide/workdir/src/crowdfunding_esdt.rs:14:1
[INFO] [stdout]   33:     0x648762193986 - crowdfunding_esdt::EndpointWrappers::call::hf6e76343d1572f73
[INFO] [stdout]                                at /opt/rustwide/workdir/src/crowdfunding_esdt.rs:14:1
[INFO] [stdout]   34:     0x64876218bc47 - <crowdfunding_esdt::ContractObj<A> as multiversx_sc::contract_base::callable_contract::CallableContract>::call::hffb5b714deb2c8ee
[INFO] [stdout]                                at /opt/rustwide/workdir/src/crowdfunding_esdt.rs:14:1
[INFO] [stdout]   35:     0x6487622b11b8 - multiversx_sc_scenario::debug_executor::contract_container::ContractContainer::call::hab431f426ca74fc0
[INFO] [stdout]                                at /opt/rustwide/cargo-home/registry/src/index.crates.io-1949cf8c6b5b557f/multiversx-sc-scenario-0.51.1/src/debug_executor/contract_container.rs:42:13
[INFO] [stdout]   36:     0x6487622b1570 - <multiversx_sc_scenario::debug_executor::contract_container::ContractContainerRef as multiversx_chain_vm_executor::instance::Instance>::call::{{closure}}::h93f31bba356864cb
[INFO] [stdout]                                at /opt/rustwide/cargo-home/registry/src/index.crates.io-1949cf8c6b5b557f/multiversx-sc-scenario-0.51.1/src/debug_executor/contract_container.rs:80:35
[INFO] [stdout]   37:     0x6487622da28a - <core::panic::unwind_safe::AssertUnwindSafe<F> as core::ops::function::FnOnce<()>>::call_once::h83fe4c8682b05990
[INFO] [stdout]                                at /rustc/6067b36314ab5eb2eb47cecc464545ba58e1ad24/library/core/src/panic/unwind_safe.rs:272:9
[INFO] [stdout]   38:     0x64876224dd04 - std::panicking::try::do_call::he2a3151f2356bc45
[INFO] [stdout]                                at /rustc/6067b36314ab5eb2eb47cecc464545ba58e1ad24/library/std/src/panicking.rs:587:40
[INFO] [stdout]   39:     0x64876228026b - __rust_try
[INFO] [stdout]   40:     0x64876227184d - std::panicking::try::h5aab357d39c821fc
[INFO] [stdout]                                at /rustc/6067b36314ab5eb2eb47cecc464545ba58e1ad24/library/std/src/panicking.rs:550:19
[INFO] [stdout]   41:     0x64876227184d - std::panic::catch_unwind::h7f8eb0540ea90669
[INFO] [stdout]                                at /rustc/6067b36314ab5eb2eb47cecc464545ba58e1ad24/library/std/src/panic.rs:358:14
[INFO] [stdout]   42:     0x64876224f3fa - multiversx_sc_scenario::debug_executor::catch_tx_panic::catch_tx_panic::h1913aaa7d755c6dc
[INFO] [stdout]                                at /opt/rustwide/cargo-home/registry/src/index.crates.io-1949cf8c6b5b557f/multiversx-sc-scenario-0.51.1/src/debug_executor/catch_tx_panic.rs:14:18
[INFO] [stdout]   43:     0x6487622b127f - multiversx_sc_scenario::debug_executor::contract_container::contract_instance_wrapped_execution::h1468bb552ac1a603
[INFO] [stdout]                                at /opt/rustwide/cargo-home/registry/src/index.crates.io-1949cf8c6b5b557f/multiversx-sc-scenario-0.51.1/src/debug_executor/contract_container.rs:57:18
[INFO] [stdout]   44:     0x6487622b14fe - <multiversx_sc_scenario::debug_executor::contract_container::ContractContainerRef as multiversx_chain_vm_executor::instance::Instance>::call::h54a518991eafcdab
[INFO] [stdout]                                at /opt/rustwide/cargo-home/registry/src/index.crates.io-1949cf8c6b5b557f/multiversx-sc-scenario-0.51.1/src/debug_executor/contract_container.rs:79:9
[INFO] [stdout]   45:     0x64876239b2e7 - multiversx_chain_vm::tx_execution::exec_call::execute_current_tx_context_input::hcfe2e94fa25ba5fa
[INFO] [stdout]                                at /opt/rustwide/cargo-home/registry/src/index.crates.io-1949cf8c6b5b557f/multiversx-chain-vm-0.9.0/src/tx_execution/exec_call.rs:26:5
[INFO] [stdout]   46:     0x6487623926e7 - core::ops::function::FnOnce::call_once::h61057c2d00cef8f8
[INFO] [stdout]                                at /rustc/6067b36314ab5eb2eb47cecc464545ba58e1ad24/library/core/src/ops/function.rs:250:5
[INFO] [stdout]   47:     0x6487623abd85 - multiversx_chain_vm::tx_mock::tx_context_stack::TxContextStack::execute_on_vm_stack::{{closure}}::ha5f6f6ecebc7fddc
[INFO] [stdout]                                at /opt/rustwide/cargo-home/registry/src/index.crates.io-1949cf8c6b5b557f/multiversx-chain-vm-0.9.0/src/tx_mock/tx_context_stack.rs:46:26
[INFO] [stdout]   48:     0x6487623dfeb1 - multiversx_chain_vm::with_shared::shareable::Shareable<T>::with_shared::h1cd24d239b87ae6d
[INFO] [stdout]                                at /opt/rustwide/cargo-home/registry/src/index.crates.io-1949cf8c6b5b557f/multiversx-chain-vm-0.9.0/src/with_shared/shareable.rs:116:22
[INFO] [stdout]   49:     0x6487623abd2f - multiversx_chain_vm::tx_mock::tx_context_stack::TxContextStack::execute_on_vm_stack::he562328643163212
[INFO] [stdout]                                at /opt/rustwide/cargo-home/registry/src/index.crates.io-1949cf8c6b5b557f/multiversx-chain-vm-0.9.0/src/tx_mock/tx_context_stack.rs:43:9
[INFO] [stdout]   50:     0x6487623c4580 - multiversx_chain_vm::tx_execution::exec_general_tx::<impl multiversx_chain_vm::tx_execution::blockchain_vm::BlockchainVMRef>::default_execution::h4b629c89094b416e
[INFO] [stdout]                                at /opt/rustwide/cargo-home/registry/src/index.crates.io-1949cf8c6b5b557f/multiversx-chain-vm-0.9.0/src/tx_execution/exec_general_tx.rs:112:13
[INFO] [stdout]   51:     0x64876239b37b - multiversx_chain_vm::tx_execution::exec_call::<impl multiversx_chain_vm::tx_execution::blockchain_vm::BlockchainVMRef>::execute_builtin_function_or_default::{{closure}}::h5d58609e6ec225ab
[INFO] [stdout]                                at /opt/rustwide/cargo-home/registry/src/index.crates.io-1949cf8c6b5b557f/multiversx-chain-vm-0.9.0/src/tx_execution/exec_call.rs:75:37
[INFO] [stdout]   52:     0x648762397fc7 - multiversx_chain_vm::tx_execution::builtin_function_mocks::builtin_func_container::BuiltinFunctionCall::execute_or_else::h9836050aec011daf
[INFO] [stdout]                                at /opt/rustwide/cargo-home/registry/src/index.crates.io-1949cf8c6b5b557f/multiversx-chain-vm-0.9.0/src/tx_execution/builtin_function_mocks/builtin_func_container.rs:118:18
[INFO] [stdout]   53:     0x64876239720d - multiversx_chain_vm::tx_execution::builtin_function_mocks::builtin_func_container::BuiltinFunctionContainer::execute_builtin_function_or_else::h60dfc5a0ffe9e592
[INFO] [stdout]                                at /opt/rustwide/cargo-home/registry/src/index.crates.io-1949cf8c6b5b557f/multiversx-chain-vm-0.9.0/src/tx_execution/builtin_function_mocks/builtin_func_container.rs:39:9
[INFO] [stdout]   54:     0x6487623c243a - multiversx_chain_vm::tx_execution::exec_call::<impl multiversx_chain_vm::tx_execution::blockchain_vm::BlockchainVMRef>::execute_builtin_function_or_default::hbd37f94cdf91bd3e
[INFO] [stdout]                                at /opt/rustwide/cargo-home/registry/src/index.crates.io-1949cf8c6b5b557f/multiversx-chain-vm-0.9.0/src/tx_execution/exec_call.rs:70:9
[INFO] [stdout]   55:     0x64876239b46f - multiversx_chain_vm::tx_execution::exec_call::<impl multiversx_chain_vm::tx_execution::blockchain_vm::BlockchainVMRef>::execute_sc_call_lambda::{{closure}}::hf7ba3c5b2021661b
[INFO] [stdout]                                at /opt/rustwide/cargo-home/registry/src/index.crates.io-1949cf8c6b5b557f/multiversx-chain-vm-0.9.0/src/tx_execution/exec_call.rs:92:13
[INFO] [stdout]   56:     0x6487623e0150 - multiversx_chain_vm::with_shared::shareable::Shareable<T>::with_shared::hdd5559314d8cb2f3
[INFO] [stdout]                                at /opt/rustwide/cargo-home/registry/src/index.crates.io-1949cf8c6b5b557f/multiversx-chain-vm-0.9.0/src/with_shared/shareable.rs:116:22
[INFO] [stdout]   57:     0x6487623c25ce - multiversx_chain_vm::tx_execution::exec_call::<impl multiversx_chain_vm::tx_execution::blockchain_vm::BlockchainVMRef>::execute_sc_call_lambda::h639313b18a4d0c34
[INFO] [stdout]                                at /opt/rustwide/cargo-home/registry/src/index.crates.io-1949cf8c6b5b557f/multiversx-chain-vm-0.9.0/src/tx_execution/exec_call.rs:90:47
[INFO] [stdout]   58:     0x6487623c2e0f - multiversx_chain_vm::tx_execution::exec_call::<impl multiversx_chain_vm::tx_execution::blockchain_vm::BlockchainVMRef>::sc_call_with_async_and_callback::h5d9c800641174921
[INFO] [stdout]                                at /opt/rustwide/cargo-home/registry/src/index.crates.io-1949cf8c6b5b557f/multiversx-chain-vm-0.9.0/src/tx_execution/exec_call.rs:151:29
[INFO] [stdout]   59:     0x648762255d2a - multiversx_sc_scenario::scenario::run_vm::sc_call::<impl multiversx_sc_scenario::scenario::run_vm::vm_runner::ScenarioVMRunner>::perform_sc_call_lambda::h95f557c47b10ba05
[INFO] [stdout]                                at /opt/rustwide/cargo-home/registry/src/index.crates.io-1949cf8c6b5b557f/multiversx-sc-scenario-0.51.1/src/scenario/run_vm/sc_call.rs:63:9
[INFO] [stdout]   60:     0x648762255da1 - multiversx_sc_scenario::scenario::run_vm::sc_call::<impl multiversx_sc_scenario::scenario::run_vm::vm_runner::ScenarioVMRunner>::perform_sc_call_lambda_and_check::h1d1af62f14ac7dc9
[INFO] [stdout]                                at /opt/rustwide/cargo-home/registry/src/index.crates.io-1949cf8c6b5b557f/multiversx-sc-scenario-0.51.1/src/scenario/run_vm/sc_call.rs:78:25
[INFO] [stdout]   61:     0x648762255bbd - multiversx_sc_scenario::scenario::run_vm::sc_call::<impl multiversx_sc_scenario::scenario::run_vm::vm_runner::ScenarioVMRunner>::perform_sc_call_update_results::h4325a4be337404f1
[INFO] [stdout]                                at /opt/rustwide/cargo-home/registry/src/index.crates.io-1949cf8c6b5b557f/multiversx-sc-scenario-0.51.1/src/scenario/run_vm/sc_call.rs:21:13
[INFO] [stdout]   62:     0x648762257084 - <multiversx_sc_scenario::scenario::run_vm::vm_runner::ScenarioVMRunner as multiversx_sc_scenario::scenario::scenario_runner::ScenarioRunner>::run_sc_call_step::h245d93f848935d31
[INFO] [stdout]                                at /opt/rustwide/cargo-home/registry/src/index.crates.io-1949cf8c6b5b557f/multiversx-sc-scenario-0.51.1/src/scenario/run_vm/vm_runner.rs:36:9
[INFO] [stdout]   63:     0x6487622bc546 - multiversx_sc_scenario::facade::scenario_world_runner::<impl multiversx_sc_scenario::scenario::scenario_runner::ScenarioRunner for multiversx_sc_scenario::facade::scenario_world::ScenarioWorld>::run_sc_call_step::{{closure}}::hbd2b26e714e6e8f6
[INFO] [stdout]                                at /opt/rustwide/cargo-home/registry/src/index.crates.io-1949cf8c6b5b557f/multiversx-sc-scenario-0.51.1/src/facade/scenario_world_runner.rs:34:43
[INFO] [stdout]   64:     0x6487622503b4 - multiversx_sc_scenario::facade::scenario_world_runner::<impl multiversx_sc_scenario::facade::scenario_world::ScenarioWorld>::for_each_runner_mut::h53a3f1413cdf2698
[INFO] [stdout]                                at /opt/rustwide/cargo-home/registry/src/index.crates.io-1949cf8c6b5b557f/multiversx-sc-scenario-0.51.1/src/facade/scenario_world_runner.rs:12:17
[INFO] [stdout]   65:     0x648762250594 - multiversx_sc_scenario::facade::scenario_world_runner::<impl multiversx_sc_scenario::scenario::scenario_runner::ScenarioRunner for multiversx_sc_scenario::facade::scenario_world::ScenarioWorld>::run_sc_call_step::hdab7d14a84eece0c
[INFO] [stdout]                                at /opt/rustwide/cargo-home/registry/src/index.crates.io-1949cf8c6b5b557f/multiversx-sc-scenario-0.51.1/src/facade/scenario_world_runner.rs:34:9
[INFO] [stdout]   66:     0x64876217b921 - multiversx_sc_scenario::facade::scenario_world_steps::<impl multiversx_sc_scenario::facade::scenario_world::ScenarioWorld>::sc_call::h92ad596d0473e9b9
[INFO] [stdout]                                at /opt/rustwide/cargo-home/registry/src/index.crates.io-1949cf8c6b5b557f/multiversx-sc-scenario-0.51.1/src/facade/scenario_world_steps.rs:34:9
[INFO] [stdout]   67:     0x6487621aa4e8 - multiversx_sc_scenario::facade::world_tx::scenario_exec_call::<impl multiversx_sc_scenario::facade::world_tx::scenario_tx_env::ScenarioTxRun for multiversx_sc::types::interaction::tx::Tx<multiversx_sc_scenario::facade::world_tx::scenario_exec_call::ScenarioEnvExec,From,To,Payment,Gas,multiversx_sc::types::interaction::tx_data::function_call::FunctionCall<multiversx_sc_scenario::api::impl_vh::vm_hooks_api::VMHooksApi<multiversx_sc_scenario::api::impl_vh::static_api::StaticApiBackend>>,RH>>::run::h8ab719f7b0a2170c
[INFO] [stdout]                                at /opt/rustwide/cargo-home/registry/src/index.crates.io-1949cf8c6b5b557f/multiversx-sc-scenario-0.51.1/src/facade/world_tx/scenario_exec_call.rs:89:9
[INFO] [stdout]   68:     0x648762184190 - crowdfunding_esdt_blackbox_test::wrong_user_claim::h1322ec9b7252b79e
[INFO] [stdout]                                at /opt/rustwide/workdir/tests/crowdfunding_esdt_blackbox_test.rs:138:5
[INFO] [stdout]   69:     0x648762184a8b - crowdfunding_esdt_blackbox_test::test_status_succes::h8f45fedcf6105796
[INFO] [stdout]                                at /opt/rustwide/workdir/tests/crowdfunding_esdt_blackbox_test.rs:220:5
[INFO] [stdout]   70:     0x648762184927 - crowdfunding_esdt_blackbox_test::test_status_succes::{{closure}}::hcaf2c7e03327ab81
[INFO] [stdout]                                at /opt/rustwide/workdir/tests/crowdfunding_esdt_blackbox_test.rs:193:24
[INFO] [stdout]   71:     0x64876217d676 - core::ops::function::FnOnce::call_once::hd6f5b0ccffbc0462
[INFO] [stdout]                                at /rustc/6067b36314ab5eb2eb47cecc464545ba58e1ad24/library/core/src/ops/function.rs:250:5
[INFO] [stdout]   72:     0x6487621ef88b - core::ops::function::FnOnce::call_once::he27718dfdd183f43
[INFO] [stdout]                                at /rustc/6067b36314ab5eb2eb47cecc464545ba58e1ad24/library/core/src/ops/function.rs:250:5
[INFO] [stdout]   73:     0x6487621ef88b - test::__rust_begin_short_backtrace::h4e84902998457a5d
[INFO] [stdout]                                at /rustc/6067b36314ab5eb2eb47cecc464545ba58e1ad24/library/test/src/lib.rs:632:18
[INFO] [stdout]   74:     0x6487621ee7c3 - test::run_test_in_process::{{closure}}::h7176fd18fc1feca0
[INFO] [stdout]                                at /rustc/6067b36314ab5eb2eb47cecc464545ba58e1ad24/library/test/src/lib.rs:655:60
[INFO] [stdout]   75:     0x6487621ee7c3 - <core::panic::unwind_safe::AssertUnwindSafe<F> as core::ops::function::FnOnce<()>>::call_once::hf79cff2a624d8cf7
[INFO] [stdout]                                at /rustc/6067b36314ab5eb2eb47cecc464545ba58e1ad24/library/core/src/panic/unwind_safe.rs:272:9
[INFO] [stdout]   76:     0x6487621ee7c3 - std::panicking::try::do_call::h3da0561d9ab99c25
[INFO] [stdout]                                at /rustc/6067b36314ab5eb2eb47cecc464545ba58e1ad24/library/std/src/panicking.rs:587:40
[INFO] [stdout]   77:     0x6487621ee7c3 - std::panicking::try::h41c9fa508bc61df6
[INFO] [stdout]                                at /rustc/6067b36314ab5eb2eb47cecc464545ba58e1ad24/library/std/src/panicking.rs:550:19
[INFO] [stdout]   78:     0x6487621ee7c3 - std::panic::catch_unwind::h6b3ff07bb5afad93
[INFO] [stdout]                                at /rustc/6067b36314ab5eb2eb47cecc464545ba58e1ad24/library/std/src/panic.rs:358:14
[INFO] [stdout]   79:     0x6487621ee7c3 - test::run_test_in_process::hc7253dd11b39b9f4
[INFO] [stdout]                                at /rustc/6067b36314ab5eb2eb47cecc464545ba58e1ad24/library/test/src/lib.rs:655:27
[INFO] [stdout]   80:     0x6487621ee7c3 - test::run_test::{{closure}}::hfb2007f8649c30bb
[INFO] [stdout]                                at /rustc/6067b36314ab5eb2eb47cecc464545ba58e1ad24/library/test/src/lib.rs:576:43
[INFO] [stdout]   81:     0x6487621b18a5 - test::run_test::{{closure}}::h56a17aa7a282a9f4
[INFO] [stdout]                                at /rustc/6067b36314ab5eb2eb47cecc464545ba58e1ad24/library/test/src/lib.rs:606:41
[INFO] [stdout]   82:     0x6487621b18a5 - std::sys::backtrace::__rust_begin_short_backtrace::hd2d2d2fb8e8c6aac
[INFO] [stdout]                                at /rustc/6067b36314ab5eb2eb47cecc464545ba58e1ad24/library/std/src/sys/backtrace.rs:152:18
[INFO] [stdout]   83:     0x6487621b518a - std::thread::Builder::spawn_unchecked_::{{closure}}::{{closure}}::h4faa3f9db6133423
[INFO] [stdout]                                at /rustc/6067b36314ab5eb2eb47cecc464545ba58e1ad24/library/std/src/thread/mod.rs:559:17
[INFO] [stdout]   84:     0x6487621b518a - <core::panic::unwind_safe::AssertUnwindSafe<F> as core::ops::function::FnOnce<()>>::call_once::hf2e855a36a4ea846
[INFO] [stdout]                                at /rustc/6067b36314ab5eb2eb47cecc464545ba58e1ad24/library/core/src/panic/unwind_safe.rs:272:9
[INFO] [stdout]   85:     0x6487621b518a - std::panicking::try::do_call::h2f73af3616c35465
[INFO] [stdout]                                at /rustc/6067b36314ab5eb2eb47cecc464545ba58e1ad24/library/std/src/panicking.rs:587:40
[INFO] [stdout]   86:     0x6487621b518a - std::panicking::try::hd1660ce9efadef5a
[INFO] [stdout]                                at /rustc/6067b36314ab5eb2eb47cecc464545ba58e1ad24/library/std/src/panicking.rs:550:19
[INFO] [stdout]   87:     0x6487621b518a - std::panic::catch_unwind::h5ee8d7823b8ca744
[INFO] [stdout]                                at /rustc/6067b36314ab5eb2eb47cecc464545ba58e1ad24/library/std/src/panic.rs:358:14
[INFO] [stdout]   88:     0x6487621b518a - std::thread::Builder::spawn_unchecked_::{{closure}}::h53c3a1894dce8407
[INFO] [stdout]                                at /rustc/6067b36314ab5eb2eb47cecc464545ba58e1ad24/library/std/src/thread/mod.rs:557:30
[INFO] [stdout]   89:     0x6487621b518a - core::ops::function::FnOnce::call_once{{vtable.shim}}::h048ce291ad4f62bf
[INFO] [stdout]                                at /rustc/6067b36314ab5eb2eb47cecc464545ba58e1ad24/library/core/src/ops/function.rs:250:5
[INFO] [stdout]   90:     0x64876249cbbb - <alloc::boxed::Box<F,A> as core::ops::function::FnOnce<Args>>::call_once::ha52bedf99a3b4981
[INFO] [stdout]                                at /rustc/6067b36314ab5eb2eb47cecc464545ba58e1ad24/library/alloc/src/boxed.rs:2013:9
[INFO] [stdout]   91:     0x64876249cbbb - <alloc::boxed::Box<F,A> as core::ops::function::FnOnce<Args>>::call_once::h567748934d80ccf8
[INFO] [stdout]                                at /rustc/6067b36314ab5eb2eb47cecc464545ba58e1ad24/library/alloc/src/boxed.rs:2013:9
[INFO] [stdout]   92:     0x64876249cbbb - std::sys::pal::unix::thread::Thread::new::thread_start::h2d970728ae887adc
[INFO] [stdout]                                at /rustc/6067b36314ab5eb2eb47cecc464545ba58e1ad24/library/std/src/sys/pal/unix/thread.rs:106:17
[INFO] [stdout]   93:     0x71ef8521aac3 - <unknown>
[INFO] [stdout]   94:     0x71ef852aba04 - clone
[INFO] [stdout]   95:                0x0 - <unknown>
[INFO] [stdout] 
[INFO] [stdout] thread 'test_status_succes' panicked at /opt/rustwide/cargo-home/registry/src/index.crates.io-1949cf8c6b5b557f/multiversx-chain-scenario-format-0.22.3/src/serde_raw/scenario_raw.rs:61:47:
[INFO] [stdout] called `Result::unwrap()` on an `Err` value: Os { code: 30, kind: ReadOnlyFilesystem, message: "Read-only file system" }
[INFO] [stdout] stack backtrace:
[INFO] [stdout]    0:     0x648762496d2a - std::backtrace_rs::backtrace::libunwind::trace::hb059275cfc8d6126
[INFO] [stdout]                                at /rustc/6067b36314ab5eb2eb47cecc464545ba58e1ad24/library/std/src/../../backtrace/src/backtrace/libunwind.rs:116:5
[INFO] [stdout]    1:     0x648762496d2a - std::backtrace_rs::backtrace::trace_unsynchronized::h2da071e4327ce3ee
[INFO] [stdout]                                at /rustc/6067b36314ab5eb2eb47cecc464545ba58e1ad24/library/std/src/../../backtrace/src/backtrace/mod.rs:66:5
[INFO] [stdout]    2:     0x648762496d2a - std::sys::backtrace::_print_fmt::h842a1474e6f8d23f
[INFO] [stdout]                                at /rustc/6067b36314ab5eb2eb47cecc464545ba58e1ad24/library/std/src/sys/backtrace.rs:66:9
[INFO] [stdout]    3:     0x648762496d2a - <std::sys::backtrace::BacktraceLock::print::DisplayBacktrace as core::fmt::Display>::fmt::h71a62eb3b9696b12
[INFO] [stdout]                                at /rustc/6067b36314ab5eb2eb47cecc464545ba58e1ad24/library/std/src/sys/backtrace.rs:39:26
[INFO] [stdout]    4:     0x6487624c00d3 - core::fmt::rt::Argument::fmt::hdb6b616786b41dc1
[INFO] [stdout]                                at /rustc/6067b36314ab5eb2eb47cecc464545ba58e1ad24/library/core/src/fmt/rt.rs:177:76
[INFO] [stdout]    5:     0x6487624c00d3 - core::fmt::write::h2cc1698af7e2d686
[INFO] [stdout]                                at /rustc/6067b36314ab5eb2eb47cecc464545ba58e1ad24/library/core/src/fmt/mod.rs:1440:21
[INFO] [stdout]    6:     0x648762493723 - std::io::Write::write_fmt::hab1b4cd059a79022
[INFO] [stdout]                                at /rustc/6067b36314ab5eb2eb47cecc464545ba58e1ad24/library/std/src/io/mod.rs:1887:15
[INFO] [stdout]    7:     0x648762496b72 - std::sys::backtrace::BacktraceLock::print::h147fe35b4ea13b08
[INFO] [stdout]                                at /rustc/6067b36314ab5eb2eb47cecc464545ba58e1ad24/library/std/src/sys/backtrace.rs:42:9
[INFO] [stdout]    8:     0x64876249814f - std::panicking::default_hook::{{closure}}::hbd44223dbdc0d208
[INFO] [stdout]                                at /rustc/6067b36314ab5eb2eb47cecc464545ba58e1ad24/library/std/src/panicking.rs:298:22
[INFO] [stdout]    9:     0x648762497f68 - std::panicking::default_hook::h20f81eb0576efcec
[INFO] [stdout]                                at /rustc/6067b36314ab5eb2eb47cecc464545ba58e1ad24/library/std/src/panicking.rs:322:9
[INFO] [stdout]   10:     0x6487621ea133 - <alloc::boxed::Box<F,A> as core::ops::function::Fn<Args>>::call::hdb53814c496a4d34
[INFO] [stdout]                                at /rustc/6067b36314ab5eb2eb47cecc464545ba58e1ad24/library/alloc/src/boxed.rs:2027:9
[INFO] [stdout]   11:     0x6487621ea133 - test::test_main::{{closure}}::hc0a4963c59427c24
[INFO] [stdout]                                at /rustc/6067b36314ab5eb2eb47cecc464545ba58e1ad24/library/test/src/lib.rs:134:21
[INFO] [stdout]   12:     0x648762498c43 - <alloc::boxed::Box<F,A> as core::ops::function::Fn<Args>>::call::h591b2225413a77e9
[INFO] [stdout]                                at /rustc/6067b36314ab5eb2eb47cecc464545ba58e1ad24/library/alloc/src/boxed.rs:2027:9
[INFO] [stdout]   13:     0x648762498c43 - std::panicking::rust_panic_with_hook::h625eea43051b2edc
[INFO] [stdout]                                at /rustc/6067b36314ab5eb2eb47cecc464545ba58e1ad24/library/std/src/panicking.rs:839:13
[INFO] [stdout]   14:     0x6487624988fa - std::panicking::begin_panic_handler::{{closure}}::h4f9159cfbc3f6bd3
[INFO] [stdout]                                at /rustc/6067b36314ab5eb2eb47cecc464545ba58e1ad24/library/std/src/panicking.rs:704:13
[INFO] [stdout]   15:     0x648762497229 - std::sys::backtrace::__rust_end_short_backtrace::h0390abce48353151
[INFO] [stdout]                                at /rustc/6067b36314ab5eb2eb47cecc464545ba58e1ad24/library/std/src/sys/backtrace.rs:168:18
[INFO] [stdout]   16:     0x64876249858d - rust_begin_unwind
[INFO] [stdout]                                at /rustc/6067b36314ab5eb2eb47cecc464545ba58e1ad24/library/std/src/panicking.rs:695:5
[INFO] [stdout]   17:     0x6487624be3d0 - core::panicking::panic_fmt::h9e7c637e9e5f29c9
[INFO] [stdout]                                at /rustc/6067b36314ab5eb2eb47cecc464545ba58e1ad24/library/core/src/panicking.rs:75:14
[INFO] [stdout]   18:     0x6487624be846 - core::result::unwrap_failed::h7979f09313fe1849
[INFO] [stdout]                                at /rustc/6067b36314ab5eb2eb47cecc464545ba58e1ad24/library/core/src/result.rs:1704:5
[INFO] [stdout]   19:     0x64876219af04 - core::result::Result<T,E>::unwrap::h8186639f295d6812
[INFO] [stdout]                                at /rustc/6067b36314ab5eb2eb47cecc464545ba58e1ad24/library/core/src/result.rs:1109:23
[INFO] [stdout]   20:     0x64876219af04 - multiversx_chain_scenario_format::serde_raw::scenario_raw::ScenarioRaw::save_to_file::h744ab3f6277c2402
[INFO] [stdout]                                at /opt/rustwide/cargo-home/registry/src/index.crates.io-1949cf8c6b5b557f/multiversx-chain-scenario-format-0.22.3/src/serde_raw/scenario_raw.rs:61:24
[INFO] [stdout]   21:     0x64876217c1a8 - multiversx_sc_scenario::scenario::run_trace::scenario_trace::ScenarioTrace::write_scenario_trace::h1efbb0d458ed6048
[INFO] [stdout]                                at /opt/rustwide/cargo-home/registry/src/index.crates.io-1949cf8c6b5b557f/multiversx-sc-scenario-0.51.1/src/scenario/run_trace/scenario_trace.rs:25:9
[INFO] [stdout]   22:     0x64876217b87e - multiversx_sc_scenario::facade::scenario_world::ScenarioWorld::write_scenario_trace::h3f22aaf993e2b55f
[INFO] [stdout]                                at /opt/rustwide/cargo-home/registry/src/index.crates.io-1949cf8c6b5b557f/multiversx-sc-scenario-0.51.1/src/facade/scenario_world.rs:125:13
[INFO] [stdout]   23:     0x648762184ad8 - crowdfunding_esdt_blackbox_test::test_status_succes::h8f45fedcf6105796
[INFO] [stdout]                                at /opt/rustwide/workdir/tests/crowdfunding_esdt_blackbox_test.rs:228:5
[INFO] [stdout]   24:     0x648762184927 - crowdfunding_esdt_blackbox_test::test_status_succes::{{closure}}::hcaf2c7e03327ab81
[INFO] [stdout]                                at /opt/rustwide/workdir/tests/crowdfunding_esdt_blackbox_test.rs:193:24
[INFO] [stdout]   25:     0x64876217d676 - core::ops::function::FnOnce::call_once::hd6f5b0ccffbc0462
[INFO] [stdout]                                at /rustc/6067b36314ab5eb2eb47cecc464545ba58e1ad24/library/core/src/ops/function.rs:250:5
[INFO] [stdout]   26:     0x6487621ef88b - core::ops::function::FnOnce::call_once::he27718dfdd183f43
[INFO] [stdout]                                at /rustc/6067b36314ab5eb2eb47cecc464545ba58e1ad24/library/core/src/ops/function.rs:250:5
[INFO] [stdout]   27:     0x6487621ef88b - test::__rust_begin_short_backtrace::h4e84902998457a5d
[INFO] [stdout]                                at /rustc/6067b36314ab5eb2eb47cecc464545ba58e1ad24/library/test/src/lib.rs:632:18
[INFO] [stdout]   28:     0x6487621ee7c3 - test::run_test_in_process::{{closure}}::h7176fd18fc1feca0
[INFO] [stdout]                                at /rustc/6067b36314ab5eb2eb47cecc464545ba58e1ad24/library/test/src/lib.rs:655:60
[INFO] [stdout]   29:     0x6487621ee7c3 - <core::panic::unwind_safe::AssertUnwindSafe<F> as core::ops::function::FnOnce<()>>::call_once::hf79cff2a624d8cf7
[INFO] [stdout]                                at /rustc/6067b36314ab5eb2eb47cecc464545ba58e1ad24/library/core/src/panic/unwind_safe.rs:272:9
[INFO] [stdout]   30:     0x6487621ee7c3 - std::panicking::try::do_call::h3da0561d9ab99c25
[INFO] [stdout]                                at /rustc/6067b36314ab5eb2eb47cecc464545ba58e1ad24/library/std/src/panicking.rs:587:40
[INFO] [stdout]   31:     0x6487621ee7c3 - std::panicking::try::h41c9fa508bc61df6
[INFO] [stdout]                                at /rustc/6067b36314ab5eb2eb47cecc464545ba58e1ad24/library/std/src/panicking.rs:550:19
[INFO] [stdout]   32:     0x6487621ee7c3 - std::panic::catch_unwind::h6b3ff07bb5afad93
[INFO] [stdout]                                at /rustc/6067b36314ab5eb2eb47cecc464545ba58e1ad24/library/std/src/panic.rs:358:14
[INFO] [stdout]   33:     0x6487621ee7c3 - test::run_test_in_process::hc7253dd11b39b9f4
[INFO] [stdout]                                at /rustc/6067b36314ab5eb2eb47cecc464545ba58e1ad24/library/test/src/lib.rs:655:27
[INFO] [stdout]   34:     0x6487621ee7c3 - test::run_test::{{closure}}::hfb2007f8649c30bb
[INFO] [stdout]                                at /rustc/6067b36314ab5eb2eb47cecc464545ba58e1ad24/library/test/src/lib.rs:576:43
[INFO] [stdout]   35:     0x6487621b18a5 - test::run_test::{{closure}}::h56a17aa7a282a9f4
[INFO] [stdout]                                at /rustc/6067b36314ab5eb2eb47cecc464545ba58e1ad24/library/test/src/lib.rs:606:41
[INFO] [stdout]   36:     0x6487621b18a5 - std::sys::backtrace::__rust_begin_short_backtrace::hd2d2d2fb8e8c6aac
[INFO] [stdout]                                at /rustc/6067b36314ab5eb2eb47cecc464545ba58e1ad24/library/std/src/sys/backtrace.rs:152:18
[INFO] [stdout]   37:     0x6487621b518a - std::thread::Builder::spawn_unchecked_::{{closure}}::{{closure}}::h4faa3f9db6133423
[INFO] [stdout]                                at /rustc/6067b36314ab5eb2eb47cecc464545ba58e1ad24/library/std/src/thread/mod.rs:559:17
[INFO] [stdout]   38:     0x6487621b518a - <core::panic::unwind_safe::AssertUnwindSafe<F> as core::ops::function::FnOnce<()>>::call_once::hf2e855a36a4ea846
[INFO] [stdout]                                at /rustc/6067b36314ab5eb2eb47cecc464545ba58e1ad24/library/core/src/panic/unwind_safe.rs:272:9
[INFO] [stdout]   39:     0x6487621b518a - std::panicking::try::do_call::h2f73af3616c35465
[INFO] [stdout]                                at /rustc/6067b36314ab5eb2eb47cecc464545ba58e1ad24/library/std/src/panicking.rs:587:40
[INFO] [stdout]   40:     0x6487621b518a - std::panicking::try::hd1660ce9efadef5a
[INFO] [stdout]                                at /rustc/6067b36314ab5eb2eb47cecc464545ba58e1ad24/library/std/src/panicking.rs:550:19
[INFO] [stdout]   41:     0x6487621b518a - std::panic::catch_unwind::h5ee8d7823b8ca744
[INFO] [stdout]                                at /rustc/6067b36314ab5eb2eb47cecc464545ba58e1ad24/library/std/src/panic.rs:358:14
[INFO] [stdout]   42:     0x6487621b518a - std::thread::Builder::spawn_unchecked_::{{closure}}::h53c3a1894dce8407
[INFO] [stdout]                                at /rustc/6067b36314ab5eb2eb47cecc464545ba58e1ad24/library/std/src/thread/mod.rs:557:30
[INFO] [stdout]   43:     0x6487621b518a - core::ops::function::FnOnce::call_once{{vtable.shim}}::h048ce291ad4f62bf
[INFO] [stdout]                                at /rustc/6067b36314ab5eb2eb47cecc464545ba58e1ad24/library/core/src/ops/function.rs:250:5
[INFO] [stdout]   44:     0x64876249cbbb - <alloc::boxed::Box<F,A> as core::ops::function::FnOnce<Args>>::call_once::ha52bedf99a3b4981
[INFO] [stdout]                                at /rustc/6067b36314ab5eb2eb47cecc464545ba58e1ad24/library/alloc/src/boxed.rs:2013:9
[INFO] [stdout]   45:     0x64876249cbbb - <alloc::boxed::Box<F,A> as core::ops::function::FnOnce<Args>>::call_once::h567748934d80ccf8
[INFO] [stdout]                                at /rustc/6067b36314ab5eb2eb47cecc464545ba58e1ad24/library/alloc/src/boxed.rs:2013:9
[INFO] [stdout]   46:     0x64876249cbbb - std::sys::pal::unix::thread::Thread::new::thread_start::h2d970728ae887adc
[INFO] [stdout]                                at /rustc/6067b36314ab5eb2eb47cecc464545ba58e1ad24/library/std/src/sys/pal/unix/thread.rs:106:17
[INFO] [stdout]   47:     0x71ef8521aac3 - <unknown>
[INFO] [stdout]   48:     0x71ef852aba04 - clone
[INFO] [stdout]   49:                0x0 - <unknown>
[INFO] [stdout] 
[INFO] [stdout] ---- test_status_failed stdout ----
[INFO] [stdout] 
[INFO] [stdout] thread 'test_status_failed' panicked at /opt/rustwide/cargo-home/registry/src/index.crates.io-1949cf8c6b5b557f/multiversx-chain-scenario-format-0.22.3/src/serde_raw/scenario_raw.rs:61:47:
[INFO] [stdout] called `Result::unwrap()` on an `Err` value: Os { code: 30, kind: ReadOnlyFilesystem, message: "Read-only file system" }
[INFO] [stdout] stack backtrace:
[INFO] [stdout]    0:     0x648762496d2a - std::backtrace_rs::backtrace::libunwind::trace::hb059275cfc8d6126
[INFO] [stdout]                                at /rustc/6067b36314ab5eb2eb47cecc464545ba58e1ad24/library/std/src/../../backtrace/src/backtrace/libunwind.rs:116:5
[INFO] [stdout]    1:     0x648762496d2a - std::backtrace_rs::backtrace::trace_unsynchronized::h2da071e4327ce3ee
[INFO] [stdout]                                at /rustc/6067b36314ab5eb2eb47cecc464545ba58e1ad24/library/std/src/../../backtrace/src/backtrace/mod.rs:66:5
[INFO] [stdout]    2:     0x648762496d2a - std::sys::backtrace::_print_fmt::h842a1474e6f8d23f
[INFO] [stdout]                                at /rustc/6067b36314ab5eb2eb47cecc464545ba58e1ad24/library/std/src/sys/backtrace.rs:66:9
[INFO] [stdout]    3:     0x648762496d2a - <std::sys::backtrace::BacktraceLock::print::DisplayBacktrace as core::fmt::Display>::fmt::h71a62eb3b9696b12
[INFO] [stdout]                                at /rustc/6067b36314ab5eb2eb47cecc464545ba58e1ad24/library/std/src/sys/backtrace.rs:39:26
[INFO] [stdout]    4:     0x6487624c00d3 - core::fmt::rt::Argument::fmt::hdb6b616786b41dc1
[INFO] [stdout]                                at /rustc/6067b36314ab5eb2eb47cecc464545ba58e1ad24/library/core/src/fmt/rt.rs:177:76
[INFO] [stdout]    5:     0x6487624c00d3 - core::fmt::write::h2cc1698af7e2d686
[INFO] [stdout]                                at /rustc/6067b36314ab5eb2eb47cecc464545ba58e1ad24/library/core/src/fmt/mod.rs:1440:21
[INFO] [stdout]    6:     0x648762493723 - std::io::Write::write_fmt::hab1b4cd059a79022
[INFO] [stdout]                                at /rustc/6067b36314ab5eb2eb47cecc464545ba58e1ad24/library/std/src/io/mod.rs:1887:15
[INFO] [stdout]    7:     0x648762496b72 - std::sys::backtrace::BacktraceLock::print::h147fe35b4ea13b08
[INFO] [stdout]                                at /rustc/6067b36314ab5eb2eb47cecc464545ba58e1ad24/library/std/src/sys/backtrace.rs:42:9
[INFO] [stdout]    8:     0x64876249814f - std::panicking::default_hook::{{closure}}::hbd44223dbdc0d208
[INFO] [stdout]                                at /rustc/6067b36314ab5eb2eb47cecc464545ba58e1ad24/library/std/src/panicking.rs:298:22
[INFO] [stdout]    9:     0x648762497f68 - std::panicking::default_hook::h20f81eb0576efcec
[INFO] [stdout]                                at /rustc/6067b36314ab5eb2eb47cecc464545ba58e1ad24/library/std/src/panicking.rs:322:9
[INFO] [stdout]   10:     0x6487621ea133 - <alloc::boxed::Box<F,A> as core::ops::function::Fn<Args>>::call::hdb53814c496a4d34
[INFO] [stdout]                                at /rustc/6067b36314ab5eb2eb47cecc464545ba58e1ad24/library/alloc/src/boxed.rs:2027:9
[INFO] [stdout]   11:     0x6487621ea133 - test::test_main::{{closure}}::hc0a4963c59427c24
[INFO] [stdout]                                at /rustc/6067b36314ab5eb2eb47cecc464545ba58e1ad24/library/test/src/lib.rs:134:21
[INFO] [stdout]   12:     0x648762498c43 - <alloc::boxed::Box<F,A> as core::ops::function::Fn<Args>>::call::h591b2225413a77e9
[INFO] [stdout]                                at /rustc/6067b36314ab5eb2eb47cecc464545ba58e1ad24/library/alloc/src/boxed.rs:2027:9
[INFO] [stdout]   13:     0x648762498c43 - std::panicking::rust_panic_with_hook::h625eea43051b2edc
[INFO] [stdout]                                at /rustc/6067b36314ab5eb2eb47cecc464545ba58e1ad24/library/std/src/panicking.rs:839:13
[INFO] [stdout]   14:     0x6487624988fa - std::panicking::begin_panic_handler::{{closure}}::h4f9159cfbc3f6bd3
[INFO] [stdout]                                at /rustc/6067b36314ab5eb2eb47cecc464545ba58e1ad24/library/std/src/panicking.rs:704:13
[INFO] [stdout]   15:     0x648762497229 - std::sys::backtrace::__rust_end_short_backtrace::h0390abce48353151
[INFO] [stdout]                                at /rustc/6067b36314ab5eb2eb47cecc464545ba58e1ad24/library/std/src/sys/backtrace.rs:168:18
[INFO] [stdout]   16:     0x64876249858d - rust_begin_unwind
[INFO] [stdout]                                at /rustc/6067b36314ab5eb2eb47cecc464545ba58e1ad24/library/std/src/panicking.rs:695:5
[INFO] [stdout]   17:     0x6487624be3d0 - core::panicking::panic_fmt::h9e7c637e9e5f29c9
[INFO] [stdout]                                at /rustc/6067b36314ab5eb2eb47cecc464545ba58e1ad24/library/core/src/panicking.rs:75:14
[INFO] [stdout]   18:     0x6487624be846 - core::result::unwrap_failed::h7979f09313fe1849
[INFO] [stdout]                                at /rustc/6067b36314ab5eb2eb47cecc464545ba58e1ad24/library/core/src/result.rs:1704:5
[INFO] [stdout]   19:     0x64876219af04 - core::result::Result<T,E>::unwrap::h8186639f295d6812
[INFO] [stdout]                                at /rustc/6067b36314ab5eb2eb47cecc464545ba58e1ad24/library/core/src/result.rs:1109:23
[INFO] [stdout]   20:     0x64876219af04 - multiversx_chain_scenario_format::serde_raw::scenario_raw::ScenarioRaw::save_to_file::h744ab3f6277c2402
[INFO] [stdout]                                at /opt/rustwide/cargo-home/registry/src/index.crates.io-1949cf8c6b5b557f/multiversx-chain-scenario-format-0.22.3/src/serde_raw/scenario_raw.rs:61:24
[INFO] [stdout]   21:     0x64876217c1a8 - multiversx_sc_scenario::scenario::run_trace::scenario_trace::ScenarioTrace::write_scenario_trace::h1efbb0d458ed6048
[INFO] [stdout]                                at /opt/rustwide/cargo-home/registry/src/index.crates.io-1949cf8c6b5b557f/multiversx-sc-scenario-0.51.1/src/scenario/run_trace/scenario_trace.rs:25:9
[INFO] [stdout]   22:     0x64876217b87e - multiversx_sc_scenario::facade::scenario_world::ScenarioWorld::write_scenario_trace::h3f22aaf993e2b55f
[INFO] [stdout]                                at /opt/rustwide/cargo-home/registry/src/index.crates.io-1949cf8c6b5b557f/multiversx-sc-scenario-0.51.1/src/facade/scenario_world.rs:125:13
[INFO] [stdout]   23:     0x648762184d63 - crowdfunding_esdt_blackbox_test::test_status_failed::h16d50f9a3250e155
[INFO] [stdout]                                at /opt/rustwide/workdir/tests/crowdfunding_esdt_blackbox_test.rs:271:5
[INFO] [stdout]   24:     0x648762184b27 - crowdfunding_esdt_blackbox_test::test_status_failed::{{closure}}::hacdb3264b6935fb0
[INFO] [stdout]                                at /opt/rustwide/workdir/tests/crowdfunding_esdt_blackbox_test.rs:232:24
[INFO] [stdout]   25:     0x64876217d5f6 - core::ops::function::FnOnce::call_once::haf0b4d40b2db1383
[INFO] [stdout]                                at /rustc/6067b36314ab5eb2eb47cecc464545ba58e1ad24/library/core/src/ops/function.rs:250:5
[INFO] [stdout]   26:     0x6487621ef88b - core::ops::function::FnOnce::call_once::he27718dfdd183f43
[INFO] [stdout]                                at /rustc/6067b36314ab5eb2eb47cecc464545ba58e1ad24/library/core/src/ops/function.rs:250:5
[INFO] [stdout]   27:     0x6487621ef88b - test::__rust_begin_short_backtrace::h4e84902998457a5d
[INFO] [stdout]                                at /rustc/6067b36314ab5eb2eb47cecc464545ba58e1ad24/library/test/src/lib.rs:632:18
[INFO] [stdout]   28:     0x6487621ee7c3 - test::run_test_in_process::{{closure}}::h7176fd18fc1feca0
[INFO] [stdout]                                at /rustc/6067b36314ab5eb2eb47cecc464545ba58e1ad24/library/test/src/lib.rs:655:60
[INFO] [stdout]   29:     0x6487621ee7c3 - <core::panic::unwind_safe::AssertUnwindSafe<F> as core::ops::function::FnOnce<()>>::call_once::hf79cff2a624d8cf7
[INFO] [stdout]                                at /rustc/6067b36314ab5eb2eb47cecc464545ba58e1ad24/library/core/src/panic/unwind_safe.rs:272:9
[INFO] [stdout]   30:     0x6487621ee7c3 - std::panicking::try::do_call::h3da0561d9ab99c25
[INFO] [stdout]                                at /rustc/6067b36314ab5eb2eb47cecc464545ba58e1ad24/library/std/src/panicking.rs:587:40
[INFO] [stdout]   31:     0x6487621ee7c3 - std::panicking::try::h41c9fa508bc61df6
[INFO] [stdout]                                at /rustc/6067b36314ab5eb2eb47cecc464545ba58e1ad24/library/std/src/panicking.rs:550:19
[INFO] [stdout]   32:     0x6487621ee7c3 - std::panic::catch_unwind::h6b3ff07bb5afad93
[INFO] [stdout]                                at /rustc/6067b36314ab5eb2eb47cecc464545ba58e1ad24/library/std/src/panic.rs:358:14
[INFO] [stdout]   33:     0x6487621ee7c3 - test::run_test_in_process::hc7253dd11b39b9f4
[INFO] [stdout]                                at /rustc/6067b36314ab5eb2eb47cecc464545ba58e1ad24/library/test/src/lib.rs:655:27
[INFO] [stdout]   34:     0x6487621ee7c3 - test::run_test::{{closure}}::hfb2007f8649c30bb
[INFO] [stdout]                                at /rustc/6067b36314ab5eb2eb47cecc464545ba58e1ad24/library/test/src/lib.rs:576:43
[INFO] [stdout]   35:     0x6487621b18a5 - test::run_test::{{closure}}::h56a17aa7a282a9f4
[INFO] [stdout]                                at /rustc/6067b36314ab5eb2eb47cecc464545ba58e1ad24/library/test/src/lib.rs:606:41
[INFO] [stdout]   36:     0x6487621b18a5 - std::sys::backtrace::__rust_begin_short_backtrace::hd2d2d2fb8e8c6aac
[INFO] [stdout]                                at /rustc/6067b36314ab5eb2eb47cecc464545ba58e1ad24/library/std/src/sys/backtrace.rs:152:18
[INFO] [stdout]   37:     0x6487621b518a - std::thread::Builder::spawn_unchecked_::{{closure}}::{{closure}}::h4faa3f9db6133423
[INFO] [stdout]                                at /rustc/6067b36314ab5eb2eb47cecc464545ba58e1ad24/library/std/src/thread/mod.rs:559:17
[INFO] [stdout]   38:     0x6487621b518a - <core::panic::unwind_safe::AssertUnwindSafe<F> as core::ops::function::FnOnce<()>>::call_once::hf2e855a36a4ea846
[INFO] [stdout]                                at /rustc/6067b36314ab5eb2eb47cecc464545ba58e1ad24/library/core/src/panic/unwind_safe.rs:272:9
[INFO] [stdout]   39:     0x6487621b518a - std::panicking::try::do_call::h2f73af3616c35465
[INFO] [stdout]                                at /rustc/6067b36314ab5eb2eb47cecc464545ba58e1ad24/library/std/src/panicking.rs:587:40
[INFO] [stdout]   40:     0x6487621b518a - std::panicking::try::hd1660ce9efadef5a
[INFO] [stdout]                                at /rustc/6067b36314ab5eb2eb47cecc464545ba58e1ad24/library/std/src/panicking.rs:550:19
[INFO] [stdout]   41:     0x6487621b518a - std::panic::catch_unwind::h5ee8d7823b8ca744
[INFO] [stdout]                                at /rustc/6067b36314ab5eb2eb47cecc464545ba58e1ad24/library/std/src/panic.rs:358:14
[INFO] [stdout]   42:     0x6487621b518a - std::thread::Builder::spawn_unchecked_::{{closure}}::h53c3a1894dce8407
[INFO] [stdout]                                at /rustc/6067b36314ab5eb2eb47cecc464545ba58e1ad24/library/std/src/thread/mod.rs:557:30
[INFO] [stdout]   43:     0x6487621b518a - core::ops::function::FnOnce::call_once{{vtable.shim}}::h048ce291ad4f62bf
[INFO] [stdout]                                at /rustc/6067b36314ab5eb2eb47cecc464545ba58e1ad24/library/core/src/ops/function.rs:250:5
[INFO] [stdout]   44:     0x64876249cbbb - <alloc::boxed::Box<F,A> as core::ops::function::FnOnce<Args>>::call_once::ha52bedf99a3b4981
[INFO] [stdout]                                at /rustc/6067b36314ab5eb2eb47cecc464545ba58e1ad24/library/alloc/src/boxed.rs:2013:9
[INFO] [stdout]   45:     0x64876249cbbb - <alloc::boxed::Box<F,A> as core::ops::function::FnOnce<Args>>::call_once::h567748934d80ccf8
[INFO] [stdout]                                at /rustc/6067b36314ab5eb2eb47cecc464545ba58e1ad24/library/alloc/src/boxed.rs:2013:9
[INFO] [stdout]   46:     0x64876249cbbb - std::sys::pal::unix::thread::Thread::new::thread_start::h2d970728ae887adc
[INFO] [stdout]                                at /rustc/6067b36314ab5eb2eb47cecc464545ba58e1ad24/library/std/src/sys/pal/unix/thread.rs:106:17
[INFO] [stdout]   47:     0x71ef8521aac3 - <unknown>
[INFO] [stdout]   48:     0x71ef852aba04 - clone
[INFO] [stdout]   49:                0x0 - <unknown>
[INFO] [stdout] 
[INFO] [stdout] 
[INFO] [stdout] failures:
[INFO] [stdout]     test_check_fund
[INFO] [stdout]     test_claim_before_deadline
[INFO] [stdout]     test_deploy
[INFO] [stdout]     test_status_failed
[INFO] [stdout]     test_status_succes
[INFO] [stdout]     test_wrong_token_fund
[INFO] [stdout] 
[INFO] [stdout] test result: FAILED. 0 passed; 6 failed; 0 ignored; 0 measured; 0 filtered out; finished in 0.09s
[INFO] [stdout] 
[INFO] running `Command { std: "docker" "inspect" "23874738fbd5ecbe85da5085c7403d0cda096c25f8e4f93922737630fc173100", kill_on_drop: false }`
[INFO] running `Command { std: "docker" "rm" "-f" "23874738fbd5ecbe85da5085c7403d0cda096c25f8e4f93922737630fc173100", kill_on_drop: false }`
[INFO] [stdout] 23874738fbd5ecbe85da5085c7403d0cda096c25f8e4f93922737630fc173100
