[INFO] cloning repository https://github.com/andrechen77/ahi_kpi
[INFO] running `Command { std: "git" "-c" "credential.helper=" "-c" "credential.helper=/workspace/cargo-home/bin/git-credential-null" "clone" "--bare" "https://github.com/andrechen77/ahi_kpi" "/workspace/cache/git-repos/https%3A%2F%2Fgithub.com%2Fandrechen77%2Fahi_kpi", kill_on_drop: false }`
[INFO] [stderr] Cloning into bare repository '/workspace/cache/git-repos/https%3A%2F%2Fgithub.com%2Fandrechen77%2Fahi_kpi'...
[INFO] running `Command { std: "git" "rev-parse" "HEAD", kill_on_drop: false }`
[INFO] [stdout] 51827ab58befd8da4a7a2e1e2cda89d896581196
[INFO] testing andrechen77/ahi_kpi against nightly-2025-01-18 for randomize-layout-2
[INFO] running `Command { std: "git" "clone" "/workspace/cache/git-repos/https%3A%2F%2Fgithub.com%2Fandrechen77%2Fahi_kpi" "/workspace/builds/worker-2-tc1/source", kill_on_drop: false }`
[INFO] [stderr] Cloning into '/workspace/builds/worker-2-tc1/source'...
[INFO] [stderr] done.
[INFO] validating manifest of git repo https://github.com/andrechen77/ahi_kpi on toolchain nightly-2025-01-18
[INFO] running `Command { std: CARGO_HOME="/workspace/cargo-home" RUSTUP_HOME="/workspace/rustup-home" "/workspace/cargo-home/bin/cargo" "+nightly-2025-01-18" "metadata" "--manifest-path" "Cargo.toml" "--no-deps", kill_on_drop: false }`
[INFO] started tweaking git repo https://github.com/andrechen77/ahi_kpi
[INFO] finished tweaking git repo https://github.com/andrechen77/ahi_kpi
[INFO] tweaked toml for git repo https://github.com/andrechen77/ahi_kpi written to /workspace/builds/worker-2-tc1/source/Cargo.toml
[INFO] crate git repo https://github.com/andrechen77/ahi_kpi already has a lockfile, it will not be regenerated
[INFO] running `Command { std: CARGO_HOME="/workspace/cargo-home" RUSTUP_HOME="/workspace/rustup-home" "/workspace/cargo-home/bin/cargo" "+nightly-2025-01-18" "fetch" "--manifest-path" "Cargo.toml", kill_on_drop: false }`
[INFO] [stderr]     Blocking waiting for file lock on package cache
[INFO] [stderr]  Downloading crates ...
[INFO] [stderr]   Downloaded self-replace v1.5.0
[INFO] running `Command { std: "docker" "create" "-v" "/var/lib/crater-agent-workspace/builds/worker-2-tc1/target:/opt/rustwide/target:rw,Z" "-v" "/var/lib/crater-agent-workspace/builds/worker-2-tc1/source:/opt/rustwide/workdir:ro,Z" "-v" "/var/lib/crater-agent-workspace/cargo-home:/opt/rustwide/cargo-home:ro,Z" "-v" "/var/lib/crater-agent-workspace/rustup-home:/opt/rustwide/rustup-home:ro,Z" "-e" "SOURCE_DIR=/opt/rustwide/workdir" "-e" "CARGO_TARGET_DIR=/opt/rustwide/target" "-e" "CARGO_HOME=/opt/rustwide/cargo-home" "-e" "RUSTUP_HOME=/opt/rustwide/rustup-home" "-w" "/opt/rustwide/workdir" "-m" "1610612736" "--user" "0:0" "--network" "none" "ghcr.io/rust-lang/crates-build-env/linux@sha256:819108c5571ea2e421544af4d832f968d213c87fbe3707a016657f43d2f853bc" "/opt/rustwide/cargo-home/bin/cargo" "+nightly-2025-01-18" "metadata" "--no-deps" "--format-version=1", kill_on_drop: false }`
[INFO] [stdout] c5a609ea74a7d2c8ed359e8f4e224aa6ea0c332086ca3f9520889e387f1e5479
[INFO] running `Command { std: "docker" "start" "-a" "c5a609ea74a7d2c8ed359e8f4e224aa6ea0c332086ca3f9520889e387f1e5479", kill_on_drop: false }`
[INFO] running `Command { std: "docker" "inspect" "c5a609ea74a7d2c8ed359e8f4e224aa6ea0c332086ca3f9520889e387f1e5479", kill_on_drop: false }`
[INFO] running `Command { std: "docker" "rm" "-f" "c5a609ea74a7d2c8ed359e8f4e224aa6ea0c332086ca3f9520889e387f1e5479", kill_on_drop: false }`
[INFO] [stdout] c5a609ea74a7d2c8ed359e8f4e224aa6ea0c332086ca3f9520889e387f1e5479
[INFO] running `Command { std: "docker" "create" "-v" "/var/lib/crater-agent-workspace/builds/worker-2-tc1/target:/opt/rustwide/target:rw,Z" "-v" "/var/lib/crater-agent-workspace/builds/worker-2-tc1/source:/opt/rustwide/workdir:ro,Z" "-v" "/var/lib/crater-agent-workspace/cargo-home:/opt/rustwide/cargo-home:ro,Z" "-v" "/var/lib/crater-agent-workspace/rustup-home:/opt/rustwide/rustup-home:ro,Z" "-e" "SOURCE_DIR=/opt/rustwide/workdir" "-e" "CARGO_TARGET_DIR=/opt/rustwide/target" "-e" "CARGO_INCREMENTAL=0" "-e" "RUST_BACKTRACE=full" "-e" "RUSTFLAGS=--cap-lints=forbid" "-e" "RUSTDOCFLAGS=--cap-lints=forbid" "-e" "CARGO_HOME=/opt/rustwide/cargo-home" "-e" "RUSTUP_HOME=/opt/rustwide/rustup-home" "-w" "/opt/rustwide/workdir" "-m" "1610612736" "--user" "0:0" "--network" "none" "ghcr.io/rust-lang/crates-build-env/linux@sha256:819108c5571ea2e421544af4d832f968d213c87fbe3707a016657f43d2f853bc" "/opt/rustwide/cargo-home/bin/cargo" "+nightly-2025-01-18" "build" "--frozen" "--message-format=json", kill_on_drop: false }`
[INFO] [stdout] 67b05312ea3ab47b6824b080ee122b3dc082ce9ee6c4a021d37842780af3575c
[INFO] running `Command { std: "docker" "start" "-a" "67b05312ea3ab47b6824b080ee122b3dc082ce9ee6c4a021d37842780af3575c", kill_on_drop: false }`
[INFO] [stderr]    Compiling libc v0.2.162
[INFO] [stderr]    Compiling cc v1.1.5
[INFO] [stderr]    Compiling bytes v1.7.2
[INFO] [stderr]    Compiling memchr v2.7.4
[INFO] [stderr]    Compiling tracing-core v0.1.32
[INFO] [stderr]    Compiling futures-task v0.3.30
[INFO] [stderr]    Compiling futures-io v0.3.30
[INFO] [stderr]    Compiling log v0.4.22
[INFO] [stderr]    Compiling syn v2.0.71
[INFO] [stderr]    Compiling futures-channel v0.3.30
[INFO] [stderr]    Compiling spin v0.9.8
[INFO] [stderr]    Compiling untrusted v0.9.0
[INFO] [stderr]    Compiling bitflags v2.6.0
[INFO] [stderr]    Compiling version_check v0.9.5
[INFO] [stderr]    Compiling typenum v1.17.0
[INFO] [stderr]    Compiling httpdate v1.0.3
[INFO] [stderr]    Compiling rustls v0.21.12
[INFO] [stderr]    Compiling byteorder v1.5.0
[INFO] [stderr]    Compiling num-traits v0.2.19
[INFO] [stderr]    Compiling rustix v0.38.39
[INFO] [stderr]    Compiling utf8parse v0.2.2
[INFO] [stderr]    Compiling anstyle-parse v0.2.5
[INFO] [stderr]    Compiling base64 v0.21.7
[INFO] [stderr]    Compiling anstyle v1.0.8
[INFO] [stderr]    Compiling is_terminal_polyfill v1.70.1
[INFO] [stderr]    Compiling thiserror v1.0.63
[INFO] [stderr]    Compiling colorchoice v1.0.2
[INFO] [stderr]    Compiling generic-array v0.14.7
[INFO] [stderr]    Compiling anstyle-query v1.1.1
[INFO] [stderr]    Compiling linux-raw-sys v0.4.14
[INFO] [stderr]    Compiling is-docker v0.2.0
[INFO] [stderr]    Compiling lazy_static v1.5.0
[INFO] [stderr]    Compiling anstream v0.6.15
[INFO] [stderr]    Compiling overload v0.1.1
[INFO] [stderr]    Compiling heck v0.5.0
[INFO] [stderr]    Compiling http v1.1.0
[INFO] [stderr]    Compiling http v0.2.12
[INFO] [stderr]    Compiling strsim v0.11.1
[INFO] [stderr]    Compiling fastrand v2.2.0
[INFO] [stderr]    Compiling rustls-pemfile v1.0.4
[INFO] [stderr]    Compiling sync_wrapper v0.1.2
[INFO] [stderr]    Compiling http-body v0.4.6
[INFO] [stderr]    Compiling clap_lex v0.7.2
[INFO] [stderr]    Compiling webpki-roots v0.25.4
[INFO] [stderr]    Compiling anyhow v1.0.86
[INFO] [stderr]    Compiling futures-util v0.3.30
[INFO] [stderr]    Compiling iana-time-zone v0.1.60
[INFO] [stderr]    Compiling cpufeatures v0.2.14
[INFO] [stderr]    Compiling clap_builder v4.5.15
[INFO] [stderr]    Compiling csv-core v0.1.11
[INFO] [stderr]    Compiling nu-ansi-term v0.46.0
[INFO] [stderr]    Compiling tracing-log v0.2.0
[INFO] [stderr]    Compiling is-wsl v0.4.0
[INFO] [stderr]    Compiling parking_lot_core v0.9.10
[INFO] [stderr]    Compiling socket2 v0.5.7
[INFO] [stderr]    Compiling signal-hook-registry v1.4.2
[INFO] [stderr]    Compiling mio v1.0.2
[INFO] [stderr]    Compiling getrandom v0.2.15
[INFO] [stderr]    Compiling rand_core v0.6.4
[INFO] [stderr]    Compiling sharded-slab v0.1.7
[INFO] [stderr]    Compiling thread_local v1.1.8
[INFO] [stderr]    Compiling pathdiff v0.2.1
[INFO] [stderr]    Compiling base64 v0.13.1
[INFO] [stderr]    Compiling ring v0.17.8
[INFO] [stderr]    Compiling openssl-sys v0.9.102
[INFO] [stderr]    Compiling parking_lot v0.12.3
[INFO] [stderr]    Compiling open v5.3.0
[INFO] [stderr]    Compiling http-body v1.0.1
[INFO] [stderr]    Compiling openssl v0.10.64
[INFO] [stderr]    Compiling native-tls v0.2.12
[INFO] [stderr]    Compiling tracing-subscriber v0.3.18
[INFO] [stderr]    Compiling crypto-common v0.1.6
[INFO] [stderr]    Compiling block-buffer v0.10.4
[INFO] [stderr]    Compiling digest v0.10.7
[INFO] [stderr]    Compiling sha2 v0.10.8
[INFO] [stderr]    Compiling tempfile v3.14.0
[INFO] [stderr]    Compiling self-replace v1.5.0
[INFO] [stderr]    Compiling http-body-util v0.1.2
[INFO] [stderr]    Compiling tokio-macros v2.4.0
[INFO] [stderr]    Compiling tracing-attributes v0.1.27
[INFO] [stderr]    Compiling serde_derive v1.0.204
[INFO] [stderr]    Compiling zerocopy-derive v0.7.35
[INFO] [stderr]    Compiling openssl-macros v0.1.1
[INFO] [stderr]    Compiling pin-project-internal v1.1.5
[INFO] [stderr]    Compiling thiserror-impl v1.0.63
[INFO] [stderr]    Compiling clap_derive v4.5.13
[INFO] [stderr]    Compiling zerocopy v0.7.35
[INFO] [stderr]    Compiling tokio v1.40.0
[INFO] [stderr]    Compiling pin-project v1.1.5
[INFO] [stderr]    Compiling ppv-lite86 v0.2.20
[INFO] [stderr]    Compiling rustls-webpki v0.101.7
[INFO] [stderr]    Compiling sct v0.7.1
[INFO] [stderr]    Compiling tracing v0.1.40
[INFO] [stderr]    Compiling rand_chacha v0.3.1
[INFO] [stderr]    Compiling rand v0.8.5
[INFO] [stderr]    Compiling clap v4.5.15
[INFO] [stderr]    Compiling serde v1.0.204
[INFO] [stderr]    Compiling url v2.5.2
[INFO] [stderr]    Compiling serde_urlencoded v0.7.1
[INFO] [stderr]    Compiling serde_json v1.0.120
[INFO] [stderr]    Compiling serde_path_to_error v0.1.16
[INFO] [stderr]    Compiling chrono v0.4.38
[INFO] [stderr]    Compiling csv v1.3.0
[INFO] [stderr]    Compiling tokio-util v0.7.11
[INFO] [stderr]    Compiling tokio-rustls v0.24.1
[INFO] [stderr]    Compiling tower v0.4.13
[INFO] [stderr]    Compiling tokio-native-tls v0.3.1
[INFO] [stderr]    Compiling h2 v0.4.5
[INFO] [stderr]    Compiling h2 v0.3.26
[INFO] [stderr]    Compiling hyper v1.4.1
[INFO] [stderr]    Compiling hyper v0.14.30
[INFO] [stderr]    Compiling hyper-util v0.1.8
[INFO] [stderr]    Compiling hyper-tls v0.6.0
[INFO] [stderr]    Compiling hyper-rustls v0.24.2
[INFO] [stderr]    Compiling reqwest v0.12.5
[INFO] [stderr]    Compiling reqwest v0.11.27
[INFO] [stderr]    Compiling oauth2 v4.4.2
[INFO] [stderr]    Compiling ahitool v0.1.0 (/opt/rustwide/workdir)
[INFO] [stdout] warning: constant `ENDPOINT_GOOGLE_MAPS_PLACES` is never used
[INFO] [stdout]  --> src/apis/google_maps.rs:8:7
[INFO] [stdout]   |
[INFO] [stdout] 8 | const ENDPOINT_GOOGLE_MAPS_PLACES: &str = "https://places.googleapis.com/v1/places:searchText";
[INFO] [stdout]   |       ^^^^^^^^^^^^^^^^^^^^^^^^^^^
[INFO] [stdout]   |
[INFO] [stdout]   = note: `#[warn(dead_code)]` on by default
[INFO] [stdout] 
[INFO] [stdout] 
[INFO] [stdout] warning: variants `TooFast` and `NotFound` are never constructed
[INFO] [stdout]   --> src/apis/google_maps.rs:13:2
[INFO] [stdout]    |
[INFO] [stdout] 11 | pub enum LookupError {
[INFO] [stdout]    |          ----------- variants in this enum
[INFO] [stdout] 12 |     #[error("This request came too soon after a previous request, and we have been rate-limited")]
[INFO] [stdout] 13 |     TooFast,
[INFO] [stdout]    |     ^^^^^^^
[INFO] [stdout] 14 |     #[error("The address was not found")]
[INFO] [stdout] 15 |     NotFound,
[INFO] [stdout]    |     ^^^^^^^^
[INFO] [stdout]    |
[INFO] [stdout]    = note: `LookupError` has a derived impl for the trait `Debug`, but this is intentionally ignored during dead code analysis
[INFO] [stdout] 
[INFO] [stdout] 
[INFO] [stdout] warning: function `lookup` is never used
[INFO] [stdout]   --> src/apis/google_maps.rs:20:14
[INFO] [stdout]    |
[INFO] [stdout] 20 | pub async fn lookup(client: reqwest::Client, api_key: &str, address: &str) -> Result<LatLng, LookupError> {
[INFO] [stdout]    |              ^^^^^^
[INFO] [stdout] 
[INFO] [stdout] 
[INFO] [stdout] warning: field `places` is never read
[INFO] [stdout]   --> src/apis/google_maps.rs:42:9
[INFO] [stdout]    |
[INFO] [stdout] 41 |     struct ApiResponse {
[INFO] [stdout]    |            ----------- field in this struct
[INFO] [stdout] 42 |         places: Vec<Place>,
[INFO] [stdout]    |         ^^^^^^
[INFO] [stdout] 
[INFO] [stdout] 
[INFO] [stdout] warning: field `location` is never read
[INFO] [stdout]   --> src/apis/google_maps.rs:61:9
[INFO] [stdout]    |
[INFO] [stdout] 58 | struct Place {
[INFO] [stdout]    |        ----- field in this struct
[INFO] [stdout] ...
[INFO] [stdout] 61 |     pub location: LatLng,
[INFO] [stdout]    |         ^^^^^^^^
[INFO] [stdout] 
[INFO] [stdout] 
[INFO] [stdout] warning: fields `latitude` and `longitude` are never read
[INFO] [stdout]   --> src/apis/google_maps.rs:66:9
[INFO] [stdout]    |
[INFO] [stdout] 65 | pub struct LatLng {
[INFO] [stdout]    |            ------ fields in this struct
[INFO] [stdout] 66 |     pub latitude: f64,
[INFO] [stdout]    |         ^^^^^^^^
[INFO] [stdout] 67 |     pub longitude: f64,
[INFO] [stdout]    |         ^^^^^^^^^
[INFO] [stdout] 
[INFO] [stdout] 
[INFO] [stdout] warning: variant `InconsistentInsuranceInfo` is never constructed
[INFO] [stdout]    --> src/jobs.rs:228:5
[INFO] [stdout]     |
[INFO] [stdout] 224 | pub enum JobAnalysisError {
[INFO] [stdout]     |          ---------------- variant in this enum
[INFO] [stdout] ...
[INFO] [stdout] 228 |     InconsistentInsuranceInfo,
[INFO] [stdout]     |     ^^^^^^^^^^^^^^^^^^^^^^^^^
[INFO] [stdout]     |
[INFO] [stdout]     = note: `JobAnalysisError` has a derived impl for the trait `Debug`, but this is intentionally ignored during dead code analysis
[INFO] [stdout] 
[INFO] [stdout] 
[INFO] [stderr]     Finished `dev` profile [unoptimized + debuginfo] target(s) in 1m 02s
[INFO] running `Command { std: "docker" "inspect" "67b05312ea3ab47b6824b080ee122b3dc082ce9ee6c4a021d37842780af3575c", kill_on_drop: false }`
[INFO] running `Command { std: "docker" "rm" "-f" "67b05312ea3ab47b6824b080ee122b3dc082ce9ee6c4a021d37842780af3575c", kill_on_drop: false }`
[INFO] [stdout] 67b05312ea3ab47b6824b080ee122b3dc082ce9ee6c4a021d37842780af3575c
[INFO] running `Command { std: "docker" "create" "-v" "/var/lib/crater-agent-workspace/builds/worker-2-tc1/target:/opt/rustwide/target:rw,Z" "-v" "/var/lib/crater-agent-workspace/builds/worker-2-tc1/source:/opt/rustwide/workdir:ro,Z" "-v" "/var/lib/crater-agent-workspace/cargo-home:/opt/rustwide/cargo-home:ro,Z" "-v" "/var/lib/crater-agent-workspace/rustup-home:/opt/rustwide/rustup-home:ro,Z" "-e" "SOURCE_DIR=/opt/rustwide/workdir" "-e" "CARGO_TARGET_DIR=/opt/rustwide/target" "-e" "CARGO_INCREMENTAL=0" "-e" "RUST_BACKTRACE=full" "-e" "RUSTFLAGS=--cap-lints=forbid" "-e" "RUSTDOCFLAGS=--cap-lints=forbid" "-e" "CARGO_HOME=/opt/rustwide/cargo-home" "-e" "RUSTUP_HOME=/opt/rustwide/rustup-home" "-w" "/opt/rustwide/workdir" "-m" "1610612736" "--user" "0:0" "--network" "none" "ghcr.io/rust-lang/crates-build-env/linux@sha256:819108c5571ea2e421544af4d832f968d213c87fbe3707a016657f43d2f853bc" "/opt/rustwide/cargo-home/bin/cargo" "+nightly-2025-01-18" "test" "--frozen" "--no-run" "--message-format=json", kill_on_drop: false }`
[INFO] [stdout] 4ea7319e14ffdb25792e329036825003c7fada940afa373c43981e46e40478f9
[INFO] running `Command { std: "docker" "start" "-a" "4ea7319e14ffdb25792e329036825003c7fada940afa373c43981e46e40478f9", kill_on_drop: false }`
[INFO] [stderr]    Compiling ahitool v0.1.0 (/opt/rustwide/workdir)
[INFO] [stdout] warning: constant `ENDPOINT_GOOGLE_MAPS_PLACES` is never used
[INFO] [stdout]  --> src/apis/google_maps.rs:8:7
[INFO] [stdout]   |
[INFO] [stdout] 8 | const ENDPOINT_GOOGLE_MAPS_PLACES: &str = "https://places.googleapis.com/v1/places:searchText";
[INFO] [stdout]   |       ^^^^^^^^^^^^^^^^^^^^^^^^^^^
[INFO] [stdout]   |
[INFO] [stdout]   = note: `#[warn(dead_code)]` on by default
[INFO] [stdout] 
[INFO] [stdout] 
[INFO] [stdout] warning: variants `TooFast` and `NotFound` are never constructed
[INFO] [stdout]   --> src/apis/google_maps.rs:13:2
[INFO] [stdout]    |
[INFO] [stdout] 11 | pub enum LookupError {
[INFO] [stdout]    |          ----------- variants in this enum
[INFO] [stdout] 12 |     #[error("This request came too soon after a previous request, and we have been rate-limited")]
[INFO] [stdout] 13 |     TooFast,
[INFO] [stdout]    |     ^^^^^^^
[INFO] [stdout] 14 |     #[error("The address was not found")]
[INFO] [stdout] 15 |     NotFound,
[INFO] [stdout]    |     ^^^^^^^^
[INFO] [stdout]    |
[INFO] [stdout]    = note: `LookupError` has a derived impl for the trait `Debug`, but this is intentionally ignored during dead code analysis
[INFO] [stdout] 
[INFO] [stdout] 
[INFO] [stdout] warning: function `lookup` is never used
[INFO] [stdout]   --> src/apis/google_maps.rs:20:14
[INFO] [stdout]    |
[INFO] [stdout] 20 | pub async fn lookup(client: reqwest::Client, api_key: &str, address: &str) -> Result<LatLng, LookupError> {
[INFO] [stdout]    |              ^^^^^^
[INFO] [stdout] 
[INFO] [stdout] 
[INFO] [stdout] warning: field `places` is never read
[INFO] [stdout]   --> src/apis/google_maps.rs:42:9
[INFO] [stdout]    |
[INFO] [stdout] 41 |     struct ApiResponse {
[INFO] [stdout]    |            ----------- field in this struct
[INFO] [stdout] 42 |         places: Vec<Place>,
[INFO] [stdout]    |         ^^^^^^
[INFO] [stdout] 
[INFO] [stdout] 
[INFO] [stdout] warning: field `location` is never read
[INFO] [stdout]   --> src/apis/google_maps.rs:61:9
[INFO] [stdout]    |
[INFO] [stdout] 58 | struct Place {
[INFO] [stdout]    |        ----- field in this struct
[INFO] [stdout] ...
[INFO] [stdout] 61 |     pub location: LatLng,
[INFO] [stdout]    |         ^^^^^^^^
[INFO] [stdout] 
[INFO] [stdout] 
[INFO] [stdout] warning: fields `latitude` and `longitude` are never read
[INFO] [stdout]   --> src/apis/google_maps.rs:66:9
[INFO] [stdout]    |
[INFO] [stdout] 65 | pub struct LatLng {
[INFO] [stdout]    |            ------ fields in this struct
[INFO] [stdout] 66 |     pub latitude: f64,
[INFO] [stdout]    |         ^^^^^^^^
[INFO] [stdout] 67 |     pub longitude: f64,
[INFO] [stdout]    |         ^^^^^^^^^
[INFO] [stdout] 
[INFO] [stdout] 
[INFO] [stderr]     Finished `test` profile [unoptimized + debuginfo] target(s) in 2.80s
[INFO] running `Command { std: "docker" "inspect" "4ea7319e14ffdb25792e329036825003c7fada940afa373c43981e46e40478f9", kill_on_drop: false }`
[INFO] running `Command { std: "docker" "rm" "-f" "4ea7319e14ffdb25792e329036825003c7fada940afa373c43981e46e40478f9", kill_on_drop: false }`
[INFO] [stdout] 4ea7319e14ffdb25792e329036825003c7fada940afa373c43981e46e40478f9
[INFO] running `Command { std: "docker" "create" "-v" "/var/lib/crater-agent-workspace/builds/worker-2-tc1/target:/opt/rustwide/target:rw,Z" "-v" "/var/lib/crater-agent-workspace/builds/worker-2-tc1/source:/opt/rustwide/workdir:ro,Z" "-v" "/var/lib/crater-agent-workspace/cargo-home:/opt/rustwide/cargo-home:ro,Z" "-v" "/var/lib/crater-agent-workspace/rustup-home:/opt/rustwide/rustup-home:ro,Z" "-e" "SOURCE_DIR=/opt/rustwide/workdir" "-e" "CARGO_TARGET_DIR=/opt/rustwide/target" "-e" "CARGO_INCREMENTAL=0" "-e" "RUST_BACKTRACE=full" "-e" "RUSTFLAGS=--cap-lints=forbid" "-e" "RUSTDOCFLAGS=--cap-lints=forbid" "-e" "CARGO_HOME=/opt/rustwide/cargo-home" "-e" "RUSTUP_HOME=/opt/rustwide/rustup-home" "-w" "/opt/rustwide/workdir" "-m" "1610612736" "--user" "0:0" "--network" "none" "ghcr.io/rust-lang/crates-build-env/linux@sha256:819108c5571ea2e421544af4d832f968d213c87fbe3707a016657f43d2f853bc" "/opt/rustwide/cargo-home/bin/cargo" "+nightly-2025-01-18" "test" "--frozen", kill_on_drop: false }`
[INFO] [stdout] f2a6ee75640a706dd59101036703b8e7417c35203147ca3f3a95c64a4bf3e260
[INFO] running `Command { std: "docker" "start" "-a" "f2a6ee75640a706dd59101036703b8e7417c35203147ca3f3a95c64a4bf3e260", kill_on_drop: false }`
[INFO] [stderr] warning: constant `ENDPOINT_GOOGLE_MAPS_PLACES` is never used
[INFO] [stderr]  --> src/apis/google_maps.rs:8:7
[INFO] [stderr]   |
[INFO] [stderr] 8 | const ENDPOINT_GOOGLE_MAPS_PLACES: &str = "https://places.googleapis.com/v1/places:searchText";
[INFO] [stderr]   |       ^^^^^^^^^^^^^^^^^^^^^^^^^^^
[INFO] [stderr]   |
[INFO] [stderr]   = note: `#[warn(dead_code)]` on by default
[INFO] [stderr] 
[INFO] [stderr] warning: variants `TooFast` and `NotFound` are never constructed
[INFO] [stderr]   --> src/apis/google_maps.rs:13:2
[INFO] [stderr]    |
[INFO] [stderr] 11 | pub enum LookupError {
[INFO] [stderr]    |          ----------- variants in this enum
[INFO] [stderr] 12 |     #[error("This request came too soon after a previous request, and we have been rate-limited")]
[INFO] [stderr] 13 |     TooFast,
[INFO] [stderr]    |     ^^^^^^^
[INFO] [stderr] 14 |     #[error("The address was not found")]
[INFO] [stderr] 15 |     NotFound,
[INFO] [stderr]    |     ^^^^^^^^
[INFO] [stderr]    |
[INFO] [stderr]    = note: `LookupError` has a derived impl for the trait `Debug`, but this is intentionally ignored during dead code analysis
[INFO] [stderr] 
[INFO] [stderr] warning: function `lookup` is never used
[INFO] [stderr]   --> src/apis/google_maps.rs:20:14
[INFO] [stderr]    |
[INFO] [stderr] 20 | pub async fn lookup(client: reqwest::Client, api_key: &str, address: &str) -> Result<LatLng, LookupError> {
[INFO] [stderr]    |              ^^^^^^
[INFO] [stderr] 
[INFO] [stderr] warning: field `places` is never read
[INFO] [stderr]   --> src/apis/google_maps.rs:42:9
[INFO] [stderr]    |
[INFO] [stderr] 41 |     struct ApiResponse {
[INFO] [stderr]    |            ----------- field in this struct
[INFO] [stderr] 42 |         places: Vec<Place>,
[INFO] [stderr]    |         ^^^^^^
[INFO] [stderr] 
[INFO] [stderr] warning: field `location` is never read
[INFO] [stderr]   --> src/apis/google_maps.rs:61:9
[INFO] [stderr]    |
[INFO] [stderr] 58 | struct Place {
[INFO] [stderr]    |        ----- field in this struct
[INFO] [stderr] ...
[INFO] [stderr] 61 |     pub location: LatLng,
[INFO] [stderr]    |         ^^^^^^^^
[INFO] [stderr] 
[INFO] [stderr] warning: fields `latitude` and `longitude` are never read
[INFO] [stderr]   --> src/apis/google_maps.rs:66:9
[INFO] [stderr]    |
[INFO] [stderr] 65 | pub struct LatLng {
[INFO] [stderr]    |            ------ fields in this struct
[INFO] [stderr] 66 |     pub latitude: f64,
[INFO] [stderr]    |         ^^^^^^^^
[INFO] [stderr] 67 |     pub longitude: f64,
[INFO] [stderr]    |         ^^^^^^^^^
[INFO] [stderr] 
[INFO] [stderr] warning: `ahitool` (bin "ahitool" test) generated 6 warnings
[INFO] [stderr]     Finished `test` profile [unoptimized + debuginfo] target(s) in 0.20s
[INFO] [stderr]      Running unittests src/main.rs (/opt/rustwide/target/debug/deps/ahitool-292fd59a5092a1d8)
[INFO] [stdout] 
[INFO] [stdout] running 10 tests
[INFO] [stdout] test job_tracker::test::add_jobs ... ok
[INFO] [stdout] test job_tracker::test::calc_stats ... ok
[INFO] [stdout] test jobs::test::job_analysis_insurance_at_each_stage ... ok
[INFO] [stdout] test job_tracker::test::calc_stats_of_loss ... ok
[INFO] [stdout] test jobs::test::job_analysis_insurance_with_contingency ... ok
[INFO] [stdout] test jobs::test::job_analysis_insurance_without_contingency ... ok
[INFO] [stdout] test jobs::test::job_analysis_loss_after_contract ... ok
[INFO] [stdout] test jobs::test::job_analysis_retail_with_contingency ... ok
[INFO] [stdout] test jobs::test::job_analysis_retail_without_contingency ... ok
[INFO] [stdout] test jobs::test::job_analysis_inconsistent_insurance_info ... FAILED
[INFO] [stdout] 
[INFO] [stdout] failures:
[INFO] [stdout] 
[INFO] [stdout] ---- jobs::test::job_analysis_inconsistent_insurance_info stdout ----
[INFO] [stdout] 
[INFO] [stdout] thread 'jobs::test::job_analysis_inconsistent_insurance_info' panicked at src/jobs.rs:692:9:
[INFO] [stdout] assertion `left == right` failed
[INFO] [stdout]   left: (AnalyzedJob { job: Job { jnid: "0", milestone_dates: MilestoneDates { appointment_date: Some(1970-01-01T00:00:01Z), contingency_date: None, contract_date: Some(1970-01-01T00:00:03Z), install_date: Some(1970-01-01T00:00:04Z), loss_date: None }, status: JobsInProgress, status_mod_date: 1970-01-01T00:00:00Z, sales_rep: None, insurance_checkbox: false, insurance_claim_number: Some("123"), insurance_company_name: Some("Gekko"), job_number: None, job_name: None, amt_receivable: 0 }, analysis: Some(JobAnalysis { kind: InsuranceWithoutContingency, timestamps: [None, Some(1970-01-01T00:00:01Z), None, Some(1970-01-01T00:00:03Z), Some(1970-01-01T00:00:04Z)], loss_timestamp: None }) }, [])
[INFO] [stdout]  right: (AnalyzedJob { job: Job { jnid: "0", milestone_dates: MilestoneDates { appointment_date: Some(1970-01-01T00:00:01Z), contingency_date: None, contract_date: Some(1970-01-01T00:00:03Z), install_date: Some(1970-01-01T00:00:04Z), loss_date: None }, status: JobsInProgress, status_mod_date: 1970-01-01T00:00:00Z, sales_rep: None, insurance_checkbox: false, insurance_claim_number: Some("123"), insurance_company_name: Some("Gekko"), job_number: None, job_name: None, amt_receivable: 0 }, analysis: Some(JobAnalysis { kind: InsuranceWithoutContingency, timestamps: [None, Some(1970-01-01T00:00:01Z), None, Some(1970-01-01T00:00:03Z), Some(1970-01-01T00:00:04Z)], loss_timestamp: None }) }, [InconsistentInsuranceInfo])
[INFO] [stdout] stack backtrace:
[INFO] [stdout]    0:     0x601168f4039a - std::backtrace_rs::backtrace::libunwind::trace::hb059275cfc8d6126
[INFO] [stdout]                                at /rustc/6067b36314ab5eb2eb47cecc464545ba58e1ad24/library/std/src/../../backtrace/src/backtrace/libunwind.rs:116:5
[INFO] [stdout]    1:     0x601168f4039a - std::backtrace_rs::backtrace::trace_unsynchronized::h2da071e4327ce3ee
[INFO] [stdout]                                at /rustc/6067b36314ab5eb2eb47cecc464545ba58e1ad24/library/std/src/../../backtrace/src/backtrace/mod.rs:66:5
[INFO] [stdout]    2:     0x601168f4039a - std::sys::backtrace::_print_fmt::h842a1474e6f8d23f
[INFO] [stdout]                                at /rustc/6067b36314ab5eb2eb47cecc464545ba58e1ad24/library/std/src/sys/backtrace.rs:66:9
[INFO] [stdout]    3:     0x601168f4039a - <std::sys::backtrace::BacktraceLock::print::DisplayBacktrace as core::fmt::Display>::fmt::h71a62eb3b9696b12
[INFO] [stdout]                                at /rustc/6067b36314ab5eb2eb47cecc464545ba58e1ad24/library/std/src/sys/backtrace.rs:39:26
[INFO] [stdout]    4:     0x601168f67d83 - core::fmt::rt::Argument::fmt::hdb6b616786b41dc1
[INFO] [stdout]                                at /rustc/6067b36314ab5eb2eb47cecc464545ba58e1ad24/library/core/src/fmt/rt.rs:177:76
[INFO] [stdout]    5:     0x601168f67d83 - core::fmt::write::h2cc1698af7e2d686
[INFO] [stdout]                                at /rustc/6067b36314ab5eb2eb47cecc464545ba58e1ad24/library/core/src/fmt/mod.rs:1440:21
[INFO] [stdout]    6:     0x601168f3cef3 - std::io::Write::write_fmt::hab1b4cd059a79022
[INFO] [stdout]                                at /rustc/6067b36314ab5eb2eb47cecc464545ba58e1ad24/library/std/src/io/mod.rs:1887:15
[INFO] [stdout]    7:     0x601168f401e2 - std::sys::backtrace::BacktraceLock::print::h147fe35b4ea13b08
[INFO] [stdout]                                at /rustc/6067b36314ab5eb2eb47cecc464545ba58e1ad24/library/std/src/sys/backtrace.rs:42:9
[INFO] [stdout]    8:     0x601168f417bf - std::panicking::default_hook::{{closure}}::hbd44223dbdc0d208
[INFO] [stdout]                                at /rustc/6067b36314ab5eb2eb47cecc464545ba58e1ad24/library/std/src/panicking.rs:298:22
[INFO] [stdout]    9:     0x601168f415d8 - std::panicking::default_hook::h20f81eb0576efcec
[INFO] [stdout]                                at /rustc/6067b36314ab5eb2eb47cecc464545ba58e1ad24/library/std/src/panicking.rs:322:9
[INFO] [stdout]   10:     0x601168f03573 - <alloc::boxed::Box<F,A> as core::ops::function::Fn<Args>>::call::hdb53814c496a4d34
[INFO] [stdout]                                at /rustc/6067b36314ab5eb2eb47cecc464545ba58e1ad24/library/alloc/src/boxed.rs:2027:9
[INFO] [stdout]   11:     0x601168f03573 - test::test_main::{{closure}}::hc0a4963c59427c24
[INFO] [stdout]                                at /rustc/6067b36314ab5eb2eb47cecc464545ba58e1ad24/library/test/src/lib.rs:134:21
[INFO] [stdout]   12:     0x601168f422b3 - <alloc::boxed::Box<F,A> as core::ops::function::Fn<Args>>::call::h591b2225413a77e9
[INFO] [stdout]                                at /rustc/6067b36314ab5eb2eb47cecc464545ba58e1ad24/library/alloc/src/boxed.rs:2027:9
[INFO] [stdout]   13:     0x601168f422b3 - std::panicking::rust_panic_with_hook::h625eea43051b2edc
[INFO] [stdout]                                at /rustc/6067b36314ab5eb2eb47cecc464545ba58e1ad24/library/std/src/panicking.rs:839:13
[INFO] [stdout]   14:     0x601168f41f6a - std::panicking::begin_panic_handler::{{closure}}::h4f9159cfbc3f6bd3
[INFO] [stdout]                                at /rustc/6067b36314ab5eb2eb47cecc464545ba58e1ad24/library/std/src/panicking.rs:704:13
[INFO] [stdout]   15:     0x601168f40899 - std::sys::backtrace::__rust_end_short_backtrace::h0390abce48353151
[INFO] [stdout]                                at /rustc/6067b36314ab5eb2eb47cecc464545ba58e1ad24/library/std/src/sys/backtrace.rs:168:18
[INFO] [stdout]   16:     0x601168f41bfd - rust_begin_unwind
[INFO] [stdout]                                at /rustc/6067b36314ab5eb2eb47cecc464545ba58e1ad24/library/std/src/panicking.rs:695:5
[INFO] [stdout]   17:     0x601168f663b0 - core::panicking::panic_fmt::h9e7c637e9e5f29c9
[INFO] [stdout]                                at /rustc/6067b36314ab5eb2eb47cecc464545ba58e1ad24/library/core/src/panicking.rs:75:14
[INFO] [stdout]   18:     0x601168f667a2 - core::panicking::assert_failed_inner::h538bec7c1374cd9c
[INFO] [stdout]   19:     0x601168ec5fd2 - core::panicking::assert_failed::h8d6f5c5f423bf458
[INFO] [stdout]                                at /rustc/6067b36314ab5eb2eb47cecc464545ba58e1ad24/library/core/src/panicking.rs:364:5
[INFO] [stdout]   20:     0x601168eb87ed - ahitool::jobs::test::job_analysis_inconsistent_insurance_info::h39d2660bab9ba407
[INFO] [stdout]                                at /opt/rustwide/workdir/src/jobs.rs:692:9
[INFO] [stdout]   21:     0x601168eb7f37 - ahitool::jobs::test::job_analysis_inconsistent_insurance_info::{{closure}}::h1412fea77d0af962
[INFO] [stdout]                                at /opt/rustwide/workdir/src/jobs.rs:672:50
[INFO] [stdout]   22:     0x601168eb91d6 - core::ops::function::FnOnce::call_once::h9c3d18a269aa2a25
[INFO] [stdout]                                at /rustc/6067b36314ab5eb2eb47cecc464545ba58e1ad24/library/core/src/ops/function.rs:250:5
[INFO] [stdout]   23:     0x601168f08ccb - core::ops::function::FnOnce::call_once::he27718dfdd183f43
[INFO] [stdout]                                at /rustc/6067b36314ab5eb2eb47cecc464545ba58e1ad24/library/core/src/ops/function.rs:250:5
[INFO] [stdout]   24:     0x601168f08ccb - test::__rust_begin_short_backtrace::h4e84902998457a5d
[INFO] [stdout]                                at /rustc/6067b36314ab5eb2eb47cecc464545ba58e1ad24/library/test/src/lib.rs:632:18
[INFO] [stdout]   25:     0x601168f07c03 - test::run_test_in_process::{{closure}}::h7176fd18fc1feca0
[INFO] [stdout]                                at /rustc/6067b36314ab5eb2eb47cecc464545ba58e1ad24/library/test/src/lib.rs:655:60
[INFO] [stdout]   26:     0x601168f07c03 - <core::panic::unwind_safe::AssertUnwindSafe<F> as core::ops::function::FnOnce<()>>::call_once::hf79cff2a624d8cf7
[INFO] [stdout]                                at /rustc/6067b36314ab5eb2eb47cecc464545ba58e1ad24/library/core/src/panic/unwind_safe.rs:272:9
[INFO] [stdout]   27:     0x601168f07c03 - std::panicking::try::do_call::h3da0561d9ab99c25
[INFO] [stdout]                                at /rustc/6067b36314ab5eb2eb47cecc464545ba58e1ad24/library/std/src/panicking.rs:587:40
[INFO] [stdout]   28:     0x601168f07c03 - std::panicking::try::h41c9fa508bc61df6
[INFO] [stdout]                                at /rustc/6067b36314ab5eb2eb47cecc464545ba58e1ad24/library/std/src/panicking.rs:550:19
[INFO] [stdout]   29:     0x601168f07c03 - std::panic::catch_unwind::h6b3ff07bb5afad93
[INFO] [stdout]                                at /rustc/6067b36314ab5eb2eb47cecc464545ba58e1ad24/library/std/src/panic.rs:358:14
[INFO] [stdout]   30:     0x601168f07c03 - test::run_test_in_process::hc7253dd11b39b9f4
[INFO] [stdout]                                at /rustc/6067b36314ab5eb2eb47cecc464545ba58e1ad24/library/test/src/lib.rs:655:27
[INFO] [stdout]   31:     0x601168f07c03 - test::run_test::{{closure}}::hfb2007f8649c30bb
[INFO] [stdout]                                at /rustc/6067b36314ab5eb2eb47cecc464545ba58e1ad24/library/test/src/lib.rs:576:43
[INFO] [stdout]   32:     0x601168ecace5 - test::run_test::{{closure}}::h56a17aa7a282a9f4
[INFO] [stdout]                                at /rustc/6067b36314ab5eb2eb47cecc464545ba58e1ad24/library/test/src/lib.rs:606:41
[INFO] [stdout]   33:     0x601168ecace5 - std::sys::backtrace::__rust_begin_short_backtrace::hd2d2d2fb8e8c6aac
[INFO] [stdout]                                at /rustc/6067b36314ab5eb2eb47cecc464545ba58e1ad24/library/std/src/sys/backtrace.rs:152:18
[INFO] [stdout]   34:     0x601168ece5ca - std::thread::Builder::spawn_unchecked_::{{closure}}::{{closure}}::h4faa3f9db6133423
[INFO] [stdout]                                at /rustc/6067b36314ab5eb2eb47cecc464545ba58e1ad24/library/std/src/thread/mod.rs:559:17
[INFO] [stdout]   35:     0x601168ece5ca - <core::panic::unwind_safe::AssertUnwindSafe<F> as core::ops::function::FnOnce<()>>::call_once::hf2e855a36a4ea846
[INFO] [stdout]                                at /rustc/6067b36314ab5eb2eb47cecc464545ba58e1ad24/library/core/src/panic/unwind_safe.rs:272:9
[INFO] [stdout]   36:     0x601168ece5ca - std::panicking::try::do_call::h2f73af3616c35465
[INFO] [stdout]                                at /rustc/6067b36314ab5eb2eb47cecc464545ba58e1ad24/library/std/src/panicking.rs:587:40
[INFO] [stdout]   37:     0x601168ece5ca - std::panicking::try::hd1660ce9efadef5a
[INFO] [stdout]                                at /rustc/6067b36314ab5eb2eb47cecc464545ba58e1ad24/library/std/src/panicking.rs:550:19
[INFO] [stdout]   38:     0x601168ece5ca - std::panic::catch_unwind::h5ee8d7823b8ca744
[INFO] [stdout]                                at /rustc/6067b36314ab5eb2eb47cecc464545ba58e1ad24/library/std/src/panic.rs:358:14
[INFO] [stdout]   39:     0x601168ece5ca - std::thread::Builder::spawn_unchecked_::{{closure}}::h53c3a1894dce8407
[INFO] [stdout]                                at /rustc/6067b36314ab5eb2eb47cecc464545ba58e1ad24/library/std/src/thread/mod.rs:557:30
[INFO] [stdout]   40:     0x601168ece5ca - core::ops::function::FnOnce::call_once{{vtable.shim}}::h048ce291ad4f62bf
[INFO] [stdout]                                at /rustc/6067b36314ab5eb2eb47cecc464545ba58e1ad24/library/core/src/ops/function.rs:250:5
[INFO] [stdout]   41:     0x601168f461eb - <alloc::boxed::Box<F,A> as core::ops::function::FnOnce<Args>>::call_once::ha52bedf99a3b4981
[INFO] [stdout]                                at /rustc/6067b36314ab5eb2eb47cecc464545ba58e1ad24/library/alloc/src/boxed.rs:2013:9
[INFO] [stdout]   42:     0x601168f461eb - <alloc::boxed::Box<F,A> as core::ops::function::FnOnce<Args>>::call_once::h567748934d80ccf8
[INFO] [stdout]                                at /rustc/6067b36314ab5eb2eb47cecc464545ba58e1ad24/library/alloc/src/boxed.rs:2013:9
[INFO] [stdout]   43:     0x601168f461eb - std::sys::pal::unix::thread::Thread::new::thread_start::h2d970728ae887adc
[INFO] [stdout]                                at /rustc/6067b36314ab5eb2eb47cecc464545ba58e1ad24/library/std/src/sys/pal/unix/thread.rs:106:17
[INFO] [stdout]   44:     0x77c9de0b5ac3 - <unknown>
[INFO] [stdout]   45:     0x77c9de146a04 - clone
[INFO] [stdout]   46:                0x0 - <unknown>
[INFO] [stdout] 
[INFO] [stdout] 
[INFO] [stdout] failures:
[INFO] [stdout]     jobs::test::job_analysis_inconsistent_insurance_info
[INFO] [stdout] 
[INFO] [stdout] test result: FAILED. 9 passed; 1 failed; 0 ignored; 0 measured; 0 filtered out; finished in 0.08s
[INFO] [stdout] 
[INFO] [stderr] error: test failed, to rerun pass `--bin ahitool`
[INFO] running `Command { std: "docker" "inspect" "f2a6ee75640a706dd59101036703b8e7417c35203147ca3f3a95c64a4bf3e260", kill_on_drop: false }`
[INFO] running `Command { std: "docker" "rm" "-f" "f2a6ee75640a706dd59101036703b8e7417c35203147ca3f3a95c64a4bf3e260", kill_on_drop: false }`
[INFO] [stdout] f2a6ee75640a706dd59101036703b8e7417c35203147ca3f3a95c64a4bf3e260
