[INFO] cloning repository https://github.com/amit0365/cairo_tee
[INFO] running `Command { std: "git" "-c" "credential.helper=" "-c" "credential.helper=/workspace/cargo-home/bin/git-credential-null" "clone" "--bare" "https://github.com/amit0365/cairo_tee" "/workspace/cache/git-repos/https%3A%2F%2Fgithub.com%2Famit0365%2Fcairo_tee", kill_on_drop: false }`
[INFO] [stderr] Cloning into bare repository '/workspace/cache/git-repos/https%3A%2F%2Fgithub.com%2Famit0365%2Fcairo_tee'...
[INFO] running `Command { std: "git" "rev-parse" "HEAD", kill_on_drop: false }`
[INFO] [stdout] eaf64aa8dc18d5072b79068d0e06d888a3277f0c
[INFO] testing amit0365/cairo_tee against nightly-2025-01-18+rustflags=-Zrandomize-layout for randomize-layout-2
[INFO] running `Command { std: "git" "clone" "/workspace/cache/git-repos/https%3A%2F%2Fgithub.com%2Famit0365%2Fcairo_tee" "/workspace/builds/worker-4-tc2/source", kill_on_drop: false }`
[INFO] [stderr] Cloning into '/workspace/builds/worker-4-tc2/source'...
[INFO] [stderr] done.
[INFO] validating manifest of git repo https://github.com/amit0365/cairo_tee on toolchain nightly-2025-01-18
[INFO] running `Command { std: CARGO_HOME="/workspace/cargo-home" RUSTUP_HOME="/workspace/rustup-home" "/workspace/cargo-home/bin/cargo" "+nightly-2025-01-18" "metadata" "--manifest-path" "Cargo.toml" "--no-deps", kill_on_drop: false }`
[INFO] started tweaking git repo https://github.com/amit0365/cairo_tee
[INFO] finished tweaking git repo https://github.com/amit0365/cairo_tee
[INFO] tweaked toml for git repo https://github.com/amit0365/cairo_tee written to /workspace/builds/worker-4-tc2/source/Cargo.toml
[INFO] crate git repo https://github.com/amit0365/cairo_tee already has a lockfile, it will not be regenerated
[INFO] running `Command { std: CARGO_HOME="/workspace/cargo-home" RUSTUP_HOME="/workspace/rustup-home" "/workspace/cargo-home/bin/cargo" "+nightly-2025-01-18" "fetch" "--manifest-path" "Cargo.toml", kill_on_drop: false }`
[INFO] running `Command { std: "docker" "create" "-v" "/var/lib/crater-agent-workspace/builds/worker-4-tc2/target:/opt/rustwide/target:rw,Z" "-v" "/var/lib/crater-agent-workspace/builds/worker-4-tc2/source:/opt/rustwide/workdir:ro,Z" "-v" "/var/lib/crater-agent-workspace/cargo-home:/opt/rustwide/cargo-home:ro,Z" "-v" "/var/lib/crater-agent-workspace/rustup-home:/opt/rustwide/rustup-home:ro,Z" "-e" "SOURCE_DIR=/opt/rustwide/workdir" "-e" "CARGO_TARGET_DIR=/opt/rustwide/target" "-e" "CARGO_HOME=/opt/rustwide/cargo-home" "-e" "RUSTUP_HOME=/opt/rustwide/rustup-home" "-w" "/opt/rustwide/workdir" "-m" "1610612736" "--user" "0:0" "--network" "none" "ghcr.io/rust-lang/crates-build-env/linux@sha256:819108c5571ea2e421544af4d832f968d213c87fbe3707a016657f43d2f853bc" "/opt/rustwide/cargo-home/bin/cargo" "+nightly-2025-01-18" "metadata" "--no-deps" "--format-version=1", kill_on_drop: false }`
[INFO] [stdout] 959134277c20062c1c1e62a424d2e7e8373f2b93469231d34a5ce8f604f41682
[INFO] running `Command { std: "docker" "start" "-a" "959134277c20062c1c1e62a424d2e7e8373f2b93469231d34a5ce8f604f41682", kill_on_drop: false }`
[INFO] running `Command { std: "docker" "inspect" "959134277c20062c1c1e62a424d2e7e8373f2b93469231d34a5ce8f604f41682", kill_on_drop: false }`
[INFO] running `Command { std: "docker" "rm" "-f" "959134277c20062c1c1e62a424d2e7e8373f2b93469231d34a5ce8f604f41682", kill_on_drop: false }`
[INFO] [stdout] 959134277c20062c1c1e62a424d2e7e8373f2b93469231d34a5ce8f604f41682
[INFO] running `Command { std: "docker" "create" "-v" "/var/lib/crater-agent-workspace/builds/worker-4-tc2/target:/opt/rustwide/target:rw,Z" "-v" "/var/lib/crater-agent-workspace/builds/worker-4-tc2/source:/opt/rustwide/workdir:ro,Z" "-v" "/var/lib/crater-agent-workspace/cargo-home:/opt/rustwide/cargo-home:ro,Z" "-v" "/var/lib/crater-agent-workspace/rustup-home:/opt/rustwide/rustup-home:ro,Z" "-e" "SOURCE_DIR=/opt/rustwide/workdir" "-e" "CARGO_TARGET_DIR=/opt/rustwide/target" "-e" "CARGO_INCREMENTAL=0" "-e" "RUST_BACKTRACE=full" "-e" "RUSTFLAGS=--cap-lints=forbid -Zrandomize-layout" "-e" "RUSTDOCFLAGS=--cap-lints=forbid" "-e" "CARGO_HOME=/opt/rustwide/cargo-home" "-e" "RUSTUP_HOME=/opt/rustwide/rustup-home" "-w" "/opt/rustwide/workdir" "-m" "1610612736" "--user" "0:0" "--network" "none" "ghcr.io/rust-lang/crates-build-env/linux@sha256:819108c5571ea2e421544af4d832f968d213c87fbe3707a016657f43d2f853bc" "/opt/rustwide/cargo-home/bin/cargo" "+nightly-2025-01-18" "build" "--frozen" "--message-format=json", kill_on_drop: false }`
[INFO] [stdout] 8842bf27ce3357d433e86f1dba40f056e1da4cf3b153a20d60c7a355934ef1d0
[INFO] running `Command { std: "docker" "start" "-a" "8842bf27ce3357d433e86f1dba40f056e1da4cf3b153a20d60c7a355934ef1d0", kill_on_drop: false }`
[INFO] [stderr]    Compiling proc-macro2 v1.0.92
[INFO] [stderr]    Compiling unicode-ident v1.0.14
[INFO] [stderr]    Compiling version_check v0.9.5
[INFO] [stderr]    Compiling typenum v1.17.0
[INFO] [stderr]    Compiling libc v0.2.169
[INFO] [stderr]    Compiling zeroize v1.8.1
[INFO] [stderr]    Compiling autocfg v1.4.0
[INFO] [stderr]    Compiling cpufeatures v0.2.16
[INFO] [stderr]    Compiling itoa v1.0.14
[INFO] [stderr]    Compiling subtle v2.6.1
[INFO] [stderr]    Compiling const-oid v0.9.6
[INFO] [stderr]    Compiling serde v1.0.217
[INFO] [stderr]    Compiling bytes v1.9.0
[INFO] [stderr]    Compiling keccak v0.1.5
[INFO] [stderr]    Compiling fnv v1.0.7
[INFO] [stderr]    Compiling stable_deref_trait v1.2.0
[INFO] [stderr]    Compiling lambdaworks-math v0.10.0
[INFO] [stderr]    Compiling ryu v1.0.18
[INFO] [stderr]    Compiling shlex v1.3.0
[INFO] [stderr]    Compiling memchr v2.7.4
[INFO] [stderr]    Compiling byteorder v1.5.0
[INFO] [stderr]    Compiling crunchy v0.2.2
[INFO] [stderr]    Compiling pin-project-lite v0.2.16
[INFO] [stderr]    Compiling ident_case v1.0.1
[INFO] [stderr]    Compiling cc v1.2.7
[INFO] [stderr]    Compiling strsim v0.11.1
[INFO] [stderr]    Compiling writeable v0.5.5
[INFO] [stderr]    Compiling litemap v0.7.4
[INFO] [stderr]    Compiling hashbrown v0.15.2
[INFO] [stderr]    Compiling equivalent v1.0.1
[INFO] [stderr]    Compiling thiserror v1.0.69
[INFO] [stderr]    Compiling generic-array v0.14.7
[INFO] [stderr]    Compiling num-traits v0.2.19
[INFO] [stderr]    Compiling hex v0.4.3
[INFO] [stderr]    Compiling spin v0.9.8
[INFO] [stderr]    Compiling lazy_static v1.5.0
[INFO] [stderr]    Compiling untrusted v0.9.0
[INFO] [stderr]    Compiling tiny-keccak v2.0.2
[INFO] [stderr]    Compiling futures-core v0.3.31
[INFO] [stderr]    Compiling quote v1.0.38
[INFO] [stderr]    Compiling serde_json_pythonic v0.1.2
[INFO] [stderr]    Compiling icu_locid_transform_data v1.5.0
[INFO] [stderr]    Compiling slab v0.4.9
[INFO] [stderr]    Compiling getrandom v0.2.15
[INFO] [stderr]    Compiling indexmap v2.7.0
[INFO] [stderr]    Compiling mio v1.0.3
[INFO] [stderr]    Compiling socket2 v0.5.8
[INFO] [stderr]    Compiling syn v2.0.95
[INFO] [stderr]    Compiling rustc-hex v2.1.0
[INFO] [stderr]    Compiling once_cell v1.20.2
[INFO] [stderr]    Compiling adler2 v2.0.0
[INFO] [stderr]    Compiling icu_properties_data v1.5.0
[INFO] [stderr]    Compiling rand_core v0.6.4
[INFO] [stderr]    Compiling unicode-xid v0.2.6
[INFO] [stderr]    Compiling serde_json v1.0.135
[INFO] [stderr]    Compiling miniz_oxide v0.8.2
[INFO] [stderr]    Compiling tracing-core v0.1.33
[INFO] [stderr]    Compiling http v0.2.12
[INFO] [stderr]    Compiling crc32fast v1.4.2
[INFO] [stderr]    Compiling utf8_iter v1.0.4
[INFO] [stderr]    Compiling futures-sink v0.3.31
[INFO] [stderr]    Compiling tokio v1.43.0
[INFO] [stderr]    Compiling rustls v0.21.12
[INFO] [stderr]    Compiling write16 v1.0.0
[INFO] [stderr]    Compiling pin-utils v0.1.0
[INFO] [stderr]    Compiling syn v1.0.109
[INFO] [stderr]    Compiling utf16_iter v1.0.5
[INFO] [stderr]    Compiling httparse v1.9.5
[INFO] [stderr]    Compiling icu_normalizer_data v1.5.0
[INFO] [stderr]    Compiling smallvec v1.13.2
[INFO] [stderr]    Compiling base64ct v1.6.0
[INFO] [stderr]    Compiling static_assertions v1.1.0
[INFO] [stderr]    Compiling futures-task v0.3.31
[INFO] [stderr]    Compiling flate2 v1.0.35
[INFO] [stderr]    Compiling tracing v0.1.41
[INFO] [stderr]    Compiling ring v0.17.8
[INFO] [stderr]    Compiling num-integer v0.1.46
[INFO] [stderr]    Compiling futures-util v0.3.31
[INFO] [stderr]    Compiling pem-rfc7468 v0.7.0
[INFO] [stderr]    Compiling crypto-common v0.1.6
[INFO] [stderr]    Compiling block-buffer v0.10.4
[INFO] [stderr]    Compiling crypto-bigint v0.5.5
[INFO] [stderr]    Compiling num-bigint v0.4.6
[INFO] [stderr]    Compiling inout v0.1.3
[INFO] [stderr]    Compiling digest v0.10.7
[INFO] [stderr]    Compiling rlp v0.5.2
[INFO] [stderr]    Compiling cipher v0.4.4
[INFO] [stderr]    Compiling paste v1.0.15
[INFO] [stderr]    Compiling percent-encoding v2.3.1
[INFO] [stderr]    Compiling base64 v0.21.7
[INFO] [stderr]    Compiling sha2 v0.10.8
[INFO] [stderr]    Compiling hmac v0.12.1
[INFO] [stderr]    Compiling sha3 v0.10.8
[INFO] [stderr]    Compiling try-lock v0.2.5
[INFO] [stderr]    Compiling want v0.3.1
[INFO] [stderr]    Compiling form_urlencoded v1.2.1
[INFO] [stderr]    Compiling rfc6979 v0.4.0
[INFO] [stderr]    Compiling lambdaworks-crypto v0.10.0
[INFO] [stderr]    Compiling impl-rlp v0.3.0
[INFO] [stderr]    Compiling der v0.7.9
[INFO] [stderr]    Compiling http-body v0.4.6
[INFO] [stderr]    Compiling futures-channel v0.3.31
[INFO] [stderr]    Compiling tower-service v0.3.3
[INFO] [stderr]    Compiling httpdate v1.0.3
[INFO] [stderr]    Compiling salsa20 v0.10.2
[INFO] [stderr]    Compiling pbkdf2 v0.11.0
[INFO] [stderr]    Compiling uint v0.9.5
[INFO] [stderr]    Compiling powerfmt v0.2.0
[INFO] [stderr]    Compiling num-conv v0.1.0
[INFO] [stderr]    Compiling minimal-lexical v0.2.1
[INFO] [stderr]    Compiling time-core v0.1.2
[INFO] [stderr]    Compiling time-macros v0.2.19
[INFO] [stderr]    Compiling deranged v0.3.11
[INFO] [stderr]    Compiling scrypt v0.10.0
[INFO] [stderr]    Compiling nom v7.1.3
[INFO] [stderr]    Compiling rustls-pemfile v1.0.4
[INFO] [stderr]    Compiling aes v0.8.4
[INFO] [stderr]    Compiling ctr v0.9.2
[INFO] [stderr]    Compiling spki v0.7.3
[INFO] [stderr]    Compiling pkcs8 v0.10.2
[INFO] [stderr]    Compiling ff v0.13.0
[INFO] [stderr]    Compiling encoding_rs v0.8.35
[INFO] [stderr]    Compiling webpki-roots v0.25.4
[INFO] [stderr]    Compiling mime v0.3.17
[INFO] [stderr]    Compiling sync_wrapper v0.1.2
[INFO] [stderr]    Compiling base16ct v0.2.0
[INFO] [stderr]    Compiling ipnet v2.10.1
[INFO] [stderr]    Compiling sec1 v0.7.3
[INFO] [stderr]    Compiling group v0.13.0
[INFO] [stderr]    Compiling proc-macro-error-attr2 v2.0.0
[INFO] [stderr]    Compiling const-hex v1.14.0
[INFO] [stderr]    Compiling dunce v1.0.5
[INFO] [stderr]    Compiling heck v0.5.0
[INFO] [stderr]    Compiling elliptic-curve v0.13.8
[INFO] [stderr]    Compiling ruint-macro v1.2.1
[INFO] [stderr]    Compiling oid-registry v0.6.1
[INFO] [stderr]    Compiling signature v2.2.0
[INFO] [stderr]    Compiling primeorder v0.13.6
[INFO] [stderr]    Compiling ruint v1.12.4
[INFO] [stderr]    Compiling ecdsa v0.16.9
[INFO] [stderr]    Compiling iana-time-zone v0.1.61
[INFO] [stderr]    Compiling time v0.3.37
[INFO] [stderr]    Compiling data-encoding v2.6.0
[INFO] [stderr]    Compiling synstructure v0.13.1
[INFO] [stderr]    Compiling darling_core v0.20.10
[INFO] [stderr]    Compiling syn-solidity v0.8.18
[INFO] [stderr]    Compiling proc-macro-error2 v2.0.1
[INFO] [stderr]    Compiling chrono v0.4.39
[INFO] [stderr]    Compiling tokio-util v0.7.13
[INFO] [stderr]    Compiling p256 v0.13.2
[INFO] [stderr]    Compiling rusticata-macros v4.1.0
[INFO] [stderr]    Compiling h2 v0.3.26
[INFO] [stderr]    Compiling synstructure v0.12.6
[INFO] [stderr]    Compiling rustls-webpki v0.101.7
[INFO] [stderr]    Compiling sct v0.7.1
[INFO] [stderr]    Compiling serde_derive v1.0.217
[INFO] [stderr]    Compiling displaydoc v0.2.5
[INFO] [stderr]    Compiling zerofrom-derive v0.1.5
[INFO] [stderr]    Compiling yoke-derive v0.7.5
[INFO] [stderr]    Compiling zerovec-derive v0.10.3
[INFO] [stderr]    Compiling zerocopy-derive v0.7.35
[INFO] [stderr]    Compiling thiserror-impl v1.0.69
[INFO] [stderr]    Compiling icu_provider_macros v1.5.0
[INFO] [stderr]    Compiling async-trait v0.1.85
[INFO] [stderr]    Compiling auto_impl v1.2.0
[INFO] [stderr]    Compiling asn1-rs-derive v0.4.0
[INFO] [stderr]    Compiling asn1-rs-impl v0.1.0
[INFO] [stderr]    Compiling derive_more-impl v1.0.0
[INFO] [stderr]    Compiling zerocopy v0.7.35
[INFO] [stderr]    Compiling zerofrom v0.1.5
[INFO] [stderr]    Compiling yoke v0.7.5
[INFO] [stderr]    Compiling asn1-rs v0.5.2
[INFO] [stderr]    Compiling darling_macro v0.20.10
[INFO] [stderr]    Compiling zerovec v0.10.4
[INFO] [stderr]    Compiling tokio-rustls v0.24.1
[INFO] [stderr]    Compiling darling v0.20.10
[INFO] [stderr]    Compiling serde_with_macros v3.12.0
[INFO] [stderr]    Compiling hyper v0.14.32
[INFO] [stderr]    Compiling ppv-lite86 v0.2.20
[INFO] [stderr]    Compiling alloy-sol-macro-input v0.8.18
[INFO] [stderr]    Compiling rand_chacha v0.3.1
[INFO] [stderr]    Compiling alloy-sol-macro-expander v0.8.18
[INFO] [stderr]    Compiling rand v0.8.5
[INFO] [stderr]    Compiling tinystr v0.7.6
[INFO] [stderr]    Compiling icu_collections v1.5.0
[INFO] [stderr]    Compiling fixed-hash v0.8.0
[INFO] [stderr]    Compiling icu_locid v1.5.0
[INFO] [stderr]    Compiling der-parser v8.2.0
[INFO] [stderr]    Compiling derive_more v1.0.0
[INFO] [stderr]    Compiling alloy-primitives v0.8.18
[INFO] [stderr]    Compiling x509-parser v0.15.1
[INFO] [stderr]    Compiling icu_provider v1.5.0
[INFO] [stderr]    Compiling icu_locid_transform v1.5.0
[INFO] [stderr]    Compiling hyper-rustls v0.24.2
[INFO] [stderr]    Compiling starknet-types-core v0.1.7
[INFO] [stderr]    Compiling impl-serde v0.4.0
[INFO] [stderr]    Compiling serde_with v3.12.0
[INFO] [stderr]    Compiling uuid v0.8.2
[INFO] [stderr]    Compiling serde_urlencoded v0.7.1
[INFO] [stderr]    Compiling ethbloom v0.13.0
[INFO] [stderr]    Compiling primitive-types v0.12.2
[INFO] [stderr]    Compiling alloy-sol-macro v0.8.18
[INFO] [stderr]    Compiling icu_properties v1.5.1
[INFO] [stderr]    Compiling alloy-sol-types v0.8.18
[INFO] [stderr]    Compiling eth-keystore v0.5.0
[INFO] [stderr]    Compiling ethereum-types v0.14.1
[INFO] [stderr]    Compiling icu_normalizer v1.5.0
[INFO] [stderr]    Compiling idna_adapter v1.2.0
[INFO] [stderr]    Compiling idna v1.0.3
[INFO] [stderr]    Compiling url v2.5.4
[INFO] [stderr]    Compiling reqwest v0.11.27
[INFO] [stderr]    Compiling starknet-curve v0.5.1
[INFO] [stderr]    Compiling starknet-crypto v0.7.3
[INFO] [stderr]    Compiling starknet-core v0.12.0
[INFO] [stderr]    Compiling dcap-rs v0.1.0 (https://github.com/automata-network/dcap-rs#4c162176)
[INFO] [stderr]    Compiling starknet-providers v0.12.0
[INFO] [stderr]    Compiling starknet-signers v0.10.0
[INFO] [stderr]    Compiling starknet-macros v0.2.1
[INFO] [stderr]    Compiling starknet-accounts v0.11.0
[INFO] [stderr]    Compiling starknet-contract v0.11.0
[INFO] [stderr]    Compiling starknet v0.12.0
[INFO] [stderr]    Compiling cainome-cairo-serde v0.1.0 (https://github.com/cartridge-gg/cainome#355b88b7)
[INFO] [stderr]    Compiling cairo_tee v0.1.0 (/opt/rustwide/workdir)
[INFO] [stdout] warning: unused import: `starknet_types_core::felt::Felt as Felt252`
[INFO] [stdout]  --> src/quote.rs:3:5
[INFO] [stdout]   |
[INFO] [stdout] 3 | use starknet_types_core::felt::Felt as Felt252;
[INFO] [stdout]   |     ^^^^^^^^^^^^^^^^^^^^^^^^^^^^^^^^^^^^^^^^^^
[INFO] [stdout]   |
[INFO] [stdout]   = note: `#[warn(unused_imports)]` on by default
[INFO] [stdout] 
[INFO] [stdout] 
[INFO] [stdout] warning: unused import: `quotes::version_4::QuoteV4`
[INFO] [stdout]  --> src/quote.rs:5:52
[INFO] [stdout]   |
[INFO] [stdout] 5 | use dcap_rs::types::{collaterals::IntelCollateral, quotes::version_4::QuoteV4};
[INFO] [stdout]   |                                                    ^^^^^^^^^^^^^^^^^^^^^^^^^^
[INFO] [stdout] 
[INFO] [stdout] 
[INFO] [stdout] warning: unused import: `X509CertificateIndex`
[INFO] [stdout]  --> src/quote.rs:6:79
[INFO] [stdout]   |
[INFO] [stdout] 6 | use crate::parsed_inputs::{into_wrapper_x509_cert, FieldIndex, ToNestedBytes, X509CertificateIndex};
[INFO] [stdout]   |                                                                               ^^^^^^^^^^^^^^^^^^^^
[INFO] [stdout] 
[INFO] [stdout] 
[INFO] [stdout] warning: unused variable: `parsed_sgx_tcb_signing_cert_indices_raw`
[INFO] [stdout]   --> src/quote.rs:17:8
[INFO] [stdout]    |
[INFO] [stdout] 17 |   let (parsed_sgx_tcb_signing_cert_indices_raw, parsed_sgx_tcb_signing_cert_bytes) = parsed_sgx_tcb_signing_cert.to_der_bytes(0);
[INFO] [stdout]    |        ^^^^^^^^^^^^^^^^^^^^^^^^^^^^^^^^^^^^^^^ help: if this is intentional, prefix it with an underscore: `_parsed_sgx_tcb_signing_cert_indices_raw`
[INFO] [stdout]    |
[INFO] [stdout]    = note: `#[warn(unused_variables)]` on by default
[INFO] [stdout] 
[INFO] [stdout] 
[INFO] [stdout] warning: unused variable: `ext_before_len`
[INFO] [stdout]    --> src/parsed_inputs.rs:422:13
[INFO] [stdout]     |
[INFO] [stdout] 422 |         let ext_before_len = content.len();
[INFO] [stdout]     |             ^^^^^^^^^^^^^^ help: if this is intentional, prefix it with an underscore: `_ext_before_len`
[INFO] [stdout] 
[INFO] [stdout] 
[INFO] [stdout] warning: unused variable: `ext_idx`
[INFO] [stdout]    --> src/parsed_inputs.rs:427:22
[INFO] [stdout]     |
[INFO] [stdout] 427 |                 let (ext_idx, ext_bytes) = ext.to_der_bytes(index.last().unwrap().end);
[INFO] [stdout]     |                      ^^^^^^^ help: if this is intentional, prefix it with an underscore: `_ext_idx`
[INFO] [stdout] 
[INFO] [stdout] 
[INFO] [stdout] warning: function `prepare_parsed_inputs` is never used
[INFO] [stdout]  --> src/quote.rs:8:4
[INFO] [stdout]   |
[INFO] [stdout] 8 | fn prepare_parsed_inputs(
[INFO] [stdout]   |    ^^^^^^^^^^^^^^^^^^^^^
[INFO] [stdout]   |
[INFO] [stdout]   = note: `#[warn(dead_code)]` on by default
[INFO] [stdout] 
[INFO] [stdout] 
[INFO] [stdout] warning: function `serialise_der_bytes_cairo_inputs` is never used
[INFO] [stdout]   --> src/quote.rs:27:4
[INFO] [stdout]    |
[INFO] [stdout] 27 | fn serialise_der_bytes_cairo_inputs(
[INFO] [stdout]    |    ^^^^^^^^^^^^^^^^^^^^^^^^^^^^^^^^
[INFO] [stdout] 
[INFO] [stdout] 
[INFO] [stdout] warning: function `serialise_index_cairo_inputs` is never used
[INFO] [stdout]   --> src/quote.rs:35:4
[INFO] [stdout]    |
[INFO] [stdout] 35 | fn serialise_index_cairo_inputs(
[INFO] [stdout]    |    ^^^^^^^^^^^^^^^^^^^^^^^^^^^^
[INFO] [stdout] 
[INFO] [stdout] 
[INFO] [stdout] warning: method `to_index_vec` is never used
[INFO] [stdout]   --> src/parsed_inputs.rs:22:8
[INFO] [stdout]    |
[INFO] [stdout] 21 | pub trait FieldIndexVec {
[INFO] [stdout]    |           ------------- method in this trait
[INFO] [stdout] 22 |     fn to_index_vec(&self) -> Vec<usize>;
[INFO] [stdout]    |        ^^^^^^^^^^^^
[INFO] [stdout] 
[INFO] [stdout] 
[INFO] [stdout] warning: struct `CertificateIndex` is never constructed
[INFO] [stdout]   --> src/parsed_inputs.rs:32:12
[INFO] [stdout]    |
[INFO] [stdout] 32 | pub struct CertificateIndex {
[INFO] [stdout]    |            ^^^^^^^^^^^^^^^^
[INFO] [stdout]    |
[INFO] [stdout]    = note: `CertificateIndex` has a derived impl for the trait `Debug`, but this is intentionally ignored during dead code analysis
[INFO] [stdout] 
[INFO] [stdout] 
[INFO] [stdout] warning: function `extract_data` is never used
[INFO] [stdout]   --> src/parsed_inputs.rs:58:4
[INFO] [stdout]    |
[INFO] [stdout] 58 | fn extract_data(indices: &[FieldIndex], bytes: &[Vec<u8>]) -> Vec<Vec<u8>> {
[INFO] [stdout]    |    ^^^^^^^^^^^^
[INFO] [stdout] 
[INFO] [stdout] 
[INFO] [stdout] warning: struct `X509CertificateIndex` is never constructed
[INFO] [stdout]   --> src/parsed_inputs.rs:65:12
[INFO] [stdout]    |
[INFO] [stdout] 65 | pub struct X509CertificateIndex {
[INFO] [stdout]    |            ^^^^^^^^^^^^^^^^^^^^
[INFO] [stdout]    |
[INFO] [stdout]    = note: `X509CertificateIndex` has a derived impl for the trait `Debug`, but this is intentionally ignored during dead code analysis
[INFO] [stdout] 
[INFO] [stdout] 
[INFO] [stdout] warning: associated function `from_indices` is never used
[INFO] [stdout]   --> src/parsed_inputs.rs:72:12
[INFO] [stdout]    |
[INFO] [stdout] 71 | impl CertificateIndex { //todo impl get schema
[INFO] [stdout]    | --------------------- associated function in this implementation
[INFO] [stdout] 72 |     pub fn from_indices(indices: Vec<FieldIndex>) -> Self {
[INFO] [stdout]    |            ^^^^^^^^^^^^
[INFO] [stdout] 
[INFO] [stdout] 
[INFO] [stdout] warning: function `into_wrapper_x509_cert` is never used
[INFO] [stdout]    --> src/parsed_inputs.rs:117:8
[INFO] [stdout]     |
[INFO] [stdout] 117 | pub fn into_wrapper_x509_cert<'a>(cert: &'a X509Certificate<'a>) -> X509CertificateWrapper<'a> {
[INFO] [stdout]     |        ^^^^^^^^^^^^^^^^^^^^^^
[INFO] [stdout] 
[INFO] [stdout] 
[INFO] [stdout] warning: function `into_wrapper_tbs_cert` is never used
[INFO] [stdout]    --> src/parsed_inputs.rs:126:8
[INFO] [stdout]     |
[INFO] [stdout] 126 | pub fn into_wrapper_tbs_cert<'a>(cert: &'a TbsCertificate<'a>) -> TbsCertificateWrapper<'a> {
[INFO] [stdout]     |        ^^^^^^^^^^^^^^^^^^^^^
[INFO] [stdout] 
[INFO] [stdout] 
[INFO] [stdout] warning: associated items `from_indices` and `extract_certificate` are never used
[INFO] [stdout]    --> src/parsed_inputs.rs:157:12
[INFO] [stdout]     |
[INFO] [stdout] 156 | impl X509CertificateIndex {
[INFO] [stdout]     | ------------------------- associated items in this implementation
[INFO] [stdout] 157 |     pub fn from_indices(indices: Vec<FieldIndex>) -> Self {
[INFO] [stdout]     |            ^^^^^^^^^^^^
[INFO] [stdout] ...
[INFO] [stdout] 166 |     pub fn extract_certificate<'a>(&self, der_bytes_parsed: &'a [Vec<u8>]) -> X509CertificateWrapper<'a> {
[INFO] [stdout]     |            ^^^^^^^^^^^^^^^^^^^
[INFO] [stdout] 
[INFO] [stdout] 
[INFO] [stderr]     Finished `dev` profile [unoptimized + debuginfo] target(s) in 1m 45s
[INFO] running `Command { std: "docker" "inspect" "8842bf27ce3357d433e86f1dba40f056e1da4cf3b153a20d60c7a355934ef1d0", kill_on_drop: false }`
[INFO] running `Command { std: "docker" "rm" "-f" "8842bf27ce3357d433e86f1dba40f056e1da4cf3b153a20d60c7a355934ef1d0", kill_on_drop: false }`
[INFO] [stdout] 8842bf27ce3357d433e86f1dba40f056e1da4cf3b153a20d60c7a355934ef1d0
[INFO] running `Command { std: "docker" "create" "-v" "/var/lib/crater-agent-workspace/builds/worker-4-tc2/target:/opt/rustwide/target:rw,Z" "-v" "/var/lib/crater-agent-workspace/builds/worker-4-tc2/source:/opt/rustwide/workdir:ro,Z" "-v" "/var/lib/crater-agent-workspace/cargo-home:/opt/rustwide/cargo-home:ro,Z" "-v" "/var/lib/crater-agent-workspace/rustup-home:/opt/rustwide/rustup-home:ro,Z" "-e" "SOURCE_DIR=/opt/rustwide/workdir" "-e" "CARGO_TARGET_DIR=/opt/rustwide/target" "-e" "CARGO_INCREMENTAL=0" "-e" "RUST_BACKTRACE=full" "-e" "RUSTFLAGS=--cap-lints=forbid -Zrandomize-layout" "-e" "RUSTDOCFLAGS=--cap-lints=forbid" "-e" "CARGO_HOME=/opt/rustwide/cargo-home" "-e" "RUSTUP_HOME=/opt/rustwide/rustup-home" "-w" "/opt/rustwide/workdir" "-m" "1610612736" "--user" "0:0" "--network" "none" "ghcr.io/rust-lang/crates-build-env/linux@sha256:819108c5571ea2e421544af4d832f968d213c87fbe3707a016657f43d2f853bc" "/opt/rustwide/cargo-home/bin/cargo" "+nightly-2025-01-18" "test" "--frozen" "--no-run" "--message-format=json", kill_on_drop: false }`
[INFO] [stdout] 8a5ee9d327859f0899ef22bad1a1cd49968398ad2df84695bd403c163beb2f2d
[INFO] running `Command { std: "docker" "start" "-a" "8a5ee9d327859f0899ef22bad1a1cd49968398ad2df84695bd403c163beb2f2d", kill_on_drop: false }`
[INFO] [stdout] warning: unused import: `starknet_types_core::felt::Felt as Felt252`
[INFO] [stdout]  --> src/quote.rs:3:5
[INFO] [stdout]   |
[INFO] [stdout] 3 | use starknet_types_core::felt::Felt as Felt252;
[INFO] [stdout]   |     ^^^^^^^^^^^^^^^^^^^^^^^^^^^^^^^^^^^^^^^^^^
[INFO] [stdout]   |
[INFO] [stdout]   = note: `#[warn(unused_imports)]` on by default
[INFO] [stdout] 
[INFO] [stdout] 
[INFO] [stderr]    Compiling cairo_tee v0.1.0 (/opt/rustwide/workdir)
[INFO] [stdout] warning: unused import: `quotes::version_4::QuoteV4`
[INFO] [stdout]  --> src/quote.rs:5:52
[INFO] [stdout]   |
[INFO] [stdout] 5 | use dcap_rs::types::{collaterals::IntelCollateral, quotes::version_4::QuoteV4};
[INFO] [stdout]   |                                                    ^^^^^^^^^^^^^^^^^^^^^^^^^^
[INFO] [stdout] 
[INFO] [stdout] 
[INFO] [stdout] warning: unused import: `X509CertificateIndex`
[INFO] [stdout]  --> src/quote.rs:6:79
[INFO] [stdout]   |
[INFO] [stdout] 6 | use crate::parsed_inputs::{into_wrapper_x509_cert, FieldIndex, ToNestedBytes, X509CertificateIndex};
[INFO] [stdout]   |                                                                               ^^^^^^^^^^^^^^^^^^^^
[INFO] [stdout] 
[INFO] [stdout] 
[INFO] [stdout] warning: unused variable: `parsed_sgx_tcb_signing_cert_indices_raw`
[INFO] [stdout]   --> src/quote.rs:17:8
[INFO] [stdout]    |
[INFO] [stdout] 17 |   let (parsed_sgx_tcb_signing_cert_indices_raw, parsed_sgx_tcb_signing_cert_bytes) = parsed_sgx_tcb_signing_cert.to_der_bytes(0);
[INFO] [stdout]    |        ^^^^^^^^^^^^^^^^^^^^^^^^^^^^^^^^^^^^^^^ help: if this is intentional, prefix it with an underscore: `_parsed_sgx_tcb_signing_cert_indices_raw`
[INFO] [stdout]    |
[INFO] [stdout]    = note: `#[warn(unused_variables)]` on by default
[INFO] [stdout] 
[INFO] [stdout] 
[INFO] [stdout] warning: unused variable: `ext_before_len`
[INFO] [stdout]    --> src/parsed_inputs.rs:422:13
[INFO] [stdout]     |
[INFO] [stdout] 422 |         let ext_before_len = content.len();
[INFO] [stdout]     |             ^^^^^^^^^^^^^^ help: if this is intentional, prefix it with an underscore: `_ext_before_len`
[INFO] [stdout] 
[INFO] [stdout] 
[INFO] [stdout] warning: unused variable: `ext_idx`
[INFO] [stdout]    --> src/parsed_inputs.rs:427:22
[INFO] [stdout]     |
[INFO] [stdout] 427 |                 let (ext_idx, ext_bytes) = ext.to_der_bytes(index.last().unwrap().end);
[INFO] [stdout]     |                      ^^^^^^^ help: if this is intentional, prefix it with an underscore: `_ext_idx`
[INFO] [stdout] 
[INFO] [stdout] 
[INFO] [stdout] warning: function `prepare_parsed_inputs` is never used
[INFO] [stdout]  --> src/quote.rs:8:4
[INFO] [stdout]   |
[INFO] [stdout] 8 | fn prepare_parsed_inputs(
[INFO] [stdout]   |    ^^^^^^^^^^^^^^^^^^^^^
[INFO] [stdout]   |
[INFO] [stdout]   = note: `#[warn(dead_code)]` on by default
[INFO] [stdout] 
[INFO] [stdout] 
[INFO] [stdout] warning: function `serialise_der_bytes_cairo_inputs` is never used
[INFO] [stdout]   --> src/quote.rs:27:4
[INFO] [stdout]    |
[INFO] [stdout] 27 | fn serialise_der_bytes_cairo_inputs(
[INFO] [stdout]    |    ^^^^^^^^^^^^^^^^^^^^^^^^^^^^^^^^
[INFO] [stdout] 
[INFO] [stdout] 
[INFO] [stdout] warning: function `serialise_index_cairo_inputs` is never used
[INFO] [stdout]   --> src/quote.rs:35:4
[INFO] [stdout]    |
[INFO] [stdout] 35 | fn serialise_index_cairo_inputs(
[INFO] [stdout]    |    ^^^^^^^^^^^^^^^^^^^^^^^^^^^^
[INFO] [stdout] 
[INFO] [stdout] 
[INFO] [stdout] warning: method `to_index_vec` is never used
[INFO] [stdout]   --> src/parsed_inputs.rs:22:8
[INFO] [stdout]    |
[INFO] [stdout] 21 | pub trait FieldIndexVec {
[INFO] [stdout]    |           ------------- method in this trait
[INFO] [stdout] 22 |     fn to_index_vec(&self) -> Vec<usize>;
[INFO] [stdout]    |        ^^^^^^^^^^^^
[INFO] [stdout] 
[INFO] [stdout] 
[INFO] [stdout] warning: struct `CertificateIndex` is never constructed
[INFO] [stdout]   --> src/parsed_inputs.rs:32:12
[INFO] [stdout]    |
[INFO] [stdout] 32 | pub struct CertificateIndex {
[INFO] [stdout]    |            ^^^^^^^^^^^^^^^^
[INFO] [stdout]    |
[INFO] [stdout]    = note: `CertificateIndex` has a derived impl for the trait `Debug`, but this is intentionally ignored during dead code analysis
[INFO] [stdout] 
[INFO] [stdout] 
[INFO] [stdout] warning: function `extract_data` is never used
[INFO] [stdout]   --> src/parsed_inputs.rs:58:4
[INFO] [stdout]    |
[INFO] [stdout] 58 | fn extract_data(indices: &[FieldIndex], bytes: &[Vec<u8>]) -> Vec<Vec<u8>> {
[INFO] [stdout]    |    ^^^^^^^^^^^^
[INFO] [stdout] 
[INFO] [stdout] 
[INFO] [stdout] warning: struct `X509CertificateIndex` is never constructed
[INFO] [stdout]   --> src/parsed_inputs.rs:65:12
[INFO] [stdout]    |
[INFO] [stdout] 65 | pub struct X509CertificateIndex {
[INFO] [stdout]    |            ^^^^^^^^^^^^^^^^^^^^
[INFO] [stdout]    |
[INFO] [stdout]    = note: `X509CertificateIndex` has a derived impl for the trait `Debug`, but this is intentionally ignored during dead code analysis
[INFO] [stdout] 
[INFO] [stdout] 
[INFO] [stdout] warning: associated function `from_indices` is never used
[INFO] [stdout]   --> src/parsed_inputs.rs:72:12
[INFO] [stdout]    |
[INFO] [stdout] 71 | impl CertificateIndex { //todo impl get schema
[INFO] [stdout]    | --------------------- associated function in this implementation
[INFO] [stdout] 72 |     pub fn from_indices(indices: Vec<FieldIndex>) -> Self {
[INFO] [stdout]    |            ^^^^^^^^^^^^
[INFO] [stdout] 
[INFO] [stdout] 
[INFO] [stdout] warning: function `into_wrapper_x509_cert` is never used
[INFO] [stdout]    --> src/parsed_inputs.rs:117:8
[INFO] [stdout]     |
[INFO] [stdout] 117 | pub fn into_wrapper_x509_cert<'a>(cert: &'a X509Certificate<'a>) -> X509CertificateWrapper<'a> {
[INFO] [stdout]     |        ^^^^^^^^^^^^^^^^^^^^^^
[INFO] [stdout] 
[INFO] [stdout] 
[INFO] [stdout] warning: function `into_wrapper_tbs_cert` is never used
[INFO] [stdout]    --> src/parsed_inputs.rs:126:8
[INFO] [stdout]     |
[INFO] [stdout] 126 | pub fn into_wrapper_tbs_cert<'a>(cert: &'a TbsCertificate<'a>) -> TbsCertificateWrapper<'a> {
[INFO] [stdout]     |        ^^^^^^^^^^^^^^^^^^^^^
[INFO] [stdout] 
[INFO] [stdout] 
[INFO] [stdout] warning: associated items `from_indices` and `extract_certificate` are never used
[INFO] [stdout]    --> src/parsed_inputs.rs:157:12
[INFO] [stdout]     |
[INFO] [stdout] 156 | impl X509CertificateIndex {
[INFO] [stdout]     | ------------------------- associated items in this implementation
[INFO] [stdout] 157 |     pub fn from_indices(indices: Vec<FieldIndex>) -> Self {
[INFO] [stdout]     |            ^^^^^^^^^^^^
[INFO] [stdout] ...
[INFO] [stdout] 166 |     pub fn extract_certificate<'a>(&self, der_bytes_parsed: &'a [Vec<u8>]) -> X509CertificateWrapper<'a> {
[INFO] [stdout]     |            ^^^^^^^^^^^^^^^^^^^
[INFO] [stdout] 
[INFO] [stdout] 
[INFO] [stdout] warning: unused import: `starknet_types_core::felt::Felt as Felt252`
[INFO] [stdout]  --> src/quote.rs:3:5
[INFO] [stdout]   |
[INFO] [stdout] 3 | use starknet_types_core::felt::Felt as Felt252;
[INFO] [stdout]   |     ^^^^^^^^^^^^^^^^^^^^^^^^^^^^^^^^^^^^^^^^^^
[INFO] [stdout]   |
[INFO] [stdout]   = note: `#[warn(unused_imports)]` on by default
[INFO] [stdout] 
[INFO] [stdout] 
[INFO] [stdout] warning: unused import: `quotes::version_4::QuoteV4`
[INFO] [stdout]  --> src/quote.rs:5:52
[INFO] [stdout]   |
[INFO] [stdout] 5 | use dcap_rs::types::{collaterals::IntelCollateral, quotes::version_4::QuoteV4};
[INFO] [stdout]   |                                                    ^^^^^^^^^^^^^^^^^^^^^^^^^^
[INFO] [stdout] 
[INFO] [stdout] 
[INFO] [stdout] warning: unused import: `X509CertificateIndex`
[INFO] [stdout]  --> src/quote.rs:6:79
[INFO] [stdout]   |
[INFO] [stdout] 6 | use crate::parsed_inputs::{into_wrapper_x509_cert, FieldIndex, ToNestedBytes, X509CertificateIndex};
[INFO] [stdout]   |                                                                               ^^^^^^^^^^^^^^^^^^^^
[INFO] [stdout] 
[INFO] [stdout] 
[INFO] [stdout] warning: unused variable: `parsed_sgx_tcb_signing_cert_indices_raw`
[INFO] [stdout]   --> src/quote.rs:17:8
[INFO] [stdout]    |
[INFO] [stdout] 17 |   let (parsed_sgx_tcb_signing_cert_indices_raw, parsed_sgx_tcb_signing_cert_bytes) = parsed_sgx_tcb_signing_cert.to_der_bytes(0);
[INFO] [stdout]    |        ^^^^^^^^^^^^^^^^^^^^^^^^^^^^^^^^^^^^^^^ help: if this is intentional, prefix it with an underscore: `_parsed_sgx_tcb_signing_cert_indices_raw`
[INFO] [stdout]    |
[INFO] [stdout]    = note: `#[warn(unused_variables)]` on by default
[INFO] [stdout] 
[INFO] [stdout] 
[INFO] [stdout] warning: unused variable: `tcb_signing_cert`
[INFO] [stdout]   --> src/quote.rs:78:7
[INFO] [stdout]    |
[INFO] [stdout] 78 |   let tcb_signing_cert = include_bytes!("../data/signing_cert.pem").to_vec();
[INFO] [stdout]    |       ^^^^^^^^^^^^^^^^ help: if this is intentional, prefix it with an underscore: `_tcb_signing_cert`
[INFO] [stdout] 
[INFO] [stdout] 
[INFO] [stdout] warning: unused variable: `ext_before_len`
[INFO] [stdout]    --> src/parsed_inputs.rs:422:13
[INFO] [stdout]     |
[INFO] [stdout] 422 |         let ext_before_len = content.len();
[INFO] [stdout]     |             ^^^^^^^^^^^^^^ help: if this is intentional, prefix it with an underscore: `_ext_before_len`
[INFO] [stdout] 
[INFO] [stdout] 
[INFO] [stdout] warning: unused variable: `ext_idx`
[INFO] [stdout]    --> src/parsed_inputs.rs:427:22
[INFO] [stdout]     |
[INFO] [stdout] 427 |                 let (ext_idx, ext_bytes) = ext.to_der_bytes(index.last().unwrap().end);
[INFO] [stdout]     |                      ^^^^^^^ help: if this is intentional, prefix it with an underscore: `_ext_idx`
[INFO] [stdout] 
[INFO] [stdout] 
[INFO] [stdout] warning: function `serialise_index_cairo_inputs` is never used
[INFO] [stdout]   --> src/quote.rs:35:4
[INFO] [stdout]    |
[INFO] [stdout] 35 | fn serialise_index_cairo_inputs(
[INFO] [stdout]    |    ^^^^^^^^^^^^^^^^^^^^^^^^^^^^
[INFO] [stdout]    |
[INFO] [stdout]    = note: `#[warn(dead_code)]` on by default
[INFO] [stdout] 
[INFO] [stdout] 
[INFO] [stdout] warning: method `to_index_vec` is never used
[INFO] [stdout]   --> src/parsed_inputs.rs:22:8
[INFO] [stdout]    |
[INFO] [stdout] 21 | pub trait FieldIndexVec {
[INFO] [stdout]    |           ------------- method in this trait
[INFO] [stdout] 22 |     fn to_index_vec(&self) -> Vec<usize>;
[INFO] [stdout]    |        ^^^^^^^^^^^^
[INFO] [stdout] 
[INFO] [stdout] 
[INFO] [stdout] warning: struct `CertificateIndex` is never constructed
[INFO] [stdout]   --> src/parsed_inputs.rs:32:12
[INFO] [stdout]    |
[INFO] [stdout] 32 | pub struct CertificateIndex {
[INFO] [stdout]    |            ^^^^^^^^^^^^^^^^
[INFO] [stdout]    |
[INFO] [stdout]    = note: `CertificateIndex` has a derived impl for the trait `Debug`, but this is intentionally ignored during dead code analysis
[INFO] [stdout] 
[INFO] [stdout] 
[INFO] [stdout] warning: function `extract_data` is never used
[INFO] [stdout]   --> src/parsed_inputs.rs:58:4
[INFO] [stdout]    |
[INFO] [stdout] 58 | fn extract_data(indices: &[FieldIndex], bytes: &[Vec<u8>]) -> Vec<Vec<u8>> {
[INFO] [stdout]    |    ^^^^^^^^^^^^
[INFO] [stdout] 
[INFO] [stdout] 
[INFO] [stdout] warning: struct `X509CertificateIndex` is never constructed
[INFO] [stdout]   --> src/parsed_inputs.rs:65:12
[INFO] [stdout]    |
[INFO] [stdout] 65 | pub struct X509CertificateIndex {
[INFO] [stdout]    |            ^^^^^^^^^^^^^^^^^^^^
[INFO] [stdout]    |
[INFO] [stdout]    = note: `X509CertificateIndex` has a derived impl for the trait `Debug`, but this is intentionally ignored during dead code analysis
[INFO] [stdout] 
[INFO] [stdout] 
[INFO] [stdout] warning: associated function `from_indices` is never used
[INFO] [stdout]   --> src/parsed_inputs.rs:72:12
[INFO] [stdout]    |
[INFO] [stdout] 71 | impl CertificateIndex { //todo impl get schema
[INFO] [stdout]    | --------------------- associated function in this implementation
[INFO] [stdout] 72 |     pub fn from_indices(indices: Vec<FieldIndex>) -> Self {
[INFO] [stdout]    |            ^^^^^^^^^^^^
[INFO] [stdout] 
[INFO] [stdout] 
[INFO] [stdout] warning: associated items `from_indices` and `extract_certificate` are never used
[INFO] [stdout]    --> src/parsed_inputs.rs:157:12
[INFO] [stdout]     |
[INFO] [stdout] 156 | impl X509CertificateIndex {
[INFO] [stdout]     | ------------------------- associated items in this implementation
[INFO] [stdout] 157 |     pub fn from_indices(indices: Vec<FieldIndex>) -> Self {
[INFO] [stdout]     |            ^^^^^^^^^^^^
[INFO] [stdout] ...
[INFO] [stdout] 166 |     pub fn extract_certificate<'a>(&self, der_bytes_parsed: &'a [Vec<u8>]) -> X509CertificateWrapper<'a> {
[INFO] [stdout]     |            ^^^^^^^^^^^^^^^^^^^
[INFO] [stdout] 
[INFO] [stdout] 
[INFO] [stderr]     Finished `test` profile [unoptimized + debuginfo] target(s) in 2.71s
[INFO] running `Command { std: "docker" "inspect" "8a5ee9d327859f0899ef22bad1a1cd49968398ad2df84695bd403c163beb2f2d", kill_on_drop: false }`
[INFO] running `Command { std: "docker" "rm" "-f" "8a5ee9d327859f0899ef22bad1a1cd49968398ad2df84695bd403c163beb2f2d", kill_on_drop: false }`
[INFO] [stdout] 8a5ee9d327859f0899ef22bad1a1cd49968398ad2df84695bd403c163beb2f2d
[INFO] running `Command { std: "docker" "create" "-v" "/var/lib/crater-agent-workspace/builds/worker-4-tc2/target:/opt/rustwide/target:rw,Z" "-v" "/var/lib/crater-agent-workspace/builds/worker-4-tc2/source:/opt/rustwide/workdir:ro,Z" "-v" "/var/lib/crater-agent-workspace/cargo-home:/opt/rustwide/cargo-home:ro,Z" "-v" "/var/lib/crater-agent-workspace/rustup-home:/opt/rustwide/rustup-home:ro,Z" "-e" "SOURCE_DIR=/opt/rustwide/workdir" "-e" "CARGO_TARGET_DIR=/opt/rustwide/target" "-e" "CARGO_INCREMENTAL=0" "-e" "RUST_BACKTRACE=full" "-e" "RUSTFLAGS=--cap-lints=forbid -Zrandomize-layout" "-e" "RUSTDOCFLAGS=--cap-lints=forbid" "-e" "CARGO_HOME=/opt/rustwide/cargo-home" "-e" "RUSTUP_HOME=/opt/rustwide/rustup-home" "-w" "/opt/rustwide/workdir" "-m" "1610612736" "--user" "0:0" "--network" "none" "ghcr.io/rust-lang/crates-build-env/linux@sha256:819108c5571ea2e421544af4d832f968d213c87fbe3707a016657f43d2f853bc" "/opt/rustwide/cargo-home/bin/cargo" "+nightly-2025-01-18" "test" "--frozen", kill_on_drop: false }`
[INFO] [stdout] ce5393430ffc375878e162e41c078d0fb25e859dae91cec6b3bf863ec8487b9e
[INFO] running `Command { std: "docker" "start" "-a" "ce5393430ffc375878e162e41c078d0fb25e859dae91cec6b3bf863ec8487b9e", kill_on_drop: false }`
[INFO] [stderr] warning: unused import: `starknet_types_core::felt::Felt as Felt252`
[INFO] [stderr]  --> src/quote.rs:3:5
[INFO] [stderr]   |
[INFO] [stderr] 3 | use starknet_types_core::felt::Felt as Felt252;
[INFO] [stderr]   |     ^^^^^^^^^^^^^^^^^^^^^^^^^^^^^^^^^^^^^^^^^^
[INFO] [stderr]   |
[INFO] [stderr]   = note: `#[warn(unused_imports)]` on by default
[INFO] [stderr] 
[INFO] [stderr] warning: unused import: `quotes::version_4::QuoteV4`
[INFO] [stderr]  --> src/quote.rs:5:52
[INFO] [stderr]   |
[INFO] [stderr] 5 | use dcap_rs::types::{collaterals::IntelCollateral, quotes::version_4::QuoteV4};
[INFO] [stderr]   |                                                    ^^^^^^^^^^^^^^^^^^^^^^^^^^
[INFO] [stderr] 
[INFO] [stderr] warning: unused import: `X509CertificateIndex`
[INFO] [stderr]  --> src/quote.rs:6:79
[INFO] [stderr]   |
[INFO] [stderr] 6 | use crate::parsed_inputs::{into_wrapper_x509_cert, FieldIndex, ToNestedBytes, X509CertificateIndex};
[INFO] [stderr]   |                                                                               ^^^^^^^^^^^^^^^^^^^^
[INFO] [stderr] 
[INFO] [stderr] warning: unused variable: `parsed_sgx_tcb_signing_cert_indices_raw`
[INFO] [stderr]   --> src/quote.rs:17:8
[INFO] [stderr]    |
[INFO] [stderr] 17 |   let (parsed_sgx_tcb_signing_cert_indices_raw, parsed_sgx_tcb_signing_cert_bytes) = parsed_sgx_tcb_signing_cert.to_der_bytes(0);
[INFO] [stderr]    |        ^^^^^^^^^^^^^^^^^^^^^^^^^^^^^^^^^^^^^^^ help: if this is intentional, prefix it with an underscore: `_parsed_sgx_tcb_signing_cert_indices_raw`
[INFO] [stderr]    |
[INFO] [stderr]    = note: `#[warn(unused_variables)]` on by default
[INFO] [stderr] 
[INFO] [stderr] warning: unused variable: `ext_before_len`
[INFO] [stderr]    --> src/parsed_inputs.rs:422:13
[INFO] [stderr]     |
[INFO] [stderr] 422 |         let ext_before_len = content.len();
[INFO] [stderr]     |             ^^^^^^^^^^^^^^ help: if this is intentional, prefix it with an underscore: `_ext_before_len`
[INFO] [stderr] 
[INFO] [stderr] warning: unused variable: `ext_idx`
[INFO] [stderr]    --> src/parsed_inputs.rs:427:22
[INFO] [stderr]     |
[INFO] [stderr] 427 |                 let (ext_idx, ext_bytes) = ext.to_der_bytes(index.last().unwrap().end);
[INFO] [stderr]     |                      ^^^^^^^ help: if this is intentional, prefix it with an underscore: `_ext_idx`
[INFO] [stderr] 
[INFO] [stderr] warning: function `prepare_parsed_inputs` is never used
[INFO] [stderr]  --> src/quote.rs:8:4
[INFO] [stderr]   |
[INFO] [stderr] 8 | fn prepare_parsed_inputs(
[INFO] [stderr]   |    ^^^^^^^^^^^^^^^^^^^^^
[INFO] [stderr]   |
[INFO] [stderr]   = note: `#[warn(dead_code)]` on by default
[INFO] [stderr] 
[INFO] [stderr] warning: function `serialise_der_bytes_cairo_inputs` is never used
[INFO] [stderr]   --> src/quote.rs:27:4
[INFO] [stderr]    |
[INFO] [stderr] 27 | fn serialise_der_bytes_cairo_inputs(
[INFO] [stderr]    |    ^^^^^^^^^^^^^^^^^^^^^^^^^^^^^^^^
[INFO] [stderr] 
[INFO] [stderr] warning: function `serialise_index_cairo_inputs` is never used
[INFO] [stderr]   --> src/quote.rs:35:4
[INFO] [stderr]    |
[INFO] [stderr] 35 | fn serialise_index_cairo_inputs(
[INFO] [stderr]    |    ^^^^^^^^^^^^^^^^^^^^^^^^^^^^
[INFO] [stderr] 
[INFO] [stderr] warning: method `to_index_vec` is never used
[INFO] [stderr]   --> src/parsed_inputs.rs:22:8
[INFO] [stderr]    |
[INFO] [stderr] 21 | pub trait FieldIndexVec {
[INFO] [stderr]    |           ------------- method in this trait
[INFO] [stderr] 22 |     fn to_index_vec(&self) -> Vec<usize>;
[INFO] [stderr]    |        ^^^^^^^^^^^^
[INFO] [stderr] 
[INFO] [stderr] warning: struct `CertificateIndex` is never constructed
[INFO] [stderr]   --> src/parsed_inputs.rs:32:12
[INFO] [stderr]    |
[INFO] [stderr] 32 | pub struct CertificateIndex {
[INFO] [stderr]    |            ^^^^^^^^^^^^^^^^
[INFO] [stderr]    |
[INFO] [stderr]    = note: `CertificateIndex` has a derived impl for the trait `Debug`, but this is intentionally ignored during dead code analysis
[INFO] [stderr] 
[INFO] [stderr] warning: function `extract_data` is never used
[INFO] [stderr]   --> src/parsed_inputs.rs:58:4
[INFO] [stderr]    |
[INFO] [stderr] 58 | fn extract_data(indices: &[FieldIndex], bytes: &[Vec<u8>]) -> Vec<Vec<u8>> {
[INFO] [stderr]    |    ^^^^^^^^^^^^
[INFO] [stderr] 
[INFO] [stderr] warning: struct `X509CertificateIndex` is never constructed
[INFO] [stderr]   --> src/parsed_inputs.rs:65:12
[INFO] [stderr]    |
[INFO] [stderr] 65 | pub struct X509CertificateIndex {
[INFO] [stderr]    |            ^^^^^^^^^^^^^^^^^^^^
[INFO] [stderr]    |
[INFO] [stderr]    = note: `X509CertificateIndex` has a derived impl for the trait `Debug`, but this is intentionally ignored during dead code analysis
[INFO] [stderr] 
[INFO] [stderr] warning: associated function `from_indices` is never used
[INFO] [stderr]   --> src/parsed_inputs.rs:72:12
[INFO] [stderr]    |
[INFO] [stderr] 71 | impl CertificateIndex { //todo impl get schema
[INFO] [stderr]    | --------------------- associated function in this implementation
[INFO] [stderr] 72 |     pub fn from_indices(indices: Vec<FieldIndex>) -> Self {
[INFO] [stderr]    |            ^^^^^^^^^^^^
[INFO] [stderr] 
[INFO] [stderr] warning: function `into_wrapper_x509_cert` is never used
[INFO] [stderr]    --> src/parsed_inputs.rs:117:8
[INFO] [stderr]     |
[INFO] [stderr] 117 | pub fn into_wrapper_x509_cert<'a>(cert: &'a X509Certificate<'a>) -> X509CertificateWrapper<'a> {
[INFO] [stderr]     |        ^^^^^^^^^^^^^^^^^^^^^^
[INFO] [stderr] 
[INFO] [stderr] warning: function `into_wrapper_tbs_cert` is never used
[INFO] [stderr]    --> src/parsed_inputs.rs:126:8
[INFO] [stderr]     |
[INFO] [stderr] 126 | pub fn into_wrapper_tbs_cert<'a>(cert: &'a TbsCertificate<'a>) -> TbsCertificateWrapper<'a> {
[INFO] [stderr]     |        ^^^^^^^^^^^^^^^^^^^^^
[INFO] [stderr] 
[INFO] [stderr] warning: associated items `from_indices` and `extract_certificate` are never used
[INFO] [stderr]    --> src/parsed_inputs.rs:157:12
[INFO] [stderr]     |
[INFO] [stderr] 156 | impl X509CertificateIndex {
[INFO] [stderr]     | ------------------------- associated items in this implementation
[INFO] [stderr] 157 |     pub fn from_indices(indices: Vec<FieldIndex>) -> Self {
[INFO] [stderr]     |            ^^^^^^^^^^^^
[INFO] [stderr] ...
[INFO] [stderr] 166 |     pub fn extract_certificate<'a>(&self, der_bytes_parsed: &'a [Vec<u8>]) -> X509CertificateWrapper<'a> {
[INFO] [stderr]     |            ^^^^^^^^^^^^^^^^^^^
[INFO] [stderr] 
[INFO] [stderr] warning: unused variable: `tcb_signing_cert`
[INFO] [stderr]   --> src/quote.rs:78:7
[INFO] [stderr]    |
[INFO] [stderr] 78 |   let tcb_signing_cert = include_bytes!("../data/signing_cert.pem").to_vec();
[INFO] [stderr]    |       ^^^^^^^^^^^^^^^^ help: if this is intentional, prefix it with an underscore: `_tcb_signing_cert`
[INFO] [stderr] 
[INFO] [stderr] warning: function `serialise_index_cairo_inputs` is never used
[INFO] [stderr]   --> src/quote.rs:35:4
[INFO] [stderr]    |
[INFO] [stderr] 35 | fn serialise_index_cairo_inputs(
[INFO] [stderr]    |    ^^^^^^^^^^^^^^^^^^^^^^^^^^^^
[INFO] [stderr]    |
[INFO] [stderr]    = note: `#[warn(dead_code)]` on by default
[INFO] [stderr] 
[INFO] [stderr] warning: `cairo_tee` (lib) generated 17 warnings (run `cargo fix --lib -p cairo_tee` to apply 3 suggestions)
[INFO] [stderr] warning: `cairo_tee` (lib test) generated 14 warnings (12 duplicates)
[INFO] [stderr]     Finished `test` profile [unoptimized + debuginfo] target(s) in 0.34s
[INFO] [stderr]      Running unittests src/lib.rs (/opt/rustwide/target/debug/deps/cairo_tee-9cfa9c6274f85bf5)
[INFO] [stdout] 
[INFO] [stdout] running 2 tests
[INFO] [stdout] test quote::test_serialise_collateral_inputs ... ok
[INFO] [stdout] test quote::test_prepare_parsed_inputs ... FAILED
[INFO] [stdout] 
[INFO] [stdout] failures:
[INFO] [stdout] 
[INFO] [stdout] ---- quote::test_prepare_parsed_inputs stdout ----
[INFO] [stdout] 
[INFO] [stdout] thread 'quote::test_prepare_parsed_inputs' panicked at src/quote.rs:32:100:
[INFO] [stdout] called `Result::unwrap()` on an `Err` value: Os { code: 2, kind: NotFound, message: "No such file or directory" }
[INFO] [stdout] stack backtrace:
[INFO] [stdout]    0:     0x63a10273735a - std::backtrace_rs::backtrace::libunwind::trace::hb059275cfc8d6126
[INFO] [stdout]                                at /rustc/6067b36314ab5eb2eb47cecc464545ba58e1ad24/library/std/src/../../backtrace/src/backtrace/libunwind.rs:116:5
[INFO] [stdout]    1:     0x63a10273735a - std::backtrace_rs::backtrace::trace_unsynchronized::h2da071e4327ce3ee
[INFO] [stdout]                                at /rustc/6067b36314ab5eb2eb47cecc464545ba58e1ad24/library/std/src/../../backtrace/src/backtrace/mod.rs:66:5
[INFO] [stdout]    2:     0x63a10273735a - std::sys::backtrace::_print_fmt::h842a1474e6f8d23f
[INFO] [stdout]                                at /rustc/6067b36314ab5eb2eb47cecc464545ba58e1ad24/library/std/src/sys/backtrace.rs:66:9
[INFO] [stdout]    3:     0x63a10273735a - <std::sys::backtrace::BacktraceLock::print::DisplayBacktrace as core::fmt::Display>::fmt::h71a62eb3b9696b12
[INFO] [stdout]                                at /rustc/6067b36314ab5eb2eb47cecc464545ba58e1ad24/library/std/src/sys/backtrace.rs:39:26
[INFO] [stdout]    4:     0x63a10275f033 - core::fmt::rt::Argument::fmt::hdb6b616786b41dc1
[INFO] [stdout]                                at /rustc/6067b36314ab5eb2eb47cecc464545ba58e1ad24/library/core/src/fmt/rt.rs:177:76
[INFO] [stdout]    5:     0x63a10275f033 - core::fmt::write::h2cc1698af7e2d686
[INFO] [stdout]                                at /rustc/6067b36314ab5eb2eb47cecc464545ba58e1ad24/library/core/src/fmt/mod.rs:1440:21
[INFO] [stdout]    6:     0x63a102733eb3 - std::io::Write::write_fmt::hab1b4cd059a79022
[INFO] [stdout]                                at /rustc/6067b36314ab5eb2eb47cecc464545ba58e1ad24/library/std/src/io/mod.rs:1887:15
[INFO] [stdout]    7:     0x63a1027371a2 - std::sys::backtrace::BacktraceLock::print::h147fe35b4ea13b08
[INFO] [stdout]                                at /rustc/6067b36314ab5eb2eb47cecc464545ba58e1ad24/library/std/src/sys/backtrace.rs:42:9
[INFO] [stdout]    8:     0x63a10273877f - std::panicking::default_hook::{{closure}}::hbd44223dbdc0d208
[INFO] [stdout]                                at /rustc/6067b36314ab5eb2eb47cecc464545ba58e1ad24/library/std/src/panicking.rs:298:22
[INFO] [stdout]    9:     0x63a102738598 - std::panicking::default_hook::h20f81eb0576efcec
[INFO] [stdout]                                at /rustc/6067b36314ab5eb2eb47cecc464545ba58e1ad24/library/std/src/panicking.rs:322:9
[INFO] [stdout]   10:     0x63a1025ea1c3 - <alloc::boxed::Box<F,A> as core::ops::function::Fn<Args>>::call::hdb53814c496a4d34
[INFO] [stdout]                                at /rustc/6067b36314ab5eb2eb47cecc464545ba58e1ad24/library/alloc/src/boxed.rs:2027:9
[INFO] [stdout]   11:     0x63a1025ea1c3 - test::test_main::{{closure}}::hc0a4963c59427c24
[INFO] [stdout]                                at /rustc/6067b36314ab5eb2eb47cecc464545ba58e1ad24/library/test/src/lib.rs:134:21
[INFO] [stdout]   12:     0x63a102739273 - <alloc::boxed::Box<F,A> as core::ops::function::Fn<Args>>::call::h591b2225413a77e9
[INFO] [stdout]                                at /rustc/6067b36314ab5eb2eb47cecc464545ba58e1ad24/library/alloc/src/boxed.rs:2027:9
[INFO] [stdout]   13:     0x63a102739273 - std::panicking::rust_panic_with_hook::h625eea43051b2edc
[INFO] [stdout]                                at /rustc/6067b36314ab5eb2eb47cecc464545ba58e1ad24/library/std/src/panicking.rs:839:13
[INFO] [stdout]   14:     0x63a102738f2a - std::panicking::begin_panic_handler::{{closure}}::h4f9159cfbc3f6bd3
[INFO] [stdout]                                at /rustc/6067b36314ab5eb2eb47cecc464545ba58e1ad24/library/std/src/panicking.rs:704:13
[INFO] [stdout]   15:     0x63a102737859 - std::sys::backtrace::__rust_end_short_backtrace::h0390abce48353151
[INFO] [stdout]                                at /rustc/6067b36314ab5eb2eb47cecc464545ba58e1ad24/library/std/src/sys/backtrace.rs:168:18
[INFO] [stdout]   16:     0x63a102738bbd - rust_begin_unwind
[INFO] [stdout]                                at /rustc/6067b36314ab5eb2eb47cecc464545ba58e1ad24/library/std/src/panicking.rs:695:5
[INFO] [stdout]   17:     0x63a10275d4d0 - core::panicking::panic_fmt::h9e7c637e9e5f29c9
[INFO] [stdout]                                at /rustc/6067b36314ab5eb2eb47cecc464545ba58e1ad24/library/core/src/panicking.rs:75:14
[INFO] [stdout]   18:     0x63a10275d946 - core::result::unwrap_failed::h7979f09313fe1849
[INFO] [stdout]                                at /rustc/6067b36314ab5eb2eb47cecc464545ba58e1ad24/library/core/src/result.rs:1704:5
[INFO] [stdout]   19:     0x63a1025a310c - core::result::Result<T,E>::unwrap::h9de85151405e5202
[INFO] [stdout]                                at /rustc/6067b36314ab5eb2eb47cecc464545ba58e1ad24/library/core/src/result.rs:1109:23
[INFO] [stdout]   20:     0x63a1025a310c - cairo_tee::quote::serialise_der_bytes_cairo_inputs::h5570f0a845e436ce
[INFO] [stdout]                                at /opt/rustwide/workdir/src/quote.rs:32:3
[INFO] [stdout]   21:     0x63a1025a2c42 - cairo_tee::quote::prepare_parsed_inputs::hd113a0543384f1c1
[INFO] [stdout]                                at /opt/rustwide/workdir/src/quote.rs:19:3
[INFO] [stdout]   22:     0x63a1025a3d93 - cairo_tee::quote::test_prepare_parsed_inputs::he5fdb115cd30636c
[INFO] [stdout]                                at /opt/rustwide/workdir/src/quote.rs:73:5
[INFO] [stdout]   23:     0x63a1025a3c07 - cairo_tee::quote::test_prepare_parsed_inputs::{{closure}}::hecf6b045dac9cca3
[INFO] [stdout]                                at /opt/rustwide/workdir/src/quote.rs:62:32
[INFO] [stdout]   24:     0x63a1025987f6 - core::ops::function::FnOnce::call_once::h461549f317a8a866
[INFO] [stdout]                                at /rustc/6067b36314ab5eb2eb47cecc464545ba58e1ad24/library/core/src/ops/function.rs:250:5
[INFO] [stdout]   25:     0x63a1025ef91b - core::ops::function::FnOnce::call_once::he27718dfdd183f43
[INFO] [stdout]                                at /rustc/6067b36314ab5eb2eb47cecc464545ba58e1ad24/library/core/src/ops/function.rs:250:5
[INFO] [stdout]   26:     0x63a1025ef91b - test::__rust_begin_short_backtrace::h4e84902998457a5d
[INFO] [stdout]                                at /rustc/6067b36314ab5eb2eb47cecc464545ba58e1ad24/library/test/src/lib.rs:632:18
[INFO] [stdout]   27:     0x63a1025ee853 - test::run_test_in_process::{{closure}}::h7176fd18fc1feca0
[INFO] [stdout]                                at /rustc/6067b36314ab5eb2eb47cecc464545ba58e1ad24/library/test/src/lib.rs:655:60
[INFO] [stdout]   28:     0x63a1025ee853 - <core::panic::unwind_safe::AssertUnwindSafe<F> as core::ops::function::FnOnce<()>>::call_once::hf79cff2a624d8cf7
[INFO] [stdout]                                at /rustc/6067b36314ab5eb2eb47cecc464545ba58e1ad24/library/core/src/panic/unwind_safe.rs:272:9
[INFO] [stdout]   29:     0x63a1025ee853 - std::panicking::try::do_call::h3da0561d9ab99c25
[INFO] [stdout]                                at /rustc/6067b36314ab5eb2eb47cecc464545ba58e1ad24/library/std/src/panicking.rs:587:40
[INFO] [stdout]   30:     0x63a1025ee853 - std::panicking::try::h41c9fa508bc61df6
[INFO] [stdout]                                at /rustc/6067b36314ab5eb2eb47cecc464545ba58e1ad24/library/std/src/panicking.rs:550:19
[INFO] [stdout]   31:     0x63a1025ee853 - std::panic::catch_unwind::h6b3ff07bb5afad93
[INFO] [stdout]                                at /rustc/6067b36314ab5eb2eb47cecc464545ba58e1ad24/library/std/src/panic.rs:358:14
[INFO] [stdout]   32:     0x63a1025ee853 - test::run_test_in_process::hc7253dd11b39b9f4
[INFO] [stdout]                                at /rustc/6067b36314ab5eb2eb47cecc464545ba58e1ad24/library/test/src/lib.rs:655:27
[INFO] [stdout]   33:     0x63a1025ee853 - test::run_test::{{closure}}::hfb2007f8649c30bb
[INFO] [stdout]                                at /rustc/6067b36314ab5eb2eb47cecc464545ba58e1ad24/library/test/src/lib.rs:576:43
[INFO] [stdout]   34:     0x63a1025b1935 - test::run_test::{{closure}}::h56a17aa7a282a9f4
[INFO] [stdout]                                at /rustc/6067b36314ab5eb2eb47cecc464545ba58e1ad24/library/test/src/lib.rs:606:41
[INFO] [stdout]   35:     0x63a1025b1935 - std::sys::backtrace::__rust_begin_short_backtrace::hd2d2d2fb8e8c6aac
[INFO] [stdout]                                at /rustc/6067b36314ab5eb2eb47cecc464545ba58e1ad24/library/std/src/sys/backtrace.rs:152:18
[INFO] [stdout]   36:     0x63a1025b521a - std::thread::Builder::spawn_unchecked_::{{closure}}::{{closure}}::h4faa3f9db6133423
[INFO] [stdout]                                at /rustc/6067b36314ab5eb2eb47cecc464545ba58e1ad24/library/std/src/thread/mod.rs:559:17
[INFO] [stdout]   37:     0x63a1025b521a - <core::panic::unwind_safe::AssertUnwindSafe<F> as core::ops::function::FnOnce<()>>::call_once::hf2e855a36a4ea846
[INFO] [stdout]                                at /rustc/6067b36314ab5eb2eb47cecc464545ba58e1ad24/library/core/src/panic/unwind_safe.rs:272:9
[INFO] [stdout]   38:     0x63a1025b521a - std::panicking::try::do_call::h2f73af3616c35465
[INFO] [stdout]                                at /rustc/6067b36314ab5eb2eb47cecc464545ba58e1ad24/library/std/src/panicking.rs:587:40
[INFO] [stdout]   39:     0x63a1025b521a - std::panicking::try::hd1660ce9efadef5a
[INFO] [stdout]                                at /rustc/6067b36314ab5eb2eb47cecc464545ba58e1ad24/library/std/src/panicking.rs:550:19
[INFO] [stdout]   40:     0x63a1025b521a - std::panic::catch_unwind::h5ee8d7823b8ca744
[INFO] [stdout]                                at /rustc/6067b36314ab5eb2eb47cecc464545ba58e1ad24/library/std/src/panic.rs:358:14
[INFO] [stdout]   41:     0x63a1025b521a - std::thread::Builder::spawn_unchecked_::{{closure}}::h53c3a1894dce8407
[INFO] [stdout]                                at /rustc/6067b36314ab5eb2eb47cecc464545ba58e1ad24/library/std/src/thread/mod.rs:557:30
[INFO] [stdout]   42:     0x63a1025b521a - core::ops::function::FnOnce::call_once{{vtable.shim}}::h048ce291ad4f62bf
[INFO] [stdout]                                at /rustc/6067b36314ab5eb2eb47cecc464545ba58e1ad24/library/core/src/ops/function.rs:250:5
[INFO] [stdout]   43:     0x63a10273d1ab - <alloc::boxed::Box<F,A> as core::ops::function::FnOnce<Args>>::call_once::ha52bedf99a3b4981
[INFO] [stdout]                                at /rustc/6067b36314ab5eb2eb47cecc464545ba58e1ad24/library/alloc/src/boxed.rs:2013:9
[INFO] [stdout]   44:     0x63a10273d1ab - <alloc::boxed::Box<F,A> as core::ops::function::FnOnce<Args>>::call_once::h567748934d80ccf8
[INFO] [stdout]                                at /rustc/6067b36314ab5eb2eb47cecc464545ba58e1ad24/library/alloc/src/boxed.rs:2013:9
[INFO] [stdout]   45:     0x63a10273d1ab - std::sys::pal::unix::thread::Thread::new::thread_start::h2d970728ae887adc
[INFO] [stdout]                                at /rustc/6067b36314ab5eb2eb47cecc464545ba58e1ad24/library/std/src/sys/pal/unix/thread.rs:106:17
[INFO] [stdout]   46:     0x7399b7513ac3 - <unknown>
[INFO] [stdout]   47:     0x7399b75a4a04 - clone
[INFO] [stdout]   48:                0x0 - <unknown>
[INFO] [stdout] 
[INFO] [stdout] 
[INFO] [stdout] failures:
[INFO] [stdout]     quote::test_prepare_parsed_inputs
[INFO] [stdout] 
[INFO] [stdout] test result: FAILED. 1 passed; 1 failed; 0 ignored; 0 measured; 0 filtered out; finished in 0.11s
[INFO] [stdout] 
[INFO] [stderr] error: test failed, to rerun pass `--lib`
[INFO] running `Command { std: "docker" "inspect" "ce5393430ffc375878e162e41c078d0fb25e859dae91cec6b3bf863ec8487b9e", kill_on_drop: false }`
[INFO] running `Command { std: "docker" "rm" "-f" "ce5393430ffc375878e162e41c078d0fb25e859dae91cec6b3bf863ec8487b9e", kill_on_drop: false }`
[INFO] [stdout] ce5393430ffc375878e162e41c078d0fb25e859dae91cec6b3bf863ec8487b9e
