[INFO] cloning repository https://github.com/alvaro-cuesta/rust-rover
[INFO] running `Command { std: "git" "-c" "credential.helper=" "-c" "credential.helper=/workspace/cargo-home/bin/git-credential-null" "clone" "--bare" "https://github.com/alvaro-cuesta/rust-rover" "/workspace/cache/git-repos/https%3A%2F%2Fgithub.com%2Falvaro-cuesta%2Frust-rover", kill_on_drop: false }`
[INFO] [stderr] Cloning into bare repository '/workspace/cache/git-repos/https%3A%2F%2Fgithub.com%2Falvaro-cuesta%2Frust-rover'...
[INFO] running `Command { std: "git" "rev-parse" "HEAD", kill_on_drop: false }`
[INFO] [stdout] 6c4464eb1f7aa43e121f81d1d92cc7962b719f59
[INFO] testing alvaro-cuesta/rust-rover against nightly-2025-01-18+rustflags=-Zrandomize-layout for randomize-layout-2
[INFO] running `Command { std: "git" "clone" "/workspace/cache/git-repos/https%3A%2F%2Fgithub.com%2Falvaro-cuesta%2Frust-rover" "/workspace/builds/worker-1-tc2/source", kill_on_drop: false }`
[INFO] [stderr] Cloning into '/workspace/builds/worker-1-tc2/source'...
[INFO] [stderr] done.
[INFO] validating manifest of git repo https://github.com/alvaro-cuesta/rust-rover on toolchain nightly-2025-01-18
[INFO] running `Command { std: CARGO_HOME="/workspace/cargo-home" RUSTUP_HOME="/workspace/rustup-home" "/workspace/cargo-home/bin/cargo" "+nightly-2025-01-18" "metadata" "--manifest-path" "Cargo.toml" "--no-deps", kill_on_drop: false }`
[INFO] started tweaking git repo https://github.com/alvaro-cuesta/rust-rover
[INFO] finished tweaking git repo https://github.com/alvaro-cuesta/rust-rover
[INFO] tweaked toml for git repo https://github.com/alvaro-cuesta/rust-rover written to /workspace/builds/worker-1-tc2/source/Cargo.toml
[INFO] crate git repo https://github.com/alvaro-cuesta/rust-rover already has a lockfile, it will not be regenerated
[INFO] running `Command { std: CARGO_HOME="/workspace/cargo-home" RUSTUP_HOME="/workspace/rustup-home" "/workspace/cargo-home/bin/cargo" "+nightly-2025-01-18" "fetch" "--manifest-path" "Cargo.toml", kill_on_drop: false }`
[INFO] running `Command { std: "docker" "create" "-v" "/var/lib/crater-agent-workspace/builds/worker-1-tc2/target:/opt/rustwide/target:rw,Z" "-v" "/var/lib/crater-agent-workspace/builds/worker-1-tc2/source:/opt/rustwide/workdir:ro,Z" "-v" "/var/lib/crater-agent-workspace/cargo-home:/opt/rustwide/cargo-home:ro,Z" "-v" "/var/lib/crater-agent-workspace/rustup-home:/opt/rustwide/rustup-home:ro,Z" "-e" "SOURCE_DIR=/opt/rustwide/workdir" "-e" "CARGO_TARGET_DIR=/opt/rustwide/target" "-e" "CARGO_HOME=/opt/rustwide/cargo-home" "-e" "RUSTUP_HOME=/opt/rustwide/rustup-home" "-w" "/opt/rustwide/workdir" "-m" "1610612736" "--user" "0:0" "--network" "none" "ghcr.io/rust-lang/crates-build-env/linux@sha256:819108c5571ea2e421544af4d832f968d213c87fbe3707a016657f43d2f853bc" "/opt/rustwide/cargo-home/bin/cargo" "+nightly-2025-01-18" "metadata" "--no-deps" "--format-version=1", kill_on_drop: false }`
[INFO] [stdout] d42bec7d45b72e7b8a676ea97fcc3bc2b8fae845e4044e8a35e8fb5e03b83aae
[INFO] running `Command { std: "docker" "start" "-a" "d42bec7d45b72e7b8a676ea97fcc3bc2b8fae845e4044e8a35e8fb5e03b83aae", kill_on_drop: false }`
[INFO] running `Command { std: "docker" "inspect" "d42bec7d45b72e7b8a676ea97fcc3bc2b8fae845e4044e8a35e8fb5e03b83aae", kill_on_drop: false }`
[INFO] running `Command { std: "docker" "rm" "-f" "d42bec7d45b72e7b8a676ea97fcc3bc2b8fae845e4044e8a35e8fb5e03b83aae", kill_on_drop: false }`
[INFO] [stdout] d42bec7d45b72e7b8a676ea97fcc3bc2b8fae845e4044e8a35e8fb5e03b83aae
[INFO] running `Command { std: "docker" "create" "-v" "/var/lib/crater-agent-workspace/builds/worker-1-tc2/target:/opt/rustwide/target:rw,Z" "-v" "/var/lib/crater-agent-workspace/builds/worker-1-tc2/source:/opt/rustwide/workdir:ro,Z" "-v" "/var/lib/crater-agent-workspace/cargo-home:/opt/rustwide/cargo-home:ro,Z" "-v" "/var/lib/crater-agent-workspace/rustup-home:/opt/rustwide/rustup-home:ro,Z" "-e" "SOURCE_DIR=/opt/rustwide/workdir" "-e" "CARGO_TARGET_DIR=/opt/rustwide/target" "-e" "CARGO_INCREMENTAL=0" "-e" "RUST_BACKTRACE=full" "-e" "RUSTFLAGS=--cap-lints=forbid -Zrandomize-layout" "-e" "RUSTDOCFLAGS=--cap-lints=forbid" "-e" "CARGO_HOME=/opt/rustwide/cargo-home" "-e" "RUSTUP_HOME=/opt/rustwide/rustup-home" "-w" "/opt/rustwide/workdir" "-m" "1610612736" "--user" "0:0" "--network" "none" "ghcr.io/rust-lang/crates-build-env/linux@sha256:819108c5571ea2e421544af4d832f968d213c87fbe3707a016657f43d2f853bc" "/opt/rustwide/cargo-home/bin/cargo" "+nightly-2025-01-18" "build" "--frozen" "--message-format=json", kill_on_drop: false }`
[INFO] [stdout] 0b2f7f2361896f46bec7fa24f2342f78730cb18e34fe6796e736e234067b8154
[INFO] running `Command { std: "docker" "start" "-a" "0b2f7f2361896f46bec7fa24f2342f78730cb18e34fe6796e736e234067b8154", kill_on_drop: false }`
[INFO] [stderr]    Compiling num-traits v0.2.6
[INFO] [stderr]    Compiling num-integer v0.1.39
[INFO] [stderr]    Compiling num-bigint v0.2.1
[INFO] [stderr]    Compiling num-iter v0.1.37
[INFO] [stderr]    Compiling num-complex v0.2.1
[INFO] [stderr]    Compiling num-rational v0.2.1
[INFO] [stderr]    Compiling num v0.2.0
[INFO] [stderr]    Compiling rust-rover v0.1.0 (/opt/rustwide/workdir)
[INFO] [stdout] warning: the feature `try_from` has been stable since 1.34.0 and no longer requires an attribute to enable
[INFO] [stdout]   --> src/lib.rs:43:12
[INFO] [stdout]    |
[INFO] [stdout] 43 | #![feature(try_from)]
[INFO] [stdout]    |            ^^^^^^^^
[INFO] [stdout]    |
[INFO] [stdout]    = note: `#[warn(stable_features)]` on by default
[INFO] [stdout] 
[INFO] [stdout] 
[INFO] [stderr]     Finished `dev` profile [unoptimized + debuginfo] target(s) in 4.41s
[INFO] running `Command { std: "docker" "inspect" "0b2f7f2361896f46bec7fa24f2342f78730cb18e34fe6796e736e234067b8154", kill_on_drop: false }`
[INFO] running `Command { std: "docker" "rm" "-f" "0b2f7f2361896f46bec7fa24f2342f78730cb18e34fe6796e736e234067b8154", kill_on_drop: false }`
[INFO] [stdout] 0b2f7f2361896f46bec7fa24f2342f78730cb18e34fe6796e736e234067b8154
[INFO] running `Command { std: "docker" "create" "-v" "/var/lib/crater-agent-workspace/builds/worker-1-tc2/target:/opt/rustwide/target:rw,Z" "-v" "/var/lib/crater-agent-workspace/builds/worker-1-tc2/source:/opt/rustwide/workdir:ro,Z" "-v" "/var/lib/crater-agent-workspace/cargo-home:/opt/rustwide/cargo-home:ro,Z" "-v" "/var/lib/crater-agent-workspace/rustup-home:/opt/rustwide/rustup-home:ro,Z" "-e" "SOURCE_DIR=/opt/rustwide/workdir" "-e" "CARGO_TARGET_DIR=/opt/rustwide/target" "-e" "CARGO_INCREMENTAL=0" "-e" "RUST_BACKTRACE=full" "-e" "RUSTFLAGS=--cap-lints=forbid -Zrandomize-layout" "-e" "RUSTDOCFLAGS=--cap-lints=forbid" "-e" "CARGO_HOME=/opt/rustwide/cargo-home" "-e" "RUSTUP_HOME=/opt/rustwide/rustup-home" "-w" "/opt/rustwide/workdir" "-m" "1610612736" "--user" "0:0" "--network" "none" "ghcr.io/rust-lang/crates-build-env/linux@sha256:819108c5571ea2e421544af4d832f968d213c87fbe3707a016657f43d2f853bc" "/opt/rustwide/cargo-home/bin/cargo" "+nightly-2025-01-18" "test" "--frozen" "--no-run" "--message-format=json", kill_on_drop: false }`
[INFO] [stdout] a108a15e69936905882d3c1b6a579d1a337b4a1594e3cc6c9e6b97f7a91fae63
[INFO] running `Command { std: "docker" "start" "-a" "a108a15e69936905882d3c1b6a579d1a337b4a1594e3cc6c9e6b97f7a91fae63", kill_on_drop: false }`
[INFO] [stderr]    Compiling rust-rover v0.1.0 (/opt/rustwide/workdir)
[INFO] [stdout] warning: the feature `try_from` has been stable since 1.34.0 and no longer requires an attribute to enable
[INFO] [stdout]   --> src/lib.rs:43:12
[INFO] [stdout]    |
[INFO] [stdout] 43 | #![feature(try_from)]
[INFO] [stdout]    |            ^^^^^^^^
[INFO] [stdout]    |
[INFO] [stdout]    = note: `#[warn(stable_features)]` on by default
[INFO] [stdout] 
[INFO] [stdout] 
[INFO] [stdout] warning: the feature `try_from` has been stable since 1.34.0 and no longer requires an attribute to enable
[INFO] [stdout]   --> src/lib.rs:43:12
[INFO] [stdout]    |
[INFO] [stdout] 43 | #![feature(try_from)]
[INFO] [stdout]    |            ^^^^^^^^
[INFO] [stdout]    |
[INFO] [stdout]    = note: `#[warn(stable_features)]` on by default
[INFO] [stdout] 
[INFO] [stdout] 
[INFO] [stderr]     Finished `test` profile [unoptimized + debuginfo] target(s) in 0.38s
[INFO] running `Command { std: "docker" "inspect" "a108a15e69936905882d3c1b6a579d1a337b4a1594e3cc6c9e6b97f7a91fae63", kill_on_drop: false }`
[INFO] running `Command { std: "docker" "rm" "-f" "a108a15e69936905882d3c1b6a579d1a337b4a1594e3cc6c9e6b97f7a91fae63", kill_on_drop: false }`
[INFO] [stdout] a108a15e69936905882d3c1b6a579d1a337b4a1594e3cc6c9e6b97f7a91fae63
[INFO] running `Command { std: "docker" "create" "-v" "/var/lib/crater-agent-workspace/builds/worker-1-tc2/target:/opt/rustwide/target:rw,Z" "-v" "/var/lib/crater-agent-workspace/builds/worker-1-tc2/source:/opt/rustwide/workdir:ro,Z" "-v" "/var/lib/crater-agent-workspace/cargo-home:/opt/rustwide/cargo-home:ro,Z" "-v" "/var/lib/crater-agent-workspace/rustup-home:/opt/rustwide/rustup-home:ro,Z" "-e" "SOURCE_DIR=/opt/rustwide/workdir" "-e" "CARGO_TARGET_DIR=/opt/rustwide/target" "-e" "CARGO_INCREMENTAL=0" "-e" "RUST_BACKTRACE=full" "-e" "RUSTFLAGS=--cap-lints=forbid -Zrandomize-layout" "-e" "RUSTDOCFLAGS=--cap-lints=forbid" "-e" "CARGO_HOME=/opt/rustwide/cargo-home" "-e" "RUSTUP_HOME=/opt/rustwide/rustup-home" "-w" "/opt/rustwide/workdir" "-m" "1610612736" "--user" "0:0" "--network" "none" "ghcr.io/rust-lang/crates-build-env/linux@sha256:819108c5571ea2e421544af4d832f968d213c87fbe3707a016657f43d2f853bc" "/opt/rustwide/cargo-home/bin/cargo" "+nightly-2025-01-18" "test" "--frozen", kill_on_drop: false }`
[INFO] [stdout] bda80ad70d4e45a9a267520e7bd6d77bdb7c5523b0e6d116bb66ff630a298073
[INFO] running `Command { std: "docker" "start" "-a" "bda80ad70d4e45a9a267520e7bd6d77bdb7c5523b0e6d116bb66ff630a298073", kill_on_drop: false }`
[INFO] [stderr] warning: the feature `try_from` has been stable since 1.34.0 and no longer requires an attribute to enable
[INFO] [stderr]   --> src/lib.rs:43:12
[INFO] [stderr]    |
[INFO] [stderr] 43 | #![feature(try_from)]
[INFO] [stderr]    |            ^^^^^^^^
[INFO] [stderr]    |
[INFO] [stderr]    = note: `#[warn(stable_features)]` on by default
[INFO] [stderr] 
[INFO] [stderr] warning: `rust-rover` (lib) generated 1 warning
[INFO] [stderr] warning: `rust-rover` (lib test) generated 1 warning (1 duplicate)
[INFO] [stderr]     Finished `test` profile [unoptimized + debuginfo] target(s) in 0.03s
[INFO] [stderr]      Running unittests src/lib.rs (/opt/rustwide/target/debug/deps/rust_rover-1a967bb74c3ddc02)
[INFO] [stdout] 
[INFO] [stdout] running 0 tests
[INFO] [stdout] 
[INFO] [stderr]    Doc-tests rust_rover
[INFO] [stdout] test result: ok. 0 passed; 0 failed; 0 ignored; 0 measured; 0 filtered out; finished in 0.00s
[INFO] [stdout] 
[INFO] [stdout] 
[INFO] [stdout] running 15 tests
[INFO] [stdout] test src/lib.rs - (line 28) ... FAILED
[INFO] [stdout] test src/rover.rs - rover::Rover<N>::new (line 24) ... ok
[INFO] [stdout] test src/rover.rs - rover::Rover<N>::execute (line 42) ... ok
[INFO] [stdout] test src/direction.rs - direction::Direction::rotate_ccw (line 35) ... ok
[INFO] [stdout] test src/position.rs - position::Position<N> (line 37) ... ok
[INFO] [stdout] test src/position.rs - position::Position<N> (line 16) ... ok
[INFO] [stdout] test src/rover.rs - rover::Rover<N>::execute_many (line 94) ... ok
[INFO] [stdout] test src/instruction.rs - instruction::Instruction (line 18) ... ok
[INFO] [stdout] test src/instruction.rs - instruction::Instruction (line 30) ... ok
[INFO] [stdout] test src/position.rs - position::Position<N> (line 58) ... ok
[INFO] [stdout] test src/position.rs - position::&'aPosition<N> (line 100) ... ok
[INFO] [stdout] test src/direction.rs - direction::Direction::rotate_cw (line 15) ... ok
[INFO] [stdout] test src/instruction.rs - instruction::Instruction::from_string (line 72) ... ok
[INFO] [stdout] test src/instruction.rs - instruction::Instruction::from_string (line 59) ... ok
[INFO] [stdout] test src/lib.rs - (line 13) ... ok
[INFO] [stdout] 
[INFO] [stdout] failures:
[INFO] [stdout] 
[INFO] [stdout] ---- src/lib.rs - (line 28) stdout ----
[INFO] [stdout] error: expected one of `)`, `,`, `.`, `?`, or an operator, found `3456789u64`
[INFO] [stdout]  --> src/lib.rs:34:45
[INFO] [stdout]   |
[INFO] [stdout] 9 | let rover = Rover::new(Position(12345678912 3456789u64, 0), N);
[INFO] [stdout]   |                                            -^^^^^^^^^^ expected one of `)`, `,`, `.`, `?`, or an operator
[INFO] [stdout]   |                                            |
[INFO] [stdout]   |                                            help: missing `,`
[INFO] [stdout] 
[INFO] [stdout] error[E0061]: this struct takes 2 arguments but 3 arguments were supplied
[INFO] [stdout]  --> src/lib.rs:34:24
[INFO] [stdout]   |
[INFO] [stdout] 9 | let rover = Rover::new(Position(12345678912 3456789u64, 0), N);
[INFO] [stdout]   |                        ^^^^^^^^                         - unexpected argument #3 of type `{integer}`
[INFO] [stdout]   |
[INFO] [stdout] note: tuple struct defined here
[INFO] [stdout]  --> /opt/rustwide/workdir/src/position.rs:9:12
[INFO] [stdout]   |
[INFO] [stdout] 9 | pub struct Position<N>(pub N, pub N)
[INFO] [stdout]   |            ^^^^^^^^
[INFO] [stdout] help: remove the extra argument
[INFO] [stdout]   |
[INFO] [stdout] 9 - let rover = Rover::new(Position(12345678912 3456789u64, 0), N);
[INFO] [stdout] 9 + let rover = Rover::new(Position(12345678912 3456789u64), N);
[INFO] [stdout]   |
[INFO] [stdout] 
[INFO] [stdout] error: aborting due to 2 previous errors
[INFO] [stdout] 
[INFO] [stdout] For more information about this error, try `rustc --explain E0061`.
[INFO] [stdout] Couldn't compile the test.
[INFO] [stdout] 
[INFO] [stdout] failures:
[INFO] [stdout]     src/lib.rs - (line 28)
[INFO] [stdout] 
[INFO] [stdout] test result: FAILED. 14 passed; 1 failed; 0 ignored; 0 measured; 0 filtered out; finished in 0.83s
[INFO] [stdout] 
[INFO] [stderr] error: doctest failed, to rerun pass `--doc`
[INFO] running `Command { std: "docker" "inspect" "bda80ad70d4e45a9a267520e7bd6d77bdb7c5523b0e6d116bb66ff630a298073", kill_on_drop: false }`
[INFO] running `Command { std: "docker" "rm" "-f" "bda80ad70d4e45a9a267520e7bd6d77bdb7c5523b0e6d116bb66ff630a298073", kill_on_drop: false }`
[INFO] [stdout] bda80ad70d4e45a9a267520e7bd6d77bdb7c5523b0e6d116bb66ff630a298073
