[INFO] cloning repository https://github.com/allonsy/currant
[INFO] running `Command { std: "git" "-c" "credential.helper=" "-c" "credential.helper=/workspace/cargo-home/bin/git-credential-null" "clone" "--bare" "https://github.com/allonsy/currant" "/workspace/cache/git-repos/https%3A%2F%2Fgithub.com%2Fallonsy%2Fcurrant", kill_on_drop: false }`
[INFO] [stderr] Cloning into bare repository '/workspace/cache/git-repos/https%3A%2F%2Fgithub.com%2Fallonsy%2Fcurrant'...
[INFO] running `Command { std: "git" "rev-parse" "HEAD", kill_on_drop: false }`
[INFO] [stdout] 5b3dbcc0d0c7475276f79225187e723d059c39ae
[INFO] testing allonsy/currant against nightly-2025-01-18+rustflags=-Zrandomize-layout for randomize-layout-2
[INFO] running `Command { std: "git" "clone" "/workspace/cache/git-repos/https%3A%2F%2Fgithub.com%2Fallonsy%2Fcurrant" "/workspace/builds/worker-2-tc2/source", kill_on_drop: false }`
[INFO] [stderr] Cloning into '/workspace/builds/worker-2-tc2/source'...
[INFO] [stderr] done.
[INFO] validating manifest of git repo https://github.com/allonsy/currant on toolchain nightly-2025-01-18
[INFO] running `Command { std: CARGO_HOME="/workspace/cargo-home" RUSTUP_HOME="/workspace/rustup-home" "/workspace/cargo-home/bin/cargo" "+nightly-2025-01-18" "metadata" "--manifest-path" "Cargo.toml" "--no-deps", kill_on_drop: false }`
[INFO] removed /workspace/builds/worker-2-tc2/source/rust-toolchain.toml
[INFO] started tweaking git repo https://github.com/allonsy/currant
[INFO] finished tweaking git repo https://github.com/allonsy/currant
[INFO] tweaked toml for git repo https://github.com/allonsy/currant written to /workspace/builds/worker-2-tc2/source/Cargo.toml
[INFO] crate git repo https://github.com/allonsy/currant already has a lockfile, it will not be regenerated
[INFO] running `Command { std: CARGO_HOME="/workspace/cargo-home" RUSTUP_HOME="/workspace/rustup-home" "/workspace/cargo-home/bin/cargo" "+nightly-2025-01-18" "fetch" "--manifest-path" "Cargo.toml", kill_on_drop: false }`
[INFO] running `Command { std: "docker" "create" "-v" "/var/lib/crater-agent-workspace/builds/worker-2-tc2/target:/opt/rustwide/target:rw,Z" "-v" "/var/lib/crater-agent-workspace/builds/worker-2-tc2/source:/opt/rustwide/workdir:ro,Z" "-v" "/var/lib/crater-agent-workspace/cargo-home:/opt/rustwide/cargo-home:ro,Z" "-v" "/var/lib/crater-agent-workspace/rustup-home:/opt/rustwide/rustup-home:ro,Z" "-e" "SOURCE_DIR=/opt/rustwide/workdir" "-e" "CARGO_TARGET_DIR=/opt/rustwide/target" "-e" "CARGO_HOME=/opt/rustwide/cargo-home" "-e" "RUSTUP_HOME=/opt/rustwide/rustup-home" "-w" "/opt/rustwide/workdir" "-m" "1610612736" "--user" "0:0" "--network" "none" "ghcr.io/rust-lang/crates-build-env/linux@sha256:819108c5571ea2e421544af4d832f968d213c87fbe3707a016657f43d2f853bc" "/opt/rustwide/cargo-home/bin/cargo" "+nightly-2025-01-18" "metadata" "--no-deps" "--format-version=1", kill_on_drop: false }`
[INFO] [stdout] 6abcfb9471fd51d46c749ac2fa04ea9894d9d7110b71fd80991c5b11c232c3d0
[INFO] running `Command { std: "docker" "start" "-a" "6abcfb9471fd51d46c749ac2fa04ea9894d9d7110b71fd80991c5b11c232c3d0", kill_on_drop: false }`
[INFO] running `Command { std: "docker" "inspect" "6abcfb9471fd51d46c749ac2fa04ea9894d9d7110b71fd80991c5b11c232c3d0", kill_on_drop: false }`
[INFO] running `Command { std: "docker" "rm" "-f" "6abcfb9471fd51d46c749ac2fa04ea9894d9d7110b71fd80991c5b11c232c3d0", kill_on_drop: false }`
[INFO] [stdout] 6abcfb9471fd51d46c749ac2fa04ea9894d9d7110b71fd80991c5b11c232c3d0
[INFO] running `Command { std: "docker" "create" "-v" "/var/lib/crater-agent-workspace/builds/worker-2-tc2/target:/opt/rustwide/target:rw,Z" "-v" "/var/lib/crater-agent-workspace/builds/worker-2-tc2/source:/opt/rustwide/workdir:ro,Z" "-v" "/var/lib/crater-agent-workspace/cargo-home:/opt/rustwide/cargo-home:ro,Z" "-v" "/var/lib/crater-agent-workspace/rustup-home:/opt/rustwide/rustup-home:ro,Z" "-e" "SOURCE_DIR=/opt/rustwide/workdir" "-e" "CARGO_TARGET_DIR=/opt/rustwide/target" "-e" "CARGO_INCREMENTAL=0" "-e" "RUST_BACKTRACE=full" "-e" "RUSTFLAGS=--cap-lints=forbid -Zrandomize-layout" "-e" "RUSTDOCFLAGS=--cap-lints=forbid" "-e" "CARGO_HOME=/opt/rustwide/cargo-home" "-e" "RUSTUP_HOME=/opt/rustwide/rustup-home" "-w" "/opt/rustwide/workdir" "-m" "1610612736" "--user" "0:0" "--network" "none" "ghcr.io/rust-lang/crates-build-env/linux@sha256:819108c5571ea2e421544af4d832f968d213c87fbe3707a016657f43d2f853bc" "/opt/rustwide/cargo-home/bin/cargo" "+nightly-2025-01-18" "build" "--frozen" "--message-format=json", kill_on_drop: false }`
[INFO] [stdout] 3c40a8a47ca1f184a66eb476604e31008c3ee4e90eadcd00805b703d4a78c24b
[INFO] running `Command { std: "docker" "start" "-a" "3c40a8a47ca1f184a66eb476604e31008c3ee4e90eadcd00805b703d4a78c24b", kill_on_drop: false }`
[INFO] [stderr]    Compiling libc v0.2.126
[INFO] [stderr]    Compiling cfg-if v1.0.0
[INFO] [stderr]    Compiling autocfg v1.1.0
[INFO] [stderr]    Compiling ppv-lite86 v0.2.16
[INFO] [stderr]    Compiling bitflags v1.3.2
[INFO] [stderr]    Compiling shell-words v1.1.0
[INFO] [stderr]    Compiling memoffset v0.6.5
[INFO] [stderr]    Compiling getrandom v0.2.6
[INFO] [stderr]    Compiling nix v0.24.1
[INFO] [stderr]    Compiling atty v0.2.14
[INFO] [stderr]    Compiling rand_core v0.6.3
[INFO] [stderr]    Compiling rand_chacha v0.3.1
[INFO] [stderr]    Compiling rand v0.8.5
[INFO] [stderr]    Compiling currant v0.2.8 (/opt/rustwide/workdir)
[INFO] [stderr]     Finished `dev` profile [unoptimized + debuginfo] target(s) in 7.20s
[INFO] running `Command { std: "docker" "inspect" "3c40a8a47ca1f184a66eb476604e31008c3ee4e90eadcd00805b703d4a78c24b", kill_on_drop: false }`
[INFO] running `Command { std: "docker" "rm" "-f" "3c40a8a47ca1f184a66eb476604e31008c3ee4e90eadcd00805b703d4a78c24b", kill_on_drop: false }`
[INFO] [stdout] 3c40a8a47ca1f184a66eb476604e31008c3ee4e90eadcd00805b703d4a78c24b
[INFO] running `Command { std: "docker" "create" "-v" "/var/lib/crater-agent-workspace/builds/worker-2-tc2/target:/opt/rustwide/target:rw,Z" "-v" "/var/lib/crater-agent-workspace/builds/worker-2-tc2/source:/opt/rustwide/workdir:ro,Z" "-v" "/var/lib/crater-agent-workspace/cargo-home:/opt/rustwide/cargo-home:ro,Z" "-v" "/var/lib/crater-agent-workspace/rustup-home:/opt/rustwide/rustup-home:ro,Z" "-e" "SOURCE_DIR=/opt/rustwide/workdir" "-e" "CARGO_TARGET_DIR=/opt/rustwide/target" "-e" "CARGO_INCREMENTAL=0" "-e" "RUST_BACKTRACE=full" "-e" "RUSTFLAGS=--cap-lints=forbid -Zrandomize-layout" "-e" "RUSTDOCFLAGS=--cap-lints=forbid" "-e" "CARGO_HOME=/opt/rustwide/cargo-home" "-e" "RUSTUP_HOME=/opt/rustwide/rustup-home" "-w" "/opt/rustwide/workdir" "-m" "1610612736" "--user" "0:0" "--network" "none" "ghcr.io/rust-lang/crates-build-env/linux@sha256:819108c5571ea2e421544af4d832f968d213c87fbe3707a016657f43d2f853bc" "/opt/rustwide/cargo-home/bin/cargo" "+nightly-2025-01-18" "test" "--frozen" "--no-run" "--message-format=json", kill_on_drop: false }`
[INFO] [stdout] 27edbf5e17bcbc3b451302b3606256a14c3d82babe3dad7166c3e45f35f6ab36
[INFO] running `Command { std: "docker" "start" "-a" "27edbf5e17bcbc3b451302b3606256a14c3d82babe3dad7166c3e45f35f6ab36", kill_on_drop: false }`
[INFO] [stderr]    Compiling currant v0.2.8 (/opt/rustwide/workdir)
[INFO] [stderr]     Finished `test` profile [unoptimized + debuginfo] target(s) in 1.81s
[INFO] running `Command { std: "docker" "inspect" "27edbf5e17bcbc3b451302b3606256a14c3d82babe3dad7166c3e45f35f6ab36", kill_on_drop: false }`
[INFO] running `Command { std: "docker" "rm" "-f" "27edbf5e17bcbc3b451302b3606256a14c3d82babe3dad7166c3e45f35f6ab36", kill_on_drop: false }`
[INFO] [stdout] 27edbf5e17bcbc3b451302b3606256a14c3d82babe3dad7166c3e45f35f6ab36
[INFO] running `Command { std: "docker" "create" "-v" "/var/lib/crater-agent-workspace/builds/worker-2-tc2/target:/opt/rustwide/target:rw,Z" "-v" "/var/lib/crater-agent-workspace/builds/worker-2-tc2/source:/opt/rustwide/workdir:ro,Z" "-v" "/var/lib/crater-agent-workspace/cargo-home:/opt/rustwide/cargo-home:ro,Z" "-v" "/var/lib/crater-agent-workspace/rustup-home:/opt/rustwide/rustup-home:ro,Z" "-e" "SOURCE_DIR=/opt/rustwide/workdir" "-e" "CARGO_TARGET_DIR=/opt/rustwide/target" "-e" "CARGO_INCREMENTAL=0" "-e" "RUST_BACKTRACE=full" "-e" "RUSTFLAGS=--cap-lints=forbid -Zrandomize-layout" "-e" "RUSTDOCFLAGS=--cap-lints=forbid" "-e" "CARGO_HOME=/opt/rustwide/cargo-home" "-e" "RUSTUP_HOME=/opt/rustwide/rustup-home" "-w" "/opt/rustwide/workdir" "-m" "1610612736" "--user" "0:0" "--network" "none" "ghcr.io/rust-lang/crates-build-env/linux@sha256:819108c5571ea2e421544af4d832f968d213c87fbe3707a016657f43d2f853bc" "/opt/rustwide/cargo-home/bin/cargo" "+nightly-2025-01-18" "test" "--frozen", kill_on_drop: false }`
[INFO] [stdout] 46622c9da035d4c267a2fcf017ce129689b2f4a686be5158ce299db122a4e55a
[INFO] running `Command { std: "docker" "start" "-a" "46622c9da035d4c267a2fcf017ce129689b2f4a686be5158ce299db122a4e55a", kill_on_drop: false }`
[INFO] [stderr]     Finished `test` profile [unoptimized + debuginfo] target(s) in 0.03s
[INFO] [stderr]      Running unittests src/lib.rs (/opt/rustwide/target/debug/deps/currant-4752a2adc2ee7705)
[INFO] [stdout] 
[INFO] [stdout] running 4 tests
[INFO] [stdout] Cargo.lock
[INFO] [stdout] Cargo.toml
[INFO] [stdout] LICENSE
[INFO] [stdout] README.md
[INFO] [stdout] examples
[INFO] [stdout] infrastructure.md
[INFO] [stdout] src
[INFO] [stdout] test test::command_empty ... ok
[INFO] [stdout] test color::tests::test_theta_to_rgb ... ok
[INFO] [stdout] test test::command_not_found ... ok
[INFO] [stdout] SYSTEM: starting process test1
[INFO] [stdout] SYSTEM: starting process test3
[INFO] [stdout] SYSTEM: starting process test2
[INFO] [stdout] test2: total 24
[INFO] [stdout] test2: drwxr-xr-x 6 root root 4096 Jan 20 09:27 .
[INFO] [stdout] test2: drwxr-xr-x 1 root root 4096 Jan 20 09:27 ..
[INFO] [stdout] test2: drwxr-xr-x 5 root root 4096 Jan 20 09:27 cargo-home
[INFO] [stdout] test2: drwxr-xr-x 6 root root 4096 Jan 20 02:53 rustup-home
[INFO] [stdout] test2: drwxr-xr-x 3 root root 4096 Jan 20 09:26 target
[INFO] [stdout] test2: drwxr-xr-x 6 root root 4096 Jan 20 09:26 workdir
[INFO] [stdout] test2: process exited with status: 0
[INFO] [stdout] test3: total 56
[INFO] [stdout] test3: drwxr-xr-x   1 root root 4096 Jan 20 09:27 .
[INFO] [stdout] test3: drwxr-xr-x   1 root root 4096 Jan 20 09:27 ..
[INFO] [stdout] test3: -rwxr-xr-x   1 root root    0 Jan 20 09:27 .dockerenv
[INFO] [stdout] test3: lrwxrwxrwx   1 root root    7 Sep 11 14:04 bin -> usr/bin
[INFO] [stdout] test3: drwxr-xr-x   2 root root 4096 Apr 18  2022 boot
[INFO] [stdout] test3: drwxr-xr-x   5 root root  340 Jan 20 09:27 dev
[INFO] [stdout] test3: drwxr-xr-x   1 root root 4096 Jan 20 09:27 etc
[INFO] [stdout] test3: drwxr-xr-x   2 root root 4096 Apr 18  2022 home
[INFO] [stdout] test3: lrwxrwxrwx   1 root root    7 Sep 11 14:04 lib -> usr/lib
[INFO] [stdout] test3: lrwxrwxrwx   1 root root    9 Sep 11 14:04 lib32 -> usr/lib32
[INFO] [stdout] test3: lrwxrwxrwx   1 root root    9 Sep 11 14:04 lib64 -> usr/lib64
[INFO] [stdout] test3: lrwxrwxrwx   1 root root   10 Sep 11 14:04 libx32 -> usr/libx32
[INFO] [stdout] test3: drwxr-xr-x   2 root root 4096 Sep 11 14:04 media
[INFO] [stdout] test3: drwxr-xr-x   2 root root 4096 Sep 11 14:04 mnt
[INFO] [stdout] test3: drwxr-xr-x   1 root root 4096 Jan 20 09:27 opt
[INFO] [stdout] test3: dr-xr-xr-x 482 root root    0 Jan 20 09:27 proc
[INFO] [stdout] test3: drwx------   2 root root 4096 Sep 11 14:07 root
[INFO] [stdout] test3: drwxr-xr-x   1 root root 4096 Jan 16 14:50 run
[INFO] [stdout] test3: lrwxrwxrwx   1 root root    8 Sep 11 14:04 sbin -> usr/sbin
[INFO] [stdout] test3: drwxr-xr-x   2 root root 4096 Sep 11 14:04 srv
[INFO] [stdout] test3: dr-xr-xr-x  13 root root    0 Jan 20 09:27 sys
[INFO] [stdout] test3: drwxrwxrwt   1 root root 4096 Jan 16 14:51 tmp
[INFO] [stdout] test3: drwxr-xr-x   1 root root 4096 Jan 16 14:50 usr
[INFO] [stdout] test3: drwxr-xr-x   1 root root 4096 Sep 11 14:07 var
[INFO] [stdout] test3: process exited with status: 0
[INFO] [stdout] test1: total 52
[INFO] [stderr]    Doc-tests currant
[INFO] [stdout] test1: drwxr-xr-x 6 root root 4096 Jan 20 09:26 .
[INFO] [stdout] test1: drwxr-xr-x 6 root root 4096 Jan 20 09:27 ..
[INFO] [stdout] test1: drwxr-xr-x 8 root root 4096 Jan 20 09:26 .git
[INFO] [stdout] test1: drwxr-xr-x 3 root root 4096 Jan 20 09:26 .github
[INFO] [stdout] test1: -rw-r--r-- 1 root root    8 Jan 20 09:26 .gitignore
[INFO] [stdout] test1: -rw-r--r-- 1 root root 4172 Jan 20 09:26 Cargo.lock
[INFO] [stdout] test1: -rw-r--r-- 1 root root  465 Jan 20 09:26 Cargo.toml
[INFO] [stdout] test1: -rw-r--r-- 1 root root 1068 Jan 20 09:26 LICENSE
[INFO] [stdout] test1: -rw-r--r-- 1 root root  420 Jan 20 09:26 README.md
[INFO] [stdout] test1: drwxr-xr-x 2 root root 4096 Jan 20 09:26 examples
[INFO] [stdout] test1: -rw-r--r-- 1 root root 3838 Jan 20 09:26 infrastructure.md
[INFO] [stdout] test1: drwxr-xr-x 2 root root 4096 Jan 20 09:26 src
[INFO] [stdout] test1: process exited with status: 0
[INFO] [stdout] test standard_out_api::tests::run_commands ... ok
[INFO] [stdout] 
[INFO] [stdout] test result: ok. 4 passed; 0 failed; 0 ignored; 0 measured; 0 filtered out; finished in 0.03s
[INFO] [stdout] 
[INFO] [stdout] 
[INFO] [stdout] running 7 tests
[INFO] [stdout] test src/lib.rs - Command::from_string (line 166) ... ok
[INFO] [stdout] test src/lib.rs - Command::from_argv (line 120) ... ok
[INFO] [stdout] test src/lib.rs - Command::env (line 200) ... ok
[INFO] [stdout] test src/standard_out_api.rs - standard_out_api::ConsoleCommand (line 21) ... ok
[INFO] [stdout] test src/lib.rs - Runner (line 350) ... ok
[INFO] [stdout] test src/writer_api.rs - writer_api::WriterCommand (line 16) ... FAILED
[INFO] [stdout] test src/channel_api.rs - channel_api::ChannelCommand (line 8) ... ok
[INFO] [stdout] 
[INFO] [stdout] failures:
[INFO] [stdout] 
[INFO] [stdout] ---- src/writer_api.rs - writer_api::WriterCommand (line 16) stdout ----
[INFO] [stdout] Test executable failed (exit status: 101).
[INFO] [stdout] 
[INFO] [stdout] stderr:
[INFO] [stdout] 
[INFO] [stdout] thread 'main' panicked at src/writer_api.rs:13:48:
[INFO] [stdout] called `Result::unwrap()` on an `Err` value: Os { code: 30, kind: ReadOnlyFilesystem, message: "Read-only file system" }
[INFO] [stdout] stack backtrace:
[INFO] [stdout]    0:     0x55d253a477aa - std::backtrace_rs::backtrace::libunwind::trace::hb059275cfc8d6126
[INFO] [stdout]                                at /rustc/6067b36314ab5eb2eb47cecc464545ba58e1ad24/library/std/src/../../backtrace/src/backtrace/libunwind.rs:116:5
[INFO] [stdout]    1:     0x55d253a477aa - std::backtrace_rs::backtrace::trace_unsynchronized::h2da071e4327ce3ee
[INFO] [stdout]                                at /rustc/6067b36314ab5eb2eb47cecc464545ba58e1ad24/library/std/src/../../backtrace/src/backtrace/mod.rs:66:5
[INFO] [stdout]    2:     0x55d253a477aa - std::sys::backtrace::_print_fmt::h842a1474e6f8d23f
[INFO] [stdout]                                at /rustc/6067b36314ab5eb2eb47cecc464545ba58e1ad24/library/std/src/sys/backtrace.rs:66:9
[INFO] [stdout]    3:     0x55d253a477aa - <std::sys::backtrace::BacktraceLock::print::DisplayBacktrace as core::fmt::Display>::fmt::h71a62eb3b9696b12
[INFO] [stdout]                                at /rustc/6067b36314ab5eb2eb47cecc464545ba58e1ad24/library/std/src/sys/backtrace.rs:39:26
[INFO] [stdout]    4:     0x55d253a69fc3 - core::fmt::rt::Argument::fmt::hdb6b616786b41dc1
[INFO] [stdout]                                at /rustc/6067b36314ab5eb2eb47cecc464545ba58e1ad24/library/core/src/fmt/rt.rs:177:76
[INFO] [stdout]    5:     0x55d253a69fc3 - core::fmt::write::h2cc1698af7e2d686
[INFO] [stdout]                                at /rustc/6067b36314ab5eb2eb47cecc464545ba58e1ad24/library/core/src/fmt/mod.rs:1440:21
[INFO] [stdout]    6:     0x55d253a44433 - std::io::Write::write_fmt::h00c8700df393f328
[INFO] [stdout]                                at /rustc/6067b36314ab5eb2eb47cecc464545ba58e1ad24/library/std/src/io/mod.rs:1887:15
[INFO] [stdout]    7:     0x55d253a475f2 - std::sys::backtrace::BacktraceLock::print::h147fe35b4ea13b08
[INFO] [stdout]                                at /rustc/6067b36314ab5eb2eb47cecc464545ba58e1ad24/library/std/src/sys/backtrace.rs:42:9
[INFO] [stdout]    8:     0x55d253a486ef - std::panicking::default_hook::{{closure}}::hbd44223dbdc0d208
[INFO] [stdout]                                at /rustc/6067b36314ab5eb2eb47cecc464545ba58e1ad24/library/std/src/panicking.rs:298:22
[INFO] [stdout]    9:     0x55d253a4855a - std::panicking::default_hook::h20f81eb0576efcec
[INFO] [stdout]                                at /rustc/6067b36314ab5eb2eb47cecc464545ba58e1ad24/library/std/src/panicking.rs:325:9
[INFO] [stdout]   10:     0x55d253a49002 - std::panicking::rust_panic_with_hook::h625eea43051b2edc
[INFO] [stdout]                                at /rustc/6067b36314ab5eb2eb47cecc464545ba58e1ad24/library/std/src/panicking.rs:831:13
[INFO] [stdout]   11:     0x55d253a48e9a - std::panicking::begin_panic_handler::{{closure}}::h4f9159cfbc3f6bd3
[INFO] [stdout]                                at /rustc/6067b36314ab5eb2eb47cecc464545ba58e1ad24/library/std/src/panicking.rs:704:13
[INFO] [stdout]   12:     0x55d253a47ca9 - std::sys::backtrace::__rust_end_short_backtrace::h0390abce48353151
[INFO] [stdout]                                at /rustc/6067b36314ab5eb2eb47cecc464545ba58e1ad24/library/std/src/sys/backtrace.rs:168:18
[INFO] [stdout]   13:     0x55d253a48b2d - rust_begin_unwind
[INFO] [stdout]                                at /rustc/6067b36314ab5eb2eb47cecc464545ba58e1ad24/library/std/src/panicking.rs:695:5
[INFO] [stdout]   14:     0x55d253a69070 - core::panicking::panic_fmt::h9e7c637e9e5f29c9
[INFO] [stdout]                                at /rustc/6067b36314ab5eb2eb47cecc464545ba58e1ad24/library/core/src/panicking.rs:75:14
[INFO] [stdout]   15:     0x55d253a694e6 - core::result::unwrap_failed::h7979f09313fe1849
[INFO] [stdout]                                at /rustc/6067b36314ab5eb2eb47cecc464545ba58e1ad24/library/core/src/result.rs:1704:5
[INFO] [stdout]   16:     0x55d2539a2a6f - rust_out::main::he88f0b9b281d54e0
[INFO] [stdout]   17:     0x55d25399e733 - core::ops::function::FnOnce::call_once::hcf3829d8b58d0254
[INFO] [stdout]   18:     0x55d25399cb76 - std::sys::backtrace::__rust_begin_short_backtrace::h5e1527399e8d5bd4
[INFO] [stdout]   19:     0x55d25399cb49 - std::rt::lang_start::{{closure}}::h2c234101ed7b1b74
[INFO] [stdout]   20:     0x55d253a3fdd0 - core::ops::function::impls::<impl core::ops::function::FnOnce<A> for &F>::call_once::h1b085b6c1d2518b2
[INFO] [stdout]                                at /rustc/6067b36314ab5eb2eb47cecc464545ba58e1ad24/library/core/src/ops/function.rs:284:13
[INFO] [stdout]   21:     0x55d253a3fdd0 - std::panicking::try::do_call::h382f964a5a23b565
[INFO] [stdout]                                at /rustc/6067b36314ab5eb2eb47cecc464545ba58e1ad24/library/std/src/panicking.rs:587:40
[INFO] [stdout]   22:     0x55d253a3fdd0 - std::panicking::try::h57f991055eb622f9
[INFO] [stdout]                                at /rustc/6067b36314ab5eb2eb47cecc464545ba58e1ad24/library/std/src/panicking.rs:550:19
[INFO] [stdout]   23:     0x55d253a3fdd0 - std::panic::catch_unwind::h4d9a74ef04456343
[INFO] [stdout]                                at /rustc/6067b36314ab5eb2eb47cecc464545ba58e1ad24/library/std/src/panic.rs:358:14
[INFO] [stdout]   24:     0x55d253a3fdd0 - std::rt::lang_start_internal::{{closure}}::h2faa8ae84a93f314
[INFO] [stdout]                                at /rustc/6067b36314ab5eb2eb47cecc464545ba58e1ad24/library/std/src/rt.rs:163:24
[INFO] [stdout]   25:     0x55d253a3fdd0 - std::panicking::try::do_call::h0f8932bf638a9bf5
[INFO] [stdout]                                at /rustc/6067b36314ab5eb2eb47cecc464545ba58e1ad24/library/std/src/panicking.rs:587:40
[INFO] [stdout]   26:     0x55d253a3fdd0 - std::panicking::try::h683416ea756b175d
[INFO] [stdout]                                at /rustc/6067b36314ab5eb2eb47cecc464545ba58e1ad24/library/std/src/panicking.rs:550:19
[INFO] [stdout]   27:     0x55d253a3fdd0 - std::panic::catch_unwind::h56189fac8994979f
[INFO] [stdout]                                at /rustc/6067b36314ab5eb2eb47cecc464545ba58e1ad24/library/std/src/panic.rs:358:14
[INFO] [stdout]   28:     0x55d253a3fdd0 - std::rt::lang_start_internal::h8bbc1061691274fe
[INFO] [stdout]                                at /rustc/6067b36314ab5eb2eb47cecc464545ba58e1ad24/library/std/src/rt.rs:159:5
[INFO] [stdout]   29:     0x55d25399cb31 - std::rt::lang_start::h601b10a269c70ef7
[INFO] [stdout]   30:     0x55d2539a34b5 - main
[INFO] [stdout]   31:     0x7a09e76dad90 - <unknown>
[INFO] [stdout]   32:     0x7a09e76dae40 - __libc_start_main
[INFO] [stdout]   33:     0x55d25399c265 - _start
[INFO] [stdout]   34:                0x0 - <unknown>
[INFO] [stdout] 
[INFO] [stdout] 
[INFO] [stdout] 
[INFO] [stdout] failures:
[INFO] [stdout]     src/writer_api.rs - writer_api::WriterCommand (line 16)
[INFO] [stdout] 
[INFO] [stdout] test result: FAILED. 6 passed; 1 failed; 0 ignored; 0 measured; 0 filtered out; finished in 0.87s
[INFO] [stdout] 
[INFO] [stderr] error: doctest failed, to rerun pass `--doc`
[INFO] running `Command { std: "docker" "inspect" "46622c9da035d4c267a2fcf017ce129689b2f4a686be5158ce299db122a4e55a", kill_on_drop: false }`
[INFO] running `Command { std: "docker" "rm" "-f" "46622c9da035d4c267a2fcf017ce129689b2f4a686be5158ce299db122a4e55a", kill_on_drop: false }`
[INFO] [stdout] 46622c9da035d4c267a2fcf017ce129689b2f4a686be5158ce299db122a4e55a
