[INFO] cloning repository https://github.com/alexjneves/advent-of-code-2024
[INFO] running `Command { std: "git" "-c" "credential.helper=" "-c" "credential.helper=/workspace/cargo-home/bin/git-credential-null" "clone" "--bare" "https://github.com/alexjneves/advent-of-code-2024" "/workspace/cache/git-repos/https%3A%2F%2Fgithub.com%2Falexjneves%2Fadvent-of-code-2024", kill_on_drop: false }`
[INFO] [stderr] Cloning into bare repository '/workspace/cache/git-repos/https%3A%2F%2Fgithub.com%2Falexjneves%2Fadvent-of-code-2024'...
[INFO] running `Command { std: "git" "rev-parse" "HEAD", kill_on_drop: false }`
[INFO] [stdout] 2a8bbe50b4eb183f0bcb41ef64dfe519d87596fe
[INFO] testing alexjneves/advent-of-code-2024 against nightly-2025-01-18+rustflags=-Zrandomize-layout for randomize-layout-2
[INFO] running `Command { std: "git" "clone" "/workspace/cache/git-repos/https%3A%2F%2Fgithub.com%2Falexjneves%2Fadvent-of-code-2024" "/workspace/builds/worker-2-tc2/source", kill_on_drop: false }`
[INFO] [stderr] Cloning into '/workspace/builds/worker-2-tc2/source'...
[INFO] [stderr] done.
[INFO] validating manifest of git repo https://github.com/alexjneves/advent-of-code-2024 on toolchain nightly-2025-01-18
[INFO] running `Command { std: CARGO_HOME="/workspace/cargo-home" RUSTUP_HOME="/workspace/rustup-home" "/workspace/cargo-home/bin/cargo" "+nightly-2025-01-18" "metadata" "--manifest-path" "Cargo.toml" "--no-deps", kill_on_drop: false }`
[INFO] started tweaking git repo https://github.com/alexjneves/advent-of-code-2024
[INFO] finished tweaking git repo https://github.com/alexjneves/advent-of-code-2024
[INFO] tweaked toml for git repo https://github.com/alexjneves/advent-of-code-2024 written to /workspace/builds/worker-2-tc2/source/Cargo.toml
[INFO] crate git repo https://github.com/alexjneves/advent-of-code-2024 already has a lockfile, it will not be regenerated
[INFO] running `Command { std: CARGO_HOME="/workspace/cargo-home" RUSTUP_HOME="/workspace/rustup-home" "/workspace/cargo-home/bin/cargo" "+nightly-2025-01-18" "fetch" "--manifest-path" "Cargo.toml", kill_on_drop: false }`
[INFO] [stderr]     Blocking waiting for file lock on package cache
[INFO] running `Command { std: "docker" "create" "-v" "/var/lib/crater-agent-workspace/builds/worker-2-tc2/target:/opt/rustwide/target:rw,Z" "-v" "/var/lib/crater-agent-workspace/builds/worker-2-tc2/source:/opt/rustwide/workdir:ro,Z" "-v" "/var/lib/crater-agent-workspace/cargo-home:/opt/rustwide/cargo-home:ro,Z" "-v" "/var/lib/crater-agent-workspace/rustup-home:/opt/rustwide/rustup-home:ro,Z" "-e" "SOURCE_DIR=/opt/rustwide/workdir" "-e" "CARGO_TARGET_DIR=/opt/rustwide/target" "-e" "CARGO_HOME=/opt/rustwide/cargo-home" "-e" "RUSTUP_HOME=/opt/rustwide/rustup-home" "-w" "/opt/rustwide/workdir" "-m" "1610612736" "--user" "0:0" "--network" "none" "ghcr.io/rust-lang/crates-build-env/linux@sha256:819108c5571ea2e421544af4d832f968d213c87fbe3707a016657f43d2f853bc" "/opt/rustwide/cargo-home/bin/cargo" "+nightly-2025-01-18" "metadata" "--no-deps" "--format-version=1", kill_on_drop: false }`
[INFO] [stdout] 675aacec1b8233595808087e602e06c89eee2dd3ce0d9cc127c3e4888a9107b1
[INFO] running `Command { std: "docker" "start" "-a" "675aacec1b8233595808087e602e06c89eee2dd3ce0d9cc127c3e4888a9107b1", kill_on_drop: false }`
[INFO] running `Command { std: "docker" "inspect" "675aacec1b8233595808087e602e06c89eee2dd3ce0d9cc127c3e4888a9107b1", kill_on_drop: false }`
[INFO] running `Command { std: "docker" "rm" "-f" "675aacec1b8233595808087e602e06c89eee2dd3ce0d9cc127c3e4888a9107b1", kill_on_drop: false }`
[INFO] [stdout] 675aacec1b8233595808087e602e06c89eee2dd3ce0d9cc127c3e4888a9107b1
[INFO] running `Command { std: "docker" "create" "-v" "/var/lib/crater-agent-workspace/builds/worker-2-tc2/target:/opt/rustwide/target:rw,Z" "-v" "/var/lib/crater-agent-workspace/builds/worker-2-tc2/source:/opt/rustwide/workdir:ro,Z" "-v" "/var/lib/crater-agent-workspace/cargo-home:/opt/rustwide/cargo-home:ro,Z" "-v" "/var/lib/crater-agent-workspace/rustup-home:/opt/rustwide/rustup-home:ro,Z" "-e" "SOURCE_DIR=/opt/rustwide/workdir" "-e" "CARGO_TARGET_DIR=/opt/rustwide/target" "-e" "CARGO_INCREMENTAL=0" "-e" "RUST_BACKTRACE=full" "-e" "RUSTFLAGS=--cap-lints=forbid -Zrandomize-layout" "-e" "RUSTDOCFLAGS=--cap-lints=forbid" "-e" "CARGO_HOME=/opt/rustwide/cargo-home" "-e" "RUSTUP_HOME=/opt/rustwide/rustup-home" "-w" "/opt/rustwide/workdir" "-m" "1610612736" "--user" "0:0" "--network" "none" "ghcr.io/rust-lang/crates-build-env/linux@sha256:819108c5571ea2e421544af4d832f968d213c87fbe3707a016657f43d2f853bc" "/opt/rustwide/cargo-home/bin/cargo" "+nightly-2025-01-18" "build" "--frozen" "--message-format=json", kill_on_drop: false }`
[INFO] [stdout] 7538ff6b4f792705f917f0eaa3142f214bbb3e7f81be56a62255ece5ca3b7b82
[INFO] running `Command { std: "docker" "start" "-a" "7538ff6b4f792705f917f0eaa3142f214bbb3e7f81be56a62255ece5ca3b7b82", kill_on_drop: false }`
[INFO] [stderr]    Compiling proc-macro2 v1.0.70
[INFO] [stderr]    Compiling unicode-ident v1.0.12
[INFO] [stderr]    Compiling utf8parse v0.2.1
[INFO] [stderr]    Compiling anstyle-query v1.0.1
[INFO] [stderr]    Compiling serde v1.0.193
[INFO] [stderr]    Compiling colorchoice v1.0.0
[INFO] [stderr]    Compiling memchr v2.6.4
[INFO] [stderr]    Compiling anstyle v1.0.4
[INFO] [stderr]    Compiling serde_json v1.0.108
[INFO] [stderr]    Compiling regex-syntax v0.8.2
[INFO] [stderr]    Compiling clap_lex v0.6.0
[INFO] [stderr]    Compiling heck v0.4.1
[INFO] [stderr]    Compiling itoa v1.0.9
[INFO] [stderr]    Compiling ryu v1.0.15
[INFO] [stderr]    Compiling anstyle-parse v0.2.3
[INFO] [stderr]    Compiling anstream v0.6.4
[INFO] [stderr]    Compiling aho-corasick v1.1.2
[INFO] [stderr]    Compiling clap_builder v4.4.11
[INFO] [stderr]    Compiling quote v1.0.33
[INFO] [stderr]    Compiling syn v2.0.39
[INFO] [stderr]    Compiling regex-automata v0.4.3
[INFO] [stderr]    Compiling clap_derive v4.4.7
[INFO] [stderr]    Compiling clap v4.4.11
[INFO] [stderr]    Compiling regex v1.10.2
[INFO] [stderr]    Compiling advent_of_code_2024 v0.1.0 (/opt/rustwide/workdir)
[INFO] [stdout] warning: unused variable: `input`
[INFO] [stdout]   --> src/day6/day6.rs:18:10
[INFO] [stdout]    |
[INFO] [stdout] 18 | fn part1(input: &Vec<String>) -> i32 {
[INFO] [stdout]    |          ^^^^^ help: if this is intentional, prefix it with an underscore: `_input`
[INFO] [stdout]    |
[INFO] [stdout]    = note: `#[warn(unused_variables)]` on by default
[INFO] [stdout] 
[INFO] [stdout] 
[INFO] [stdout] warning: unused variable: `input`
[INFO] [stdout]   --> src/day6/day6.rs:22:10
[INFO] [stdout]    |
[INFO] [stdout] 22 | fn part2(input: &Vec<String>) -> i32 {
[INFO] [stdout]    |          ^^^^^ help: if this is intentional, prefix it with an underscore: `_input`
[INFO] [stdout] 
[INFO] [stdout] 
[INFO] [stdout] warning: unused variable: `input`
[INFO] [stdout]   --> src/day7/day7.rs:18:10
[INFO] [stdout]    |
[INFO] [stdout] 18 | fn part1(input: &Vec<String>) -> i32 {
[INFO] [stdout]    |          ^^^^^ help: if this is intentional, prefix it with an underscore: `_input`
[INFO] [stdout] 
[INFO] [stdout] 
[INFO] [stdout] warning: unused variable: `input`
[INFO] [stdout]   --> src/day7/day7.rs:22:10
[INFO] [stdout]    |
[INFO] [stdout] 22 | fn part2(input: &Vec<String>) -> i32 {
[INFO] [stdout]    |          ^^^^^ help: if this is intentional, prefix it with an underscore: `_input`
[INFO] [stdout] 
[INFO] [stdout] 
[INFO] [stdout] warning: unused variable: `input`
[INFO] [stdout]   --> src/day8/day8.rs:18:10
[INFO] [stdout]    |
[INFO] [stdout] 18 | fn part1(input: &Vec<String>) -> i32 {
[INFO] [stdout]    |          ^^^^^ help: if this is intentional, prefix it with an underscore: `_input`
[INFO] [stdout] 
[INFO] [stdout] 
[INFO] [stdout] warning: unused variable: `input`
[INFO] [stdout]   --> src/day8/day8.rs:22:10
[INFO] [stdout]    |
[INFO] [stdout] 22 | fn part2(input: &Vec<String>) -> i32 {
[INFO] [stdout]    |          ^^^^^ help: if this is intentional, prefix it with an underscore: `_input`
[INFO] [stdout] 
[INFO] [stdout] 
[INFO] [stdout] warning: function `is_level_safe_part_2` is never used
[INFO] [stdout]   --> src/day2/day2.rs:84:4
[INFO] [stdout]    |
[INFO] [stdout] 84 | fn is_level_safe_part_2(level: &Vec<u32>, problem_dampener: bool) -> bool {
[INFO] [stdout]    |    ^^^^^^^^^^^^^^^^^^^^
[INFO] [stdout]    |
[INFO] [stdout]    = note: `#[warn(dead_code)]` on by default
[INFO] [stdout] 
[INFO] [stdout] 
[INFO] [stderr]     Finished `dev` profile [unoptimized + debuginfo] target(s) in 14.59s
[INFO] running `Command { std: "docker" "inspect" "7538ff6b4f792705f917f0eaa3142f214bbb3e7f81be56a62255ece5ca3b7b82", kill_on_drop: false }`
[INFO] running `Command { std: "docker" "rm" "-f" "7538ff6b4f792705f917f0eaa3142f214bbb3e7f81be56a62255ece5ca3b7b82", kill_on_drop: false }`
[INFO] [stdout] 7538ff6b4f792705f917f0eaa3142f214bbb3e7f81be56a62255ece5ca3b7b82
[INFO] running `Command { std: "docker" "create" "-v" "/var/lib/crater-agent-workspace/builds/worker-2-tc2/target:/opt/rustwide/target:rw,Z" "-v" "/var/lib/crater-agent-workspace/builds/worker-2-tc2/source:/opt/rustwide/workdir:ro,Z" "-v" "/var/lib/crater-agent-workspace/cargo-home:/opt/rustwide/cargo-home:ro,Z" "-v" "/var/lib/crater-agent-workspace/rustup-home:/opt/rustwide/rustup-home:ro,Z" "-e" "SOURCE_DIR=/opt/rustwide/workdir" "-e" "CARGO_TARGET_DIR=/opt/rustwide/target" "-e" "CARGO_INCREMENTAL=0" "-e" "RUST_BACKTRACE=full" "-e" "RUSTFLAGS=--cap-lints=forbid -Zrandomize-layout" "-e" "RUSTDOCFLAGS=--cap-lints=forbid" "-e" "CARGO_HOME=/opt/rustwide/cargo-home" "-e" "RUSTUP_HOME=/opt/rustwide/rustup-home" "-w" "/opt/rustwide/workdir" "-m" "1610612736" "--user" "0:0" "--network" "none" "ghcr.io/rust-lang/crates-build-env/linux@sha256:819108c5571ea2e421544af4d832f968d213c87fbe3707a016657f43d2f853bc" "/opt/rustwide/cargo-home/bin/cargo" "+nightly-2025-01-18" "test" "--frozen" "--no-run" "--message-format=json", kill_on_drop: false }`
[INFO] [stdout] 8a15daed9bb15af5ae3e7cf1275438ba38470ba20e337c569afb7d6c67254c96
[INFO] running `Command { std: "docker" "start" "-a" "8a15daed9bb15af5ae3e7cf1275438ba38470ba20e337c569afb7d6c67254c96", kill_on_drop: false }`
[INFO] [stderr]    Compiling advent_of_code_2024 v0.1.0 (/opt/rustwide/workdir)
[INFO] [stdout] warning: unused variable: `input`
[INFO] [stdout]   --> src/day6/day6.rs:18:10
[INFO] [stdout]    |
[INFO] [stdout] 18 | fn part1(input: &Vec<String>) -> i32 {
[INFO] [stdout]    |          ^^^^^ help: if this is intentional, prefix it with an underscore: `_input`
[INFO] [stdout]    |
[INFO] [stdout]    = note: `#[warn(unused_variables)]` on by default
[INFO] [stdout] 
[INFO] [stdout] 
[INFO] [stdout] warning: unused variable: `input`
[INFO] [stdout]   --> src/day6/day6.rs:22:10
[INFO] [stdout]    |
[INFO] [stdout] 22 | fn part2(input: &Vec<String>) -> i32 {
[INFO] [stdout]    |          ^^^^^ help: if this is intentional, prefix it with an underscore: `_input`
[INFO] [stdout] 
[INFO] [stdout] 
[INFO] [stdout] warning: unused variable: `input`
[INFO] [stdout]   --> src/day7/day7.rs:18:10
[INFO] [stdout]    |
[INFO] [stdout] 18 | fn part1(input: &Vec<String>) -> i32 {
[INFO] [stdout]    |          ^^^^^ help: if this is intentional, prefix it with an underscore: `_input`
[INFO] [stdout] 
[INFO] [stdout] 
[INFO] [stdout] warning: unused variable: `input`
[INFO] [stdout]   --> src/day7/day7.rs:22:10
[INFO] [stdout]    |
[INFO] [stdout] 22 | fn part2(input: &Vec<String>) -> i32 {
[INFO] [stdout]    |          ^^^^^ help: if this is intentional, prefix it with an underscore: `_input`
[INFO] [stdout] 
[INFO] [stdout] 
[INFO] [stdout] warning: unused variable: `input`
[INFO] [stdout]   --> src/day8/day8.rs:18:10
[INFO] [stdout]    |
[INFO] [stdout] 18 | fn part1(input: &Vec<String>) -> i32 {
[INFO] [stdout]    |          ^^^^^ help: if this is intentional, prefix it with an underscore: `_input`
[INFO] [stdout] 
[INFO] [stdout] 
[INFO] [stdout] warning: unused variable: `input`
[INFO] [stdout]   --> src/day8/day8.rs:22:10
[INFO] [stdout]    |
[INFO] [stdout] 22 | fn part2(input: &Vec<String>) -> i32 {
[INFO] [stdout]    |          ^^^^^ help: if this is intentional, prefix it with an underscore: `_input`
[INFO] [stdout] 
[INFO] [stdout] 
[INFO] [stdout] warning: function `is_level_safe_part_2` is never used
[INFO] [stdout]   --> src/day2/day2.rs:84:4
[INFO] [stdout]    |
[INFO] [stdout] 84 | fn is_level_safe_part_2(level: &Vec<u32>, problem_dampener: bool) -> bool {
[INFO] [stdout]    |    ^^^^^^^^^^^^^^^^^^^^
[INFO] [stdout]    |
[INFO] [stdout]    = note: `#[warn(dead_code)]` on by default
[INFO] [stdout] 
[INFO] [stdout] 
[INFO] [stderr]     Finished `test` profile [unoptimized + debuginfo] target(s) in 0.95s
[INFO] running `Command { std: "docker" "inspect" "8a15daed9bb15af5ae3e7cf1275438ba38470ba20e337c569afb7d6c67254c96", kill_on_drop: false }`
[INFO] running `Command { std: "docker" "rm" "-f" "8a15daed9bb15af5ae3e7cf1275438ba38470ba20e337c569afb7d6c67254c96", kill_on_drop: false }`
[INFO] [stdout] 8a15daed9bb15af5ae3e7cf1275438ba38470ba20e337c569afb7d6c67254c96
[INFO] running `Command { std: "docker" "create" "-v" "/var/lib/crater-agent-workspace/builds/worker-2-tc2/target:/opt/rustwide/target:rw,Z" "-v" "/var/lib/crater-agent-workspace/builds/worker-2-tc2/source:/opt/rustwide/workdir:ro,Z" "-v" "/var/lib/crater-agent-workspace/cargo-home:/opt/rustwide/cargo-home:ro,Z" "-v" "/var/lib/crater-agent-workspace/rustup-home:/opt/rustwide/rustup-home:ro,Z" "-e" "SOURCE_DIR=/opt/rustwide/workdir" "-e" "CARGO_TARGET_DIR=/opt/rustwide/target" "-e" "CARGO_INCREMENTAL=0" "-e" "RUST_BACKTRACE=full" "-e" "RUSTFLAGS=--cap-lints=forbid -Zrandomize-layout" "-e" "RUSTDOCFLAGS=--cap-lints=forbid" "-e" "CARGO_HOME=/opt/rustwide/cargo-home" "-e" "RUSTUP_HOME=/opt/rustwide/rustup-home" "-w" "/opt/rustwide/workdir" "-m" "1610612736" "--user" "0:0" "--network" "none" "ghcr.io/rust-lang/crates-build-env/linux@sha256:819108c5571ea2e421544af4d832f968d213c87fbe3707a016657f43d2f853bc" "/opt/rustwide/cargo-home/bin/cargo" "+nightly-2025-01-18" "test" "--frozen", kill_on_drop: false }`
[INFO] [stdout] 2c354b948298650e103dd0473426931c2ad8445a5ee046d4f16395ceecce4f91
[INFO] running `Command { std: "docker" "start" "-a" "2c354b948298650e103dd0473426931c2ad8445a5ee046d4f16395ceecce4f91", kill_on_drop: false }`
[INFO] [stderr] warning: unused variable: `input`
[INFO] [stderr]   --> src/day6/day6.rs:18:10
[INFO] [stderr]    |
[INFO] [stderr] 18 | fn part1(input: &Vec<String>) -> i32 {
[INFO] [stderr]    |          ^^^^^ help: if this is intentional, prefix it with an underscore: `_input`
[INFO] [stderr]    |
[INFO] [stderr]    = note: `#[warn(unused_variables)]` on by default
[INFO] [stderr] 
[INFO] [stderr] warning: unused variable: `input`
[INFO] [stderr]   --> src/day6/day6.rs:22:10
[INFO] [stderr]    |
[INFO] [stderr] 22 | fn part2(input: &Vec<String>) -> i32 {
[INFO] [stderr]    |          ^^^^^ help: if this is intentional, prefix it with an underscore: `_input`
[INFO] [stderr] 
[INFO] [stderr] warning: unused variable: `input`
[INFO] [stderr]   --> src/day7/day7.rs:18:10
[INFO] [stderr]    |
[INFO] [stderr] 18 | fn part1(input: &Vec<String>) -> i32 {
[INFO] [stderr]    |          ^^^^^ help: if this is intentional, prefix it with an underscore: `_input`
[INFO] [stderr] 
[INFO] [stderr] warning: unused variable: `input`
[INFO] [stderr]   --> src/day7/day7.rs:22:10
[INFO] [stderr]    |
[INFO] [stderr] 22 | fn part2(input: &Vec<String>) -> i32 {
[INFO] [stderr]    |          ^^^^^ help: if this is intentional, prefix it with an underscore: `_input`
[INFO] [stderr] 
[INFO] [stderr] warning: unused variable: `input`
[INFO] [stderr]   --> src/day8/day8.rs:18:10
[INFO] [stderr]    |
[INFO] [stderr] 18 | fn part1(input: &Vec<String>) -> i32 {
[INFO] [stderr]    |          ^^^^^ help: if this is intentional, prefix it with an underscore: `_input`
[INFO] [stderr] 
[INFO] [stderr] warning: unused variable: `input`
[INFO] [stderr]   --> src/day8/day8.rs:22:10
[INFO] [stderr]    |
[INFO] [stderr] 22 | fn part2(input: &Vec<String>) -> i32 {
[INFO] [stderr]    |          ^^^^^ help: if this is intentional, prefix it with an underscore: `_input`
[INFO] [stderr] 
[INFO] [stderr] warning: function `is_level_safe_part_2` is never used
[INFO] [stderr]   --> src/day2/day2.rs:84:4
[INFO] [stderr]    |
[INFO] [stderr] 84 | fn is_level_safe_part_2(level: &Vec<u32>, problem_dampener: bool) -> bool {
[INFO] [stderr]    |    ^^^^^^^^^^^^^^^^^^^^
[INFO] [stderr]    |
[INFO] [stderr]    = note: `#[warn(dead_code)]` on by default
[INFO] [stderr] 
[INFO] [stderr] warning: `advent_of_code_2024` (bin "advent_of_code_2024" test) generated 7 warnings
[INFO] [stderr]     Finished `test` profile [unoptimized + debuginfo] target(s) in 0.05s
[INFO] [stderr]      Running unittests src/main.rs (/opt/rustwide/target/debug/deps/advent_of_code_2024-5f51d014a58883f2)
[INFO] [stdout] 
[INFO] [stdout] running 28 tests
[INFO] [stdout] test day2::day2::tests::day2_part2_example_input ... ok
[INFO] [stdout] test day2::day2::tests::day2_part1_example_input ... ok
[INFO] [stdout] test day1::day1::tests::day1_part2_example_input ... ok
[INFO] [stdout] test day2::day2::tests::day2_part2_custom_input ... ok
[INFO] [stdout] test day1::day1::tests::day1_part1_custom_input ... ok
[INFO] [stdout] test day1::day1::tests::day1_part1_example_input ... ok
[INFO] [stdout] test day2::day2::tests::day2_part1_custom_input ... ok
[INFO] [stdout] test day5::day5::tests::day5_part1_example_input ... ok
[INFO] [stdout] test day6::day6::tests::day6_part1_custom_input ... ok
[INFO] [stdout] test day5::day5::tests::day5_part2_example_input ... ok
[INFO] [stdout] test day7::day7::tests::day7_part2_example_input ... ok
[INFO] [stdout] test day3::day3::tests::day3_part1_example_input ... ok
[INFO] [stdout] test day6::day6::tests::day6_part2_example_input ... ok
[INFO] [stdout] test day8::day8::tests::day8_part1_custom_input ... ok
[INFO] [stdout] test day3::day3::tests::day3_part1_custom_input ... ok
[INFO] [stdout] test day8::day8::tests::day8_part1_example_input ... ok
[INFO] [stdout] test day8::day8::tests::day8_part2_custom_input ... ok
[INFO] [stdout] test day8::day8::tests::day8_part2_example_input ... ok
[INFO] [stdout] test day6::day6::tests::day6_part2_custom_input ... ok
[INFO] [stdout] test day7::day7::tests::day7_part1_example_input ... ok
[INFO] [stdout] test day7::day7::tests::day7_part2_custom_input ... ok
[INFO] [stdout] test day7::day7::tests::day7_part1_custom_input ... ok
[INFO] [stdout] test day1::day1::tests::day1_part2_custom_input ... ok
[INFO] [stdout] test day3::day3::tests::day3_part2_example_input ... ok
[INFO] [stdout] test day5::day5::tests::day5_part1_custom_input ... ok
[INFO] [stdout] test day6::day6::tests::day6_part1_example_input ... FAILED
[INFO] [stdout] test day5::day5::tests::day5_part2_custom_input ... ok
[INFO] [stdout] test day3::day3::tests::day3_part2_custom_input ... ok
[INFO] [stdout] 
[INFO] [stdout] failures:
[INFO] [stdout] 
[INFO] [stdout] ---- day6::day6::tests::day6_part1_example_input stdout ----
[INFO] [stdout] 
[INFO] [stdout] thread 'day6::day6::tests::day6_part1_example_input' panicked at src/day6/day6.rs:37:9:
[INFO] [stdout] assertion failed: answer == EXPECTED_ANSWER
[INFO] [stdout] stack backtrace:
[INFO] [stdout]    0:     0x59bfba2fd9ca - std::backtrace_rs::backtrace::libunwind::trace::hb059275cfc8d6126
[INFO] [stdout]                                at /rustc/6067b36314ab5eb2eb47cecc464545ba58e1ad24/library/std/src/../../backtrace/src/backtrace/libunwind.rs:116:5
[INFO] [stdout]    1:     0x59bfba2fd9ca - std::backtrace_rs::backtrace::trace_unsynchronized::h2da071e4327ce3ee
[INFO] [stdout]                                at /rustc/6067b36314ab5eb2eb47cecc464545ba58e1ad24/library/std/src/../../backtrace/src/backtrace/mod.rs:66:5
[INFO] [stdout]    2:     0x59bfba2fd9ca - std::sys::backtrace::_print_fmt::h842a1474e6f8d23f
[INFO] [stdout]                                at /rustc/6067b36314ab5eb2eb47cecc464545ba58e1ad24/library/std/src/sys/backtrace.rs:66:9
[INFO] [stdout]    3:     0x59bfba2fd9ca - <std::sys::backtrace::BacktraceLock::print::DisplayBacktrace as core::fmt::Display>::fmt::h71a62eb3b9696b12
[INFO] [stdout]                                at /rustc/6067b36314ab5eb2eb47cecc464545ba58e1ad24/library/std/src/sys/backtrace.rs:39:26
[INFO] [stdout]    4:     0x59bfba325d13 - core::fmt::rt::Argument::fmt::hdb6b616786b41dc1
[INFO] [stdout]                                at /rustc/6067b36314ab5eb2eb47cecc464545ba58e1ad24/library/core/src/fmt/rt.rs:177:76
[INFO] [stdout]    5:     0x59bfba325d13 - core::fmt::write::h2cc1698af7e2d686
[INFO] [stdout]                                at /rustc/6067b36314ab5eb2eb47cecc464545ba58e1ad24/library/core/src/fmt/mod.rs:1440:21
[INFO] [stdout]    6:     0x59bfba2fa523 - std::io::Write::write_fmt::hab1b4cd059a79022
[INFO] [stdout]                                at /rustc/6067b36314ab5eb2eb47cecc464545ba58e1ad24/library/std/src/io/mod.rs:1887:15
[INFO] [stdout]    7:     0x59bfba2fd812 - std::sys::backtrace::BacktraceLock::print::h147fe35b4ea13b08
[INFO] [stdout]                                at /rustc/6067b36314ab5eb2eb47cecc464545ba58e1ad24/library/std/src/sys/backtrace.rs:42:9
[INFO] [stdout]    8:     0x59bfba2fedef - std::panicking::default_hook::{{closure}}::hbd44223dbdc0d208
[INFO] [stdout]                                at /rustc/6067b36314ab5eb2eb47cecc464545ba58e1ad24/library/std/src/panicking.rs:298:22
[INFO] [stdout]    9:     0x59bfba2fec08 - std::panicking::default_hook::h20f81eb0576efcec
[INFO] [stdout]                                at /rustc/6067b36314ab5eb2eb47cecc464545ba58e1ad24/library/std/src/panicking.rs:322:9
[INFO] [stdout]   10:     0x59bfba04b2c3 - <alloc::boxed::Box<F,A> as core::ops::function::Fn<Args>>::call::hdb53814c496a4d34
[INFO] [stdout]                                at /rustc/6067b36314ab5eb2eb47cecc464545ba58e1ad24/library/alloc/src/boxed.rs:2027:9
[INFO] [stdout]   11:     0x59bfba04b2c3 - test::test_main::{{closure}}::hc0a4963c59427c24
[INFO] [stdout]                                at /rustc/6067b36314ab5eb2eb47cecc464545ba58e1ad24/library/test/src/lib.rs:134:21
[INFO] [stdout]   12:     0x59bfba2ff8e3 - <alloc::boxed::Box<F,A> as core::ops::function::Fn<Args>>::call::h591b2225413a77e9
[INFO] [stdout]                                at /rustc/6067b36314ab5eb2eb47cecc464545ba58e1ad24/library/alloc/src/boxed.rs:2027:9
[INFO] [stdout]   13:     0x59bfba2ff8e3 - std::panicking::rust_panic_with_hook::h625eea43051b2edc
[INFO] [stdout]                                at /rustc/6067b36314ab5eb2eb47cecc464545ba58e1ad24/library/std/src/panicking.rs:839:13
[INFO] [stdout]   14:     0x59bfba2ff566 - std::panicking::begin_panic_handler::{{closure}}::h4f9159cfbc3f6bd3
[INFO] [stdout]                                at /rustc/6067b36314ab5eb2eb47cecc464545ba58e1ad24/library/std/src/panicking.rs:697:13
[INFO] [stdout]   15:     0x59bfba2fdec9 - std::sys::backtrace::__rust_end_short_backtrace::h0390abce48353151
[INFO] [stdout]                                at /rustc/6067b36314ab5eb2eb47cecc464545ba58e1ad24/library/std/src/sys/backtrace.rs:168:18
[INFO] [stdout]   16:     0x59bfba2ff22d - rust_begin_unwind
[INFO] [stdout]                                at /rustc/6067b36314ab5eb2eb47cecc464545ba58e1ad24/library/std/src/panicking.rs:695:5
[INFO] [stdout]   17:     0x59bfba3243a0 - core::panicking::panic_fmt::h9e7c637e9e5f29c9
[INFO] [stdout]                                at /rustc/6067b36314ab5eb2eb47cecc464545ba58e1ad24/library/core/src/panicking.rs:75:14
[INFO] [stdout]   18:     0x59bfba32442c - core::panicking::panic::haa3255ea20181a33
[INFO] [stdout]                                at /rustc/6067b36314ab5eb2eb47cecc464545ba58e1ad24/library/core/src/panicking.rs:145:5
[INFO] [stdout]   19:     0x59bfba00687b - advent_of_code_2024::day6::day6::tests::day6_part1_example_input::hd434586fb0413663
[INFO] [stdout]                                at /opt/rustwide/workdir/src/day6/day6.rs:37:9
[INFO] [stderr] error: test failed, to rerun pass `--bin advent_of_code_2024`
[INFO] [stdout]   20:     0x59bfba006817 - advent_of_code_2024::day6::day6::tests::day6_part1_example_input::{{closure}}::h078498347a4c39eb
[INFO] [stdout]                                at /opt/rustwide/workdir/src/day6/day6.rs:31:34
[INFO] [stdout]   21:     0x59bfba002a36 - core::ops::function::FnOnce::call_once::h21b31b71e0cf8bf1
[INFO] [stdout]                                at /rustc/6067b36314ab5eb2eb47cecc464545ba58e1ad24/library/core/src/ops/function.rs:250:5
[INFO] [stdout]   22:     0x59bfba050a1b - core::ops::function::FnOnce::call_once::he27718dfdd183f43
[INFO] [stdout]                                at /rustc/6067b36314ab5eb2eb47cecc464545ba58e1ad24/library/core/src/ops/function.rs:250:5
[INFO] [stdout]   23:     0x59bfba050a1b - test::__rust_begin_short_backtrace::h4e84902998457a5d
[INFO] [stdout]                                at /rustc/6067b36314ab5eb2eb47cecc464545ba58e1ad24/library/test/src/lib.rs:632:18
[INFO] [stdout]   24:     0x59bfba04f953 - test::run_test_in_process::{{closure}}::h7176fd18fc1feca0
[INFO] [stdout]                                at /rustc/6067b36314ab5eb2eb47cecc464545ba58e1ad24/library/test/src/lib.rs:655:60
[INFO] [stdout]   25:     0x59bfba04f953 - <core::panic::unwind_safe::AssertUnwindSafe<F> as core::ops::function::FnOnce<()>>::call_once::hf79cff2a624d8cf7
[INFO] [stdout]                                at /rustc/6067b36314ab5eb2eb47cecc464545ba58e1ad24/library/core/src/panic/unwind_safe.rs:272:9
[INFO] [stdout]   26:     0x59bfba04f953 - std::panicking::try::do_call::h3da0561d9ab99c25
[INFO] [stdout]                                at /rustc/6067b36314ab5eb2eb47cecc464545ba58e1ad24/library/std/src/panicking.rs:587:40
[INFO] [stdout]   27:     0x59bfba04f953 - std::panicking::try::h41c9fa508bc61df6
[INFO] [stdout]                                at /rustc/6067b36314ab5eb2eb47cecc464545ba58e1ad24/library/std/src/panicking.rs:550:19
[INFO] [stdout]   28:     0x59bfba04f953 - std::panic::catch_unwind::h6b3ff07bb5afad93
[INFO] [stdout]                                at /rustc/6067b36314ab5eb2eb47cecc464545ba58e1ad24/library/std/src/panic.rs:358:14
[INFO] [stdout]   29:     0x59bfba04f953 - test::run_test_in_process::hc7253dd11b39b9f4
[INFO] [stdout]                                at /rustc/6067b36314ab5eb2eb47cecc464545ba58e1ad24/library/test/src/lib.rs:655:27
[INFO] [stdout]   30:     0x59bfba04f953 - test::run_test::{{closure}}::hfb2007f8649c30bb
[INFO] [stdout]                                at /rustc/6067b36314ab5eb2eb47cecc464545ba58e1ad24/library/test/src/lib.rs:576:43
[INFO] [stdout]   31:     0x59bfba012a35 - test::run_test::{{closure}}::h56a17aa7a282a9f4
[INFO] [stdout]                                at /rustc/6067b36314ab5eb2eb47cecc464545ba58e1ad24/library/test/src/lib.rs:606:41
[INFO] [stdout]   32:     0x59bfba012a35 - std::sys::backtrace::__rust_begin_short_backtrace::hd2d2d2fb8e8c6aac
[INFO] [stdout]                                at /rustc/6067b36314ab5eb2eb47cecc464545ba58e1ad24/library/std/src/sys/backtrace.rs:152:18
[INFO] [stdout]   33:     0x59bfba01631a - std::thread::Builder::spawn_unchecked_::{{closure}}::{{closure}}::h4faa3f9db6133423
[INFO] [stdout]                                at /rustc/6067b36314ab5eb2eb47cecc464545ba58e1ad24/library/std/src/thread/mod.rs:559:17
[INFO] [stdout]   34:     0x59bfba01631a - <core::panic::unwind_safe::AssertUnwindSafe<F> as core::ops::function::FnOnce<()>>::call_once::hf2e855a36a4ea846
[INFO] [stdout]                                at /rustc/6067b36314ab5eb2eb47cecc464545ba58e1ad24/library/core/src/panic/unwind_safe.rs:272:9
[INFO] [stdout]   35:     0x59bfba01631a - std::panicking::try::do_call::h2f73af3616c35465
[INFO] [stdout]                                at /rustc/6067b36314ab5eb2eb47cecc464545ba58e1ad24/library/std/src/panicking.rs:587:40
[INFO] [stdout]   36:     0x59bfba01631a - std::panicking::try::hd1660ce9efadef5a
[INFO] [stdout]                                at /rustc/6067b36314ab5eb2eb47cecc464545ba58e1ad24/library/std/src/panicking.rs:550:19
[INFO] [stdout]   37:     0x59bfba01631a - std::panic::catch_unwind::h5ee8d7823b8ca744
[INFO] [stdout]                                at /rustc/6067b36314ab5eb2eb47cecc464545ba58e1ad24/library/std/src/panic.rs:358:14
[INFO] [stdout]   38:     0x59bfba01631a - std::thread::Builder::spawn_unchecked_::{{closure}}::h53c3a1894dce8407
[INFO] [stdout]                                at /rustc/6067b36314ab5eb2eb47cecc464545ba58e1ad24/library/std/src/thread/mod.rs:557:30
[INFO] [stdout]   39:     0x59bfba01631a - core::ops::function::FnOnce::call_once{{vtable.shim}}::h048ce291ad4f62bf
[INFO] [stdout]                                at /rustc/6067b36314ab5eb2eb47cecc464545ba58e1ad24/library/core/src/ops/function.rs:250:5
[INFO] [stdout]   40:     0x59bfba30381b - <alloc::boxed::Box<F,A> as core::ops::function::FnOnce<Args>>::call_once::ha52bedf99a3b4981
[INFO] [stdout]                                at /rustc/6067b36314ab5eb2eb47cecc464545ba58e1ad24/library/alloc/src/boxed.rs:2013:9
[INFO] [stdout]   41:     0x59bfba30381b - <alloc::boxed::Box<F,A> as core::ops::function::FnOnce<Args>>::call_once::h567748934d80ccf8
[INFO] [stdout]                                at /rustc/6067b36314ab5eb2eb47cecc464545ba58e1ad24/library/alloc/src/boxed.rs:2013:9
[INFO] [stdout]   42:     0x59bfba30381b - std::sys::pal::unix::thread::Thread::new::thread_start::h2d970728ae887adc
[INFO] [stdout]                                at /rustc/6067b36314ab5eb2eb47cecc464545ba58e1ad24/library/std/src/sys/pal/unix/thread.rs:106:17
[INFO] [stdout]   43:     0x79e857341ac3 - <unknown>
[INFO] [stdout]   44:     0x79e8573d2a04 - clone
[INFO] [stdout]   45:                0x0 - <unknown>
[INFO] [stdout] 
[INFO] [stdout] 
[INFO] [stdout] failures:
[INFO] [stdout]     day6::day6::tests::day6_part1_example_input
[INFO] [stdout] 
[INFO] [stdout] test result: FAILED. 27 passed; 1 failed; 0 ignored; 0 measured; 0 filtered out; finished in 0.28s
[INFO] [stdout] 
[INFO] running `Command { std: "docker" "inspect" "2c354b948298650e103dd0473426931c2ad8445a5ee046d4f16395ceecce4f91", kill_on_drop: false }`
[INFO] running `Command { std: "docker" "rm" "-f" "2c354b948298650e103dd0473426931c2ad8445a5ee046d4f16395ceecce4f91", kill_on_drop: false }`
[INFO] [stdout] 2c354b948298650e103dd0473426931c2ad8445a5ee046d4f16395ceecce4f91
