[INFO] cloning repository https://github.com/alelavelli/advent-of-code-2022
[INFO] running `Command { std: "git" "-c" "credential.helper=" "-c" "credential.helper=/workspace/cargo-home/bin/git-credential-null" "clone" "--bare" "https://github.com/alelavelli/advent-of-code-2022" "/workspace/cache/git-repos/https%3A%2F%2Fgithub.com%2Falelavelli%2Fadvent-of-code-2022", kill_on_drop: false }`
[INFO] [stderr] Cloning into bare repository '/workspace/cache/git-repos/https%3A%2F%2Fgithub.com%2Falelavelli%2Fadvent-of-code-2022'...
[INFO] running `Command { std: "git" "rev-parse" "HEAD", kill_on_drop: false }`
[INFO] [stdout] 057254bf10a4139f58c0123b03799a463758f458
[INFO] testing alelavelli/advent-of-code-2022 against nightly-2025-01-18+rustflags=-Zrandomize-layout for randomize-layout-2
[INFO] running `Command { std: "git" "clone" "/workspace/cache/git-repos/https%3A%2F%2Fgithub.com%2Falelavelli%2Fadvent-of-code-2022" "/workspace/builds/worker-4-tc2/source", kill_on_drop: false }`
[INFO] [stderr] Cloning into '/workspace/builds/worker-4-tc2/source'...
[INFO] [stderr] done.
[INFO] validating manifest of git repo https://github.com/alelavelli/advent-of-code-2022 on toolchain nightly-2025-01-18
[INFO] running `Command { std: CARGO_HOME="/workspace/cargo-home" RUSTUP_HOME="/workspace/rustup-home" "/workspace/cargo-home/bin/cargo" "+nightly-2025-01-18" "metadata" "--manifest-path" "Cargo.toml" "--no-deps", kill_on_drop: false }`
[INFO] started tweaking git repo https://github.com/alelavelli/advent-of-code-2022
[INFO] finished tweaking git repo https://github.com/alelavelli/advent-of-code-2022
[INFO] tweaked toml for git repo https://github.com/alelavelli/advent-of-code-2022 written to /workspace/builds/worker-4-tc2/source/Cargo.toml
[INFO] crate git repo https://github.com/alelavelli/advent-of-code-2022 already has a lockfile, it will not be regenerated
[INFO] running `Command { std: CARGO_HOME="/workspace/cargo-home" RUSTUP_HOME="/workspace/rustup-home" "/workspace/cargo-home/bin/cargo" "+nightly-2025-01-18" "fetch" "--manifest-path" "Cargo.toml", kill_on_drop: false }`
[INFO] running `Command { std: "docker" "create" "-v" "/var/lib/crater-agent-workspace/builds/worker-4-tc2/target:/opt/rustwide/target:rw,Z" "-v" "/var/lib/crater-agent-workspace/builds/worker-4-tc2/source:/opt/rustwide/workdir:ro,Z" "-v" "/var/lib/crater-agent-workspace/cargo-home:/opt/rustwide/cargo-home:ro,Z" "-v" "/var/lib/crater-agent-workspace/rustup-home:/opt/rustwide/rustup-home:ro,Z" "-e" "SOURCE_DIR=/opt/rustwide/workdir" "-e" "CARGO_TARGET_DIR=/opt/rustwide/target" "-e" "CARGO_HOME=/opt/rustwide/cargo-home" "-e" "RUSTUP_HOME=/opt/rustwide/rustup-home" "-w" "/opt/rustwide/workdir" "-m" "1610612736" "--user" "0:0" "--network" "none" "ghcr.io/rust-lang/crates-build-env/linux@sha256:819108c5571ea2e421544af4d832f968d213c87fbe3707a016657f43d2f853bc" "/opt/rustwide/cargo-home/bin/cargo" "+nightly-2025-01-18" "metadata" "--no-deps" "--format-version=1", kill_on_drop: false }`
[INFO] [stdout] e89810923c517caf15e711eda7bcb1923a6cd3145d89a1019f8728aff44f1558
[INFO] running `Command { std: "docker" "start" "-a" "e89810923c517caf15e711eda7bcb1923a6cd3145d89a1019f8728aff44f1558", kill_on_drop: false }`
[INFO] running `Command { std: "docker" "inspect" "e89810923c517caf15e711eda7bcb1923a6cd3145d89a1019f8728aff44f1558", kill_on_drop: false }`
[INFO] running `Command { std: "docker" "rm" "-f" "e89810923c517caf15e711eda7bcb1923a6cd3145d89a1019f8728aff44f1558", kill_on_drop: false }`
[INFO] [stdout] e89810923c517caf15e711eda7bcb1923a6cd3145d89a1019f8728aff44f1558
[INFO] running `Command { std: "docker" "create" "-v" "/var/lib/crater-agent-workspace/builds/worker-4-tc2/target:/opt/rustwide/target:rw,Z" "-v" "/var/lib/crater-agent-workspace/builds/worker-4-tc2/source:/opt/rustwide/workdir:ro,Z" "-v" "/var/lib/crater-agent-workspace/cargo-home:/opt/rustwide/cargo-home:ro,Z" "-v" "/var/lib/crater-agent-workspace/rustup-home:/opt/rustwide/rustup-home:ro,Z" "-e" "SOURCE_DIR=/opt/rustwide/workdir" "-e" "CARGO_TARGET_DIR=/opt/rustwide/target" "-e" "CARGO_INCREMENTAL=0" "-e" "RUST_BACKTRACE=full" "-e" "RUSTFLAGS=--cap-lints=forbid -Zrandomize-layout" "-e" "RUSTDOCFLAGS=--cap-lints=forbid" "-e" "CARGO_HOME=/opt/rustwide/cargo-home" "-e" "RUSTUP_HOME=/opt/rustwide/rustup-home" "-w" "/opt/rustwide/workdir" "-m" "1610612736" "--user" "0:0" "--network" "none" "ghcr.io/rust-lang/crates-build-env/linux@sha256:819108c5571ea2e421544af4d832f968d213c87fbe3707a016657f43d2f853bc" "/opt/rustwide/cargo-home/bin/cargo" "+nightly-2025-01-18" "build" "--frozen" "--message-format=json", kill_on_drop: false }`
[INFO] [stdout] 068b28ea4a0d1ffde86ff4b55fd124f3f02fa79f961403a775d64c60bea8af41
[INFO] running `Command { std: "docker" "start" "-a" "068b28ea4a0d1ffde86ff4b55fd124f3f02fa79f961403a775d64c60bea8af41", kill_on_drop: false }`
[INFO] [stderr]    Compiling proc-macro2 v1.0.74
[INFO] [stderr]    Compiling num-traits v0.2.17
[INFO] [stderr]    Compiling unicode-ident v1.0.12
[INFO] [stderr]    Compiling libc v0.2.151
[INFO] [stderr]    Compiling utf8parse v0.2.1
[INFO] [stderr]    Compiling matrixmultiply v0.3.8
[INFO] [stderr]    Compiling num-integer v0.1.45
[INFO] [stderr]    Compiling anstyle-query v1.0.2
[INFO] [stderr]    Compiling colorchoice v1.0.0
[INFO] [stderr]    Compiling anstyle-parse v0.2.3
[INFO] [stderr]    Compiling memchr v2.7.1
[INFO] [stderr]    Compiling rustix v0.38.28
[INFO] [stderr]    Compiling heck v0.4.1
[INFO] [stderr]    Compiling anstyle v1.0.4
[INFO] [stderr]    Compiling anstream v0.6.5
[INFO] [stderr]    Compiling indexmap v1.9.3
[INFO] [stderr]    Compiling rustversion v1.0.14
[INFO] [stderr]    Compiling clap_lex v0.6.0
[INFO] [stderr]    Compiling regex-syntax v0.8.2
[INFO] [stderr]    Compiling aho-corasick v1.1.2
[INFO] [stderr]    Compiling linux-raw-sys v0.4.12
[INFO] [stderr]    Compiling quote v1.0.35
[INFO] [stderr]    Compiling getrandom v0.2.12
[INFO] [stderr]    Compiling rand_core v0.6.4
[INFO] [stderr]    Compiling syn v2.0.46
[INFO] [stderr]    Compiling strsim v0.10.0
[INFO] [stderr]    Compiling rawpointer v0.2.1
[INFO] [stderr]    Compiling bitflags v2.4.1
[INFO] [stderr]    Compiling rand_chacha v0.3.1
[INFO] [stderr]    Compiling clap_builder v4.4.12
[INFO] [stderr]    Compiling num-complex v0.4.4
[INFO] [stderr]    Compiling log v0.4.20
[INFO] [stderr]    Compiling either v1.9.0
[INFO] [stderr]    Compiling hashbrown v0.12.3
[INFO] [stderr]    Compiling itertools v0.10.5
[INFO] [stderr]    Compiling regex-automata v0.4.3
[INFO] [stderr]    Compiling ndarray v0.15.6
[INFO] [stderr]    Compiling is-terminal v0.4.10
[INFO] [stderr]    Compiling noisy_float v0.2.0
[INFO] [stderr]    Compiling rand v0.8.5
[INFO] [stderr]    Compiling humantime v2.1.0
[INFO] [stderr]    Compiling termcolor v1.4.0
[INFO] [stderr]    Compiling strum v0.25.0
[INFO] [stderr]    Compiling regex v1.10.2
[INFO] [stderr]    Compiling env_logger v0.10.1
[INFO] [stderr]    Compiling clap_derive v4.4.7
[INFO] [stderr]    Compiling strum_macros v0.25.3
[INFO] [stderr]    Compiling ndarray-stats v0.5.1
[INFO] [stderr]    Compiling clap v4.4.12
[INFO] [stderr]    Compiling clap-verbosity-flag v2.1.1
[INFO] [stderr]    Compiling advent-of-code-template v0.1.0 (/opt/rustwide/workdir)
[INFO] [stderr]     Finished `dev` profile [unoptimized + debuginfo] target(s) in 43.26s
[INFO] running `Command { std: "docker" "inspect" "068b28ea4a0d1ffde86ff4b55fd124f3f02fa79f961403a775d64c60bea8af41", kill_on_drop: false }`
[INFO] running `Command { std: "docker" "rm" "-f" "068b28ea4a0d1ffde86ff4b55fd124f3f02fa79f961403a775d64c60bea8af41", kill_on_drop: false }`
[INFO] [stdout] 068b28ea4a0d1ffde86ff4b55fd124f3f02fa79f961403a775d64c60bea8af41
[INFO] running `Command { std: "docker" "create" "-v" "/var/lib/crater-agent-workspace/builds/worker-4-tc2/target:/opt/rustwide/target:rw,Z" "-v" "/var/lib/crater-agent-workspace/builds/worker-4-tc2/source:/opt/rustwide/workdir:ro,Z" "-v" "/var/lib/crater-agent-workspace/cargo-home:/opt/rustwide/cargo-home:ro,Z" "-v" "/var/lib/crater-agent-workspace/rustup-home:/opt/rustwide/rustup-home:ro,Z" "-e" "SOURCE_DIR=/opt/rustwide/workdir" "-e" "CARGO_TARGET_DIR=/opt/rustwide/target" "-e" "CARGO_INCREMENTAL=0" "-e" "RUST_BACKTRACE=full" "-e" "RUSTFLAGS=--cap-lints=forbid -Zrandomize-layout" "-e" "RUSTDOCFLAGS=--cap-lints=forbid" "-e" "CARGO_HOME=/opt/rustwide/cargo-home" "-e" "RUSTUP_HOME=/opt/rustwide/rustup-home" "-w" "/opt/rustwide/workdir" "-m" "1610612736" "--user" "0:0" "--network" "none" "ghcr.io/rust-lang/crates-build-env/linux@sha256:819108c5571ea2e421544af4d832f968d213c87fbe3707a016657f43d2f853bc" "/opt/rustwide/cargo-home/bin/cargo" "+nightly-2025-01-18" "test" "--frozen" "--no-run" "--message-format=json", kill_on_drop: false }`
[INFO] [stdout] e13b37322326da145071d14a0128383cc1ae040cc740d90209c09db5bab4ce0c
[INFO] running `Command { std: "docker" "start" "-a" "e13b37322326da145071d14a0128383cc1ae040cc740d90209c09db5bab4ce0c", kill_on_drop: false }`
[INFO] [stderr]    Compiling advent-of-code-template v0.1.0 (/opt/rustwide/workdir)
[INFO] [stderr]     Finished `test` profile [unoptimized + debuginfo] target(s) in 3.68s
[INFO] running `Command { std: "docker" "inspect" "e13b37322326da145071d14a0128383cc1ae040cc740d90209c09db5bab4ce0c", kill_on_drop: false }`
[INFO] running `Command { std: "docker" "rm" "-f" "e13b37322326da145071d14a0128383cc1ae040cc740d90209c09db5bab4ce0c", kill_on_drop: false }`
[INFO] [stdout] e13b37322326da145071d14a0128383cc1ae040cc740d90209c09db5bab4ce0c
[INFO] running `Command { std: "docker" "create" "-v" "/var/lib/crater-agent-workspace/builds/worker-4-tc2/target:/opt/rustwide/target:rw,Z" "-v" "/var/lib/crater-agent-workspace/builds/worker-4-tc2/source:/opt/rustwide/workdir:ro,Z" "-v" "/var/lib/crater-agent-workspace/cargo-home:/opt/rustwide/cargo-home:ro,Z" "-v" "/var/lib/crater-agent-workspace/rustup-home:/opt/rustwide/rustup-home:ro,Z" "-e" "SOURCE_DIR=/opt/rustwide/workdir" "-e" "CARGO_TARGET_DIR=/opt/rustwide/target" "-e" "CARGO_INCREMENTAL=0" "-e" "RUST_BACKTRACE=full" "-e" "RUSTFLAGS=--cap-lints=forbid -Zrandomize-layout" "-e" "RUSTDOCFLAGS=--cap-lints=forbid" "-e" "CARGO_HOME=/opt/rustwide/cargo-home" "-e" "RUSTUP_HOME=/opt/rustwide/rustup-home" "-w" "/opt/rustwide/workdir" "-m" "1610612736" "--user" "0:0" "--network" "none" "ghcr.io/rust-lang/crates-build-env/linux@sha256:819108c5571ea2e421544af4d832f968d213c87fbe3707a016657f43d2f853bc" "/opt/rustwide/cargo-home/bin/cargo" "+nightly-2025-01-18" "test" "--frozen", kill_on_drop: false }`
[INFO] [stdout] b1e527c67e0b3ee2617a0ee1e0562e57367ea803edc55fe9ceafa9e1c3ae937e
[INFO] running `Command { std: "docker" "start" "-a" "b1e527c67e0b3ee2617a0ee1e0562e57367ea803edc55fe9ceafa9e1c3ae937e", kill_on_drop: false }`
[INFO] [stderr]     Finished `test` profile [unoptimized + debuginfo] target(s) in 0.08s
[INFO] [stderr]      Running unittests src/lib.rs (/opt/rustwide/target/debug/deps/advent_of_code_template-e36f6911114c0394)
[INFO] [stdout] 
[INFO] [stdout] running 51 tests
[INFO] [stdout] test day_01::test::test_pt1 ... ok
[INFO] [stdout] test day_01::test::test_pt2 ... ok
[INFO] [stdout] test day_02::test::test_pt1 ... ok
[INFO] [stdout] test day_03::test::test_pt1 ... ok
[INFO] [stdout] test day_02::test::test_pt2 ... ok
[INFO] [stdout] test day_04::test::test_pt2 ... ok
[INFO] [stdout] test day_04::test::test_pt1 ... ok
[INFO] [stdout] test day_03::test::test_pt2 ... ok
[INFO] [stdout] test day_07::test::test_pt2 ... ok
[INFO] [stdout] test day_08::test::test_pt2 ... ok
[INFO] [stdout] test day_09::test::test_pt1 ... ok
[INFO] [stdout] test day_09::test::test_pt2 ... ok
[INFO] [stdout] test day_06::test::test_pt2 ... ok
[INFO] [stdout] test day_10::test::test_pt2 ... ok
[INFO] [stdout] test day_08::test::test_pt1 ... ok
[INFO] [stdout] test day_12::test::test_pt1 ... ok
[INFO] [stdout] test day_11::test::test_pt1 ... ok
[INFO] [stdout] test day_13::test::test_pt1 ... ok
[INFO] [stdout] test day_07::test::test_pt1 ... ok
[INFO] [stdout] test day_14::test::test_pt1 ... ok
[INFO] [stdout] test day_10::test::test_pt1 ... ok
[INFO] [stdout] test day_14::test::test_pt2 ... ok
[INFO] [stdout] test day_06::test::test_pt1 ... ok
[INFO] [stdout] test day_12::test::test_pt2 ... ok
[INFO] [stdout] test day_05::test::test_pt2 ... ok
[INFO] [stdout] test day_05::test::test_pt1 ... ok
[INFO] [stdout] test day_13::test::test_pt2 ... ok
[INFO] [stdout] test day_15::test::test_pt2 ... ok
[INFO] [stdout] test day_18::test::test_pt1 ... FAILED
[INFO] [stdout] test day_17::test::test_pt2 ... ok
[INFO] [stdout] test day_17::test::test_pt1 ... ok
[INFO] [stdout] test day_18::test::test_pt2 ... FAILED
[INFO] [stdout] test day_19::test::test_pt1 ... FAILED
[INFO] [stdout] test day_19::test::test_pt2 ... FAILED
[INFO] [stdout] test day_20::test::test_pt2 ... FAILED
[INFO] [stdout] test day_21::test::test_pt1 ... FAILED
[INFO] [stdout] test day_21::test::test_pt2 ... FAILED
[INFO] [stdout] test day_22::test::test_pt2 ... FAILED
[INFO] [stdout] test day_22::test::test_pt1 ... FAILED
[INFO] [stdout] test day_23::test::test_pt1 ... FAILED
[INFO] [stdout] test day_23::test::test_pt2 ... FAILED
[INFO] [stdout] test day_24::test::test_pt1 ... FAILED
[INFO] [stdout] test day_24::test::test_pt2 ... FAILED
[INFO] [stdout] test day_25::test::test_pt1 ... FAILED
[INFO] [stdout] test day_15::test::test_pt1 ... ok
[INFO] [stdout] test day_25::test::test_pt2 ... FAILED
[INFO] [stdout] test day_20::test::test_pt1 ... FAILED
[INFO] [stdout] test day_16::test::test_pt1 ... ok
[INFO] [stdout] test day_16::test::test_pt2 ... ok
[INFO] [stdout] test day_17::test::test_pt2_actual ... FAILED
[INFO] [stderr] error: test failed, to rerun pass `--lib`
[INFO] [stdout] test day_11::test::test_pt2 ... ok
[INFO] [stdout] 
[INFO] [stdout] failures:
[INFO] [stdout] 
[INFO] [stdout] ---- day_18::test::test_pt1 stdout ----
[INFO] [stdout] Error: Os { code: 21, kind: IsADirectory, message: "Is a directory" }
[INFO] [stdout] 
[INFO] [stdout] ---- day_18::test::test_pt2 stdout ----
[INFO] [stdout] Error: Os { code: 21, kind: IsADirectory, message: "Is a directory" }
[INFO] [stdout] 
[INFO] [stdout] ---- day_19::test::test_pt1 stdout ----
[INFO] [stdout] Error: Os { code: 21, kind: IsADirectory, message: "Is a directory" }
[INFO] [stdout] 
[INFO] [stdout] ---- day_19::test::test_pt2 stdout ----
[INFO] [stdout] Error: Os { code: 21, kind: IsADirectory, message: "Is a directory" }
[INFO] [stdout] 
[INFO] [stdout] ---- day_20::test::test_pt2 stdout ----
[INFO] [stdout] Error: Os { code: 21, kind: IsADirectory, message: "Is a directory" }
[INFO] [stdout] 
[INFO] [stdout] ---- day_21::test::test_pt1 stdout ----
[INFO] [stdout] Error: Os { code: 21, kind: IsADirectory, message: "Is a directory" }
[INFO] [stdout] 
[INFO] [stdout] ---- day_21::test::test_pt2 stdout ----
[INFO] [stdout] Error: Os { code: 21, kind: IsADirectory, message: "Is a directory" }
[INFO] [stdout] 
[INFO] [stdout] ---- day_22::test::test_pt2 stdout ----
[INFO] [stdout] Error: Os { code: 21, kind: IsADirectory, message: "Is a directory" }
[INFO] [stdout] 
[INFO] [stdout] ---- day_22::test::test_pt1 stdout ----
[INFO] [stdout] Error: Os { code: 21, kind: IsADirectory, message: "Is a directory" }
[INFO] [stdout] 
[INFO] [stdout] ---- day_23::test::test_pt1 stdout ----
[INFO] [stdout] Error: Os { code: 21, kind: IsADirectory, message: "Is a directory" }
[INFO] [stdout] 
[INFO] [stdout] ---- day_23::test::test_pt2 stdout ----
[INFO] [stdout] Error: Os { code: 21, kind: IsADirectory, message: "Is a directory" }
[INFO] [stdout] 
[INFO] [stdout] ---- day_24::test::test_pt1 stdout ----
[INFO] [stdout] Error: Os { code: 21, kind: IsADirectory, message: "Is a directory" }
[INFO] [stdout] 
[INFO] [stdout] ---- day_24::test::test_pt2 stdout ----
[INFO] [stdout] Error: Os { code: 21, kind: IsADirectory, message: "Is a directory" }
[INFO] [stdout] 
[INFO] [stdout] ---- day_25::test::test_pt1 stdout ----
[INFO] [stdout] Error: Os { code: 21, kind: IsADirectory, message: "Is a directory" }
[INFO] [stdout] 
[INFO] [stdout] ---- day_25::test::test_pt2 stdout ----
[INFO] [stdout] Error: Os { code: 21, kind: IsADirectory, message: "Is a directory" }
[INFO] [stdout] 
[INFO] [stdout] ---- day_20::test::test_pt1 stdout ----
[INFO] [stdout] Error: Os { code: 21, kind: IsADirectory, message: "Is a directory" }
[INFO] [stdout] 
[INFO] [stdout] ---- day_17::test::test_pt2_actual stdout ----
[INFO] [stdout] 
[INFO] [stdout] thread 'day_17::test::test_pt2_actual' panicked at src/day_17.rs:456:9:
[INFO] [stdout] assertion `left == right` failed
[INFO] [stdout]   left: "1562536022966"
[INFO] [stdout]  right: "1562536022967"
[INFO] [stdout] stack backtrace:
[INFO] [stdout]    0:     0x5a64d79937da - std::backtrace_rs::backtrace::libunwind::trace::hb059275cfc8d6126
[INFO] [stdout]                                at /rustc/6067b36314ab5eb2eb47cecc464545ba58e1ad24/library/std/src/../../backtrace/src/backtrace/libunwind.rs:116:5
[INFO] [stdout]    1:     0x5a64d79937da - std::backtrace_rs::backtrace::trace_unsynchronized::h2da071e4327ce3ee
[INFO] [stdout]                                at /rustc/6067b36314ab5eb2eb47cecc464545ba58e1ad24/library/std/src/../../backtrace/src/backtrace/mod.rs:66:5
[INFO] [stdout]    2:     0x5a64d79937da - std::sys::backtrace::_print_fmt::h842a1474e6f8d23f
[INFO] [stdout]                                at /rustc/6067b36314ab5eb2eb47cecc464545ba58e1ad24/library/std/src/sys/backtrace.rs:66:9
[INFO] [stdout]    3:     0x5a64d79937da - <std::sys::backtrace::BacktraceLock::print::DisplayBacktrace as core::fmt::Display>::fmt::h71a62eb3b9696b12
[INFO] [stdout]                                at /rustc/6067b36314ab5eb2eb47cecc464545ba58e1ad24/library/std/src/sys/backtrace.rs:39:26
[INFO] [stdout]    4:     0x5a64d79bc6b3 - core::fmt::rt::Argument::fmt::hdb6b616786b41dc1
[INFO] [stdout]                                at /rustc/6067b36314ab5eb2eb47cecc464545ba58e1ad24/library/core/src/fmt/rt.rs:177:76
[INFO] [stdout]    5:     0x5a64d79bc6b3 - core::fmt::write::h2cc1698af7e2d686
[INFO] [stdout]                                at /rustc/6067b36314ab5eb2eb47cecc464545ba58e1ad24/library/core/src/fmt/mod.rs:1440:21
[INFO] [stdout]    6:     0x5a64d7990333 - std::io::Write::write_fmt::hab1b4cd059a79022
[INFO] [stdout]                                at /rustc/6067b36314ab5eb2eb47cecc464545ba58e1ad24/library/std/src/io/mod.rs:1887:15
[INFO] [stdout]    7:     0x5a64d7993622 - std::sys::backtrace::BacktraceLock::print::h147fe35b4ea13b08
[INFO] [stdout]                                at /rustc/6067b36314ab5eb2eb47cecc464545ba58e1ad24/library/std/src/sys/backtrace.rs:42:9
[INFO] [stdout]    8:     0x5a64d7994bff - std::panicking::default_hook::{{closure}}::hbd44223dbdc0d208
[INFO] [stdout]                                at /rustc/6067b36314ab5eb2eb47cecc464545ba58e1ad24/library/std/src/panicking.rs:298:22
[INFO] [stdout]    9:     0x5a64d7994a18 - std::panicking::default_hook::h20f81eb0576efcec
[INFO] [stdout]                                at /rustc/6067b36314ab5eb2eb47cecc464545ba58e1ad24/library/std/src/panicking.rs:322:9
[INFO] [stdout]   10:     0x5a64d76d9a03 - <alloc::boxed::Box<F,A> as core::ops::function::Fn<Args>>::call::hdb53814c496a4d34
[INFO] [stdout]                                at /rustc/6067b36314ab5eb2eb47cecc464545ba58e1ad24/library/alloc/src/boxed.rs:2027:9
[INFO] [stdout]   11:     0x5a64d76d9a03 - test::test_main::{{closure}}::hc0a4963c59427c24
[INFO] [stdout]                                at /rustc/6067b36314ab5eb2eb47cecc464545ba58e1ad24/library/test/src/lib.rs:134:21
[INFO] [stdout]   12:     0x5a64d79956f3 - <alloc::boxed::Box<F,A> as core::ops::function::Fn<Args>>::call::h591b2225413a77e9
[INFO] [stdout]                                at /rustc/6067b36314ab5eb2eb47cecc464545ba58e1ad24/library/alloc/src/boxed.rs:2027:9
[INFO] [stdout]   13:     0x5a64d79956f3 - std::panicking::rust_panic_with_hook::h625eea43051b2edc
[INFO] [stdout]                                at /rustc/6067b36314ab5eb2eb47cecc464545ba58e1ad24/library/std/src/panicking.rs:839:13
[INFO] [stdout]   14:     0x5a64d79953aa - std::panicking::begin_panic_handler::{{closure}}::h4f9159cfbc3f6bd3
[INFO] [stdout]                                at /rustc/6067b36314ab5eb2eb47cecc464545ba58e1ad24/library/std/src/panicking.rs:704:13
[INFO] [stdout]   15:     0x5a64d7993cd9 - std::sys::backtrace::__rust_end_short_backtrace::h0390abce48353151
[INFO] [stdout]                                at /rustc/6067b36314ab5eb2eb47cecc464545ba58e1ad24/library/std/src/sys/backtrace.rs:168:18
[INFO] [stdout]   16:     0x5a64d799503d - rust_begin_unwind
[INFO] [stdout]                                at /rustc/6067b36314ab5eb2eb47cecc464545ba58e1ad24/library/std/src/panicking.rs:695:5
[INFO] [stdout]   17:     0x5a64d79ba110 - core::panicking::panic_fmt::h9e7c637e9e5f29c9
[INFO] [stdout]                                at /rustc/6067b36314ab5eb2eb47cecc464545ba58e1ad24/library/core/src/panicking.rs:75:14
[INFO] [stdout]   18:     0x5a64d79ba502 - core::panicking::assert_failed_inner::h538bec7c1374cd9c
[INFO] [stdout]   19:     0x5a64d765d22b - core::panicking::assert_failed::hcbca50638fb2847e
[INFO] [stdout]                                at /rustc/6067b36314ab5eb2eb47cecc464545ba58e1ad24/library/core/src/panicking.rs:364:5
[INFO] [stdout]   20:     0x5a64d7641b15 - advent_of_code_template::day_17::test::test_pt2_actual::h78a73e0ef44c5952
[INFO] [stdout]                                at /opt/rustwide/workdir/src/day_17.rs:456:9
[INFO] [stdout]   21:     0x5a64d76417a7 - advent_of_code_template::day_17::test::test_pt2_actual::{{closure}}::h0ac17723443d8a12
[INFO] [stdout]                                at /opt/rustwide/workdir/src/day_17.rs:449:29
[INFO] [stdout]   22:     0x5a64d765a326 - core::ops::function::FnOnce::call_once::hd9d20ebf6b83defa
[INFO] [stdout]                                at /rustc/6067b36314ab5eb2eb47cecc464545ba58e1ad24/library/core/src/ops/function.rs:250:5
[INFO] [stdout]   23:     0x5a64d76df15b - core::ops::function::FnOnce::call_once::he27718dfdd183f43
[INFO] [stdout]                                at /rustc/6067b36314ab5eb2eb47cecc464545ba58e1ad24/library/core/src/ops/function.rs:250:5
[INFO] [stdout]   24:     0x5a64d76df15b - test::__rust_begin_short_backtrace::h4e84902998457a5d
[INFO] [stdout]                                at /rustc/6067b36314ab5eb2eb47cecc464545ba58e1ad24/library/test/src/lib.rs:632:18
[INFO] [stdout]   25:     0x5a64d76de093 - test::run_test_in_process::{{closure}}::h7176fd18fc1feca0
[INFO] [stdout]                                at /rustc/6067b36314ab5eb2eb47cecc464545ba58e1ad24/library/test/src/lib.rs:655:60
[INFO] [stdout]   26:     0x5a64d76de093 - <core::panic::unwind_safe::AssertUnwindSafe<F> as core::ops::function::FnOnce<()>>::call_once::hf79cff2a624d8cf7
[INFO] [stdout]                                at /rustc/6067b36314ab5eb2eb47cecc464545ba58e1ad24/library/core/src/panic/unwind_safe.rs:272:9
[INFO] [stdout]   27:     0x5a64d76de093 - std::panicking::try::do_call::h3da0561d9ab99c25
[INFO] [stdout]                                at /rustc/6067b36314ab5eb2eb47cecc464545ba58e1ad24/library/std/src/panicking.rs:587:40
[INFO] [stdout]   28:     0x5a64d76de093 - std::panicking::try::h41c9fa508bc61df6
[INFO] [stdout]                                at /rustc/6067b36314ab5eb2eb47cecc464545ba58e1ad24/library/std/src/panicking.rs:550:19
[INFO] [stdout]   29:     0x5a64d76de093 - std::panic::catch_unwind::h6b3ff07bb5afad93
[INFO] [stdout]                                at /rustc/6067b36314ab5eb2eb47cecc464545ba58e1ad24/library/std/src/panic.rs:358:14
[INFO] [stdout]   30:     0x5a64d76de093 - test::run_test_in_process::hc7253dd11b39b9f4
[INFO] [stdout]                                at /rustc/6067b36314ab5eb2eb47cecc464545ba58e1ad24/library/test/src/lib.rs:655:27
[INFO] [stdout]   31:     0x5a64d76de093 - test::run_test::{{closure}}::hfb2007f8649c30bb
[INFO] [stdout]                                at /rustc/6067b36314ab5eb2eb47cecc464545ba58e1ad24/library/test/src/lib.rs:576:43
[INFO] [stdout]   32:     0x5a64d76a1175 - test::run_test::{{closure}}::h56a17aa7a282a9f4
[INFO] [stdout]                                at /rustc/6067b36314ab5eb2eb47cecc464545ba58e1ad24/library/test/src/lib.rs:606:41
[INFO] [stdout]   33:     0x5a64d76a1175 - std::sys::backtrace::__rust_begin_short_backtrace::hd2d2d2fb8e8c6aac
[INFO] [stdout]                                at /rustc/6067b36314ab5eb2eb47cecc464545ba58e1ad24/library/std/src/sys/backtrace.rs:152:18
[INFO] [stdout]   34:     0x5a64d76a4a5a - std::thread::Builder::spawn_unchecked_::{{closure}}::{{closure}}::h4faa3f9db6133423
[INFO] [stdout]                                at /rustc/6067b36314ab5eb2eb47cecc464545ba58e1ad24/library/std/src/thread/mod.rs:559:17
[INFO] [stdout]   35:     0x5a64d76a4a5a - <core::panic::unwind_safe::AssertUnwindSafe<F> as core::ops::function::FnOnce<()>>::call_once::hf2e855a36a4ea846
[INFO] [stdout]                                at /rustc/6067b36314ab5eb2eb47cecc464545ba58e1ad24/library/core/src/panic/unwind_safe.rs:272:9
[INFO] [stdout]   36:     0x5a64d76a4a5a - std::panicking::try::do_call::h2f73af3616c35465
[INFO] [stdout]                                at /rustc/6067b36314ab5eb2eb47cecc464545ba58e1ad24/library/std/src/panicking.rs:587:40
[INFO] [stdout]   37:     0x5a64d76a4a5a - std::panicking::try::hd1660ce9efadef5a
[INFO] [stdout]                                at /rustc/6067b36314ab5eb2eb47cecc464545ba58e1ad24/library/std/src/panicking.rs:550:19
[INFO] [stdout]   38:     0x5a64d76a4a5a - std::panic::catch_unwind::h5ee8d7823b8ca744
[INFO] [stdout]                                at /rustc/6067b36314ab5eb2eb47cecc464545ba58e1ad24/library/std/src/panic.rs:358:14
[INFO] [stdout]   39:     0x5a64d76a4a5a - std::thread::Builder::spawn_unchecked_::{{closure}}::h53c3a1894dce8407
[INFO] [stdout]                                at /rustc/6067b36314ab5eb2eb47cecc464545ba58e1ad24/library/std/src/thread/mod.rs:557:30
[INFO] [stdout]   40:     0x5a64d76a4a5a - core::ops::function::FnOnce::call_once{{vtable.shim}}::h048ce291ad4f62bf
[INFO] [stdout]                                at /rustc/6067b36314ab5eb2eb47cecc464545ba58e1ad24/library/core/src/ops/function.rs:250:5
[INFO] [stdout]   41:     0x5a64d799963b - <alloc::boxed::Box<F,A> as core::ops::function::FnOnce<Args>>::call_once::ha52bedf99a3b4981
[INFO] [stdout]                                at /rustc/6067b36314ab5eb2eb47cecc464545ba58e1ad24/library/alloc/src/boxed.rs:2013:9
[INFO] [stdout]   42:     0x5a64d799963b - <alloc::boxed::Box<F,A> as core::ops::function::FnOnce<Args>>::call_once::h567748934d80ccf8
[INFO] [stdout]                                at /rustc/6067b36314ab5eb2eb47cecc464545ba58e1ad24/library/alloc/src/boxed.rs:2013:9
[INFO] [stdout]   43:     0x5a64d799963b - std::sys::pal::unix::thread::Thread::new::thread_start::h2d970728ae887adc
[INFO] [stdout]                                at /rustc/6067b36314ab5eb2eb47cecc464545ba58e1ad24/library/std/src/sys/pal/unix/thread.rs:106:17
[INFO] [stdout]   44:     0x7a0b9aaecac3 - <unknown>
[INFO] [stdout]   45:     0x7a0b9ab7da04 - clone
[INFO] [stdout]   46:                0x0 - <unknown>
[INFO] [stdout] 
[INFO] [stdout] 
[INFO] [stdout] failures:
[INFO] [stdout]     day_17::test::test_pt2_actual
[INFO] [stdout]     day_18::test::test_pt1
[INFO] [stdout]     day_18::test::test_pt2
[INFO] [stdout]     day_19::test::test_pt1
[INFO] [stdout]     day_19::test::test_pt2
[INFO] [stdout]     day_20::test::test_pt1
[INFO] [stdout]     day_20::test::test_pt2
[INFO] [stdout]     day_21::test::test_pt1
[INFO] [stdout]     day_21::test::test_pt2
[INFO] [stdout]     day_22::test::test_pt1
[INFO] [stdout]     day_22::test::test_pt2
[INFO] [stdout]     day_23::test::test_pt1
[INFO] [stdout]     day_23::test::test_pt2
[INFO] [stdout]     day_24::test::test_pt1
[INFO] [stdout]     day_24::test::test_pt2
[INFO] [stdout]     day_25::test::test_pt1
[INFO] [stdout]     day_25::test::test_pt2
[INFO] [stdout] 
[INFO] [stdout] test result: FAILED. 34 passed; 17 failed; 0 ignored; 0 measured; 0 filtered out; finished in 0.61s
[INFO] [stdout] 
[INFO] running `Command { std: "docker" "inspect" "b1e527c67e0b3ee2617a0ee1e0562e57367ea803edc55fe9ceafa9e1c3ae937e", kill_on_drop: false }`
[INFO] running `Command { std: "docker" "rm" "-f" "b1e527c67e0b3ee2617a0ee1e0562e57367ea803edc55fe9ceafa9e1c3ae937e", kill_on_drop: false }`
[INFO] [stdout] b1e527c67e0b3ee2617a0ee1e0562e57367ea803edc55fe9ceafa9e1c3ae937e
