[INFO] cloning repository https://github.com/alelavelli/advent-of-code-2017
[INFO] running `Command { std: "git" "-c" "credential.helper=" "-c" "credential.helper=/workspace/cargo-home/bin/git-credential-null" "clone" "--bare" "https://github.com/alelavelli/advent-of-code-2017" "/workspace/cache/git-repos/https%3A%2F%2Fgithub.com%2Falelavelli%2Fadvent-of-code-2017", kill_on_drop: false }`
[INFO] [stderr] Cloning into bare repository '/workspace/cache/git-repos/https%3A%2F%2Fgithub.com%2Falelavelli%2Fadvent-of-code-2017'...
[INFO] running `Command { std: "git" "rev-parse" "HEAD", kill_on_drop: false }`
[INFO] [stdout] f14c66fa8349b91f73f834590fc394970fd4f8ba
[INFO] testing alelavelli/advent-of-code-2017 against nightly-2025-01-18 for randomize-layout-2
[INFO] running `Command { std: "git" "clone" "/workspace/cache/git-repos/https%3A%2F%2Fgithub.com%2Falelavelli%2Fadvent-of-code-2017" "/workspace/builds/worker-5-tc1/source", kill_on_drop: false }`
[INFO] [stderr] Cloning into '/workspace/builds/worker-5-tc1/source'...
[INFO] [stderr] done.
[INFO] validating manifest of git repo https://github.com/alelavelli/advent-of-code-2017 on toolchain nightly-2025-01-18
[INFO] running `Command { std: CARGO_HOME="/workspace/cargo-home" RUSTUP_HOME="/workspace/rustup-home" "/workspace/cargo-home/bin/cargo" "+nightly-2025-01-18" "metadata" "--manifest-path" "Cargo.toml" "--no-deps", kill_on_drop: false }`
[INFO] started tweaking git repo https://github.com/alelavelli/advent-of-code-2017
[INFO] finished tweaking git repo https://github.com/alelavelli/advent-of-code-2017
[INFO] tweaked toml for git repo https://github.com/alelavelli/advent-of-code-2017 written to /workspace/builds/worker-5-tc1/source/Cargo.toml
[INFO] crate git repo https://github.com/alelavelli/advent-of-code-2017 already has a lockfile, it will not be regenerated
[INFO] running `Command { std: CARGO_HOME="/workspace/cargo-home" RUSTUP_HOME="/workspace/rustup-home" "/workspace/cargo-home/bin/cargo" "+nightly-2025-01-18" "fetch" "--manifest-path" "Cargo.toml", kill_on_drop: false }`
[INFO] [stderr]  Downloading crates ...
[INFO] [stderr]   Downloaded clap-verbosity-flag v2.1.1
[INFO] [stderr]   Downloaded clap v4.4.12
[INFO] running `Command { std: "docker" "create" "-v" "/var/lib/crater-agent-workspace/builds/worker-5-tc1/target:/opt/rustwide/target:rw,Z" "-v" "/var/lib/crater-agent-workspace/builds/worker-5-tc1/source:/opt/rustwide/workdir:ro,Z" "-v" "/var/lib/crater-agent-workspace/cargo-home:/opt/rustwide/cargo-home:ro,Z" "-v" "/var/lib/crater-agent-workspace/rustup-home:/opt/rustwide/rustup-home:ro,Z" "-e" "SOURCE_DIR=/opt/rustwide/workdir" "-e" "CARGO_TARGET_DIR=/opt/rustwide/target" "-e" "CARGO_HOME=/opt/rustwide/cargo-home" "-e" "RUSTUP_HOME=/opt/rustwide/rustup-home" "-w" "/opt/rustwide/workdir" "-m" "1610612736" "--user" "0:0" "--network" "none" "ghcr.io/rust-lang/crates-build-env/linux@sha256:819108c5571ea2e421544af4d832f968d213c87fbe3707a016657f43d2f853bc" "/opt/rustwide/cargo-home/bin/cargo" "+nightly-2025-01-18" "metadata" "--no-deps" "--format-version=1", kill_on_drop: false }`
[INFO] [stdout] 687ab1ba9d38c1477ea74ac4c97a9d199ae45cd250b82fc7ae1b0ef53908ce25
[INFO] running `Command { std: "docker" "start" "-a" "687ab1ba9d38c1477ea74ac4c97a9d199ae45cd250b82fc7ae1b0ef53908ce25", kill_on_drop: false }`
[INFO] running `Command { std: "docker" "inspect" "687ab1ba9d38c1477ea74ac4c97a9d199ae45cd250b82fc7ae1b0ef53908ce25", kill_on_drop: false }`
[INFO] running `Command { std: "docker" "rm" "-f" "687ab1ba9d38c1477ea74ac4c97a9d199ae45cd250b82fc7ae1b0ef53908ce25", kill_on_drop: false }`
[INFO] [stdout] 687ab1ba9d38c1477ea74ac4c97a9d199ae45cd250b82fc7ae1b0ef53908ce25
[INFO] running `Command { std: "docker" "create" "-v" "/var/lib/crater-agent-workspace/builds/worker-5-tc1/target:/opt/rustwide/target:rw,Z" "-v" "/var/lib/crater-agent-workspace/builds/worker-5-tc1/source:/opt/rustwide/workdir:ro,Z" "-v" "/var/lib/crater-agent-workspace/cargo-home:/opt/rustwide/cargo-home:ro,Z" "-v" "/var/lib/crater-agent-workspace/rustup-home:/opt/rustwide/rustup-home:ro,Z" "-e" "SOURCE_DIR=/opt/rustwide/workdir" "-e" "CARGO_TARGET_DIR=/opt/rustwide/target" "-e" "CARGO_INCREMENTAL=0" "-e" "RUST_BACKTRACE=full" "-e" "RUSTFLAGS=--cap-lints=forbid" "-e" "RUSTDOCFLAGS=--cap-lints=forbid" "-e" "CARGO_HOME=/opt/rustwide/cargo-home" "-e" "RUSTUP_HOME=/opt/rustwide/rustup-home" "-w" "/opt/rustwide/workdir" "-m" "1610612736" "--user" "0:0" "--network" "none" "ghcr.io/rust-lang/crates-build-env/linux@sha256:819108c5571ea2e421544af4d832f968d213c87fbe3707a016657f43d2f853bc" "/opt/rustwide/cargo-home/bin/cargo" "+nightly-2025-01-18" "build" "--frozen" "--message-format=json", kill_on_drop: false }`
[INFO] [stdout] 7f77ea82be315a5462da7ae2a9302262dc81a39411a2e146e3eb831fdd294382
[INFO] running `Command { std: "docker" "start" "-a" "7f77ea82be315a5462da7ae2a9302262dc81a39411a2e146e3eb831fdd294382", kill_on_drop: false }`
[INFO] [stderr]    Compiling proc-macro2 v1.0.74
[INFO] [stderr]    Compiling anstyle v1.0.4
[INFO] [stderr]    Compiling rustix v0.38.28
[INFO] [stderr]    Compiling anstyle-query v1.0.2
[INFO] [stderr]    Compiling memchr v2.7.1
[INFO] [stderr]    Compiling anstyle-parse v0.2.3
[INFO] [stderr]    Compiling linux-raw-sys v0.4.12
[INFO] [stderr]    Compiling clap_lex v0.6.0
[INFO] [stderr]    Compiling termcolor v1.4.0
[INFO] [stderr]    Compiling strum v0.25.0
[INFO] [stderr]    Compiling anstream v0.6.5
[INFO] [stderr]    Compiling clap_builder v4.4.12
[INFO] [stderr]    Compiling aho-corasick v1.1.2
[INFO] [stderr]    Compiling quote v1.0.35
[INFO] [stderr]    Compiling syn v2.0.46
[INFO] [stderr]    Compiling is-terminal v0.4.10
[INFO] [stderr]    Compiling regex-automata v0.4.3
[INFO] [stderr]    Compiling regex v1.10.2
[INFO] [stderr]    Compiling env_logger v0.10.1
[INFO] [stderr]    Compiling clap_derive v4.4.7
[INFO] [stderr]    Compiling strum_macros v0.25.3
[INFO] [stderr]    Compiling clap v4.4.12
[INFO] [stderr]    Compiling clap-verbosity-flag v2.1.1
[INFO] [stderr]    Compiling advent-of-code-template v0.1.0 (/opt/rustwide/workdir)
[INFO] [stderr]     Finished `dev` profile [unoptimized + debuginfo] target(s) in 27.80s
[INFO] running `Command { std: "docker" "inspect" "7f77ea82be315a5462da7ae2a9302262dc81a39411a2e146e3eb831fdd294382", kill_on_drop: false }`
[INFO] running `Command { std: "docker" "rm" "-f" "7f77ea82be315a5462da7ae2a9302262dc81a39411a2e146e3eb831fdd294382", kill_on_drop: false }`
[INFO] [stdout] 7f77ea82be315a5462da7ae2a9302262dc81a39411a2e146e3eb831fdd294382
[INFO] running `Command { std: "docker" "create" "-v" "/var/lib/crater-agent-workspace/builds/worker-5-tc1/target:/opt/rustwide/target:rw,Z" "-v" "/var/lib/crater-agent-workspace/builds/worker-5-tc1/source:/opt/rustwide/workdir:ro,Z" "-v" "/var/lib/crater-agent-workspace/cargo-home:/opt/rustwide/cargo-home:ro,Z" "-v" "/var/lib/crater-agent-workspace/rustup-home:/opt/rustwide/rustup-home:ro,Z" "-e" "SOURCE_DIR=/opt/rustwide/workdir" "-e" "CARGO_TARGET_DIR=/opt/rustwide/target" "-e" "CARGO_INCREMENTAL=0" "-e" "RUST_BACKTRACE=full" "-e" "RUSTFLAGS=--cap-lints=forbid" "-e" "RUSTDOCFLAGS=--cap-lints=forbid" "-e" "CARGO_HOME=/opt/rustwide/cargo-home" "-e" "RUSTUP_HOME=/opt/rustwide/rustup-home" "-w" "/opt/rustwide/workdir" "-m" "1610612736" "--user" "0:0" "--network" "none" "ghcr.io/rust-lang/crates-build-env/linux@sha256:819108c5571ea2e421544af4d832f968d213c87fbe3707a016657f43d2f853bc" "/opt/rustwide/cargo-home/bin/cargo" "+nightly-2025-01-18" "test" "--frozen" "--no-run" "--message-format=json", kill_on_drop: false }`
[INFO] [stdout] dbbe1bb50f9ff8465b91df2495e4d33334fcf363ab25726e401db4c8524adf82
[INFO] running `Command { std: "docker" "start" "-a" "dbbe1bb50f9ff8465b91df2495e4d33334fcf363ab25726e401db4c8524adf82", kill_on_drop: false }`
[INFO] [stderr]    Compiling advent-of-code-template v0.1.0 (/opt/rustwide/workdir)
[INFO] [stderr]     Finished `test` profile [unoptimized + debuginfo] target(s) in 1.19s
[INFO] running `Command { std: "docker" "inspect" "dbbe1bb50f9ff8465b91df2495e4d33334fcf363ab25726e401db4c8524adf82", kill_on_drop: false }`
[INFO] running `Command { std: "docker" "rm" "-f" "dbbe1bb50f9ff8465b91df2495e4d33334fcf363ab25726e401db4c8524adf82", kill_on_drop: false }`
[INFO] [stdout] dbbe1bb50f9ff8465b91df2495e4d33334fcf363ab25726e401db4c8524adf82
[INFO] running `Command { std: "docker" "create" "-v" "/var/lib/crater-agent-workspace/builds/worker-5-tc1/target:/opt/rustwide/target:rw,Z" "-v" "/var/lib/crater-agent-workspace/builds/worker-5-tc1/source:/opt/rustwide/workdir:ro,Z" "-v" "/var/lib/crater-agent-workspace/cargo-home:/opt/rustwide/cargo-home:ro,Z" "-v" "/var/lib/crater-agent-workspace/rustup-home:/opt/rustwide/rustup-home:ro,Z" "-e" "SOURCE_DIR=/opt/rustwide/workdir" "-e" "CARGO_TARGET_DIR=/opt/rustwide/target" "-e" "CARGO_INCREMENTAL=0" "-e" "RUST_BACKTRACE=full" "-e" "RUSTFLAGS=--cap-lints=forbid" "-e" "RUSTDOCFLAGS=--cap-lints=forbid" "-e" "CARGO_HOME=/opt/rustwide/cargo-home" "-e" "RUSTUP_HOME=/opt/rustwide/rustup-home" "-w" "/opt/rustwide/workdir" "-m" "1610612736" "--user" "0:0" "--network" "none" "ghcr.io/rust-lang/crates-build-env/linux@sha256:819108c5571ea2e421544af4d832f968d213c87fbe3707a016657f43d2f853bc" "/opt/rustwide/cargo-home/bin/cargo" "+nightly-2025-01-18" "test" "--frozen", kill_on_drop: false }`
[INFO] [stdout] 71f4da9217cf85e39a8bfa51eaad3675ee1d3e71ac5a487c95f0b542845f3feb
[INFO] running `Command { std: "docker" "start" "-a" "71f4da9217cf85e39a8bfa51eaad3675ee1d3e71ac5a487c95f0b542845f3feb", kill_on_drop: false }`
[INFO] [stderr]     Finished `test` profile [unoptimized + debuginfo] target(s) in 0.06s
[INFO] [stdout] 
[INFO] [stderr]      Running unittests src/lib.rs (/opt/rustwide/target/debug/deps/advent_of_code_template-a3e9fe57713777eb)
[INFO] [stdout] running 50 tests
[INFO] [stdout] test day_01::test::test_pt1 ... FAILED
[INFO] [stdout] test day_01::test::test_pt2 ... FAILED
[INFO] [stdout] test day_02::test::test_pt1 ... FAILED
[INFO] [stdout] test day_02::test::test_pt2 ... FAILED
[INFO] [stdout] test day_03::test::test_pt1 ... FAILED
[INFO] [stdout] test day_04::test::test_pt1 ... FAILED
[INFO] [stdout] test day_04::test::test_pt2 ... FAILED
[INFO] [stdout] test day_03::test::test_pt2 ... FAILED
[INFO] [stdout] test day_05::test::test_pt2 ... FAILED
[INFO] [stdout] test day_06::test::test_pt1 ... FAILED
[INFO] [stdout] test day_06::test::test_pt2 ... FAILED
[INFO] [stdout] test day_07::test::test_pt1 ... FAILED
[INFO] [stdout] test day_08::test::test_pt1 ... FAILED
[INFO] [stdout] test day_07::test::test_pt2 ... FAILED
[INFO] [stdout] test day_08::test::test_pt2 ... FAILED
[INFO] [stdout] test day_09::test::test_pt1 ... FAILED
[INFO] [stdout] test day_09::test::test_pt2 ... FAILED
[INFO] [stdout] test day_10::test::test_pt1 ... FAILED
[INFO] [stdout] test day_12::test::test_pt1 ... FAILED
[INFO] [stdout] test day_10::test::test_pt2 ... FAILED
[INFO] [stdout] test day_11::test::test_pt1 ... FAILED
[INFO] [stdout] test day_11::test::test_pt2 ... FAILED
[INFO] [stdout] test day_12::test::test_pt2 ... FAILED
[INFO] [stdout] test day_13::test::test_pt1 ... FAILED
[INFO] [stdout] test day_13::test::test_pt2 ... FAILED
[INFO] [stdout] test day_14::test::test_pt2 ... FAILED
[INFO] [stdout] test day_15::test::test_pt1 ... FAILED
[INFO] [stdout] test day_14::test::test_pt1 ... FAILED
[INFO] [stdout] test day_16::test::test_pt2 ... FAILED
[INFO] [stdout] test day_15::test::test_pt2 ... FAILED
[INFO] [stdout] test day_18::test::test_pt1 ... FAILED
[INFO] [stdout] test day_18::test::test_pt2 ... FAILED
[INFO] [stdout] test day_16::test::test_pt1 ... FAILED
[INFO] [stdout] test day_19::test::test_pt1 ... FAILED
[INFO] [stdout] test day_20::test::test_pt1 ... FAILED
[INFO] [stdout] test day_17::test::test_pt2 ... FAILED
[INFO] [stdout] test day_20::test::test_pt2 ... FAILED
[INFO] [stdout] test day_21::test::test_pt1 ... FAILED
[INFO] [stdout] test day_21::test::test_pt2 ... FAILED
[INFO] [stdout] test day_22::test::test_pt2 ... FAILED
[INFO] [stdout] test day_22::test::test_pt1 ... FAILED
[INFO] [stdout] test day_23::test::test_pt1 ... FAILED
[INFO] [stdout] test day_23::test::test_pt2 ... FAILED
[INFO] [stdout] test day_24::test::test_pt1 ... FAILED
[INFO] [stdout] test day_05::test::test_pt1 ... FAILED
[INFO] [stderr] error: test failed, to rerun pass `--lib`
[INFO] [stdout] test day_17::test::test_pt1 ... FAILED
[INFO] [stdout] test day_24::test::test_pt2 ... FAILED
[INFO] [stdout] test day_19::test::test_pt2 ... FAILED
[INFO] [stdout] test day_25::test::test_pt1 ... FAILED
[INFO] [stdout] test day_25::test::test_pt2 ... FAILED
[INFO] [stdout] 
[INFO] [stdout] failures:
[INFO] [stdout] 
[INFO] [stdout] ---- day_01::test::test_pt1 stdout ----
[INFO] [stdout] Error: Os { code: 21, kind: IsADirectory, message: "Is a directory" }
[INFO] [stdout] 
[INFO] [stdout] ---- day_01::test::test_pt2 stdout ----
[INFO] [stdout] Error: Os { code: 21, kind: IsADirectory, message: "Is a directory" }
[INFO] [stdout] 
[INFO] [stdout] ---- day_02::test::test_pt1 stdout ----
[INFO] [stdout] Error: Os { code: 21, kind: IsADirectory, message: "Is a directory" }
[INFO] [stdout] 
[INFO] [stdout] ---- day_02::test::test_pt2 stdout ----
[INFO] [stdout] Error: Os { code: 21, kind: IsADirectory, message: "Is a directory" }
[INFO] [stdout] 
[INFO] [stdout] ---- day_03::test::test_pt1 stdout ----
[INFO] [stdout] Error: Os { code: 21, kind: IsADirectory, message: "Is a directory" }
[INFO] [stdout] 
[INFO] [stdout] ---- day_04::test::test_pt1 stdout ----
[INFO] [stdout] Error: Os { code: 21, kind: IsADirectory, message: "Is a directory" }
[INFO] [stdout] 
[INFO] [stdout] ---- day_04::test::test_pt2 stdout ----
[INFO] [stdout] Error: Os { code: 21, kind: IsADirectory, message: "Is a directory" }
[INFO] [stdout] 
[INFO] [stdout] ---- day_03::test::test_pt2 stdout ----
[INFO] [stdout] Error: Os { code: 21, kind: IsADirectory, message: "Is a directory" }
[INFO] [stdout] 
[INFO] [stdout] ---- day_05::test::test_pt2 stdout ----
[INFO] [stdout] Error: Os { code: 21, kind: IsADirectory, message: "Is a directory" }
[INFO] [stdout] 
[INFO] [stdout] ---- day_06::test::test_pt1 stdout ----
[INFO] [stdout] Error: Os { code: 21, kind: IsADirectory, message: "Is a directory" }
[INFO] [stdout] 
[INFO] [stdout] ---- day_06::test::test_pt2 stdout ----
[INFO] [stdout] Error: Os { code: 21, kind: IsADirectory, message: "Is a directory" }
[INFO] [stdout] 
[INFO] [stdout] ---- day_07::test::test_pt1 stdout ----
[INFO] [stdout] Error: Os { code: 21, kind: IsADirectory, message: "Is a directory" }
[INFO] [stdout] 
[INFO] [stdout] ---- day_08::test::test_pt1 stdout ----
[INFO] [stdout] Error: Os { code: 21, kind: IsADirectory, message: "Is a directory" }
[INFO] [stdout] 
[INFO] [stdout] ---- day_07::test::test_pt2 stdout ----
[INFO] [stdout] Error: Os { code: 21, kind: IsADirectory, message: "Is a directory" }
[INFO] [stdout] 
[INFO] [stdout] ---- day_08::test::test_pt2 stdout ----
[INFO] [stdout] Error: Os { code: 21, kind: IsADirectory, message: "Is a directory" }
[INFO] [stdout] 
[INFO] [stdout] ---- day_09::test::test_pt1 stdout ----
[INFO] [stdout] Error: Os { code: 21, kind: IsADirectory, message: "Is a directory" }
[INFO] [stdout] 
[INFO] [stdout] ---- day_09::test::test_pt2 stdout ----
[INFO] [stdout] Error: Os { code: 21, kind: IsADirectory, message: "Is a directory" }
[INFO] [stdout] 
[INFO] [stdout] ---- day_10::test::test_pt1 stdout ----
[INFO] [stdout] Error: Os { code: 21, kind: IsADirectory, message: "Is a directory" }
[INFO] [stdout] 
[INFO] [stdout] ---- day_12::test::test_pt1 stdout ----
[INFO] [stdout] Error: Os { code: 21, kind: IsADirectory, message: "Is a directory" }
[INFO] [stdout] 
[INFO] [stdout] ---- day_10::test::test_pt2 stdout ----
[INFO] [stdout] Error: Os { code: 21, kind: IsADirectory, message: "Is a directory" }
[INFO] [stdout] 
[INFO] [stdout] ---- day_11::test::test_pt1 stdout ----
[INFO] [stdout] Error: Os { code: 21, kind: IsADirectory, message: "Is a directory" }
[INFO] [stdout] 
[INFO] [stdout] ---- day_11::test::test_pt2 stdout ----
[INFO] [stdout] Error: Os { code: 21, kind: IsADirectory, message: "Is a directory" }
[INFO] [stdout] 
[INFO] [stdout] ---- day_12::test::test_pt2 stdout ----
[INFO] [stdout] Error: Os { code: 21, kind: IsADirectory, message: "Is a directory" }
[INFO] [stdout] 
[INFO] [stdout] ---- day_13::test::test_pt1 stdout ----
[INFO] [stdout] Error: Os { code: 21, kind: IsADirectory, message: "Is a directory" }
[INFO] [stdout] 
[INFO] [stdout] ---- day_13::test::test_pt2 stdout ----
[INFO] [stdout] Error: Os { code: 21, kind: IsADirectory, message: "Is a directory" }
[INFO] [stdout] 
[INFO] [stdout] ---- day_14::test::test_pt2 stdout ----
[INFO] [stdout] Error: Os { code: 21, kind: IsADirectory, message: "Is a directory" }
[INFO] [stdout] 
[INFO] [stdout] ---- day_15::test::test_pt1 stdout ----
[INFO] [stdout] Error: Os { code: 21, kind: IsADirectory, message: "Is a directory" }
[INFO] [stdout] 
[INFO] [stdout] ---- day_14::test::test_pt1 stdout ----
[INFO] [stdout] Error: Os { code: 21, kind: IsADirectory, message: "Is a directory" }
[INFO] [stdout] 
[INFO] [stdout] ---- day_16::test::test_pt2 stdout ----
[INFO] [stdout] Error: Os { code: 21, kind: IsADirectory, message: "Is a directory" }
[INFO] [stdout] 
[INFO] [stdout] ---- day_15::test::test_pt2 stdout ----
[INFO] [stdout] Error: Os { code: 21, kind: IsADirectory, message: "Is a directory" }
[INFO] [stdout] 
[INFO] [stdout] ---- day_18::test::test_pt1 stdout ----
[INFO] [stdout] Error: Os { code: 21, kind: IsADirectory, message: "Is a directory" }
[INFO] [stdout] 
[INFO] [stdout] ---- day_18::test::test_pt2 stdout ----
[INFO] [stdout] Error: Os { code: 21, kind: IsADirectory, message: "Is a directory" }
[INFO] [stdout] 
[INFO] [stdout] ---- day_16::test::test_pt1 stdout ----
[INFO] [stdout] Error: Os { code: 21, kind: IsADirectory, message: "Is a directory" }
[INFO] [stdout] 
[INFO] [stdout] ---- day_19::test::test_pt1 stdout ----
[INFO] [stdout] Error: Os { code: 21, kind: IsADirectory, message: "Is a directory" }
[INFO] [stdout] 
[INFO] [stdout] ---- day_20::test::test_pt1 stdout ----
[INFO] [stdout] Error: Os { code: 21, kind: IsADirectory, message: "Is a directory" }
[INFO] [stdout] 
[INFO] [stdout] ---- day_17::test::test_pt2 stdout ----
[INFO] [stdout] Error: Os { code: 21, kind: IsADirectory, message: "Is a directory" }
[INFO] [stdout] 
[INFO] [stdout] ---- day_20::test::test_pt2 stdout ----
[INFO] [stdout] Error: Os { code: 21, kind: IsADirectory, message: "Is a directory" }
[INFO] [stdout] 
[INFO] [stdout] ---- day_21::test::test_pt1 stdout ----
[INFO] [stdout] Error: Os { code: 21, kind: IsADirectory, message: "Is a directory" }
[INFO] [stdout] 
[INFO] [stdout] ---- day_21::test::test_pt2 stdout ----
[INFO] [stdout] Error: Os { code: 21, kind: IsADirectory, message: "Is a directory" }
[INFO] [stdout] 
[INFO] [stdout] ---- day_22::test::test_pt2 stdout ----
[INFO] [stdout] Error: Os { code: 21, kind: IsADirectory, message: "Is a directory" }
[INFO] [stdout] 
[INFO] [stdout] ---- day_22::test::test_pt1 stdout ----
[INFO] [stdout] Error: Os { code: 21, kind: IsADirectory, message: "Is a directory" }
[INFO] [stdout] 
[INFO] [stdout] ---- day_23::test::test_pt1 stdout ----
[INFO] [stdout] Error: Os { code: 21, kind: IsADirectory, message: "Is a directory" }
[INFO] [stdout] 
[INFO] [stdout] ---- day_23::test::test_pt2 stdout ----
[INFO] [stdout] Error: Os { code: 21, kind: IsADirectory, message: "Is a directory" }
[INFO] [stdout] 
[INFO] [stdout] ---- day_24::test::test_pt1 stdout ----
[INFO] [stdout] Error: Os { code: 21, kind: IsADirectory, message: "Is a directory" }
[INFO] [stdout] 
[INFO] [stdout] ---- day_05::test::test_pt1 stdout ----
[INFO] [stdout] Error: Os { code: 21, kind: IsADirectory, message: "Is a directory" }
[INFO] [stdout] 
[INFO] [stdout] ---- day_17::test::test_pt1 stdout ----
[INFO] [stdout] Error: Os { code: 21, kind: IsADirectory, message: "Is a directory" }
[INFO] [stdout] 
[INFO] [stdout] ---- day_24::test::test_pt2 stdout ----
[INFO] [stdout] Error: Os { code: 21, kind: IsADirectory, message: "Is a directory" }
[INFO] [stdout] 
[INFO] [stdout] ---- day_19::test::test_pt2 stdout ----
[INFO] [stdout] Error: Os { code: 21, kind: IsADirectory, message: "Is a directory" }
[INFO] [stdout] 
[INFO] [stdout] ---- day_25::test::test_pt1 stdout ----
[INFO] [stdout] Error: Os { code: 21, kind: IsADirectory, message: "Is a directory" }
[INFO] [stdout] 
[INFO] [stdout] ---- day_25::test::test_pt2 stdout ----
[INFO] [stdout] Error: Os { code: 21, kind: IsADirectory, message: "Is a directory" }
[INFO] [stdout] 
[INFO] [stdout] 
[INFO] [stdout] failures:
[INFO] [stdout]     day_01::test::test_pt1
[INFO] [stdout]     day_01::test::test_pt2
[INFO] [stdout]     day_02::test::test_pt1
[INFO] [stdout]     day_02::test::test_pt2
[INFO] [stdout]     day_03::test::test_pt1
[INFO] [stdout]     day_03::test::test_pt2
[INFO] [stdout]     day_04::test::test_pt1
[INFO] [stdout]     day_04::test::test_pt2
[INFO] [stdout]     day_05::test::test_pt1
[INFO] [stdout]     day_05::test::test_pt2
[INFO] [stdout]     day_06::test::test_pt1
[INFO] [stdout]     day_06::test::test_pt2
[INFO] [stdout]     day_07::test::test_pt1
[INFO] [stdout]     day_07::test::test_pt2
[INFO] [stdout]     day_08::test::test_pt1
[INFO] [stdout]     day_08::test::test_pt2
[INFO] [stdout]     day_09::test::test_pt1
[INFO] [stdout]     day_09::test::test_pt2
[INFO] [stdout]     day_10::test::test_pt1
[INFO] [stdout]     day_10::test::test_pt2
[INFO] [stdout]     day_11::test::test_pt1
[INFO] [stdout]     day_11::test::test_pt2
[INFO] [stdout]     day_12::test::test_pt1
[INFO] [stdout]     day_12::test::test_pt2
[INFO] [stdout]     day_13::test::test_pt1
[INFO] [stdout]     day_13::test::test_pt2
[INFO] [stdout]     day_14::test::test_pt1
[INFO] [stdout]     day_14::test::test_pt2
[INFO] [stdout]     day_15::test::test_pt1
[INFO] [stdout]     day_15::test::test_pt2
[INFO] [stdout]     day_16::test::test_pt1
[INFO] [stdout]     day_16::test::test_pt2
[INFO] [stdout]     day_17::test::test_pt1
[INFO] [stdout]     day_17::test::test_pt2
[INFO] [stdout]     day_18::test::test_pt1
[INFO] [stdout]     day_18::test::test_pt2
[INFO] [stdout]     day_19::test::test_pt1
[INFO] [stdout]     day_19::test::test_pt2
[INFO] [stdout]     day_20::test::test_pt1
[INFO] [stdout]     day_20::test::test_pt2
[INFO] [stdout]     day_21::test::test_pt1
[INFO] [stdout]     day_21::test::test_pt2
[INFO] [stdout]     day_22::test::test_pt1
[INFO] [stdout]     day_22::test::test_pt2
[INFO] [stdout]     day_23::test::test_pt1
[INFO] [stdout]     day_23::test::test_pt2
[INFO] [stdout]     day_24::test::test_pt1
[INFO] [stdout]     day_24::test::test_pt2
[INFO] [stdout]     day_25::test::test_pt1
[INFO] [stdout]     day_25::test::test_pt2
[INFO] [stdout] 
[INFO] [stdout] test result: FAILED. 0 passed; 50 failed; 0 ignored; 0 measured; 0 filtered out; finished in 0.02s
[INFO] [stdout] 
[INFO] running `Command { std: "docker" "inspect" "71f4da9217cf85e39a8bfa51eaad3675ee1d3e71ac5a487c95f0b542845f3feb", kill_on_drop: false }`
[INFO] running `Command { std: "docker" "rm" "-f" "71f4da9217cf85e39a8bfa51eaad3675ee1d3e71ac5a487c95f0b542845f3feb", kill_on_drop: false }`
[INFO] [stdout] 71f4da9217cf85e39a8bfa51eaad3675ee1d3e71ac5a487c95f0b542845f3feb
