[INFO] cloning repository https://github.com/alealvb/am-i-algo-yet
[INFO] running `Command { std: "git" "-c" "credential.helper=" "-c" "credential.helper=/workspace/cargo-home/bin/git-credential-null" "clone" "--bare" "https://github.com/alealvb/am-i-algo-yet" "/workspace/cache/git-repos/https%3A%2F%2Fgithub.com%2Falealvb%2Fam-i-algo-yet", kill_on_drop: false }`
[INFO] [stderr] Cloning into bare repository '/workspace/cache/git-repos/https%3A%2F%2Fgithub.com%2Falealvb%2Fam-i-algo-yet'...
[INFO] running `Command { std: "git" "rev-parse" "HEAD", kill_on_drop: false }`
[INFO] [stdout] d62a0457377b5e2523b551d6385ab21bb70cfa95
[INFO] testing alealvb/am-i-algo-yet against nightly-2025-01-18 for randomize-layout-2
[INFO] running `Command { std: "git" "clone" "/workspace/cache/git-repos/https%3A%2F%2Fgithub.com%2Falealvb%2Fam-i-algo-yet" "/workspace/builds/worker-3-tc1/source", kill_on_drop: false }`
[INFO] [stderr] Cloning into '/workspace/builds/worker-3-tc1/source'...
[INFO] [stderr] done.
[INFO] validating manifest of git repo https://github.com/alealvb/am-i-algo-yet on toolchain nightly-2025-01-18
[INFO] running `Command { std: CARGO_HOME="/workspace/cargo-home" RUSTUP_HOME="/workspace/rustup-home" "/workspace/cargo-home/bin/cargo" "+nightly-2025-01-18" "metadata" "--manifest-path" "Cargo.toml" "--no-deps", kill_on_drop: false }`
[INFO] started tweaking git repo https://github.com/alealvb/am-i-algo-yet
[INFO] finished tweaking git repo https://github.com/alealvb/am-i-algo-yet
[INFO] tweaked toml for git repo https://github.com/alealvb/am-i-algo-yet written to /workspace/builds/worker-3-tc1/source/Cargo.toml
[INFO] crate git repo https://github.com/alealvb/am-i-algo-yet already has a lockfile, it will not be regenerated
[INFO] running `Command { std: CARGO_HOME="/workspace/cargo-home" RUSTUP_HOME="/workspace/rustup-home" "/workspace/cargo-home/bin/cargo" "+nightly-2025-01-18" "fetch" "--manifest-path" "Cargo.toml", kill_on_drop: false }`
[INFO] [stderr]     Blocking waiting for file lock on package cache
[INFO] running `Command { std: "docker" "create" "-v" "/var/lib/crater-agent-workspace/builds/worker-3-tc1/target:/opt/rustwide/target:rw,Z" "-v" "/var/lib/crater-agent-workspace/builds/worker-3-tc1/source:/opt/rustwide/workdir:ro,Z" "-v" "/var/lib/crater-agent-workspace/cargo-home:/opt/rustwide/cargo-home:ro,Z" "-v" "/var/lib/crater-agent-workspace/rustup-home:/opt/rustwide/rustup-home:ro,Z" "-e" "SOURCE_DIR=/opt/rustwide/workdir" "-e" "CARGO_TARGET_DIR=/opt/rustwide/target" "-e" "CARGO_HOME=/opt/rustwide/cargo-home" "-e" "RUSTUP_HOME=/opt/rustwide/rustup-home" "-w" "/opt/rustwide/workdir" "-m" "1610612736" "--user" "0:0" "--network" "none" "ghcr.io/rust-lang/crates-build-env/linux@sha256:819108c5571ea2e421544af4d832f968d213c87fbe3707a016657f43d2f853bc" "/opt/rustwide/cargo-home/bin/cargo" "+nightly-2025-01-18" "metadata" "--no-deps" "--format-version=1", kill_on_drop: false }`
[INFO] [stdout] 4a2b398e89f04cf8f38689787bd847e3616a7d55a6dca1a277b6af7c060575bd
[INFO] running `Command { std: "docker" "start" "-a" "4a2b398e89f04cf8f38689787bd847e3616a7d55a6dca1a277b6af7c060575bd", kill_on_drop: false }`
[INFO] running `Command { std: "docker" "inspect" "4a2b398e89f04cf8f38689787bd847e3616a7d55a6dca1a277b6af7c060575bd", kill_on_drop: false }`
[INFO] running `Command { std: "docker" "rm" "-f" "4a2b398e89f04cf8f38689787bd847e3616a7d55a6dca1a277b6af7c060575bd", kill_on_drop: false }`
[INFO] [stdout] 4a2b398e89f04cf8f38689787bd847e3616a7d55a6dca1a277b6af7c060575bd
[INFO] running `Command { std: "docker" "create" "-v" "/var/lib/crater-agent-workspace/builds/worker-3-tc1/target:/opt/rustwide/target:rw,Z" "-v" "/var/lib/crater-agent-workspace/builds/worker-3-tc1/source:/opt/rustwide/workdir:ro,Z" "-v" "/var/lib/crater-agent-workspace/cargo-home:/opt/rustwide/cargo-home:ro,Z" "-v" "/var/lib/crater-agent-workspace/rustup-home:/opt/rustwide/rustup-home:ro,Z" "-e" "SOURCE_DIR=/opt/rustwide/workdir" "-e" "CARGO_TARGET_DIR=/opt/rustwide/target" "-e" "CARGO_INCREMENTAL=0" "-e" "RUST_BACKTRACE=full" "-e" "RUSTFLAGS=--cap-lints=forbid" "-e" "RUSTDOCFLAGS=--cap-lints=forbid" "-e" "CARGO_HOME=/opt/rustwide/cargo-home" "-e" "RUSTUP_HOME=/opt/rustwide/rustup-home" "-w" "/opt/rustwide/workdir" "-m" "1610612736" "--user" "0:0" "--network" "none" "ghcr.io/rust-lang/crates-build-env/linux@sha256:819108c5571ea2e421544af4d832f968d213c87fbe3707a016657f43d2f853bc" "/opt/rustwide/cargo-home/bin/cargo" "+nightly-2025-01-18" "build" "--frozen" "--message-format=json", kill_on_drop: false }`
[INFO] [stdout] a566302e03a5634b1f06154f757044c0c6551f6068fde02a8edc22c799177102
[INFO] running `Command { std: "docker" "start" "-a" "a566302e03a5634b1f06154f757044c0c6551f6068fde02a8edc22c799177102", kill_on_drop: false }`
[INFO] [stderr]    Compiling am-i-algo-yet v0.1.0 (/opt/rustwide/workdir)
[INFO] [stdout] warning: unused variable: `nums`
[INFO] [stdout]   --> src/two_sum.rs:23:20
[INFO] [stdout]    |
[INFO] [stdout] 23 |     pub fn two_sum(nums: &Vec<i32>, target: &i32) -> Vec<i32> {
[INFO] [stdout]    |                    ^^^^ help: if this is intentional, prefix it with an underscore: `_nums`
[INFO] [stdout]    |
[INFO] [stdout]    = note: `#[warn(unused_variables)]` on by default
[INFO] [stdout] 
[INFO] [stdout] 
[INFO] [stdout] warning: unused variable: `target`
[INFO] [stdout]   --> src/two_sum.rs:23:37
[INFO] [stdout]    |
[INFO] [stdout] 23 |     pub fn two_sum(nums: &Vec<i32>, target: &i32) -> Vec<i32> {
[INFO] [stdout]    |                                     ^^^^^^ help: if this is intentional, prefix it with an underscore: `_target`
[INFO] [stdout] 
[INFO] [stdout] 
[INFO] [stdout] warning: unused variable: `haystack`
[INFO] [stdout]  --> src/binary_search_list.rs:4:31
[INFO] [stdout]   |
[INFO] [stdout] 4 |     pub fn binary_search_list(haystack: &[i32], needle: i32) -> bool {
[INFO] [stdout]   |                               ^^^^^^^^ help: if this is intentional, prefix it with an underscore: `_haystack`
[INFO] [stdout] 
[INFO] [stdout] 
[INFO] [stdout] warning: unused variable: `needle`
[INFO] [stdout]  --> src/binary_search_list.rs:4:49
[INFO] [stdout]   |
[INFO] [stdout] 4 |     pub fn binary_search_list(haystack: &[i32], needle: i32) -> bool {
[INFO] [stdout]   |                                                 ^^^^^^ help: if this is intentional, prefix it with an underscore: `_needle`
[INFO] [stdout] 
[INFO] [stdout] 
[INFO] [stderr]     Finished `dev` profile [unoptimized + debuginfo] target(s) in 0.14s
[INFO] running `Command { std: "docker" "inspect" "a566302e03a5634b1f06154f757044c0c6551f6068fde02a8edc22c799177102", kill_on_drop: false }`
[INFO] running `Command { std: "docker" "rm" "-f" "a566302e03a5634b1f06154f757044c0c6551f6068fde02a8edc22c799177102", kill_on_drop: false }`
[INFO] [stdout] a566302e03a5634b1f06154f757044c0c6551f6068fde02a8edc22c799177102
[INFO] running `Command { std: "docker" "create" "-v" "/var/lib/crater-agent-workspace/builds/worker-3-tc1/target:/opt/rustwide/target:rw,Z" "-v" "/var/lib/crater-agent-workspace/builds/worker-3-tc1/source:/opt/rustwide/workdir:ro,Z" "-v" "/var/lib/crater-agent-workspace/cargo-home:/opt/rustwide/cargo-home:ro,Z" "-v" "/var/lib/crater-agent-workspace/rustup-home:/opt/rustwide/rustup-home:ro,Z" "-e" "SOURCE_DIR=/opt/rustwide/workdir" "-e" "CARGO_TARGET_DIR=/opt/rustwide/target" "-e" "CARGO_INCREMENTAL=0" "-e" "RUST_BACKTRACE=full" "-e" "RUSTFLAGS=--cap-lints=forbid" "-e" "RUSTDOCFLAGS=--cap-lints=forbid" "-e" "CARGO_HOME=/opt/rustwide/cargo-home" "-e" "RUSTUP_HOME=/opt/rustwide/rustup-home" "-w" "/opt/rustwide/workdir" "-m" "1610612736" "--user" "0:0" "--network" "none" "ghcr.io/rust-lang/crates-build-env/linux@sha256:819108c5571ea2e421544af4d832f968d213c87fbe3707a016657f43d2f853bc" "/opt/rustwide/cargo-home/bin/cargo" "+nightly-2025-01-18" "test" "--frozen" "--no-run" "--message-format=json", kill_on_drop: false }`
[INFO] [stdout] c4906a4b05a522f23c5a9f72f7d6d0a189acc5485dddde090cab56586c155057
[INFO] running `Command { std: "docker" "start" "-a" "c4906a4b05a522f23c5a9f72f7d6d0a189acc5485dddde090cab56586c155057", kill_on_drop: false }`
[INFO] [stdout] warning: unused variable: `nums`
[INFO] [stdout]   --> src/two_sum.rs:23:20
[INFO] [stdout]    |
[INFO] [stdout] 23 |     pub fn two_sum(nums: &Vec<i32>, target: &i32) -> Vec<i32> {
[INFO] [stdout]    |                    ^^^^ help: if this is intentional, prefix it with an underscore: `_nums`
[INFO] [stdout]    |
[INFO] [stdout]    = note: `#[warn(unused_variables)]` on by default
[INFO] [stdout] 
[INFO] [stdout] 
[INFO] [stderr]    Compiling am-i-algo-yet v0.1.0 (/opt/rustwide/workdir)
[INFO] [stdout] warning: unused variable: `target`
[INFO] [stdout]   --> src/two_sum.rs:23:37
[INFO] [stdout]    |
[INFO] [stdout] 23 |     pub fn two_sum(nums: &Vec<i32>, target: &i32) -> Vec<i32> {
[INFO] [stdout]    |                                     ^^^^^^ help: if this is intentional, prefix it with an underscore: `_target`
[INFO] [stdout] 
[INFO] [stdout] 
[INFO] [stdout] warning: unused variable: `haystack`
[INFO] [stdout]  --> src/binary_search_list.rs:4:31
[INFO] [stdout]   |
[INFO] [stdout] 4 |     pub fn binary_search_list(haystack: &[i32], needle: i32) -> bool {
[INFO] [stdout]   |                               ^^^^^^^^ help: if this is intentional, prefix it with an underscore: `_haystack`
[INFO] [stdout] 
[INFO] [stdout] 
[INFO] [stdout] warning: unused variable: `needle`
[INFO] [stdout]  --> src/binary_search_list.rs:4:49
[INFO] [stdout]   |
[INFO] [stdout] 4 |     pub fn binary_search_list(haystack: &[i32], needle: i32) -> bool {
[INFO] [stdout]   |                                                 ^^^^^^ help: if this is intentional, prefix it with an underscore: `_needle`
[INFO] [stdout] 
[INFO] [stdout] 
[INFO] [stdout] warning: unused variable: `nums`
[INFO] [stdout]   --> src/two_sum.rs:23:20
[INFO] [stdout]    |
[INFO] [stdout] 23 |     pub fn two_sum(nums: &Vec<i32>, target: &i32) -> Vec<i32> {
[INFO] [stdout]    |                    ^^^^ help: if this is intentional, prefix it with an underscore: `_nums`
[INFO] [stdout]    |
[INFO] [stdout]    = note: `#[warn(unused_variables)]` on by default
[INFO] [stdout] 
[INFO] [stdout] 
[INFO] [stdout] warning: unused variable: `target`
[INFO] [stdout]   --> src/two_sum.rs:23:37
[INFO] [stdout]    |
[INFO] [stdout] 23 |     pub fn two_sum(nums: &Vec<i32>, target: &i32) -> Vec<i32> {
[INFO] [stdout]    |                                     ^^^^^^ help: if this is intentional, prefix it with an underscore: `_target`
[INFO] [stdout] 
[INFO] [stdout] 
[INFO] [stdout] warning: unused variable: `haystack`
[INFO] [stdout]  --> src/binary_search_list.rs:4:31
[INFO] [stdout]   |
[INFO] [stdout] 4 |     pub fn binary_search_list(haystack: &[i32], needle: i32) -> bool {
[INFO] [stdout]   |                               ^^^^^^^^ help: if this is intentional, prefix it with an underscore: `_haystack`
[INFO] [stdout] 
[INFO] [stdout] 
[INFO] [stdout] warning: unused variable: `needle`
[INFO] [stdout]  --> src/binary_search_list.rs:4:49
[INFO] [stdout]   |
[INFO] [stdout] 4 |     pub fn binary_search_list(haystack: &[i32], needle: i32) -> bool {
[INFO] [stdout]   |                                                 ^^^^^^ help: if this is intentional, prefix it with an underscore: `_needle`
[INFO] [stdout] 
[INFO] [stdout] 
[INFO] [stderr]     Finished `test` profile [unoptimized + debuginfo] target(s) in 0.48s
[INFO] running `Command { std: "docker" "inspect" "c4906a4b05a522f23c5a9f72f7d6d0a189acc5485dddde090cab56586c155057", kill_on_drop: false }`
[INFO] running `Command { std: "docker" "rm" "-f" "c4906a4b05a522f23c5a9f72f7d6d0a189acc5485dddde090cab56586c155057", kill_on_drop: false }`
[INFO] [stdout] c4906a4b05a522f23c5a9f72f7d6d0a189acc5485dddde090cab56586c155057
[INFO] running `Command { std: "docker" "create" "-v" "/var/lib/crater-agent-workspace/builds/worker-3-tc1/target:/opt/rustwide/target:rw,Z" "-v" "/var/lib/crater-agent-workspace/builds/worker-3-tc1/source:/opt/rustwide/workdir:ro,Z" "-v" "/var/lib/crater-agent-workspace/cargo-home:/opt/rustwide/cargo-home:ro,Z" "-v" "/var/lib/crater-agent-workspace/rustup-home:/opt/rustwide/rustup-home:ro,Z" "-e" "SOURCE_DIR=/opt/rustwide/workdir" "-e" "CARGO_TARGET_DIR=/opt/rustwide/target" "-e" "CARGO_INCREMENTAL=0" "-e" "RUST_BACKTRACE=full" "-e" "RUSTFLAGS=--cap-lints=forbid" "-e" "RUSTDOCFLAGS=--cap-lints=forbid" "-e" "CARGO_HOME=/opt/rustwide/cargo-home" "-e" "RUSTUP_HOME=/opt/rustwide/rustup-home" "-w" "/opt/rustwide/workdir" "-m" "1610612736" "--user" "0:0" "--network" "none" "ghcr.io/rust-lang/crates-build-env/linux@sha256:819108c5571ea2e421544af4d832f968d213c87fbe3707a016657f43d2f853bc" "/opt/rustwide/cargo-home/bin/cargo" "+nightly-2025-01-18" "test" "--frozen", kill_on_drop: false }`
[INFO] [stdout] 01e58745aa26b10fdd33acdba14882041d9e26ef54ea0d73a97d06193d16296b
[INFO] running `Command { std: "docker" "start" "-a" "01e58745aa26b10fdd33acdba14882041d9e26ef54ea0d73a97d06193d16296b", kill_on_drop: false }`
[INFO] [stderr] warning: unused variable: `nums`
[INFO] [stderr]   --> src/two_sum.rs:23:20
[INFO] [stderr]    |
[INFO] [stderr] 23 |     pub fn two_sum(nums: &Vec<i32>, target: &i32) -> Vec<i32> {
[INFO] [stderr]    |                    ^^^^ help: if this is intentional, prefix it with an underscore: `_nums`
[INFO] [stderr]    |
[INFO] [stderr]    = note: `#[warn(unused_variables)]` on by default
[INFO] [stderr] 
[INFO] [stderr] warning: unused variable: `target`
[INFO] [stderr]   --> src/two_sum.rs:23:37
[INFO] [stderr]    |
[INFO] [stderr] 23 |     pub fn two_sum(nums: &Vec<i32>, target: &i32) -> Vec<i32> {
[INFO] [stderr]    |                                     ^^^^^^ help: if this is intentional, prefix it with an underscore: `_target`
[INFO] [stderr] 
[INFO] [stderr] warning: unused variable: `haystack`
[INFO] [stderr]  --> src/binary_search_list.rs:4:31
[INFO] [stderr]   |
[INFO] [stderr] 4 |     pub fn binary_search_list(haystack: &[i32], needle: i32) -> bool {
[INFO] [stderr]   |                               ^^^^^^^^ help: if this is intentional, prefix it with an underscore: `_haystack`
[INFO] [stderr] 
[INFO] [stderr] warning: unused variable: `needle`
[INFO] [stderr]  --> src/binary_search_list.rs:4:49
[INFO] [stderr]   |
[INFO] [stderr] 4 |     pub fn binary_search_list(haystack: &[i32], needle: i32) -> bool {
[INFO] [stderr]   |                                                 ^^^^^^ help: if this is intentional, prefix it with an underscore: `_needle`
[INFO] [stderr] 
[INFO] [stderr] warning: `am-i-algo-yet` (lib) generated 4 warnings
[INFO] [stderr] warning: `am-i-algo-yet` (lib test) generated 4 warnings (4 duplicates)
[INFO] [stderr]     Finished `test` profile [unoptimized + debuginfo] target(s) in 0.02s
[INFO] [stderr]      Running unittests src/lib.rs (/opt/rustwide/target/debug/deps/am_i_algo_yet-4774937993778592)
[INFO] [stderr]      Running tests/binary_search_list_test.rs (/opt/rustwide/target/debug/deps/binary_search_list_test-3ab4465f32b68e22)
[INFO] [stdout] 
[INFO] [stdout] running 0 tests
[INFO] [stdout] 
[INFO] [stdout] test result: ok. 0 passed; 0 failed; 0 ignored; 0 measured; 0 filtered out; finished in 0.00s
[INFO] [stdout] 
[INFO] [stdout] 
[INFO] [stdout] running 1 test
[INFO] [stdout] test test_binary_search_list ... FAILED
[INFO] [stdout] 
[INFO] [stdout] failures:
[INFO] [stdout] 
[INFO] [stdout] ---- test_binary_search_list stdout ----
[INFO] [stdout] 
[INFO] [stdout] thread 'test_binary_search_list' panicked at src/binary_search_list.rs:5:9:
[INFO] [stdout] not implemented
[INFO] [stdout] stack backtrace:
[INFO] [stdout]    0:     0x6549ef99f4aa - std::backtrace_rs::backtrace::libunwind::trace::hb059275cfc8d6126
[INFO] [stdout]                                at /rustc/6067b36314ab5eb2eb47cecc464545ba58e1ad24/library/std/src/../../backtrace/src/backtrace/libunwind.rs:116:5
[INFO] [stdout]    1:     0x6549ef99f4aa - std::backtrace_rs::backtrace::trace_unsynchronized::h2da071e4327ce3ee
[INFO] [stdout]                                at /rustc/6067b36314ab5eb2eb47cecc464545ba58e1ad24/library/std/src/../../backtrace/src/backtrace/mod.rs:66:5
[INFO] [stdout]    2:     0x6549ef99f4aa - std::sys::backtrace::_print_fmt::h842a1474e6f8d23f
[INFO] [stdout]                                at /rustc/6067b36314ab5eb2eb47cecc464545ba58e1ad24/library/std/src/sys/backtrace.rs:66:9
[INFO] [stdout]    3:     0x6549ef99f4aa - <std::sys::backtrace::BacktraceLock::print::DisplayBacktrace as core::fmt::Display>::fmt::h71a62eb3b9696b12
[INFO] [stdout]                                at /rustc/6067b36314ab5eb2eb47cecc464545ba58e1ad24/library/std/src/sys/backtrace.rs:39:26
[INFO] [stdout]    4:     0x6549ef9c6a13 - core::fmt::rt::Argument::fmt::hdb6b616786b41dc1
[INFO] [stdout]                                at /rustc/6067b36314ab5eb2eb47cecc464545ba58e1ad24/library/core/src/fmt/rt.rs:177:76
[INFO] [stdout]    5:     0x6549ef9c6a13 - core::fmt::write::h2cc1698af7e2d686
[INFO] [stdout]                                at /rustc/6067b36314ab5eb2eb47cecc464545ba58e1ad24/library/core/src/fmt/mod.rs:1440:21
[INFO] [stdout]    6:     0x6549ef99c003 - std::io::Write::write_fmt::hab1b4cd059a79022
[INFO] [stdout]                                at /rustc/6067b36314ab5eb2eb47cecc464545ba58e1ad24/library/std/src/io/mod.rs:1887:15
[INFO] [stdout]    7:     0x6549ef99f2f2 - std::sys::backtrace::BacktraceLock::print::h147fe35b4ea13b08
[INFO] [stdout]                                at /rustc/6067b36314ab5eb2eb47cecc464545ba58e1ad24/library/std/src/sys/backtrace.rs:42:9
[INFO] [stdout]    8:     0x6549ef9a08cf - std::panicking::default_hook::{{closure}}::hbd44223dbdc0d208
[INFO] [stdout]                                at /rustc/6067b36314ab5eb2eb47cecc464545ba58e1ad24/library/std/src/panicking.rs:298:22
[INFO] [stdout]    9:     0x6549ef9a06e8 - std::panicking::default_hook::h20f81eb0576efcec
[INFO] [stdout]                                at /rustc/6067b36314ab5eb2eb47cecc464545ba58e1ad24/library/std/src/panicking.rs:322:9
[INFO] [stdout]   10:     0x6549ef9694d3 - <alloc::boxed::Box<F,A> as core::ops::function::Fn<Args>>::call::hdb53814c496a4d34
[INFO] [stdout]                                at /rustc/6067b36314ab5eb2eb47cecc464545ba58e1ad24/library/alloc/src/boxed.rs:2027:9
[INFO] [stdout]   11:     0x6549ef9694d3 - test::test_main::{{closure}}::hc0a4963c59427c24
[INFO] [stdout]                                at /rustc/6067b36314ab5eb2eb47cecc464545ba58e1ad24/library/test/src/lib.rs:134:21
[INFO] [stdout]   12:     0x6549ef9a13c3 - <alloc::boxed::Box<F,A> as core::ops::function::Fn<Args>>::call::h591b2225413a77e9
[INFO] [stdout]                                at /rustc/6067b36314ab5eb2eb47cecc464545ba58e1ad24/library/alloc/src/boxed.rs:2027:9
[INFO] [stdout]   13:     0x6549ef9a13c3 - std::panicking::rust_panic_with_hook::h625eea43051b2edc
[INFO] [stdout]                                at /rustc/6067b36314ab5eb2eb47cecc464545ba58e1ad24/library/std/src/panicking.rs:839:13
[INFO] [stdout]   14:     0x6549ef9a1046 - std::panicking::begin_panic_handler::{{closure}}::h4f9159cfbc3f6bd3
[INFO] [stdout]                                at /rustc/6067b36314ab5eb2eb47cecc464545ba58e1ad24/library/std/src/panicking.rs:697:13
[INFO] [stdout]   15:     0x6549ef99f9a9 - std::sys::backtrace::__rust_end_short_backtrace::h0390abce48353151
[INFO] [stdout]                                at /rustc/6067b36314ab5eb2eb47cecc464545ba58e1ad24/library/std/src/sys/backtrace.rs:168:18
[INFO] [stdout]   16:     0x6549ef9a0d0d - rust_begin_unwind
[INFO] [stdout]                                at /rustc/6067b36314ab5eb2eb47cecc464545ba58e1ad24/library/std/src/panicking.rs:695:5
[INFO] [stdout]   17:     0x6549ef9c54c0 - core::panicking::panic_fmt::h9e7c637e9e5f29c9
[INFO] [stdout]                                at /rustc/6067b36314ab5eb2eb47cecc464545ba58e1ad24/library/core/src/panicking.rs:75:14
[INFO] [stdout]   18:     0x6549ef9c554c - core::panicking::panic::haa3255ea20181a33
[INFO] [stdout]                                at /rustc/6067b36314ab5eb2eb47cecc464545ba58e1ad24/library/core/src/panicking.rs:145:5
[INFO] [stdout]   19:     0x6549ef973b1d - am_i_algo_yet::binary_search_list::BinarySearchList::binary_search_list::h2aa083b62091f49d
[INFO] [stdout]                                at /opt/rustwide/workdir/src/binary_search_list.rs:5:9
[INFO] [stdout]   20:     0x6549ef92f094 - binary_search_list_test::test_binary_search_list::h534d0d8cbc258778
[INFO] [stdout]                                at /opt/rustwide/workdir/tests/binary_search_list_test.rs:7:16
[INFO] [stdout]   21:     0x6549ef92f007 - binary_search_list_test::test_binary_search_list::{{closure}}::h1ca945da7990d833
[INFO] [stdout]                                at /opt/rustwide/workdir/tests/binary_search_list_test.rs:4:29
[INFO] [stdout]   22:     0x6549ef92e936 - core::ops::function::FnOnce::call_once::he3af95d295f5b14d
[INFO] [stdout]                                at /rustc/6067b36314ab5eb2eb47cecc464545ba58e1ad24/library/core/src/ops/function.rs:250:5
[INFO] [stdout]   23:     0x6549ef96ec2b - core::ops::function::FnOnce::call_once::he27718dfdd183f43
[INFO] [stdout]                                at /rustc/6067b36314ab5eb2eb47cecc464545ba58e1ad24/library/core/src/ops/function.rs:250:5
[INFO] [stdout]   24:     0x6549ef96ec2b - test::__rust_begin_short_backtrace::h4e84902998457a5d
[INFO] [stdout]                                at /rustc/6067b36314ab5eb2eb47cecc464545ba58e1ad24/library/test/src/lib.rs:632:18
[INFO] [stdout]   25:     0x6549ef96db63 - test::run_test_in_process::{{closure}}::h7176fd18fc1feca0
[INFO] [stdout]                                at /rustc/6067b36314ab5eb2eb47cecc464545ba58e1ad24/library/test/src/lib.rs:655:60
[INFO] [stdout]   26:     0x6549ef96db63 - <core::panic::unwind_safe::AssertUnwindSafe<F> as core::ops::function::FnOnce<()>>::call_once::hf79cff2a624d8cf7
[INFO] [stdout]                                at /rustc/6067b36314ab5eb2eb47cecc464545ba58e1ad24/library/core/src/panic/unwind_safe.rs:272:9
[INFO] [stdout]   27:     0x6549ef96db63 - std::panicking::try::do_call::h3da0561d9ab99c25
[INFO] [stdout]                                at /rustc/6067b36314ab5eb2eb47cecc464545ba58e1ad24/library/std/src/panicking.rs:587:40
[INFO] [stdout]   28:     0x6549ef96db63 - std::panicking::try::h41c9fa508bc61df6
[INFO] [stdout]                                at /rustc/6067b36314ab5eb2eb47cecc464545ba58e1ad24/library/std/src/panicking.rs:550:19
[INFO] [stdout]   29:     0x6549ef96db63 - std::panic::catch_unwind::h6b3ff07bb5afad93
[INFO] [stdout]                                at /rustc/6067b36314ab5eb2eb47cecc464545ba58e1ad24/library/std/src/panic.rs:358:14
[INFO] [stdout]   30:     0x6549ef96db63 - test::run_test_in_process::hc7253dd11b39b9f4
[INFO] [stdout]                                at /rustc/6067b36314ab5eb2eb47cecc464545ba58e1ad24/library/test/src/lib.rs:655:27
[INFO] [stdout]   31:     0x6549ef96db63 - test::run_test::{{closure}}::hfb2007f8649c30bb
[INFO] [stdout]                                at /rustc/6067b36314ab5eb2eb47cecc464545ba58e1ad24/library/test/src/lib.rs:576:43
[INFO] [stdout]   32:     0x6549ef930c45 - test::run_test::{{closure}}::h56a17aa7a282a9f4
[INFO] [stdout]                                at /rustc/6067b36314ab5eb2eb47cecc464545ba58e1ad24/library/test/src/lib.rs:606:41
[INFO] [stdout]   33:     0x6549ef930c45 - std::sys::backtrace::__rust_begin_short_backtrace::hd2d2d2fb8e8c6aac
[INFO] [stdout]                                at /rustc/6067b36314ab5eb2eb47cecc464545ba58e1ad24/library/std/src/sys/backtrace.rs:152:18
[INFO] [stdout]   34:     0x6549ef93452a - std::thread::Builder::spawn_unchecked_::{{closure}}::{{closure}}::h4faa3f9db6133423
[INFO] [stdout]                                at /rustc/6067b36314ab5eb2eb47cecc464545ba58e1ad24/library/std/src/thread/mod.rs:559:17
[INFO] [stdout]   35:     0x6549ef93452a - <core::panic::unwind_safe::AssertUnwindSafe<F> as core::ops::function::FnOnce<()>>::call_once::hf2e855a36a4ea846
[INFO] [stdout]                                at /rustc/6067b36314ab5eb2eb47cecc464545ba58e1ad24/library/core/src/panic/unwind_safe.rs:272:9
[INFO] [stdout]   36:     0x6549ef93452a - std::panicking::try::do_call::h2f73af3616c35465
[INFO] [stdout]                                at /rustc/6067b36314ab5eb2eb47cecc464545ba58e1ad24/library/std/src/panicking.rs:587:40
[INFO] [stdout]   37:     0x6549ef93452a - std::panicking::try::hd1660ce9efadef5a
[INFO] [stdout]                                at /rustc/6067b36314ab5eb2eb47cecc464545ba58e1ad24/library/std/src/panicking.rs:550:19
[INFO] [stdout]   38:     0x6549ef93452a - std::panic::catch_unwind::h5ee8d7823b8ca744
[INFO] [stdout]                                at /rustc/6067b36314ab5eb2eb47cecc464545ba58e1ad24/library/std/src/panic.rs:358:14
[INFO] [stdout]   39:     0x6549ef93452a - std::thread::Builder::spawn_unchecked_::{{closure}}::h53c3a1894dce8407
[INFO] [stdout]                                at /rustc/6067b36314ab5eb2eb47cecc464545ba58e1ad24/library/std/src/thread/mod.rs:557:30
[INFO] [stdout]   40:     0x6549ef93452a - core::ops::function::FnOnce::call_once{{vtable.shim}}::h048ce291ad4f62bf
[INFO] [stdout]                                at /rustc/6067b36314ab5eb2eb47cecc464545ba58e1ad24/library/core/src/ops/function.rs:250:5
[INFO] [stdout]   41:     0x6549ef9a52fb - <alloc::boxed::Box<F,A> as core::ops::function::FnOnce<Args>>::call_once::ha52bedf99a3b4981
[INFO] [stdout]                                at /rustc/6067b36314ab5eb2eb47cecc464545ba58e1ad24/library/alloc/src/boxed.rs:2013:9
[INFO] [stdout]   42:     0x6549ef9a52fb - <alloc::boxed::Box<F,A> as core::ops::function::FnOnce<Args>>::call_once::h567748934d80ccf8
[INFO] [stdout]                                at /rustc/6067b36314ab5eb2eb47cecc464545ba58e1ad24/library/alloc/src/boxed.rs:2013:9
[INFO] [stdout]   43:     0x6549ef9a52fb - std::sys::pal::unix::thread::Thread::new::thread_start::h2d970728ae887adc
[INFO] [stdout]                                at /rustc/6067b36314ab5eb2eb47cecc464545ba58e1ad24/library/std/src/sys/pal/unix/thread.rs:106:17
[INFO] [stdout]   44:     0x778c7d0a0ac3 - <unknown>
[INFO] [stdout]   45:     0x778c7d131a04 - clone
[INFO] [stdout]   46:                0x0 - <unknown>
[INFO] [stdout] 
[INFO] [stdout] 
[INFO] [stdout] failures:
[INFO] [stdout]     test_binary_search_list
[INFO] [stdout] 
[INFO] [stdout] test result: FAILED. 0 passed; 1 failed; 0 ignored; 0 measured; 0 filtered out; finished in 0.03s
[INFO] [stdout] 
[INFO] [stderr] error: test failed, to rerun pass `--test binary_search_list_test`
[INFO] running `Command { std: "docker" "inspect" "01e58745aa26b10fdd33acdba14882041d9e26ef54ea0d73a97d06193d16296b", kill_on_drop: false }`
[INFO] running `Command { std: "docker" "rm" "-f" "01e58745aa26b10fdd33acdba14882041d9e26ef54ea0d73a97d06193d16296b", kill_on_drop: false }`
[INFO] [stdout] 01e58745aa26b10fdd33acdba14882041d9e26ef54ea0d73a97d06193d16296b
