[INFO] cloning repository https://github.com/akesling/hubby
[INFO] running `Command { std: "git" "-c" "credential.helper=" "-c" "credential.helper=/workspace/cargo-home/bin/git-credential-null" "clone" "--bare" "https://github.com/akesling/hubby" "/workspace/cache/git-repos/https%3A%2F%2Fgithub.com%2Fakesling%2Fhubby", kill_on_drop: false }`
[INFO] [stderr] Cloning into bare repository '/workspace/cache/git-repos/https%3A%2F%2Fgithub.com%2Fakesling%2Fhubby'...
[INFO] running `Command { std: "git" "rev-parse" "HEAD", kill_on_drop: false }`
[INFO] [stdout] 54d37980574a2a437f576d845eabf594206b3c50
[INFO] testing akesling/hubby against nightly-2025-01-18 for randomize-layout-2
[INFO] running `Command { std: "git" "clone" "/workspace/cache/git-repos/https%3A%2F%2Fgithub.com%2Fakesling%2Fhubby" "/workspace/builds/worker-4-tc1/source", kill_on_drop: false }`
[INFO] [stderr] Cloning into '/workspace/builds/worker-4-tc1/source'...
[INFO] [stderr] done.
[INFO] validating manifest of git repo https://github.com/akesling/hubby on toolchain nightly-2025-01-18
[INFO] running `Command { std: CARGO_HOME="/workspace/cargo-home" RUSTUP_HOME="/workspace/rustup-home" "/workspace/cargo-home/bin/cargo" "+nightly-2025-01-18" "metadata" "--manifest-path" "Cargo.toml" "--no-deps", kill_on_drop: false }`
[INFO] started tweaking git repo https://github.com/akesling/hubby
[INFO] finished tweaking git repo https://github.com/akesling/hubby
[INFO] tweaked toml for git repo https://github.com/akesling/hubby written to /workspace/builds/worker-4-tc1/source/Cargo.toml
[INFO] crate git repo https://github.com/akesling/hubby already has a lockfile, it will not be regenerated
[INFO] running `Command { std: CARGO_HOME="/workspace/cargo-home" RUSTUP_HOME="/workspace/rustup-home" "/workspace/cargo-home/bin/cargo" "+nightly-2025-01-18" "fetch" "--manifest-path" "Cargo.toml", kill_on_drop: false }`
[INFO] [stderr] warning: /workspace/builds/worker-4-tc1/source/Cargo.toml: unused manifest key: workspace.dev-dependencies
[INFO] [stderr]     Blocking waiting for file lock on package cache
[INFO] [stderr]     Blocking waiting for file lock on package cache
[INFO] running `Command { std: "docker" "create" "-v" "/var/lib/crater-agent-workspace/builds/worker-4-tc1/target:/opt/rustwide/target:rw,Z" "-v" "/var/lib/crater-agent-workspace/builds/worker-4-tc1/source:/opt/rustwide/workdir:ro,Z" "-v" "/var/lib/crater-agent-workspace/cargo-home:/opt/rustwide/cargo-home:ro,Z" "-v" "/var/lib/crater-agent-workspace/rustup-home:/opt/rustwide/rustup-home:ro,Z" "-e" "SOURCE_DIR=/opt/rustwide/workdir" "-e" "CARGO_TARGET_DIR=/opt/rustwide/target" "-e" "CARGO_HOME=/opt/rustwide/cargo-home" "-e" "RUSTUP_HOME=/opt/rustwide/rustup-home" "-w" "/opt/rustwide/workdir" "-m" "1610612736" "--user" "0:0" "--network" "none" "ghcr.io/rust-lang/crates-build-env/linux@sha256:819108c5571ea2e421544af4d832f968d213c87fbe3707a016657f43d2f853bc" "/opt/rustwide/cargo-home/bin/cargo" "+nightly-2025-01-18" "metadata" "--no-deps" "--format-version=1", kill_on_drop: false }`
[INFO] [stdout] 0cac1dbc7e03b8cee8becb989596148631a44abed4355657d7f5cab075e54b02
[INFO] running `Command { std: "docker" "start" "-a" "0cac1dbc7e03b8cee8becb989596148631a44abed4355657d7f5cab075e54b02", kill_on_drop: false }`
[INFO] running `Command { std: "docker" "inspect" "0cac1dbc7e03b8cee8becb989596148631a44abed4355657d7f5cab075e54b02", kill_on_drop: false }`
[INFO] running `Command { std: "docker" "rm" "-f" "0cac1dbc7e03b8cee8becb989596148631a44abed4355657d7f5cab075e54b02", kill_on_drop: false }`
[INFO] [stdout] 0cac1dbc7e03b8cee8becb989596148631a44abed4355657d7f5cab075e54b02
[INFO] running `Command { std: "docker" "create" "-v" "/var/lib/crater-agent-workspace/builds/worker-4-tc1/target:/opt/rustwide/target:rw,Z" "-v" "/var/lib/crater-agent-workspace/builds/worker-4-tc1/source:/opt/rustwide/workdir:ro,Z" "-v" "/var/lib/crater-agent-workspace/cargo-home:/opt/rustwide/cargo-home:ro,Z" "-v" "/var/lib/crater-agent-workspace/rustup-home:/opt/rustwide/rustup-home:ro,Z" "-e" "SOURCE_DIR=/opt/rustwide/workdir" "-e" "CARGO_TARGET_DIR=/opt/rustwide/target" "-e" "CARGO_INCREMENTAL=0" "-e" "RUST_BACKTRACE=full" "-e" "RUSTFLAGS=--cap-lints=forbid" "-e" "RUSTDOCFLAGS=--cap-lints=forbid" "-e" "CARGO_HOME=/opt/rustwide/cargo-home" "-e" "RUSTUP_HOME=/opt/rustwide/rustup-home" "-w" "/opt/rustwide/workdir" "-m" "1610612736" "--user" "0:0" "--network" "none" "ghcr.io/rust-lang/crates-build-env/linux@sha256:819108c5571ea2e421544af4d832f968d213c87fbe3707a016657f43d2f853bc" "/opt/rustwide/cargo-home/bin/cargo" "+nightly-2025-01-18" "build" "--frozen" "--message-format=json", kill_on_drop: false }`
[INFO] [stdout] 48a97cc17ce775c6bdeae0c8f9bc2d6d017ffe3dc9803660c308d3c3e34dbe75
[INFO] running `Command { std: "docker" "start" "-a" "48a97cc17ce775c6bdeae0c8f9bc2d6d017ffe3dc9803660c308d3c3e34dbe75", kill_on_drop: false }`
[INFO] [stderr] warning: /opt/rustwide/workdir/Cargo.toml: unused manifest key: workspace.dev-dependencies
[INFO] [stderr]    Compiling jarl v0.1.4 (/opt/rustwide/workdir/jarl)
[INFO] [stderr]    Compiling hubby v0.1.3 (/opt/rustwide/workdir/hubby)
[INFO] [stderr]    Compiling hubby-core v0.1.3 (/opt/rustwide/workdir/hubby-core)
[INFO] [stdout] warning: unused variable: `append_msg`
[INFO] [stdout]    --> jarl/src/lib.rs:292:13
[INFO] [stdout]     |
[INFO] [stdout] 292 |             append_msg: &mut crate::msg::AppendEntries<'e, VALUE>,
[INFO] [stdout]     |             ^^^^^^^^^^ help: if this is intentional, prefix it with an underscore: `_append_msg`
[INFO] [stdout]     |
[INFO] [stdout]     = note: `#[warn(unused_variables)]` on by default
[INFO] [stdout] 
[INFO] [stdout] 
[INFO] [stdout] warning: fields `id`, `election_expiration`, `next_index_to_replicate_per_node`, `max_replicated_index_per_node`, and `snapshot` are never read
[INFO] [stdout]    --> jarl/src/lib.rs:84:9
[INFO] [stdout]     |
[INFO] [stdout] 82  |     pub struct Node<const CELL_SIZE: usize, const MAX_LOG: usize, VALUE: Default, SNAPSHOT> {
[INFO] [stdout]     |                ---- fields in this struct
[INFO] [stdout] 83  |         /// A cell-unique identifier for this node
[INFO] [stdout] 84  |         id: Id,
[INFO] [stdout]     |         ^^
[INFO] [stdout] ...
[INFO] [stdout] 103 |         election_expiration: NodeTime,
[INFO] [stdout]     |         ^^^^^^^^^^^^^^^^^^^
[INFO] [stdout] 104 |
[INFO] [stdout] 105 |         next_index_to_replicate_per_node: [crate::log::Index; CELL_SIZE],
[INFO] [stdout]     |         ^^^^^^^^^^^^^^^^^^^^^^^^^^^^^^^^
[INFO] [stdout] 106 |         max_replicated_index_per_node: [crate::log::Index; CELL_SIZE],
[INFO] [stdout]     |         ^^^^^^^^^^^^^^^^^^^^^^^^^^^^^
[INFO] [stdout] ...
[INFO] [stdout] 109 |         snapshot: SNAPSHOT,
[INFO] [stdout]     |         ^^^^^^^^
[INFO] [stdout]     |
[INFO] [stdout]     = note: `Node` has a derived impl for the trait `Debug`, but this is intentionally ignored during dead code analysis
[INFO] [stdout]     = note: `#[warn(dead_code)]` on by default
[INFO] [stdout] 
[INFO] [stdout] 
[INFO] [stdout] warning: method `fill_append_entries` is never used
[INFO] [stdout]    --> jarl/src/lib.rs:290:12
[INFO] [stdout]     |
[INFO] [stdout] 271 | /     impl<const CELL_SIZE: usize, const MAX_LOG: usize, VALUE: Default, SNAPSHOT>
[INFO] [stdout] 272 | |         Leader<CELL_SIZE, MAX_LOG, VALUE, SNAPSHOT>
[INFO] [stdout]     | |___________________________________________________- method in this implementation
[INFO] [stdout] ...
[INFO] [stdout] 290 |           fn fill_append_entries<'e>(
[INFO] [stdout]     |              ^^^^^^^^^^^^^^^^^^^
[INFO] [stdout] 
[INFO] [stdout] 
[INFO] [stderr]     Finished `dev` profile [unoptimized + debuginfo] target(s) in 0.09s
[INFO] running `Command { std: "docker" "inspect" "48a97cc17ce775c6bdeae0c8f9bc2d6d017ffe3dc9803660c308d3c3e34dbe75", kill_on_drop: false }`
[INFO] running `Command { std: "docker" "rm" "-f" "48a97cc17ce775c6bdeae0c8f9bc2d6d017ffe3dc9803660c308d3c3e34dbe75", kill_on_drop: false }`
[INFO] [stdout] 48a97cc17ce775c6bdeae0c8f9bc2d6d017ffe3dc9803660c308d3c3e34dbe75
[INFO] running `Command { std: "docker" "create" "-v" "/var/lib/crater-agent-workspace/builds/worker-4-tc1/target:/opt/rustwide/target:rw,Z" "-v" "/var/lib/crater-agent-workspace/builds/worker-4-tc1/source:/opt/rustwide/workdir:ro,Z" "-v" "/var/lib/crater-agent-workspace/cargo-home:/opt/rustwide/cargo-home:ro,Z" "-v" "/var/lib/crater-agent-workspace/rustup-home:/opt/rustwide/rustup-home:ro,Z" "-e" "SOURCE_DIR=/opt/rustwide/workdir" "-e" "CARGO_TARGET_DIR=/opt/rustwide/target" "-e" "CARGO_INCREMENTAL=0" "-e" "RUST_BACKTRACE=full" "-e" "RUSTFLAGS=--cap-lints=forbid" "-e" "RUSTDOCFLAGS=--cap-lints=forbid" "-e" "CARGO_HOME=/opt/rustwide/cargo-home" "-e" "RUSTUP_HOME=/opt/rustwide/rustup-home" "-w" "/opt/rustwide/workdir" "-m" "1610612736" "--user" "0:0" "--network" "none" "ghcr.io/rust-lang/crates-build-env/linux@sha256:819108c5571ea2e421544af4d832f968d213c87fbe3707a016657f43d2f853bc" "/opt/rustwide/cargo-home/bin/cargo" "+nightly-2025-01-18" "test" "--frozen" "--no-run" "--message-format=json", kill_on_drop: false }`
[INFO] [stdout] f6cf2f06403c97c10a609188c8c02c23d4b70230911eaf1e1ac8c6e6e9dabd28
[INFO] running `Command { std: "docker" "start" "-a" "f6cf2f06403c97c10a609188c8c02c23d4b70230911eaf1e1ac8c6e6e9dabd28", kill_on_drop: false }`
[INFO] [stderr] warning: /opt/rustwide/workdir/Cargo.toml: unused manifest key: workspace.dev-dependencies
[INFO] [stdout] warning: unused variable: `append_msg`
[INFO] [stdout]    --> jarl/src/lib.rs:292:13
[INFO] [stdout]     |
[INFO] [stdout] 292 |             append_msg: &mut crate::msg::AppendEntries<'e, VALUE>,
[INFO] [stdout]     |             ^^^^^^^^^^ help: if this is intentional, prefix it with an underscore: `_append_msg`
[INFO] [stdout]     |
[INFO] [stdout]     = note: `#[warn(unused_variables)]` on by default
[INFO] [stdout] 
[INFO] [stdout] 
[INFO] [stdout] warning: fields `id`, `election_expiration`, `next_index_to_replicate_per_node`, `max_replicated_index_per_node`, and `snapshot` are never read
[INFO] [stdout]    --> jarl/src/lib.rs:84:9
[INFO] [stdout]     |
[INFO] [stdout] 82  |     pub struct Node<const CELL_SIZE: usize, const MAX_LOG: usize, VALUE: Default, SNAPSHOT> {
[INFO] [stdout]     |                ---- fields in this struct
[INFO] [stdout] 83  |         /// A cell-unique identifier for this node
[INFO] [stdout] 84  |         id: Id,
[INFO] [stdout]     |         ^^
[INFO] [stdout] ...
[INFO] [stdout] 103 |         election_expiration: NodeTime,
[INFO] [stdout]     |         ^^^^^^^^^^^^^^^^^^^
[INFO] [stdout] 104 |
[INFO] [stdout] 105 |         next_index_to_replicate_per_node: [crate::log::Index; CELL_SIZE],
[INFO] [stdout]     |         ^^^^^^^^^^^^^^^^^^^^^^^^^^^^^^^^
[INFO] [stdout] 106 |         max_replicated_index_per_node: [crate::log::Index; CELL_SIZE],
[INFO] [stdout]     |         ^^^^^^^^^^^^^^^^^^^^^^^^^^^^^
[INFO] [stdout] ...
[INFO] [stdout] 109 |         snapshot: SNAPSHOT,
[INFO] [stdout]     |         ^^^^^^^^
[INFO] [stdout]     |
[INFO] [stdout]     = note: `Node` has a derived impl for the trait `Debug`, but this is intentionally ignored during dead code analysis
[INFO] [stdout]     = note: `#[warn(dead_code)]` on by default
[INFO] [stdout] 
[INFO] [stdout] 
[INFO] [stdout] warning: method `fill_append_entries` is never used
[INFO] [stdout]    --> jarl/src/lib.rs:290:12
[INFO] [stdout]     |
[INFO] [stdout] 271 | /     impl<const CELL_SIZE: usize, const MAX_LOG: usize, VALUE: Default, SNAPSHOT>
[INFO] [stdout] 272 | |         Leader<CELL_SIZE, MAX_LOG, VALUE, SNAPSHOT>
[INFO] [stdout]     | |___________________________________________________- method in this implementation
[INFO] [stdout] ...
[INFO] [stdout] 290 |           fn fill_append_entries<'e>(
[INFO] [stdout]     |              ^^^^^^^^^^^^^^^^^^^
[INFO] [stdout] 
[INFO] [stdout] 
[INFO] [stderr]    Compiling hubby v0.1.3 (/opt/rustwide/workdir/hubby)
[INFO] [stderr]    Compiling jarl v0.1.4 (/opt/rustwide/workdir/jarl)
[INFO] [stderr]    Compiling hubby-core v0.1.3 (/opt/rustwide/workdir/hubby-core)
[INFO] [stdout] warning: unused import: `super::*`
[INFO] [stdout]    --> jarl/src/lib.rs:614:13
[INFO] [stdout]     |
[INFO] [stdout] 614 |         use super::*;
[INFO] [stdout]     |             ^^^^^^^^
[INFO] [stdout]     |
[INFO] [stdout]     = note: `#[warn(unused_imports)]` on by default
[INFO] [stdout] 
[INFO] [stdout] 
[INFO] [stdout] warning: unused import: `super::*`
[INFO] [stdout]    --> jarl/src/lib.rs:637:13
[INFO] [stdout]     |
[INFO] [stdout] 637 |         use super::*;
[INFO] [stdout]     |             ^^^^^^^^
[INFO] [stdout] 
[INFO] [stdout] 
[INFO] [stdout] warning: unused variable: `append_msg`
[INFO] [stdout]    --> jarl/src/lib.rs:292:13
[INFO] [stdout]     |
[INFO] [stdout] 292 |             append_msg: &mut crate::msg::AppendEntries<'e, VALUE>,
[INFO] [stdout]     |             ^^^^^^^^^^ help: if this is intentional, prefix it with an underscore: `_append_msg`
[INFO] [stdout]     |
[INFO] [stdout]     = note: `#[warn(unused_variables)]` on by default
[INFO] [stdout] 
[INFO] [stdout] 
[INFO] [stdout] warning: fields `id`, `election_expiration`, `next_index_to_replicate_per_node`, `max_replicated_index_per_node`, and `snapshot` are never read
[INFO] [stdout]    --> jarl/src/lib.rs:84:9
[INFO] [stdout]     |
[INFO] [stdout] 82  |     pub struct Node<const CELL_SIZE: usize, const MAX_LOG: usize, VALUE: Default, SNAPSHOT> {
[INFO] [stdout]     |                ---- fields in this struct
[INFO] [stdout] 83  |         /// A cell-unique identifier for this node
[INFO] [stdout] 84  |         id: Id,
[INFO] [stdout]     |         ^^
[INFO] [stdout] ...
[INFO] [stdout] 103 |         election_expiration: NodeTime,
[INFO] [stdout]     |         ^^^^^^^^^^^^^^^^^^^
[INFO] [stdout] 104 |
[INFO] [stdout] 105 |         next_index_to_replicate_per_node: [crate::log::Index; CELL_SIZE],
[INFO] [stdout]     |         ^^^^^^^^^^^^^^^^^^^^^^^^^^^^^^^^
[INFO] [stdout] 106 |         max_replicated_index_per_node: [crate::log::Index; CELL_SIZE],
[INFO] [stdout]     |         ^^^^^^^^^^^^^^^^^^^^^^^^^^^^^
[INFO] [stdout] ...
[INFO] [stdout] 109 |         snapshot: SNAPSHOT,
[INFO] [stdout]     |         ^^^^^^^^
[INFO] [stdout]     |
[INFO] [stdout]     = note: `Node` has a derived impl for the trait `Debug`, but this is intentionally ignored during dead code analysis
[INFO] [stdout]     = note: `#[warn(dead_code)]` on by default
[INFO] [stdout] 
[INFO] [stdout] 
[INFO] [stdout] warning: method `fill_append_entries` is never used
[INFO] [stdout]    --> jarl/src/lib.rs:290:12
[INFO] [stdout]     |
[INFO] [stdout] 271 | /     impl<const CELL_SIZE: usize, const MAX_LOG: usize, VALUE: Default, SNAPSHOT>
[INFO] [stdout] 272 | |         Leader<CELL_SIZE, MAX_LOG, VALUE, SNAPSHOT>
[INFO] [stdout]     | |___________________________________________________- method in this implementation
[INFO] [stdout] ...
[INFO] [stdout] 290 |           fn fill_append_entries<'e>(
[INFO] [stdout]     |              ^^^^^^^^^^^^^^^^^^^
[INFO] [stdout] 
[INFO] [stdout] 
[INFO] [stderr]     Finished `test` profile [unoptimized + debuginfo] target(s) in 0.27s
[INFO] running `Command { std: "docker" "inspect" "f6cf2f06403c97c10a609188c8c02c23d4b70230911eaf1e1ac8c6e6e9dabd28", kill_on_drop: false }`
[INFO] running `Command { std: "docker" "rm" "-f" "f6cf2f06403c97c10a609188c8c02c23d4b70230911eaf1e1ac8c6e6e9dabd28", kill_on_drop: false }`
[INFO] [stdout] f6cf2f06403c97c10a609188c8c02c23d4b70230911eaf1e1ac8c6e6e9dabd28
[INFO] running `Command { std: "docker" "create" "-v" "/var/lib/crater-agent-workspace/builds/worker-4-tc1/target:/opt/rustwide/target:rw,Z" "-v" "/var/lib/crater-agent-workspace/builds/worker-4-tc1/source:/opt/rustwide/workdir:ro,Z" "-v" "/var/lib/crater-agent-workspace/cargo-home:/opt/rustwide/cargo-home:ro,Z" "-v" "/var/lib/crater-agent-workspace/rustup-home:/opt/rustwide/rustup-home:ro,Z" "-e" "SOURCE_DIR=/opt/rustwide/workdir" "-e" "CARGO_TARGET_DIR=/opt/rustwide/target" "-e" "CARGO_INCREMENTAL=0" "-e" "RUST_BACKTRACE=full" "-e" "RUSTFLAGS=--cap-lints=forbid" "-e" "RUSTDOCFLAGS=--cap-lints=forbid" "-e" "CARGO_HOME=/opt/rustwide/cargo-home" "-e" "RUSTUP_HOME=/opt/rustwide/rustup-home" "-w" "/opt/rustwide/workdir" "-m" "1610612736" "--user" "0:0" "--network" "none" "ghcr.io/rust-lang/crates-build-env/linux@sha256:819108c5571ea2e421544af4d832f968d213c87fbe3707a016657f43d2f853bc" "/opt/rustwide/cargo-home/bin/cargo" "+nightly-2025-01-18" "test" "--frozen", kill_on_drop: false }`
[INFO] [stdout] ced71c05e0463da4a7ea9e2bd78d0cc93ef5aec484d42faa4aa4b82a7644932e
[INFO] running `Command { std: "docker" "start" "-a" "ced71c05e0463da4a7ea9e2bd78d0cc93ef5aec484d42faa4aa4b82a7644932e", kill_on_drop: false }`
[INFO] [stderr] warning: /opt/rustwide/workdir/Cargo.toml: unused manifest key: workspace.dev-dependencies
[INFO] [stderr] warning: unused variable: `append_msg`
[INFO] [stderr]    --> jarl/src/lib.rs:292:13
[INFO] [stderr]     |
[INFO] [stderr] 292 |             append_msg: &mut crate::msg::AppendEntries<'e, VALUE>,
[INFO] [stderr]     |             ^^^^^^^^^^ help: if this is intentional, prefix it with an underscore: `_append_msg`
[INFO] [stderr]     |
[INFO] [stderr]     = note: `#[warn(unused_variables)]` on by default
[INFO] [stderr] 
[INFO] [stderr] warning: fields `id`, `election_expiration`, `next_index_to_replicate_per_node`, `max_replicated_index_per_node`, and `snapshot` are never read
[INFO] [stderr]    --> jarl/src/lib.rs:84:9
[INFO] [stderr]     |
[INFO] [stderr] 82  |     pub struct Node<const CELL_SIZE: usize, const MAX_LOG: usize, VALUE: Default, SNAPSHOT> {
[INFO] [stderr]     |                ---- fields in this struct
[INFO] [stderr] 83  |         /// A cell-unique identifier for this node
[INFO] [stderr] 84  |         id: Id,
[INFO] [stderr]     |         ^^
[INFO] [stderr] ...
[INFO] [stderr] 103 |         election_expiration: NodeTime,
[INFO] [stderr]     |         ^^^^^^^^^^^^^^^^^^^
[INFO] [stderr] 104 |
[INFO] [stderr] 105 |         next_index_to_replicate_per_node: [crate::log::Index; CELL_SIZE],
[INFO] [stderr]     |         ^^^^^^^^^^^^^^^^^^^^^^^^^^^^^^^^
[INFO] [stderr] 106 |         max_replicated_index_per_node: [crate::log::Index; CELL_SIZE],
[INFO] [stderr]     |         ^^^^^^^^^^^^^^^^^^^^^^^^^^^^^
[INFO] [stderr] ...
[INFO] [stderr] 109 |         snapshot: SNAPSHOT,
[INFO] [stderr]     |         ^^^^^^^^
[INFO] [stderr]     |
[INFO] [stderr]     = note: `Node` has a derived impl for the trait `Debug`, but this is intentionally ignored during dead code analysis
[INFO] [stderr]     = note: `#[warn(dead_code)]` on by default
[INFO] [stderr] 
[INFO] [stderr] warning: method `fill_append_entries` is never used
[INFO] [stderr]    --> jarl/src/lib.rs:290:12
[INFO] [stderr]     |
[INFO] [stderr] 271 | /     impl<const CELL_SIZE: usize, const MAX_LOG: usize, VALUE: Default, SNAPSHOT>
[INFO] [stderr] 272 | |         Leader<CELL_SIZE, MAX_LOG, VALUE, SNAPSHOT>
[INFO] [stderr]     | |___________________________________________________- method in this implementation
[INFO] [stderr] ...
[INFO] [stderr] 290 |           fn fill_append_entries<'e>(
[INFO] [stderr]     |              ^^^^^^^^^^^^^^^^^^^
[INFO] [stderr] 
[INFO] [stderr] warning: `jarl` (lib) generated 3 warnings
[INFO] [stderr] warning: unused import: `super::*`
[INFO] [stderr]    --> jarl/src/lib.rs:614:13
[INFO] [stderr]     |
[INFO] [stderr] 614 |         use super::*;
[INFO] [stderr]     |             ^^^^^^^^
[INFO] [stderr]     |
[INFO] [stderr]     = note: `#[warn(unused_imports)]` on by default
[INFO] [stderr] 
[INFO] [stderr] warning: unused import: `super::*`
[INFO] [stderr]    --> jarl/src/lib.rs:637:13
[INFO] [stderr]     |
[INFO] [stderr] 637 |         use super::*;
[INFO] [stderr]     |             ^^^^^^^^
[INFO] [stderr] 
[INFO] [stderr] warning: `jarl` (lib test) generated 5 warnings (3 duplicates) (run `cargo fix --lib -p jarl --tests` to apply 2 suggestions)
[INFO] [stderr]     Finished `test` profile [unoptimized + debuginfo] target(s) in 0.01s
[INFO] [stderr]      Running unittests src/lib.rs (/opt/rustwide/target/debug/deps/hubby-ceeeaa1e94815b36)
[INFO] [stderr]      Running unittests src/lib.rs (/opt/rustwide/target/debug/deps/hubby_core-4ed7fbd948c35ecc)
[INFO] [stdout] 
[INFO] [stdout] running 1 test
[INFO] [stdout] test tests::it_works ... ok
[INFO] [stdout] 
[INFO] [stdout] test result: ok. 1 passed; 0 failed; 0 ignored; 0 measured; 0 filtered out; finished in 0.00s
[INFO] [stdout] 
[INFO] [stdout] 
[INFO] [stdout] running 1 test
[INFO] [stdout] test tests::it_works ... ok
[INFO] [stdout] 
[INFO] [stdout] test result: ok. 1 passed; 0 failed; 0 ignored; 0 measured; 0 filtered out; finished in 0.00s
[INFO] [stdout] 
[INFO] [stderr]      Running unittests src/lib.rs (/opt/rustwide/target/debug/deps/jarl-bcf2dc0adccae218)
[INFO] [stdout] 
[INFO] [stdout] running 17 tests
[INFO] [stdout] test cell_semantics_test::candidate::candidate_becomes_follower_upon_new_leader_message ... ignored
[INFO] [stdout] test cell_semantics_test::candidate::candidate_becomes_leader_when_receive_majority_vote ... ignored
[INFO] [stdout] test cell_semantics_test::candidate::candidate_candidate_sends_vote_requests_upon_new_election ... ignored
[INFO] [stdout] test cell_semantics_test::candidate::candidate_starts_new_election_when_election_times_out_without_majority ... ignored
[INFO] [stdout] test cell_semantics_test::follower::follower_accepts_one_candidate_per_voting_term ... ignored
[INFO] [stdout] test cell_semantics_test::follower::follower_appends_to_log_for_current_term ... ignored
[INFO] [stdout] test cell_semantics_test::follower::follower_election_window_resets_upon_append_receipt ... ignored
[INFO] [stdout] test cell_semantics_test::follower::follower_rejects_append_from_old_leader ... ignored
[INFO] [stdout] test cell_semantics_test::follower::follower_rejects_vote_request_from_old_candidate ... ignored
[INFO] [stdout] test cell_semantics_test::follower::follower_becomes_candidate_upon_heartbeat_timeout ... ok
[INFO] [stdout] test cell_semantics_test::leader::fresh_leader_issues_empty_append_entries ... ignored
[INFO] [stdout] test cell_semantics_test::leader::leader_becomes_follower_upon_new_leader_message_with_higher_term ... ignored
[INFO] [stdout] test cell_semantics_test::follower::node_starts_in_follower_state ... ok
[INFO] [stdout] test log::test::append_fails_if_index_is_inconsistent ... ignored
[INFO] [stdout] test log::test::append_overwrites_inconsistent_term_items ... ignored
[INFO] [stdout] test cell_semantics_test::follower::follower_increments_term_upon_new_leader_message ... FAILED
[INFO] [stdout] test log::test::append_entries_works ... FAILED
[INFO] [stdout] 
[INFO] [stdout] failures:
[INFO] [stdout] 
[INFO] [stdout] ---- cell_semantics_test::follower::follower_increments_term_upon_new_leader_message stdout ----
[INFO] [stdout] 
[INFO] [stdout] thread 'cell_semantics_test::follower::follower_increments_term_upon_new_leader_message' panicked at jarl/src/lib.rs:412:13:
[INFO] [stdout] not yet implemented: Implement append_entries!
[INFO] [stdout] stack backtrace:
[INFO] [stdout]    0:     0x62ef9c02430a - std::backtrace_rs::backtrace::libunwind::trace::hb059275cfc8d6126
[INFO] [stdout]                                at /rustc/6067b36314ab5eb2eb47cecc464545ba58e1ad24/library/std/src/../../backtrace/src/backtrace/libunwind.rs:116:5
[INFO] [stdout]    1:     0x62ef9c02430a - std::backtrace_rs::backtrace::trace_unsynchronized::h2da071e4327ce3ee
[INFO] [stdout]                                at /rustc/6067b36314ab5eb2eb47cecc464545ba58e1ad24/library/std/src/../../backtrace/src/backtrace/mod.rs:66:5
[INFO] [stdout]    2:     0x62ef9c02430a - std::sys::backtrace::_print_fmt::h842a1474e6f8d23f
[INFO] [stdout]                                at /rustc/6067b36314ab5eb2eb47cecc464545ba58e1ad24/library/std/src/sys/backtrace.rs:66:9
[INFO] [stdout]    3:     0x62ef9c02430a - <std::sys::backtrace::BacktraceLock::print::DisplayBacktrace as core::fmt::Display>::fmt::h71a62eb3b9696b12
[INFO] [stdout]                                at /rustc/6067b36314ab5eb2eb47cecc464545ba58e1ad24/library/std/src/sys/backtrace.rs:39:26
[INFO] [stdout]    4:     0x62ef9c04b8a3 - core::fmt::rt::Argument::fmt::hdb6b616786b41dc1
[INFO] [stdout]                                at /rustc/6067b36314ab5eb2eb47cecc464545ba58e1ad24/library/core/src/fmt/rt.rs:177:76
[INFO] [stdout]    5:     0x62ef9c04b8a3 - core::fmt::write::h2cc1698af7e2d686
[INFO] [stdout]                                at /rustc/6067b36314ab5eb2eb47cecc464545ba58e1ad24/library/core/src/fmt/mod.rs:1440:21
[INFO] [stdout]    6:     0x62ef9c020e63 - std::io::Write::write_fmt::hab1b4cd059a79022
[INFO] [stdout]                                at /rustc/6067b36314ab5eb2eb47cecc464545ba58e1ad24/library/std/src/io/mod.rs:1887:15
[INFO] [stdout]    7:     0x62ef9c024152 - std::sys::backtrace::BacktraceLock::print::h147fe35b4ea13b08
[INFO] [stdout]                                at /rustc/6067b36314ab5eb2eb47cecc464545ba58e1ad24/library/std/src/sys/backtrace.rs:42:9
[INFO] [stdout]    8:     0x62ef9c02572f - std::panicking::default_hook::{{closure}}::hbd44223dbdc0d208
[INFO] [stdout]                                at /rustc/6067b36314ab5eb2eb47cecc464545ba58e1ad24/library/std/src/panicking.rs:298:22
[INFO] [stdout]    9:     0x62ef9c025548 - std::panicking::default_hook::h20f81eb0576efcec
[INFO] [stdout]                                at /rustc/6067b36314ab5eb2eb47cecc464545ba58e1ad24/library/std/src/panicking.rs:322:9
[INFO] [stdout]   10:     0x62ef9bfee363 - <alloc::boxed::Box<F,A> as core::ops::function::Fn<Args>>::call::hdb53814c496a4d34
[INFO] [stdout]                                at /rustc/6067b36314ab5eb2eb47cecc464545ba58e1ad24/library/alloc/src/boxed.rs:2027:9
[INFO] [stdout]   11:     0x62ef9bfee363 - test::test_main::{{closure}}::hc0a4963c59427c24
[INFO] [stdout]                                at /rustc/6067b36314ab5eb2eb47cecc464545ba58e1ad24/library/test/src/lib.rs:134:21
[INFO] [stdout]   12:     0x62ef9c026223 - <alloc::boxed::Box<F,A> as core::ops::function::Fn<Args>>::call::h591b2225413a77e9
[INFO] [stdout]                                at /rustc/6067b36314ab5eb2eb47cecc464545ba58e1ad24/library/alloc/src/boxed.rs:2027:9
[INFO] [stdout]   13:     0x62ef9c026223 - std::panicking::rust_panic_with_hook::h625eea43051b2edc
[INFO] [stdout]                                at /rustc/6067b36314ab5eb2eb47cecc464545ba58e1ad24/library/std/src/panicking.rs:839:13
[INFO] [stdout]   14:     0x62ef9c025ea6 - std::panicking::begin_panic_handler::{{closure}}::h4f9159cfbc3f6bd3
[INFO] [stdout]                                at /rustc/6067b36314ab5eb2eb47cecc464545ba58e1ad24/library/std/src/panicking.rs:697:13
[INFO] [stdout]   15:     0x62ef9c024809 - std::sys::backtrace::__rust_end_short_backtrace::h0390abce48353151
[INFO] [stdout]                                at /rustc/6067b36314ab5eb2eb47cecc464545ba58e1ad24/library/std/src/sys/backtrace.rs:168:18
[INFO] [stdout]   16:     0x62ef9c025b6d - rust_begin_unwind
[INFO] [stdout]                                at /rustc/6067b36314ab5eb2eb47cecc464545ba58e1ad24/library/std/src/panicking.rs:695:5
[INFO] [stdout]   17:     0x62ef9c04a320 - core::panicking::panic_fmt::h9e7c637e9e5f29c9
[INFO] [stdout]                                at /rustc/6067b36314ab5eb2eb47cecc464545ba58e1ad24/library/core/src/panicking.rs:75:14
[INFO] [stdout]   18:     0x62ef9bfb3096 - jarl::log::Log<VALUE,_>::append_entries::h207912a3009775be
[INFO] [stdout]                                at /opt/rustwide/workdir/jarl/src/lib.rs:412:13
[INFO] [stdout]   19:     0x62ef9bfb2ca6 - jarl::node::Follower<_,_,VALUE,SNAPSHOT>::receive_append_entries::h757a27e2dd2df291
[INFO] [stdout]                                at /opt/rustwide/workdir/jarl/src/lib.rs:221:13
[INFO] [stdout]   20:     0x62ef9bfb3d21 - jarl::cell_semantics_test::follower::follower_increments_term_upon_new_leader_message::h675218e096894187
[INFO] [stdout]                                at /opt/rustwide/workdir/jarl/src/lib.rs:550:28
[INFO] [stdout]   21:     0x62ef9bfb3b87 - jarl::cell_semantics_test::follower::follower_increments_term_upon_new_leader_message::{{closure}}::h48d290d7fb96042e
[INFO] [stdout]                                at /opt/rustwide/workdir/jarl/src/lib.rs:530:62
[INFO] [stdout]   22:     0x62ef9bfb14c6 - core::ops::function::FnOnce::call_once::ha8da31b5e69805e5
[INFO] [stdout]                                at /rustc/6067b36314ab5eb2eb47cecc464545ba58e1ad24/library/core/src/ops/function.rs:250:5
[INFO] [stdout]   23:     0x62ef9bff3abb - core::ops::function::FnOnce::call_once::he27718dfdd183f43
[INFO] [stdout]                                at /rustc/6067b36314ab5eb2eb47cecc464545ba58e1ad24/library/core/src/ops/function.rs:250:5
[INFO] [stdout]   24:     0x62ef9bff3abb - test::__rust_begin_short_backtrace::h4e84902998457a5d
[INFO] [stdout]                                at /rustc/6067b36314ab5eb2eb47cecc464545ba58e1ad24/library/test/src/lib.rs:632:18
[INFO] [stdout]   25:     0x62ef9bff29f3 - test::run_test_in_process::{{closure}}::h7176fd18fc1feca0
[INFO] [stdout]                                at /rustc/6067b36314ab5eb2eb47cecc464545ba58e1ad24/library/test/src/lib.rs:655:60
[INFO] [stdout]   26:     0x62ef9bff29f3 - <core::panic::unwind_safe::AssertUnwindSafe<F> as core::ops::function::FnOnce<()>>::call_once::hf79cff2a624d8cf7
[INFO] [stdout]                                at /rustc/6067b36314ab5eb2eb47cecc464545ba58e1ad24/library/core/src/panic/unwind_safe.rs:272:9
[INFO] [stdout]   27:     0x62ef9bff29f3 - std::panicking::try::do_call::h3da0561d9ab99c25
[INFO] [stdout]                                at /rustc/6067b36314ab5eb2eb47cecc464545ba58e1ad24/library/std/src/panicking.rs:587:40
[INFO] [stdout]   28:     0x62ef9bff29f3 - std::panicking::try::h41c9fa508bc61df6
[INFO] [stdout]                                at /rustc/6067b36314ab5eb2eb47cecc464545ba58e1ad24/library/std/src/panicking.rs:550:19
[INFO] [stdout]   29:     0x62ef9bff29f3 - std::panic::catch_unwind::h6b3ff07bb5afad93
[INFO] [stdout]                                at /rustc/6067b36314ab5eb2eb47cecc464545ba58e1ad24/library/std/src/panic.rs:358:14
[INFO] [stdout]   30:     0x62ef9bff29f3 - test::run_test_in_process::hc7253dd11b39b9f4
[INFO] [stdout]                                at /rustc/6067b36314ab5eb2eb47cecc464545ba58e1ad24/library/test/src/lib.rs:655:27
[INFO] [stdout]   31:     0x62ef9bff29f3 - test::run_test::{{closure}}::hfb2007f8649c30bb
[INFO] [stdout]                                at /rustc/6067b36314ab5eb2eb47cecc464545ba58e1ad24/library/test/src/lib.rs:576:43
[INFO] [stdout]   32:     0x62ef9bfb5ad5 - test::run_test::{{closure}}::h56a17aa7a282a9f4
[INFO] [stdout]                                at /rustc/6067b36314ab5eb2eb47cecc464545ba58e1ad24/library/test/src/lib.rs:606:41
[INFO] [stdout]   33:     0x62ef9bfb5ad5 - std::sys::backtrace::__rust_begin_short_backtrace::hd2d2d2fb8e8c6aac
[INFO] [stdout]                                at /rustc/6067b36314ab5eb2eb47cecc464545ba58e1ad24/library/std/src/sys/backtrace.rs:152:18
[INFO] [stdout]   34:     0x62ef9bfb93ba - std::thread::Builder::spawn_unchecked_::{{closure}}::{{closure}}::h4faa3f9db6133423
[INFO] [stdout]                                at /rustc/6067b36314ab5eb2eb47cecc464545ba58e1ad24/library/std/src/thread/mod.rs:559:17
[INFO] [stdout]   35:     0x62ef9bfb93ba - <core::panic::unwind_safe::AssertUnwindSafe<F> as core::ops::function::FnOnce<()>>::call_once::hf2e855a36a4ea846
[INFO] [stdout]                                at /rustc/6067b36314ab5eb2eb47cecc464545ba58e1ad24/library/core/src/panic/unwind_safe.rs:272:9
[INFO] [stdout]   36:     0x62ef9bfb93ba - std::panicking::try::do_call::h2f73af3616c35465
[INFO] [stdout]                                at /rustc/6067b36314ab5eb2eb47cecc464545ba58e1ad24/library/std/src/panicking.rs:587:40
[INFO] [stdout]   37:     0x62ef9bfb93ba - std::panicking::try::hd1660ce9efadef5a
[INFO] [stdout]                                at /rustc/6067b36314ab5eb2eb47cecc464545ba58e1ad24/library/std/src/panicking.rs:550:19
[INFO] [stdout]   38:     0x62ef9bfb93ba - std::panic::catch_unwind::h5ee8d7823b8ca744
[INFO] [stdout]                                at /rustc/6067b36314ab5eb2eb47cecc464545ba58e1ad24/library/std/src/panic.rs:358:14
[INFO] [stdout]   39:     0x62ef9bfb93ba - std::thread::Builder::spawn_unchecked_::{{closure}}::h53c3a1894dce8407
[INFO] [stdout]                                at /rustc/6067b36314ab5eb2eb47cecc464545ba58e1ad24/library/std/src/thread/mod.rs:557:30
[INFO] [stdout]   40:     0x62ef9bfb93ba - core::ops::function::FnOnce::call_once{{vtable.shim}}::h048ce291ad4f62bf
[INFO] [stdout]                                at /rustc/6067b36314ab5eb2eb47cecc464545ba58e1ad24/library/core/src/ops/function.rs:250:5
[INFO] [stdout]   41:     0x62ef9c02a15b - <alloc::boxed::Box<F,A> as core::ops::function::FnOnce<Args>>::call_once::ha52bedf99a3b4981
[INFO] [stdout]                                at /rustc/6067b36314ab5eb2eb47cecc464545ba58e1ad24/library/alloc/src/boxed.rs:2013:9
[INFO] [stdout]   42:     0x62ef9c02a15b - <alloc::boxed::Box<F,A> as core::ops::function::FnOnce<Args>>::call_once::h567748934d80ccf8
[INFO] [stdout]                                at /rustc/6067b36314ab5eb2eb47cecc464545ba58e1ad24/library/alloc/src/boxed.rs:2013:9
[INFO] [stdout]   43:     0x62ef9c02a15b - std::sys::pal::unix::thread::Thread::new::thread_start::h2d970728ae887adc
[INFO] [stdout]                                at /rustc/6067b36314ab5eb2eb47cecc464545ba58e1ad24/library/std/src/sys/pal/unix/thread.rs:106:17
[INFO] [stdout]   44:     0x73b94dfdbac3 - <unknown>
[INFO] [stdout]   45:     0x73b94e06ca04 - clone
[INFO] [stdout]   46:                0x0 - <unknown>
[INFO] [stdout] 
[INFO] [stdout] ---- log::test::append_entries_works stdout ----
[INFO] [stdout] 
[INFO] [stdout] thread 'log::test::append_entries_works' panicked at jarl/src/lib.rs:412:13:
[INFO] [stdout] not yet implemented: Implement append_entries!
[INFO] [stdout] stack backtrace:
[INFO] [stdout]    0:     0x62ef9c02430a - std::backtrace_rs::backtrace::libunwind::trace::hb059275cfc8d6126
[INFO] [stdout]                                at /rustc/6067b36314ab5eb2eb47cecc464545ba58e1ad24/library/std/src/../../backtrace/src/backtrace/libunwind.rs:116:5
[INFO] [stdout]    1:     0x62ef9c02430a - std::backtrace_rs::backtrace::trace_unsynchronized::h2da071e4327ce3ee
[INFO] [stdout]                                at /rustc/6067b36314ab5eb2eb47cecc464545ba58e1ad24/library/std/src/../../backtrace/src/backtrace/mod.rs:66:5
[INFO] [stdout]    2:     0x62ef9c02430a - std::sys::backtrace::_print_fmt::h842a1474e6f8d23f
[INFO] [stdout]                                at /rustc/6067b36314ab5eb2eb47cecc464545ba58e1ad24/library/std/src/sys/backtrace.rs:66:9
[INFO] [stdout]    3:     0x62ef9c02430a - <std::sys::backtrace::BacktraceLock::print::DisplayBacktrace as core::fmt::Display>::fmt::h71a62eb3b9696b12
[INFO] [stdout]                                at /rustc/6067b36314ab5eb2eb47cecc464545ba58e1ad24/library/std/src/sys/backtrace.rs:39:26
[INFO] [stdout]    4:     0x62ef9c04b8a3 - core::fmt::rt::Argument::fmt::hdb6b616786b41dc1
[INFO] [stdout]                                at /rustc/6067b36314ab5eb2eb47cecc464545ba58e1ad24/library/core/src/fmt/rt.rs:177:76
[INFO] [stdout]    5:     0x62ef9c04b8a3 - core::fmt::write::h2cc1698af7e2d686
[INFO] [stdout]                                at /rustc/6067b36314ab5eb2eb47cecc464545ba58e1ad24/library/core/src/fmt/mod.rs:1440:21
[INFO] [stdout]    6:     0x62ef9c020e63 - std::io::Write::write_fmt::hab1b4cd059a79022
[INFO] [stdout]                                at /rustc/6067b36314ab5eb2eb47cecc464545ba58e1ad24/library/std/src/io/mod.rs:1887:15
[INFO] [stdout]    7:     0x62ef9c024152 - std::sys::backtrace::BacktraceLock::print::h147fe35b4ea13b08
[INFO] [stdout]                                at /rustc/6067b36314ab5eb2eb47cecc464545ba58e1ad24/library/std/src/sys/backtrace.rs:42:9
[INFO] [stdout]    8:     0x62ef9c02572f - std::panicking::default_hook::{{closure}}::hbd44223dbdc0d208
[INFO] [stdout]                                at /rustc/6067b36314ab5eb2eb47cecc464545ba58e1ad24/library/std/src/panicking.rs:298:22
[INFO] [stdout]    9:     0x62ef9c025548 - std::panicking::default_hook::h20f81eb0576efcec
[INFO] [stdout]                                at /rustc/6067b36314ab5eb2eb47cecc464545ba58e1ad24/library/std/src/panicking.rs:322:9
[INFO] [stdout]   10:     0x62ef9bfee363 - <alloc::boxed::Box<F,A> as core::ops::function::Fn<Args>>::call::hdb53814c496a4d34
[INFO] [stdout]                                at /rustc/6067b36314ab5eb2eb47cecc464545ba58e1ad24/library/alloc/src/boxed.rs:2027:9
[INFO] [stdout]   11:     0x62ef9bfee363 - test::test_main::{{closure}}::hc0a4963c59427c24
[INFO] [stdout]                                at /rustc/6067b36314ab5eb2eb47cecc464545ba58e1ad24/library/test/src/lib.rs:134:21
[INFO] [stdout]   12:     0x62ef9c026223 - <alloc::boxed::Box<F,A> as core::ops::function::Fn<Args>>::call::h591b2225413a77e9
[INFO] [stdout]                                at /rustc/6067b36314ab5eb2eb47cecc464545ba58e1ad24/library/alloc/src/boxed.rs:2027:9
[INFO] [stdout]   13:     0x62ef9c026223 - std::panicking::rust_panic_with_hook::h625eea43051b2edc
[INFO] [stdout]                                at /rustc/6067b36314ab5eb2eb47cecc464545ba58e1ad24/library/std/src/panicking.rs:839:13
[INFO] [stdout]   14:     0x62ef9c025ea6 - std::panicking::begin_panic_handler::{{closure}}::h4f9159cfbc3f6bd3
[INFO] [stdout]                                at /rustc/6067b36314ab5eb2eb47cecc464545ba58e1ad24/library/std/src/panicking.rs:697:13
[INFO] [stdout]   15:     0x62ef9c024809 - std::sys::backtrace::__rust_end_short_backtrace::h0390abce48353151
[INFO] [stdout]                                at /rustc/6067b36314ab5eb2eb47cecc464545ba58e1ad24/library/std/src/sys/backtrace.rs:168:18
[INFO] [stdout]   16:     0x62ef9c025b6d - rust_begin_unwind
[INFO] [stdout]                                at /rustc/6067b36314ab5eb2eb47cecc464545ba58e1ad24/library/std/src/panicking.rs:695:5
[INFO] [stdout]   17:     0x62ef9c04a320 - core::panicking::panic_fmt::h9e7c637e9e5f29c9
[INFO] [stdout]                                at /rustc/6067b36314ab5eb2eb47cecc464545ba58e1ad24/library/core/src/panicking.rs:75:14
[INFO] [stdout]   18:     0x62ef9bfb30e6 - jarl::log::Log<VALUE,_>::append_entries::hb5461e46684e7113
[INFO] [stdout]                                at /opt/rustwide/workdir/jarl/src/lib.rs:412:13
[INFO] [stdout]   19:     0x62ef9bfb34c3 - jarl::log::test::append_entries_works::h3156c50c4ddad8e0
[INFO] [stdout]                                at /opt/rustwide/workdir/jarl/src/lib.rs:431:13
[INFO] [stdout]   20:     0x62ef9bfb3407 - jarl::log::test::append_entries_works::{{closure}}::h8796a73c4725a60e
[INFO] [stdout]                                at /opt/rustwide/workdir/jarl/src/lib.rs:427:34
[INFO] [stdout]   21:     0x62ef9bfb13c6 - core::ops::function::FnOnce::call_once::h82e8b1133dc392a9
[INFO] [stdout]                                at /rustc/6067b36314ab5eb2eb47cecc464545ba58e1ad24/library/core/src/ops/function.rs:250:5
[INFO] [stdout]   22:     0x62ef9bff3abb - core::ops::function::FnOnce::call_once::he27718dfdd183f43
[INFO] [stdout]                                at /rustc/6067b36314ab5eb2eb47cecc464545ba58e1ad24/library/core/src/ops/function.rs:250:5
[INFO] [stdout]   23:     0x62ef9bff3abb - test::__rust_begin_short_backtrace::h4e84902998457a5d
[INFO] [stdout]                                at /rustc/6067b36314ab5eb2eb47cecc464545ba58e1ad24/library/test/src/lib.rs:632:18
[INFO] [stdout]   24:     0x62ef9bff29f3 - test::run_test_in_process::{{closure}}::h7176fd18fc1feca0
[INFO] [stdout]                                at /rustc/6067b36314ab5eb2eb47cecc464545ba58e1ad24/library/test/src/lib.rs:655:60
[INFO] [stdout]   25:     0x62ef9bff29f3 - <core::panic::unwind_safe::AssertUnwindSafe<F> as core::ops::function::FnOnce<()>>::call_once::hf79cff2a624d8cf7
[INFO] [stdout]                                at /rustc/6067b36314ab5eb2eb47cecc464545ba58e1ad24/library/core/src/panic/unwind_safe.rs:272:9
[INFO] [stdout]   26:     0x62ef9bff29f3 - std::panicking::try::do_call::h3da0561d9ab99c25
[INFO] [stdout]                                at /rustc/6067b36314ab5eb2eb47cecc464545ba58e1ad24/library/std/src/panicking.rs:587:40
[INFO] [stdout]   27:     0x62ef9bff29f3 - std::panicking::try::h41c9fa508bc61df6
[INFO] [stdout]                                at /rustc/6067b36314ab5eb2eb47cecc464545ba58e1ad24/library/std/src/panicking.rs:550:19
[INFO] [stdout]   28:     0x62ef9bff29f3 - std::panic::catch_unwind::h6b3ff07bb5afad93
[INFO] [stdout]                                at /rustc/6067b36314ab5eb2eb47cecc464545ba58e1ad24/library/std/src/panic.rs:358:14
[INFO] [stdout]   29:     0x62ef9bff29f3 - test::run_test_in_process::hc7253dd11b39b9f4
[INFO] [stdout]                                at /rustc/6067b36314ab5eb2eb47cecc464545ba58e1ad24/library/test/src/lib.rs:655:27
[INFO] [stdout]   30:     0x62ef9bff29f3 - test::run_test::{{closure}}::hfb2007f8649c30bb
[INFO] [stdout]                                at /rustc/6067b36314ab5eb2eb47cecc464545ba58e1ad24/library/test/src/lib.rs:576:43
[INFO] [stdout]   31:     0x62ef9bfb5ad5 - test::run_test::{{closure}}::h56a17aa7a282a9f4
[INFO] [stdout]                                at /rustc/6067b36314ab5eb2eb47cecc464545ba58e1ad24/library/test/src/lib.rs:606:41
[INFO] [stdout]   32:     0x62ef9bfb5ad5 - std::sys::backtrace::__rust_begin_short_backtrace::hd2d2d2fb8e8c6aac
[INFO] [stdout]                                at /rustc/6067b36314ab5eb2eb47cecc464545ba58e1ad24/library/std/src/sys/backtrace.rs:152:18
[INFO] [stdout]   33:     0x62ef9bfb93ba - std::thread::Builder::spawn_unchecked_::{{closure}}::{{closure}}::h4faa3f9db6133423
[INFO] [stdout]                                at /rustc/6067b36314ab5eb2eb47cecc464545ba58e1ad24/library/std/src/thread/mod.rs:559:17
[INFO] [stdout]   34:     0x62ef9bfb93ba - <core::panic::unwind_safe::AssertUnwindSafe<F> as core::ops::function::FnOnce<()>>::call_once::hf2e855a36a4ea846
[INFO] [stdout]                                at /rustc/6067b36314ab5eb2eb47cecc464545ba58e1ad24/library/core/src/panic/unwind_safe.rs:272:9
[INFO] [stdout]   35:     0x62ef9bfb93ba - std::panicking::try::do_call::h2f73af3616c35465
[INFO] [stdout]                                at /rustc/6067b36314ab5eb2eb47cecc464545ba58e1ad24/library/std/src/panicking.rs:587:40
[INFO] [stdout]   36:     0x62ef9bfb93ba - std::panicking::try::hd1660ce9efadef5a
[INFO] [stdout]                                at /rustc/6067b36314ab5eb2eb47cecc464545ba58e1ad24/library/std/src/panicking.rs:550:19
[INFO] [stdout]   37:     0x62ef9bfb93ba - std::panic::catch_unwind::h5ee8d7823b8ca744
[INFO] [stdout]                                at /rustc/6067b36314ab5eb2eb47cecc464545ba58e1ad24/library/std/src/panic.rs:358:14
[INFO] [stdout]   38:     0x62ef9bfb93ba - std::thread::Builder::spawn_unchecked_::{{closure}}::h53c3a1894dce8407
[INFO] [stdout]                                at /rustc/6067b36314ab5eb2eb47cecc464545ba58e1ad24/library/std/src/thread/mod.rs:557:30
[INFO] [stdout]   39:     0x62ef9bfb93ba - core::ops::function::FnOnce::call_once{{vtable.shim}}::h048ce291ad4f62bf
[INFO] [stdout]                                at /rustc/6067b36314ab5eb2eb47cecc464545ba58e1ad24/library/core/src/ops/function.rs:250:5
[INFO] [stdout]   40:     0x62ef9c02a15b - <alloc::boxed::Box<F,A> as core::ops::function::FnOnce<Args>>::call_once::ha52bedf99a3b4981
[INFO] [stdout]                                at /rustc/6067b36314ab5eb2eb47cecc464545ba58e1ad24/library/alloc/src/boxed.rs:2013:9
[INFO] [stdout]   41:     0x62ef9c02a15b - <alloc::boxed::Box<F,A> as core::ops::function::FnOnce<Args>>::call_once::h567748934d80ccf8
[INFO] [stdout]                                at /rustc/6067b36314ab5eb2eb47cecc464545ba58e1ad24/library/alloc/src/boxed.rs:2013:9
[INFO] [stdout]   42:     0x62ef9c02a15b - std::sys::pal::unix::thread::Thread::new::thread_start::h2d970728ae887adc
[INFO] [stdout]                                at /rustc/6067b36314ab5eb2eb47cecc464545ba58e1ad24/library/std/src/sys/pal/unix/thread.rs:106:17
[INFO] [stdout]   43:     0x73b94dfdbac3 - <unknown>
[INFO] [stdout]   44:     0x73b94e06ca04 - clone
[INFO] [stdout]   45:                0x0 - <unknown>
[INFO] [stdout] 
[INFO] [stdout] 
[INFO] [stdout] failures:
[INFO] [stdout]     cell_semantics_test::follower::follower_increments_term_upon_new_leader_message
[INFO] [stdout]     log::test::append_entries_works
[INFO] [stdout] 
[INFO] [stdout] test result: FAILED. 2 passed; 2 failed; 13 ignored; 0 measured; 0 filtered out; finished in 0.02s
[INFO] [stdout] 
[INFO] [stderr] error: test failed, to rerun pass `-p jarl --lib`
[INFO] running `Command { std: "docker" "inspect" "ced71c05e0463da4a7ea9e2bd78d0cc93ef5aec484d42faa4aa4b82a7644932e", kill_on_drop: false }`
[INFO] running `Command { std: "docker" "rm" "-f" "ced71c05e0463da4a7ea9e2bd78d0cc93ef5aec484d42faa4aa4b82a7644932e", kill_on_drop: false }`
[INFO] [stdout] ced71c05e0463da4a7ea9e2bd78d0cc93ef5aec484d42faa4aa4b82a7644932e
