[INFO] cloning repository https://github.com/akarras/adventofcode2023
[INFO] running `Command { std: "git" "-c" "credential.helper=" "-c" "credential.helper=/workspace/cargo-home/bin/git-credential-null" "clone" "--bare" "https://github.com/akarras/adventofcode2023" "/workspace/cache/git-repos/https%3A%2F%2Fgithub.com%2Fakarras%2Fadventofcode2023", kill_on_drop: false }`
[INFO] [stderr] Cloning into bare repository '/workspace/cache/git-repos/https%3A%2F%2Fgithub.com%2Fakarras%2Fadventofcode2023'...
[INFO] running `Command { std: "git" "rev-parse" "HEAD", kill_on_drop: false }`
[INFO] [stdout] 89f3f65eb83d4c9417bdc2a787732918af855f35
[INFO] testing akarras/adventofcode2023 against nightly-2025-01-18 for randomize-layout-2
[INFO] running `Command { std: "git" "clone" "/workspace/cache/git-repos/https%3A%2F%2Fgithub.com%2Fakarras%2Fadventofcode2023" "/workspace/builds/worker-6-tc1/source", kill_on_drop: false }`
[INFO] [stderr] Cloning into '/workspace/builds/worker-6-tc1/source'...
[INFO] [stderr] done.
[INFO] validating manifest of git repo https://github.com/akarras/adventofcode2023 on toolchain nightly-2025-01-18
[INFO] running `Command { std: CARGO_HOME="/workspace/cargo-home" RUSTUP_HOME="/workspace/rustup-home" "/workspace/cargo-home/bin/cargo" "+nightly-2025-01-18" "metadata" "--manifest-path" "Cargo.toml" "--no-deps", kill_on_drop: false }`
[INFO] started tweaking git repo https://github.com/akarras/adventofcode2023
[INFO] finished tweaking git repo https://github.com/akarras/adventofcode2023
[INFO] tweaked toml for git repo https://github.com/akarras/adventofcode2023 written to /workspace/builds/worker-6-tc1/source/Cargo.toml
[INFO] crate git repo https://github.com/akarras/adventofcode2023 already has a lockfile, it will not be regenerated
[INFO] running `Command { std: CARGO_HOME="/workspace/cargo-home" RUSTUP_HOME="/workspace/rustup-home" "/workspace/cargo-home/bin/cargo" "+nightly-2025-01-18" "fetch" "--manifest-path" "Cargo.toml", kill_on_drop: false }`
[INFO] [stderr]     Updating crates.io index
[INFO] [stderr]  Downloading crates ...
[INFO] [stderr]   Downloaded inventory v0.3.13
[INFO] [stderr]   Downloaded retainer v0.3.0
[INFO] [stderr]   Downloaded async-timer v0.7.4
[INFO] running `Command { std: "docker" "create" "-v" "/var/lib/crater-agent-workspace/builds/worker-6-tc1/target:/opt/rustwide/target:rw,Z" "-v" "/var/lib/crater-agent-workspace/builds/worker-6-tc1/source:/opt/rustwide/workdir:ro,Z" "-v" "/var/lib/crater-agent-workspace/cargo-home:/opt/rustwide/cargo-home:ro,Z" "-v" "/var/lib/crater-agent-workspace/rustup-home:/opt/rustwide/rustup-home:ro,Z" "-e" "SOURCE_DIR=/opt/rustwide/workdir" "-e" "CARGO_TARGET_DIR=/opt/rustwide/target" "-e" "CARGO_HOME=/opt/rustwide/cargo-home" "-e" "RUSTUP_HOME=/opt/rustwide/rustup-home" "-w" "/opt/rustwide/workdir" "-m" "1610612736" "--user" "0:0" "--network" "none" "ghcr.io/rust-lang/crates-build-env/linux@sha256:819108c5571ea2e421544af4d832f968d213c87fbe3707a016657f43d2f853bc" "/opt/rustwide/cargo-home/bin/cargo" "+nightly-2025-01-18" "metadata" "--no-deps" "--format-version=1", kill_on_drop: false }`
[INFO] [stdout] ea4182b4d79c6dc7312dbeb3c20c11306b088c4a684ccd4376f86d9d6f0695c8
[INFO] running `Command { std: "docker" "start" "-a" "ea4182b4d79c6dc7312dbeb3c20c11306b088c4a684ccd4376f86d9d6f0695c8", kill_on_drop: false }`
[INFO] running `Command { std: "docker" "inspect" "ea4182b4d79c6dc7312dbeb3c20c11306b088c4a684ccd4376f86d9d6f0695c8", kill_on_drop: false }`
[INFO] running `Command { std: "docker" "rm" "-f" "ea4182b4d79c6dc7312dbeb3c20c11306b088c4a684ccd4376f86d9d6f0695c8", kill_on_drop: false }`
[INFO] [stdout] ea4182b4d79c6dc7312dbeb3c20c11306b088c4a684ccd4376f86d9d6f0695c8
[INFO] running `Command { std: "docker" "create" "-v" "/var/lib/crater-agent-workspace/builds/worker-6-tc1/target:/opt/rustwide/target:rw,Z" "-v" "/var/lib/crater-agent-workspace/builds/worker-6-tc1/source:/opt/rustwide/workdir:ro,Z" "-v" "/var/lib/crater-agent-workspace/cargo-home:/opt/rustwide/cargo-home:ro,Z" "-v" "/var/lib/crater-agent-workspace/rustup-home:/opt/rustwide/rustup-home:ro,Z" "-e" "SOURCE_DIR=/opt/rustwide/workdir" "-e" "CARGO_TARGET_DIR=/opt/rustwide/target" "-e" "CARGO_INCREMENTAL=0" "-e" "RUST_BACKTRACE=full" "-e" "RUSTFLAGS=--cap-lints=forbid" "-e" "RUSTDOCFLAGS=--cap-lints=forbid" "-e" "CARGO_HOME=/opt/rustwide/cargo-home" "-e" "RUSTUP_HOME=/opt/rustwide/rustup-home" "-w" "/opt/rustwide/workdir" "-m" "1610612736" "--user" "0:0" "--network" "none" "ghcr.io/rust-lang/crates-build-env/linux@sha256:819108c5571ea2e421544af4d832f968d213c87fbe3707a016657f43d2f853bc" "/opt/rustwide/cargo-home/bin/cargo" "+nightly-2025-01-18" "build" "--frozen" "--message-format=json", kill_on_drop: false }`
[INFO] [stdout] 97956f16bf7d5bd10eeb3d5405e43c3100226d5e54d93bc687b35630b0a62fa0
[INFO] running `Command { std: "docker" "start" "-a" "97956f16bf7d5bd10eeb3d5405e43c3100226d5e54d93bc687b35630b0a62fa0", kill_on_drop: false }`
[INFO] [stderr]    Compiling proc-macro2 v1.0.70
[INFO] [stderr]    Compiling unicode-ident v1.0.12
[INFO] [stderr]    Compiling libc v0.2.150
[INFO] [stderr]    Compiling strsim v0.10.0
[INFO] [stderr]    Compiling cfg-if v1.0.0
[INFO] [stderr]    Compiling utf8parse v0.2.1
[INFO] [stderr]    Compiling ident_case v1.0.1
[INFO] [stderr]    Compiling fnv v1.0.7
[INFO] [stderr]    Compiling colorchoice v1.0.0
[INFO] [stderr]    Compiling anstyle-query v1.0.0
[INFO] [stderr]    Compiling anstyle v1.0.4
[INFO] [stderr]    Compiling ppv-lite86 v0.2.17
[INFO] [stderr]    Compiling heck v0.4.1
[INFO] [stderr]    Compiling event-listener v2.5.3
[INFO] [stderr]    Compiling clap_lex v0.6.0
[INFO] [stderr]    Compiling log v0.4.20
[INFO] [stderr]    Compiling anstyle-parse v0.2.2
[INFO] [stderr]    Compiling inventory v0.3.13
[INFO] [stderr]    Compiling async-lock v2.8.0
[INFO] [stderr]    Compiling advent-utils v0.1.0 (/opt/rustwide/workdir/advent-utils)
[INFO] [stderr]    Compiling anstream v0.6.4
[INFO] [stderr]    Compiling clap_builder v4.4.9
[INFO] [stderr]    Compiling quote v1.0.33
[INFO] [stderr]    Compiling getrandom v0.2.11
[INFO] [stderr]    Compiling async-timer v0.7.4
[INFO] [stderr]    Compiling syn v2.0.39
[INFO] [stderr]    Compiling rand_core v0.6.4
[INFO] [stderr]    Compiling rand_chacha v0.3.1
[INFO] [stderr]    Compiling rand v0.8.5
[INFO] [stderr]    Compiling retainer v0.3.0
[INFO] [stderr]    Compiling darling_core v0.20.3
[INFO] [stderr]    Compiling clap_derive v4.4.7
[INFO] [stderr]    Compiling darling_macro v0.20.3
[INFO] [stderr]    Compiling clap v4.4.10
[INFO] [stderr]    Compiling darling v0.20.3
[INFO] [stderr]    Compiling advent v0.1.0 (/opt/rustwide/workdir/advent)
[INFO] [stderr]    Compiling advent-of-code-2023 v0.1.0 (/opt/rustwide/workdir)
[INFO] [stderr]     Finished `dev` profile [unoptimized + debuginfo] target(s) in 16.22s
[INFO] running `Command { std: "docker" "inspect" "97956f16bf7d5bd10eeb3d5405e43c3100226d5e54d93bc687b35630b0a62fa0", kill_on_drop: false }`
[INFO] running `Command { std: "docker" "rm" "-f" "97956f16bf7d5bd10eeb3d5405e43c3100226d5e54d93bc687b35630b0a62fa0", kill_on_drop: false }`
[INFO] [stdout] 97956f16bf7d5bd10eeb3d5405e43c3100226d5e54d93bc687b35630b0a62fa0
[INFO] running `Command { std: "docker" "create" "-v" "/var/lib/crater-agent-workspace/builds/worker-6-tc1/target:/opt/rustwide/target:rw,Z" "-v" "/var/lib/crater-agent-workspace/builds/worker-6-tc1/source:/opt/rustwide/workdir:ro,Z" "-v" "/var/lib/crater-agent-workspace/cargo-home:/opt/rustwide/cargo-home:ro,Z" "-v" "/var/lib/crater-agent-workspace/rustup-home:/opt/rustwide/rustup-home:ro,Z" "-e" "SOURCE_DIR=/opt/rustwide/workdir" "-e" "CARGO_TARGET_DIR=/opt/rustwide/target" "-e" "CARGO_INCREMENTAL=0" "-e" "RUST_BACKTRACE=full" "-e" "RUSTFLAGS=--cap-lints=forbid" "-e" "RUSTDOCFLAGS=--cap-lints=forbid" "-e" "CARGO_HOME=/opt/rustwide/cargo-home" "-e" "RUSTUP_HOME=/opt/rustwide/rustup-home" "-w" "/opt/rustwide/workdir" "-m" "1610612736" "--user" "0:0" "--network" "none" "ghcr.io/rust-lang/crates-build-env/linux@sha256:819108c5571ea2e421544af4d832f968d213c87fbe3707a016657f43d2f853bc" "/opt/rustwide/cargo-home/bin/cargo" "+nightly-2025-01-18" "test" "--frozen" "--no-run" "--message-format=json", kill_on_drop: false }`
[INFO] [stdout] d20e0bccd26ecb1e67cda184b896e31a810c6b3928581d94ccb36b099c6bb05b
[INFO] running `Command { std: "docker" "start" "-a" "d20e0bccd26ecb1e67cda184b896e31a810c6b3928581d94ccb36b099c6bb05b", kill_on_drop: false }`
[INFO] [stderr]    Compiling advent-of-code-2023 v0.1.0 (/opt/rustwide/workdir)
[INFO] [stderr]     Finished `test` profile [unoptimized + debuginfo] target(s) in 2.07s
[INFO] running `Command { std: "docker" "inspect" "d20e0bccd26ecb1e67cda184b896e31a810c6b3928581d94ccb36b099c6bb05b", kill_on_drop: false }`
[INFO] running `Command { std: "docker" "rm" "-f" "d20e0bccd26ecb1e67cda184b896e31a810c6b3928581d94ccb36b099c6bb05b", kill_on_drop: false }`
[INFO] [stdout] d20e0bccd26ecb1e67cda184b896e31a810c6b3928581d94ccb36b099c6bb05b
[INFO] running `Command { std: "docker" "create" "-v" "/var/lib/crater-agent-workspace/builds/worker-6-tc1/target:/opt/rustwide/target:rw,Z" "-v" "/var/lib/crater-agent-workspace/builds/worker-6-tc1/source:/opt/rustwide/workdir:ro,Z" "-v" "/var/lib/crater-agent-workspace/cargo-home:/opt/rustwide/cargo-home:ro,Z" "-v" "/var/lib/crater-agent-workspace/rustup-home:/opt/rustwide/rustup-home:ro,Z" "-e" "SOURCE_DIR=/opt/rustwide/workdir" "-e" "CARGO_TARGET_DIR=/opt/rustwide/target" "-e" "CARGO_INCREMENTAL=0" "-e" "RUST_BACKTRACE=full" "-e" "RUSTFLAGS=--cap-lints=forbid" "-e" "RUSTDOCFLAGS=--cap-lints=forbid" "-e" "CARGO_HOME=/opt/rustwide/cargo-home" "-e" "RUSTUP_HOME=/opt/rustwide/rustup-home" "-w" "/opt/rustwide/workdir" "-m" "1610612736" "--user" "0:0" "--network" "none" "ghcr.io/rust-lang/crates-build-env/linux@sha256:819108c5571ea2e421544af4d832f968d213c87fbe3707a016657f43d2f853bc" "/opt/rustwide/cargo-home/bin/cargo" "+nightly-2025-01-18" "test" "--frozen", kill_on_drop: false }`
[INFO] [stdout] b67d3d3b51ee153cedf4ae5a8239af179c0095f1dc9f4773346fc98bbeb1c7ab
[INFO] running `Command { std: "docker" "start" "-a" "b67d3d3b51ee153cedf4ae5a8239af179c0095f1dc9f4773346fc98bbeb1c7ab", kill_on_drop: false }`
[INFO] [stderr]     Finished `test` profile [unoptimized + debuginfo] target(s) in 0.06s
[INFO] [stderr]      Running unittests src/main.rs (/opt/rustwide/target/debug/deps/advent_of_code_2023-e3dcc859cce7797c)
[INFO] [stdout] 
[INFO] [stdout] running 18 tests
[INFO] [stdout] test day3::test::parse ... ok
[INFO] [stdout] test day2::test::parse_game_data ... ok
[INFO] [stdout] test day4::test::sample ... ok
[INFO] [stdout] test day1::test::part_2_sample ... ok
[INFO] [stdout] test day1::test::part_1_sample ... ok
[INFO] [stdout] test day6::test::sample_data ... ok
[INFO] [stdout] test day7::test::reddit_sample ... ok
[INFO] [stdout] test day7_part2::test::part_1 ... ok
[INFO] [stdout] test day7::test::blah ... ok
[INFO] [stdout] test day8::test::sample_data ... ok
[INFO] [stdout] test day8::test::two ... ok
[INFO] [stdout] test day8::test::lcm ... ok
[INFO] [stdout] test day7_part2::test::reddit_sample ... ok
[INFO] [stdout] test day7_part2::test::test_order ... ok
[INFO] [stdout] test day7::test::part_1 ... ok
[INFO] [stdout] test day7::test::test_order ... ok
[INFO] [stdout] test day7_part2::test::blah ... ok
[INFO] [stdout] test day5::test::sample_data ... FAILED
[INFO] [stdout] 
[INFO] [stdout] failures:
[INFO] [stdout] 
[INFO] [stdout] ---- day5::test::sample_data stdout ----
[INFO] [stdout] 
[INFO] [stdout] thread 'day5::test::sample_data' panicked at src/day5.rs:35:24:
[INFO] [stdout] attempt to subtract with overflow
[INFO] [stdout] stack backtrace:
[INFO] [stdout]    0:     0x60a58fa9b9fa - std::backtrace_rs::backtrace::libunwind::trace::hb059275cfc8d6126
[INFO] [stdout]                                at /rustc/6067b36314ab5eb2eb47cecc464545ba58e1ad24/library/std/src/../../backtrace/src/backtrace/libunwind.rs:116:5
[INFO] [stdout]    1:     0x60a58fa9b9fa - std::backtrace_rs::backtrace::trace_unsynchronized::h2da071e4327ce3ee
[INFO] [stdout]                                at /rustc/6067b36314ab5eb2eb47cecc464545ba58e1ad24/library/std/src/../../backtrace/src/backtrace/mod.rs:66:5
[INFO] [stdout]    2:     0x60a58fa9b9fa - std::sys::backtrace::_print_fmt::h842a1474e6f8d23f
[INFO] [stdout]                                at /rustc/6067b36314ab5eb2eb47cecc464545ba58e1ad24/library/std/src/sys/backtrace.rs:66:9
[INFO] [stdout]    3:     0x60a58fa9b9fa - <std::sys::backtrace::BacktraceLock::print::DisplayBacktrace as core::fmt::Display>::fmt::h71a62eb3b9696b12
[INFO] [stdout]                                at /rustc/6067b36314ab5eb2eb47cecc464545ba58e1ad24/library/std/src/sys/backtrace.rs:39:26
[INFO] [stdout]    4:     0x60a58fac31a3 - core::fmt::rt::Argument::fmt::hdb6b616786b41dc1
[INFO] [stdout]                                at /rustc/6067b36314ab5eb2eb47cecc464545ba58e1ad24/library/core/src/fmt/rt.rs:177:76
[INFO] [stdout]    5:     0x60a58fac31a3 - core::fmt::write::h2cc1698af7e2d686
[INFO] [stdout]                                at /rustc/6067b36314ab5eb2eb47cecc464545ba58e1ad24/library/core/src/fmt/mod.rs:1440:21
[INFO] [stdout]    6:     0x60a58fa98553 - std::io::Write::write_fmt::hab1b4cd059a79022
[INFO] [stdout]                                at /rustc/6067b36314ab5eb2eb47cecc464545ba58e1ad24/library/std/src/io/mod.rs:1887:15
[INFO] [stdout]    7:     0x60a58fa9b842 - std::sys::backtrace::BacktraceLock::print::h147fe35b4ea13b08
[INFO] [stdout]                                at /rustc/6067b36314ab5eb2eb47cecc464545ba58e1ad24/library/std/src/sys/backtrace.rs:42:9
[INFO] [stdout]    8:     0x60a58fa9ce1f - std::panicking::default_hook::{{closure}}::hbd44223dbdc0d208
[INFO] [stdout]                                at /rustc/6067b36314ab5eb2eb47cecc464545ba58e1ad24/library/std/src/panicking.rs:298:22
[INFO] [stdout]    9:     0x60a58fa9cc38 - std::panicking::default_hook::h20f81eb0576efcec
[INFO] [stdout]                                at /rustc/6067b36314ab5eb2eb47cecc464545ba58e1ad24/library/std/src/panicking.rs:322:9
[INFO] [stdout]   10:     0x60a58fa55fb3 - <alloc::boxed::Box<F,A> as core::ops::function::Fn<Args>>::call::hdb53814c496a4d34
[INFO] [stdout]                                at /rustc/6067b36314ab5eb2eb47cecc464545ba58e1ad24/library/alloc/src/boxed.rs:2027:9
[INFO] [stdout]   11:     0x60a58fa55fb3 - test::test_main::{{closure}}::hc0a4963c59427c24
[INFO] [stdout]                                at /rustc/6067b36314ab5eb2eb47cecc464545ba58e1ad24/library/test/src/lib.rs:134:21
[INFO] [stdout]   12:     0x60a58fa9d913 - <alloc::boxed::Box<F,A> as core::ops::function::Fn<Args>>::call::h591b2225413a77e9
[INFO] [stdout]                                at /rustc/6067b36314ab5eb2eb47cecc464545ba58e1ad24/library/alloc/src/boxed.rs:2027:9
[INFO] [stdout]   13:     0x60a58fa9d913 - std::panicking::rust_panic_with_hook::h625eea43051b2edc
[INFO] [stdout]                                at /rustc/6067b36314ab5eb2eb47cecc464545ba58e1ad24/library/std/src/panicking.rs:839:13
[INFO] [stdout]   14:     0x60a58fa9d596 - std::panicking::begin_panic_handler::{{closure}}::h4f9159cfbc3f6bd3
[INFO] [stdout]                                at /rustc/6067b36314ab5eb2eb47cecc464545ba58e1ad24/library/std/src/panicking.rs:697:13
[INFO] [stdout]   15:     0x60a58fa9bef9 - std::sys::backtrace::__rust_end_short_backtrace::h0390abce48353151
[INFO] [stdout]                                at /rustc/6067b36314ab5eb2eb47cecc464545ba58e1ad24/library/std/src/sys/backtrace.rs:168:18
[INFO] [stdout]   16:     0x60a58fa9d25d - rust_begin_unwind
[INFO] [stdout]                                at /rustc/6067b36314ab5eb2eb47cecc464545ba58e1ad24/library/std/src/panicking.rs:695:5
[INFO] [stdout]   17:     0x60a58fac1b80 - core::panicking::panic_fmt::h9e7c637e9e5f29c9
[INFO] [stdout]                                at /rustc/6067b36314ab5eb2eb47cecc464545ba58e1ad24/library/core/src/panicking.rs:75:14
[INFO] [stdout]   18:     0x60a58fac7ef7 - core::panicking::panic_const::panic_const_sub_overflow::hc936e676af9fcd5b
[INFO] [stdout]                                at /rustc/6067b36314ab5eb2eb47cecc464545ba58e1ad24/library/core/src/panicking.rs:178:21
[INFO] [stdout]   19:     0x60a58fa0146e - advent_of_code_2023::day5::MappedRange::try_map::hf2317ba9b1b9d4e5
[INFO] [stdout]                                at /opt/rustwide/workdir/src/day5.rs:35:24
[INFO] [stdout]   20:     0x60a58fa02754 - advent_of_code_2023::day5::Map::map_value::{{closure}}::hab822636c69e6294
[INFO] [stdout]                                at /opt/rustwide/workdir/src/day5.rs:77:27
[INFO] [stdout]   21:     0x60a58f9d7196 - <core::slice::iter::Iter<T> as core::iter::traits::iterator::Iterator>::find_map::h2dd3017df48d32e9
[INFO] [stdout]                                at /rustc/6067b36314ab5eb2eb47cecc464545ba58e1ad24/library/core/src/slice/iter/macros.rs:319:38
[INFO] [stdout]   22:     0x60a58fa02714 - advent_of_code_2023::day5::Map::map_value::hb422bf91149aecec
[INFO] [stdout]                                at /opt/rustwide/workdir/src/day5.rs:74:24
[INFO] [stdout]   23:     0x60a58fa03315 - advent_of_code_2023::day5::Data::map_seed::{{closure}}::h89a05f7d879ad354
[INFO] [stdout]                                at /opt/rustwide/workdir/src/day5.rs:108:49
[INFO] [stdout]   24:     0x60a58f9d6561 - <core::slice::iter::Iter<T> as core::iter::traits::iterator::Iterator>::fold::hf8bab5255cc9bd16
[INFO] [stdout]                                at /rustc/6067b36314ab5eb2eb47cecc464545ba58e1ad24/library/core/src/slice/iter/macros.rs:232:27
[INFO] [stdout]   25:     0x60a58fa032e5 - advent_of_code_2023::day5::Data::map_seed::h058233d314fe7742
[INFO] [stdout]                                at /opt/rustwide/workdir/src/day5.rs:108:9
[INFO] [stdout]   26:     0x60a58fa03396 - advent_of_code_2023::day5::Data::map_seeds::{{closure}}::h5de7e1b7bdc6b7f5
[INFO] [stdout]                                at /opt/rustwide/workdir/src/day5.rs:112:47
[INFO] [stdout]   27:     0x60a58fa1acd1 - core::iter::adapters::map::map_fold::{{closure}}::hbf40557c507ba020
[INFO] [stdout]                                at /rustc/6067b36314ab5eb2eb47cecc464545ba58e1ad24/library/core/src/iter/adapters/map.rs:88:28
[INFO] [stdout]   28:     0x60a58fa11ccb - core::iter::adapters::copied::copy_fold::{{closure}}::hf4eceafa5ed010be
[INFO] [stdout]                                at /rustc/6067b36314ab5eb2eb47cecc464545ba58e1ad24/library/core/src/iter/adapters/copied.rs:30:22
[INFO] [stdout]   29:     0x60a58f9d5e1d - <core::slice::iter::Iter<T> as core::iter::traits::iterator::Iterator>::fold::hb3336fb7274bd2e7
[INFO] [stdout]                                at /rustc/6067b36314ab5eb2eb47cecc464545ba58e1ad24/library/core/src/slice/iter/macros.rs:232:27
[INFO] [stdout]   30:     0x60a58fa10a08 - <core::iter::adapters::copied::Copied<I> as core::iter::traits::iterator::Iterator>::fold::h3abc33291069193a
[INFO] [stdout]                                at /rustc/6067b36314ab5eb2eb47cecc464545ba58e1ad24/library/core/src/iter/adapters/copied.rs:75:9
[INFO] [stdout]   31:     0x60a58fa15c13 - <core::iter::adapters::map::Map<I,F> as core::iter::traits::iterator::Iterator>::fold::hf3505ef24ca4f0c8
[INFO] [stdout]                                at /rustc/6067b36314ab5eb2eb47cecc464545ba58e1ad24/library/core/src/iter/adapters/map.rs:128:9
[INFO] [stdout]   32:     0x60a58fa19085 - core::iter::traits::iterator::Iterator::for_each::h8038d4dd48231ad9
[INFO] [stdout]                                at /rustc/6067b36314ab5eb2eb47cecc464545ba58e1ad24/library/core/src/iter/traits/iterator.rs:800:9
[INFO] [stdout]   33:     0x60a58f9b2ae5 - alloc::vec::Vec<T,A>::extend_trusted::h18f07fcca14a436a
[INFO] [stdout]                                at /rustc/6067b36314ab5eb2eb47cecc464545ba58e1ad24/library/alloc/src/vec/mod.rs:3568:17
[INFO] [stdout]   34:     0x60a58f9b8b6a - <alloc::vec::Vec<T,A> as alloc::vec::spec_extend::SpecExtend<T,I>>::spec_extend::hef3842b7b55fbe1c
[INFO] [stdout]                                at /rustc/6067b36314ab5eb2eb47cecc464545ba58e1ad24/library/alloc/src/vec/spec_extend.rs:29:9
[INFO] [stdout]   35:     0x60a58f9ae7f1 - <alloc::vec::Vec<T> as alloc::vec::spec_from_iter_nested::SpecFromIterNested<T,I>>::from_iter::h76a0e69892035425
[INFO] [stdout]                                at /rustc/6067b36314ab5eb2eb47cecc464545ba58e1ad24/library/alloc/src/vec/spec_from_iter_nested.rs:62:9
[INFO] [stdout]   36:     0x60a58f9b8e2d - <alloc::vec::Vec<T> as alloc::vec::spec_from_iter::SpecFromIter<T,I>>::from_iter::hc7fee77053ff5769
[INFO] [stdout]                                at /rustc/6067b36314ab5eb2eb47cecc464545ba58e1ad24/library/alloc/src/vec/spec_from_iter.rs:34:9
[INFO] [stdout]   37:     0x60a58f9b89d1 - <alloc::vec::Vec<T> as core::iter::traits::collect::FromIterator<T>>::from_iter::hf768ac7af6d4133a
[INFO] [stdout]                                at /rustc/6067b36314ab5eb2eb47cecc464545ba58e1ad24/library/alloc/src/vec/mod.rs:3427:9
[INFO] [stdout]   38:     0x60a58fa18e94 - core::iter::traits::iterator::Iterator::collect::h9dbbacac226d953d
[INFO] [stdout]                                at /rustc/6067b36314ab5eb2eb47cecc464545ba58e1ad24/library/core/src/iter/traits/iterator.rs:1971:9
[INFO] [stdout]   39:     0x60a58fa052f3 - advent_of_code_2023::day5::test::sample_data::h55b51948ef4ba790
[INFO] [stdout]                                at /opt/rustwide/workdir/src/day5.rs:169:22
[INFO] [stdout]   40:     0x60a58fa051f7 - advent_of_code_2023::day5::test::sample_data::{{closure}}::h58ac9c579c67930c
[INFO] [stdout]                                at /opt/rustwide/workdir/src/day5.rs:133:21
[INFO] [stdout]   41:     0x60a58f9d9ab6 - core::ops::function::FnOnce::call_once::hbbb977d712f100d0
[INFO] [stdout]                                at /rustc/6067b36314ab5eb2eb47cecc464545ba58e1ad24/library/core/src/ops/function.rs:250:5
[INFO] [stdout]   42:     0x60a58fa5b70b - core::ops::function::FnOnce::call_once::he27718dfdd183f43
[INFO] [stdout]                                at /rustc/6067b36314ab5eb2eb47cecc464545ba58e1ad24/library/core/src/ops/function.rs:250:5
[INFO] [stdout]   43:     0x60a58fa5b70b - test::__rust_begin_short_backtrace::h4e84902998457a5d
[INFO] [stdout]                                at /rustc/6067b36314ab5eb2eb47cecc464545ba58e1ad24/library/test/src/lib.rs:632:18
[INFO] [stdout]   44:     0x60a58fa5a643 - test::run_test_in_process::{{closure}}::h7176fd18fc1feca0
[INFO] [stdout]                                at /rustc/6067b36314ab5eb2eb47cecc464545ba58e1ad24/library/test/src/lib.rs:655:60
[INFO] [stdout]   45:     0x60a58fa5a643 - <core::panic::unwind_safe::AssertUnwindSafe<F> as core::ops::function::FnOnce<()>>::call_once::hf79cff2a624d8cf7
[INFO] [stdout]                                at /rustc/6067b36314ab5eb2eb47cecc464545ba58e1ad24/library/core/src/panic/unwind_safe.rs:272:9
[INFO] [stdout]   46:     0x60a58fa5a643 - std::panicking::try::do_call::h3da0561d9ab99c25
[INFO] [stdout]                                at /rustc/6067b36314ab5eb2eb47cecc464545ba58e1ad24/library/std/src/panicking.rs:587:40
[INFO] [stdout]   47:     0x60a58fa5a643 - std::panicking::try::h41c9fa508bc61df6
[INFO] [stdout]                                at /rustc/6067b36314ab5eb2eb47cecc464545ba58e1ad24/library/std/src/panicking.rs:550:19
[INFO] [stdout]   48:     0x60a58fa5a643 - std::panic::catch_unwind::h6b3ff07bb5afad93
[INFO] [stdout]                                at /rustc/6067b36314ab5eb2eb47cecc464545ba58e1ad24/library/std/src/panic.rs:358:14
[INFO] [stdout]   49:     0x60a58fa5a643 - test::run_test_in_process::hc7253dd11b39b9f4
[INFO] [stdout]                                at /rustc/6067b36314ab5eb2eb47cecc464545ba58e1ad24/library/test/src/lib.rs:655:27
[INFO] [stdout]   50:     0x60a58fa5a643 - test::run_test::{{closure}}::hfb2007f8649c30bb
[INFO] [stdout]                                at /rustc/6067b36314ab5eb2eb47cecc464545ba58e1ad24/library/test/src/lib.rs:576:43
[INFO] [stdout]   51:     0x60a58fa1d725 - test::run_test::{{closure}}::h56a17aa7a282a9f4
[INFO] [stdout]                                at /rustc/6067b36314ab5eb2eb47cecc464545ba58e1ad24/library/test/src/lib.rs:606:41
[INFO] [stdout]   52:     0x60a58fa1d725 - std::sys::backtrace::__rust_begin_short_backtrace::hd2d2d2fb8e8c6aac
[INFO] [stdout]                                at /rustc/6067b36314ab5eb2eb47cecc464545ba58e1ad24/library/std/src/sys/backtrace.rs:152:18
[INFO] [stdout]   53:     0x60a58fa2100a - std::thread::Builder::spawn_unchecked_::{{closure}}::{{closure}}::h4faa3f9db6133423
[INFO] [stdout]                                at /rustc/6067b36314ab5eb2eb47cecc464545ba58e1ad24/library/std/src/thread/mod.rs:559:17
[INFO] [stdout]   54:     0x60a58fa2100a - <core::panic::unwind_safe::AssertUnwindSafe<F> as core::ops::function::FnOnce<()>>::call_once::hf2e855a36a4ea846
[INFO] [stdout]                                at /rustc/6067b36314ab5eb2eb47cecc464545ba58e1ad24/library/core/src/panic/unwind_safe.rs:272:9
[INFO] [stdout]   55:     0x60a58fa2100a - std::panicking::try::do_call::h2f73af3616c35465
[INFO] [stdout]                                at /rustc/6067b36314ab5eb2eb47cecc464545ba58e1ad24/library/std/src/panicking.rs:587:40
[INFO] [stdout]   56:     0x60a58fa2100a - std::panicking::try::hd1660ce9efadef5a
[INFO] [stdout]                                at /rustc/6067b36314ab5eb2eb47cecc464545ba58e1ad24/library/std/src/panicking.rs:550:19
[INFO] [stdout]   57:     0x60a58fa2100a - std::panic::catch_unwind::h5ee8d7823b8ca744
[INFO] [stdout]                                at /rustc/6067b36314ab5eb2eb47cecc464545ba58e1ad24/library/std/src/panic.rs:358:14
[INFO] [stdout]   58:     0x60a58fa2100a - std::thread::Builder::spawn_unchecked_::{{closure}}::h53c3a1894dce8407
[INFO] [stdout]                                at /rustc/6067b36314ab5eb2eb47cecc464545ba58e1ad24/library/std/src/thread/mod.rs:557:30
[INFO] [stdout]   59:     0x60a58fa2100a - core::ops::function::FnOnce::call_once{{vtable.shim}}::h048ce291ad4f62bf
[INFO] [stdout]                                at /rustc/6067b36314ab5eb2eb47cecc464545ba58e1ad24/library/core/src/ops/function.rs:250:5
[INFO] [stdout]   60:     0x60a58faa185b - <alloc::boxed::Box<F,A> as core::ops::function::FnOnce<Args>>::call_once::ha52bedf99a3b4981
[INFO] [stdout]                                at /rustc/6067b36314ab5eb2eb47cecc464545ba58e1ad24/library/alloc/src/boxed.rs:2013:9
[INFO] [stdout]   61:     0x60a58faa185b - <alloc::boxed::Box<F,A> as core::ops::function::FnOnce<Args>>::call_once::h567748934d80ccf8
[INFO] [stdout]                                at /rustc/6067b36314ab5eb2eb47cecc464545ba58e1ad24/library/alloc/src/boxed.rs:2013:9
[INFO] [stdout]   62:     0x60a58faa185b - std::sys::pal::unix::thread::Thread::new::thread_start::h2d970728ae887adc
[INFO] [stdout]                                at /rustc/6067b36314ab5eb2eb47cecc464545ba58e1ad24/library/std/src/sys/pal/unix/thread.rs:106:17
[INFO] [stdout]   63:     0x7a3a3e3b9ac3 - <unknown>
[INFO] [stdout]   64:     0x7a3a3e44aa04 - clone
[INFO] [stdout]   65:                0x0 - <unknown>
[INFO] [stdout] 
[INFO] [stdout] 
[INFO] [stdout] failures:
[INFO] [stdout]     day5::test::sample_data
[INFO] [stdout] 
[INFO] [stdout] test result: FAILED. 17 passed; 1 failed; 0 ignored; 0 measured; 0 filtered out; finished in 0.05s
[INFO] [stdout] 
[INFO] [stderr] error: test failed, to rerun pass `--bin advent-of-code-2023`
[INFO] running `Command { std: "docker" "inspect" "b67d3d3b51ee153cedf4ae5a8239af179c0095f1dc9f4773346fc98bbeb1c7ab", kill_on_drop: false }`
[INFO] running `Command { std: "docker" "rm" "-f" "b67d3d3b51ee153cedf4ae5a8239af179c0095f1dc9f4773346fc98bbeb1c7ab", kill_on_drop: false }`
[INFO] [stdout] b67d3d3b51ee153cedf4ae5a8239af179c0095f1dc9f4773346fc98bbeb1c7ab
