[INFO] cloning repository https://github.com/ahmed-said-jax/scamplers
[INFO] running `Command { std: "git" "-c" "credential.helper=" "-c" "credential.helper=/workspace/cargo-home/bin/git-credential-null" "clone" "--bare" "https://github.com/ahmed-said-jax/scamplers" "/workspace/cache/git-repos/https%3A%2F%2Fgithub.com%2Fahmed-said-jax%2Fscamplers", kill_on_drop: false }`
[INFO] [stderr] Cloning into bare repository '/workspace/cache/git-repos/https%3A%2F%2Fgithub.com%2Fahmed-said-jax%2Fscamplers'...
[INFO] running `Command { std: "git" "rev-parse" "HEAD", kill_on_drop: false }`
[INFO] [stdout] 88673fccc128c73987615c89bc71d59b0c091033
[INFO] testing ahmed-said-jax/scamplers against nightly-2025-01-18+rustflags=-Zrandomize-layout for randomize-layout-2
[INFO] running `Command { std: "git" "clone" "/workspace/cache/git-repos/https%3A%2F%2Fgithub.com%2Fahmed-said-jax%2Fscamplers" "/workspace/builds/worker-2-tc2/source", kill_on_drop: false }`
[INFO] [stderr] Cloning into '/workspace/builds/worker-2-tc2/source'...
[INFO] [stderr] done.
[INFO] validating manifest of git repo https://github.com/ahmed-said-jax/scamplers on toolchain nightly-2025-01-18
[INFO] running `Command { std: CARGO_HOME="/workspace/cargo-home" RUSTUP_HOME="/workspace/rustup-home" "/workspace/cargo-home/bin/cargo" "+nightly-2025-01-18" "metadata" "--manifest-path" "Cargo.toml" "--no-deps", kill_on_drop: false }`
[INFO] started tweaking git repo https://github.com/ahmed-said-jax/scamplers
[INFO] finished tweaking git repo https://github.com/ahmed-said-jax/scamplers
[INFO] tweaked toml for git repo https://github.com/ahmed-said-jax/scamplers written to /workspace/builds/worker-2-tc2/source/Cargo.toml
[INFO] crate git repo https://github.com/ahmed-said-jax/scamplers already has a lockfile, it will not be regenerated
[INFO] running `Command { std: CARGO_HOME="/workspace/cargo-home" RUSTUP_HOME="/workspace/rustup-home" "/workspace/cargo-home/bin/cargo" "+nightly-2025-01-18" "fetch" "--manifest-path" "Cargo.toml", kill_on_drop: false }`
[INFO] [stderr]     Blocking waiting for file lock on package cache
[INFO] [stderr]     Blocking waiting for file lock on package cache
[INFO] running `Command { std: "docker" "create" "-v" "/var/lib/crater-agent-workspace/builds/worker-2-tc2/target:/opt/rustwide/target:rw,Z" "-v" "/var/lib/crater-agent-workspace/builds/worker-2-tc2/source:/opt/rustwide/workdir:ro,Z" "-v" "/var/lib/crater-agent-workspace/cargo-home:/opt/rustwide/cargo-home:ro,Z" "-v" "/var/lib/crater-agent-workspace/rustup-home:/opt/rustwide/rustup-home:ro,Z" "-e" "SOURCE_DIR=/opt/rustwide/workdir" "-e" "CARGO_TARGET_DIR=/opt/rustwide/target" "-e" "CARGO_HOME=/opt/rustwide/cargo-home" "-e" "RUSTUP_HOME=/opt/rustwide/rustup-home" "-w" "/opt/rustwide/workdir" "-m" "1610612736" "--user" "0:0" "--network" "none" "ghcr.io/rust-lang/crates-build-env/linux@sha256:819108c5571ea2e421544af4d832f968d213c87fbe3707a016657f43d2f853bc" "/opt/rustwide/cargo-home/bin/cargo" "+nightly-2025-01-18" "metadata" "--no-deps" "--format-version=1", kill_on_drop: false }`
[INFO] [stdout] d5a1b02d04af984379c391137cbf456c8ca4cd3976abfa360fd78b12fdae78f4
[INFO] running `Command { std: "docker" "start" "-a" "d5a1b02d04af984379c391137cbf456c8ca4cd3976abfa360fd78b12fdae78f4", kill_on_drop: false }`
[INFO] running `Command { std: "docker" "inspect" "d5a1b02d04af984379c391137cbf456c8ca4cd3976abfa360fd78b12fdae78f4", kill_on_drop: false }`
[INFO] running `Command { std: "docker" "rm" "-f" "d5a1b02d04af984379c391137cbf456c8ca4cd3976abfa360fd78b12fdae78f4", kill_on_drop: false }`
[INFO] [stdout] d5a1b02d04af984379c391137cbf456c8ca4cd3976abfa360fd78b12fdae78f4
[INFO] running `Command { std: "docker" "create" "-v" "/var/lib/crater-agent-workspace/builds/worker-2-tc2/target:/opt/rustwide/target:rw,Z" "-v" "/var/lib/crater-agent-workspace/builds/worker-2-tc2/source:/opt/rustwide/workdir:ro,Z" "-v" "/var/lib/crater-agent-workspace/cargo-home:/opt/rustwide/cargo-home:ro,Z" "-v" "/var/lib/crater-agent-workspace/rustup-home:/opt/rustwide/rustup-home:ro,Z" "-e" "SOURCE_DIR=/opt/rustwide/workdir" "-e" "CARGO_TARGET_DIR=/opt/rustwide/target" "-e" "CARGO_INCREMENTAL=0" "-e" "RUST_BACKTRACE=full" "-e" "RUSTFLAGS=--cap-lints=forbid -Zrandomize-layout" "-e" "RUSTDOCFLAGS=--cap-lints=forbid" "-e" "CARGO_HOME=/opt/rustwide/cargo-home" "-e" "RUSTUP_HOME=/opt/rustwide/rustup-home" "-w" "/opt/rustwide/workdir" "-m" "1610612736" "--user" "0:0" "--network" "none" "ghcr.io/rust-lang/crates-build-env/linux@sha256:819108c5571ea2e421544af4d832f968d213c87fbe3707a016657f43d2f853bc" "/opt/rustwide/cargo-home/bin/cargo" "+nightly-2025-01-18" "build" "--frozen" "--message-format=json", kill_on_drop: false }`
[INFO] [stdout] c7c0a9fa64f2f7ada07aed6950ce1579e329a6949dfd3519f169bd98a77471ff
[INFO] running `Command { std: "docker" "start" "-a" "c7c0a9fa64f2f7ada07aed6950ce1579e329a6949dfd3519f169bd98a77471ff", kill_on_drop: false }`
[INFO] [stderr]    Compiling syn v2.0.60
[INFO] [stderr]    Compiling libc v0.2.153
[INFO] [stderr]    Compiling serde v1.0.198
[INFO] [stderr]    Compiling memchr v2.7.2
[INFO] [stderr]    Compiling crossbeam-utils v0.8.19
[INFO] [stderr]    Compiling parking v2.2.0
[INFO] [stderr]    Compiling futures-io v0.3.30
[INFO] [stderr]    Compiling syn v1.0.109
[INFO] [stderr]    Compiling version_check v0.9.4
[INFO] [stderr]    Compiling value-bag v1.8.1
[INFO] [stderr]    Compiling thiserror v1.0.59
[INFO] [stderr]    Compiling concurrent-queue v2.5.0
[INFO] [stderr]    Compiling log v0.4.21
[INFO] [stderr]    Compiling typenum v1.17.0
[INFO] [stderr]    Compiling generic-array v0.14.7
[INFO] [stderr]    Compiling event-listener v4.0.3
[INFO] [stderr]    Compiling tinyvec_macros v0.1.1
[INFO] [stderr]    Compiling tinyvec v1.6.0
[INFO] [stderr]    Compiling event-listener v2.5.3
[INFO] [stderr]    Compiling event-listener-strategy v0.4.0
[INFO] [stderr]    Compiling rustix v0.38.34
[INFO] [stderr]    Compiling cc v1.0.95
[INFO] [stderr]    Compiling crunchy v0.2.2
[INFO] [stderr]    Compiling getrandom v0.2.14
[INFO] [stderr]    Compiling io-lifetimes v1.0.11
[INFO] [stderr]    Compiling unicode-normalization v0.1.23
[INFO] [stderr]    Compiling async-lock v3.3.0
[INFO] [stderr]    Compiling futures-lite v2.3.0
[INFO] [stderr]    Compiling polling v2.8.0
[INFO] [stderr]    Compiling tracing-core v0.1.32
[INFO] [stderr]    Compiling rustix v0.37.27
[INFO] [stderr]    Compiling waker-fn v1.1.1
[INFO] [stderr]    Compiling fastrand v1.9.0
[INFO] [stderr]    Compiling linux-raw-sys v0.4.13
[INFO] [stderr]    Compiling tiny-keccak v2.0.2
[INFO] [stderr]    Compiling unicode-bidi v0.3.15
[INFO] [stderr]    Compiling futures-lite v1.13.0
[INFO] [stderr]    Compiling tracing v0.1.40
[INFO] [stderr]    Compiling crypto-common v0.1.6
[INFO] [stderr]    Compiling block-buffer v0.10.4
[INFO] [stderr]    Compiling rand_core v0.6.4
[INFO] [stderr]    Compiling ring v0.17.8
[INFO] [stderr]    Compiling mio v0.8.11
[INFO] [stderr]    Compiling num_cpus v1.16.0
[INFO] [stderr]    Compiling socket2 v0.5.7
[INFO] [stderr]    Compiling async-lock v2.8.0
[INFO] [stderr]    Compiling event-listener v5.3.0
[INFO] [stderr]    Compiling async-io v1.13.0
[INFO] [stderr]    Compiling equivalent v1.0.1
[INFO] [stderr]    Compiling bitflags v1.3.2
[INFO] [stderr]    Compiling ppv-lite86 v0.2.17
[INFO] [stderr]    Compiling linux-raw-sys v0.3.8
[INFO] [stderr]    Compiling subtle v2.5.0
[INFO] [stderr]    Compiling hashbrown v0.14.5
[INFO] [stderr]    Compiling digest v0.10.7
[INFO] [stderr]    Compiling rand_chacha v0.3.1
[INFO] [stderr]    Compiling event-listener-strategy v0.5.2
[INFO] [stderr]    Compiling serde_derive v1.0.198
[INFO] [stderr]    Compiling thiserror-impl v1.0.59
[INFO] [stderr]    Compiling tokio-macros v2.2.0
[INFO] [stderr]    Compiling futures-macro v0.3.30
[INFO] [stderr]    Compiling indexmap v2.2.6
[INFO] [stderr]    Compiling tokio v1.37.0
[INFO] [stderr]    Compiling socket2 v0.4.10
[INFO] [stderr]    Compiling strsim v0.10.0
[INFO] [stderr]    Compiling linked-hash-map v0.5.6
[INFO] [stderr]    Compiling spin v0.9.8
[INFO] [stderr]    Compiling fnv v1.0.7
[INFO] [stderr]    Compiling ucd-trie v0.1.6
[INFO] [stderr]    Compiling percent-encoding v2.3.1
[INFO] [stderr]    Compiling semver-parser v0.7.0
[INFO] [stderr]    Compiling async-task v4.7.1
[INFO] [stderr]    Compiling untrusted v0.9.0
[INFO] [stderr]    Compiling ident_case v1.0.1
[INFO] [stderr]    Compiling atomic-waker v1.1.2
[INFO] [stderr]    Compiling semver v0.9.0
[INFO] [stderr]    Compiling darling_core v0.13.4
[INFO] [stderr]    Compiling piper v0.2.1
[INFO] [stderr]    Compiling pest v2.7.10
[INFO] [stderr]    Compiling form_urlencoded v1.2.1
[INFO] [stderr]    Compiling futures-util v0.3.30
[INFO] [stderr]    Compiling const-random-macro v0.1.16
[INFO] [stderr]    Compiling async-trait v0.1.80
[INFO] [stderr]    Compiling rand v0.8.5
[INFO] [stderr]    Compiling async-channel v2.2.1
[INFO] [stderr]    Compiling idna v0.5.0
[INFO] [stderr]    Compiling signal-hook-registry v1.4.2
[INFO] [stderr]    Compiling ryu v1.0.17
[INFO] [stderr]    Compiling radium v0.7.0
[INFO] [stderr]    Compiling lazy_static v1.4.0
[INFO] [stderr]    Compiling serde_json v1.0.116
[INFO] [stderr]    Compiling heck v0.4.1
[INFO] [stderr]    Compiling match_cfg v0.1.0
[INFO] [stderr]    Compiling matches v0.1.10
[INFO] [stderr]    Compiling hostname v0.3.1
[INFO] [stderr]    Compiling idna v0.2.3
[INFO] [stderr]    Compiling enum-as-inner v0.4.0
[INFO] [stderr]    Compiling url v2.5.0
[INFO] [stderr]    Compiling darling_macro v0.13.4
[INFO] [stderr]    Compiling blocking v1.6.0
[INFO] [stderr]    Compiling pest_meta v2.7.10
[INFO] [stderr]    Compiling const-random v0.1.18
[INFO] [stderr]    Compiling rustc_version v0.2.3
[INFO] [stderr]    Compiling parking_lot_core v0.9.10
[INFO] [stderr]    Compiling async-executor v1.5.1
[INFO] [stderr]    Compiling async-channel v1.9.0
[INFO] [stderr]    Compiling event-listener v3.1.0
[INFO] [stderr]    Compiling ahash v0.8.11
[INFO] [stderr]    Compiling bitflags v2.5.0
[INFO] [stderr]    Compiling futures-channel v0.3.30
[INFO] [stderr]    Compiling num-traits v0.2.18
[INFO] [stderr]    Compiling time-core v0.1.2
[INFO] [stderr]    Compiling powerfmt v0.2.0
[INFO] [stderr]    Compiling tap v1.0.1
[INFO] [stderr]    Compiling rustls v0.21.12
[INFO] [stderr]    Compiling base64 v0.21.7
[INFO] [stderr]    Compiling quick-error v1.2.3
[INFO] [stderr]    Compiling num-conv v0.1.0
[INFO] [stderr]    Compiling utf8parse v0.2.1
[INFO] [stderr]    Compiling ipnet v2.9.0
[INFO] [stderr]    Compiling data-encoding v2.6.0
[INFO] [stderr]    Compiling anstyle-parse v0.2.3
[INFO] [stderr]    Compiling time-macros v0.2.18
[INFO] [stderr]    Compiling resolv-conf v0.7.0
[INFO] [stderr]    Compiling trust-dns-proto v0.21.2
[INFO] [stderr]    Compiling wyz v0.5.1
[INFO] [stderr]    Compiling deranged v0.3.11
[INFO] [stderr]    Compiling serde_spanned v0.6.5
[INFO] [stderr]    Compiling toml_datetime v0.6.5
[INFO] [stderr]    Compiling async-global-executor v2.3.1
[INFO] [stderr]    Compiling parking_lot v0.12.2
[INFO] [stderr]    Compiling rustc_version_runtime v0.2.1
[INFO] [stderr]    Compiling pest_generator v2.7.10
[INFO] [stderr]    Compiling dlv-list v0.5.2
[INFO] [stderr]    Compiling darling v0.13.4
[INFO] [stderr]    Compiling sct v0.7.1
[INFO] [stderr]    Compiling rustls-webpki v0.101.7
[INFO] [stderr]    Compiling async-attributes v1.1.2
[INFO] [stderr]    Compiling lru-cache v0.1.2
[INFO] [stderr]    Compiling kv-log-macro v1.0.7
[INFO] [stderr]    Compiling hashbrown v0.13.2
[INFO] [stderr]    Compiling winnow v0.6.8
[INFO] [stderr]    Compiling zerocopy v0.7.32
[INFO] [stderr]    Compiling anstyle v1.0.6
[INFO] [stderr]    Compiling anstyle-query v1.0.2
[INFO] [stderr]    Compiling colorchoice v1.0.0
[INFO] [stderr]    Compiling funty v2.0.0
[INFO] [stderr]    Compiling cpufeatures v0.2.12
[INFO] [stderr]    Compiling polling v3.7.0
[INFO] [stderr]    Compiling anstream v0.6.13
[INFO] [stderr]    Compiling ordered-multimap v0.6.0
[INFO] [stderr]    Compiling async-io v2.3.2
[INFO] [stderr]    Compiling pest_derive v2.7.10
[INFO] [stderr]    Compiling bitvec v1.0.1
[INFO] [stderr]    Compiling trust-dns-resolver v0.21.2
[INFO] [stderr]    Compiling time v0.3.36
[INFO] [stderr]    Compiling async-signal v0.2.6
[INFO] [stderr]    Compiling async-process v1.8.1
[INFO] [stderr]    Compiling toml_edit v0.22.12
[INFO] [stderr]    Compiling serde_with_macros v1.5.2
[INFO] [stderr]    Compiling async-std v1.12.0
[INFO] [stderr]    Compiling uuid v1.8.0
[INFO] [stderr]    Compiling serde_bytes v0.11.14
[INFO] [stderr]    Compiling aho-corasick v1.1.3
[INFO] [stderr]    Compiling convert_case v0.4.0
[INFO] [stderr]    Compiling clap_lex v0.7.0
[INFO] [stderr]    Compiling base64 v0.13.1
[INFO] [stderr]    Compiling iana-time-zone v0.1.60
[INFO] [stderr]    Compiling unicode-segmentation v1.11.0
[INFO] [stderr]    Compiling regex-syntax v0.8.3
[INFO] [stderr]    Compiling strsim v0.11.1
[INFO] [stderr]    Compiling minimal-lexical v0.2.1
[INFO] [stderr]    Compiling camino v1.1.6
[INFO] [stderr]    Compiling anyhow v1.0.82
[INFO] [stderr]    Compiling heck v0.5.0
[INFO] [stderr]    Compiling finl_unicode v1.2.0
[INFO] [stderr]    Compiling hex v0.4.3
[INFO] [stderr]    Compiling clap_derive v4.5.4
[INFO] [stderr]    Compiling bson v2.10.0
[INFO] [stderr]    Compiling stringprep v0.1.4
[INFO] [stderr]    Compiling async-std-resolver v0.21.2
[INFO] [stderr]    Compiling nom v7.1.3
[INFO] [stderr]    Compiling regex-automata v0.4.6
[INFO] [stderr]    Compiling clap_builder v4.5.2
[INFO] [stderr]    Compiling convert_case v0.6.0
[INFO] [stderr]    Compiling tokio-rustls v0.24.1
[INFO] [stderr]    Compiling chrono v0.4.38
[INFO] [stderr]    Compiling tokio-util v0.7.10
[INFO] [stderr]    Compiling derive_more v0.99.17
[INFO] [stderr]    Compiling toml v0.8.12
[INFO] [stderr]    Compiling serde_with v1.14.0
[INFO] [stderr]    Compiling json5 v0.4.1
[INFO] [stderr]    Compiling rust-ini v0.19.0
[INFO] [stderr]    Compiling sha2 v0.10.8
[INFO] [stderr]    Compiling sha-1 v0.10.1
[INFO] [stderr]    Compiling rustls-pemfile v1.0.4
[INFO] [stderr]    Compiling ron v0.8.1
[INFO] [stderr]    Compiling futures-executor v0.3.30
[INFO] [stderr]    Compiling derivative v2.2.0
[INFO] [stderr]    Compiling typed-builder v0.10.0
[INFO] [stderr]    Compiling yaml-rust v0.4.5
[INFO] [stderr]    Compiling pbkdf2 v0.11.0
[INFO] [stderr]    Compiling hmac v0.12.1
[INFO] [stderr]    Compiling md-5 v0.10.6
[INFO] [stderr]    Compiling csv-core v0.1.11
[INFO] [stderr]    Compiling take_mut v0.2.2
[INFO] [stderr]    Compiling webpki-roots v0.25.4
[INFO] [stderr]    Compiling pathdiff v0.2.1
[INFO] [stderr]    Compiling csv v1.3.0
[INFO] [stderr]    Compiling config v0.14.0
[INFO] [stderr]    Compiling clap v4.5.4
[INFO] [stderr]    Compiling regex v1.10.4
[INFO] [stderr]    Compiling dotenvy v0.15.7
[INFO] [stderr]    Compiling glob v0.3.1
[INFO] [stderr]    Compiling mongodb v2.8.2
[INFO] [stderr]    Compiling scamplers v0.1.0 (/opt/rustwide/workdir)
[INFO] [stdout] warning: unused variable: `mean_reads_per_cell`
[INFO] [stdout]    --> src/models.rs:216:17
[INFO] [stdout]     |
[INFO] [stdout] 216 |                 mean_reads_per_cell,
[INFO] [stdout]     |                 ^^^^^^^^^^^^^^^^^^^ help: try ignoring the field: `mean_reads_per_cell: _`
[INFO] [stdout]     |
[INFO] [stdout]     = note: `#[warn(unused_variables)]` on by default
[INFO] [stdout] 
[INFO] [stdout] 
[INFO] [stdout] warning: unused variable: `median_genes_per_cell`
[INFO] [stdout]    --> src/models.rs:217:17
[INFO] [stdout]     |
[INFO] [stdout] 217 |                 median_genes_per_cell,
[INFO] [stdout]     |                 ^^^^^^^^^^^^^^^^^^^^^ help: try ignoring the field: `median_genes_per_cell: _`
[INFO] [stdout] 
[INFO] [stdout] 
[INFO] [stdout] warning: unused variable: `number_of_reads`
[INFO] [stdout]    --> src/models.rs:218:17
[INFO] [stdout]     |
[INFO] [stdout] 218 |                 number_of_reads,
[INFO] [stdout]     |                 ^^^^^^^^^^^^^^^ help: try ignoring the field: `number_of_reads: _`
[INFO] [stdout] 
[INFO] [stdout] 
[INFO] [stdout] warning: unused variable: `valid_barcodes`
[INFO] [stdout]    --> src/models.rs:219:17
[INFO] [stdout]     |
[INFO] [stdout] 219 |                 valid_barcodes,
[INFO] [stdout]     |                 ^^^^^^^^^^^^^^ help: try ignoring the field: `valid_barcodes: _`
[INFO] [stdout] 
[INFO] [stdout] 
[INFO] [stdout] warning: unused variable: `sequencing_saturation`
[INFO] [stdout]    --> src/models.rs:220:17
[INFO] [stdout]     |
[INFO] [stdout] 220 |                 sequencing_saturation,
[INFO] [stdout]     |                 ^^^^^^^^^^^^^^^^^^^^^ help: try ignoring the field: `sequencing_saturation: _`
[INFO] [stdout] 
[INFO] [stdout] 
[INFO] [stdout] warning: unused variable: `q30_bases_in_barcode`
[INFO] [stdout]    --> src/models.rs:221:17
[INFO] [stdout]     |
[INFO] [stdout] 221 |                 q30_bases_in_barcode,
[INFO] [stdout]     |                 ^^^^^^^^^^^^^^^^^^^^ help: try ignoring the field: `q30_bases_in_barcode: _`
[INFO] [stdout] 
[INFO] [stdout] 
[INFO] [stdout] warning: unused variable: `q30_bases_in_rna_read`
[INFO] [stdout]    --> src/models.rs:222:17
[INFO] [stdout]     |
[INFO] [stdout] 222 |                 q30_bases_in_rna_read,
[INFO] [stdout]     |                 ^^^^^^^^^^^^^^^^^^^^^ help: try ignoring the field: `q30_bases_in_rna_read: _`
[INFO] [stdout] 
[INFO] [stdout] 
[INFO] [stdout] warning: unused variable: `q30_bases_in_umi`
[INFO] [stdout]    --> src/models.rs:223:17
[INFO] [stdout]     |
[INFO] [stdout] 223 |                 q30_bases_in_umi,
[INFO] [stdout]     |                 ^^^^^^^^^^^^^^^^ help: try ignoring the field: `q30_bases_in_umi: _`
[INFO] [stdout] 
[INFO] [stdout] 
[INFO] [stdout] warning: unused variable: `reads_mapped_to_genome`
[INFO] [stdout]    --> src/models.rs:224:17
[INFO] [stdout]     |
[INFO] [stdout] 224 |                 reads_mapped_to_genome,
[INFO] [stdout]     |                 ^^^^^^^^^^^^^^^^^^^^^^ help: try ignoring the field: `reads_mapped_to_genome: _`
[INFO] [stdout] 
[INFO] [stdout] 
[INFO] [stdout] warning: unused variable: `reads_mapped_confidently_to_intergenic_regions`
[INFO] [stdout]    --> src/models.rs:226:17
[INFO] [stdout]     |
[INFO] [stdout] 226 |                 reads_mapped_confidently_to_intergenic_regions,
[INFO] [stdout]     |                 ^^^^^^^^^^^^^^^^^^^^^^^^^^^^^^^^^^^^^^^^^^^^^^ help: try ignoring the field: `reads_mapped_confidently_to_intergenic_regions: _`
[INFO] [stdout] 
[INFO] [stdout] 
[INFO] [stdout] warning: unused variable: `reads_mapped_confidently_to_intronic_regions`
[INFO] [stdout]    --> src/models.rs:227:17
[INFO] [stdout]     |
[INFO] [stdout] 227 |                 reads_mapped_confidently_to_intronic_regions,
[INFO] [stdout]     |                 ^^^^^^^^^^^^^^^^^^^^^^^^^^^^^^^^^^^^^^^^^^^^ help: try ignoring the field: `reads_mapped_confidently_to_intronic_regions: _`
[INFO] [stdout] 
[INFO] [stdout] 
[INFO] [stdout] warning: unused variable: `reads_mapped_confidently_to_exonic_regions`
[INFO] [stdout]    --> src/models.rs:228:17
[INFO] [stdout]     |
[INFO] [stdout] 228 |                 reads_mapped_confidently_to_exonic_regions,
[INFO] [stdout]     |                 ^^^^^^^^^^^^^^^^^^^^^^^^^^^^^^^^^^^^^^^^^^ help: try ignoring the field: `reads_mapped_confidently_to_exonic_regions: _`
[INFO] [stdout] 
[INFO] [stdout] 
[INFO] [stdout] warning: unused variable: `reads_mapped_confidently_to_transcriptome`
[INFO] [stdout]    --> src/models.rs:229:17
[INFO] [stdout]     |
[INFO] [stdout] 229 |                 reads_mapped_confidently_to_transcriptome,
[INFO] [stdout]     |                 ^^^^^^^^^^^^^^^^^^^^^^^^^^^^^^^^^^^^^^^^^ help: try ignoring the field: `reads_mapped_confidently_to_transcriptome: _`
[INFO] [stdout] 
[INFO] [stdout] 
[INFO] [stdout] warning: unused variable: `reads_mapped_antisense_to_gene`
[INFO] [stdout]    --> src/models.rs:230:17
[INFO] [stdout]     |
[INFO] [stdout] 230 |                 reads_mapped_antisense_to_gene,
[INFO] [stdout]     |                 ^^^^^^^^^^^^^^^^^^^^^^^^^^^^^^ help: try ignoring the field: `reads_mapped_antisense_to_gene: _`
[INFO] [stdout] 
[INFO] [stdout] 
[INFO] [stdout] warning: unused variable: `fraction_reads_in_cells`
[INFO] [stdout]    --> src/models.rs:231:17
[INFO] [stdout]     |
[INFO] [stdout] 231 |                 fraction_reads_in_cells,
[INFO] [stdout]     |                 ^^^^^^^^^^^^^^^^^^^^^^^ help: try ignoring the field: `fraction_reads_in_cells: _`
[INFO] [stdout] 
[INFO] [stdout] 
[INFO] [stdout] warning: unused variable: `total_genes_detected`
[INFO] [stdout]    --> src/models.rs:232:17
[INFO] [stdout]     |
[INFO] [stdout] 232 |                 total_genes_detected,
[INFO] [stdout]     |                 ^^^^^^^^^^^^^^^^^^^^ help: try ignoring the field: `total_genes_detected: _`
[INFO] [stdout] 
[INFO] [stdout] 
[INFO] [stdout] warning: unused variable: `median_umi_counts_per_cell`
[INFO] [stdout]    --> src/models.rs:233:17
[INFO] [stdout]     |
[INFO] [stdout] 233 |                 median_umi_counts_per_cell,
[INFO] [stdout]     |                 ^^^^^^^^^^^^^^^^^^^^^^^^^^ help: try ignoring the field: `median_umi_counts_per_cell: _`
[INFO] [stdout] 
[INFO] [stdout] 
[INFO] [stdout] warning: unused variable: `feature_linkages_detected`
[INFO] [stdout]    --> src/models.rs:243:17
[INFO] [stdout]     |
[INFO] [stdout] 243 |                 feature_linkages_detected,
[INFO] [stdout]     |                 ^^^^^^^^^^^^^^^^^^^^^^^^^ help: try ignoring the field: `feature_linkages_detected: _`
[INFO] [stdout] 
[INFO] [stdout] 
[INFO] [stdout] warning: unused variable: `linked_genes`
[INFO] [stdout]    --> src/models.rs:244:17
[INFO] [stdout]     |
[INFO] [stdout] 244 |                 linked_genes,
[INFO] [stdout]     |                 ^^^^^^^^^^^^ help: try ignoring the field: `linked_genes: _`
[INFO] [stdout] 
[INFO] [stdout] 
[INFO] [stdout] warning: unused variable: `linked_peaks`
[INFO] [stdout]    --> src/models.rs:245:17
[INFO] [stdout]     |
[INFO] [stdout] 245 |                 linked_peaks,
[INFO] [stdout]     |                 ^^^^^^^^^^^^ help: try ignoring the field: `linked_peaks: _`
[INFO] [stdout] 
[INFO] [stdout] 
[INFO] [stdout] warning: unused variable: `atac_fraction_of_genome_in_peaks`
[INFO] [stdout]    --> src/models.rs:247:17
[INFO] [stdout]     |
[INFO] [stdout] 247 |                 atac_fraction_of_genome_in_peaks,
[INFO] [stdout]     |                 ^^^^^^^^^^^^^^^^^^^^^^^^^^^^^^^^ help: try ignoring the field: `atac_fraction_of_genome_in_peaks: _`
[INFO] [stdout] 
[INFO] [stdout] 
[INFO] [stdout] warning: unused variable: `atac_fraction_of_high_quality_fragments_in_cells`
[INFO] [stdout]    --> src/models.rs:248:17
[INFO] [stdout]     |
[INFO] [stdout] 248 |                 atac_fraction_of_high_quality_fragments_in_cells,
[INFO] [stdout]     |                 ^^^^^^^^^^^^^^^^^^^^^^^^^^^^^^^^^^^^^^^^^^^^^^^^ help: try ignoring the field: `atac_fraction_of_high_quality_fragments_in_cells: _`
[INFO] [stdout] 
[INFO] [stdout] 
[INFO] [stdout] warning: unused variable: `atac_fraction_of_high_quality_fragments_overlapping_tss`
[INFO] [stdout]    --> src/models.rs:249:17
[INFO] [stdout]     |
[INFO] [stdout] 249 |                 atac_fraction_of_high_quality_fragments_overlapping_tss,
[INFO] [stdout]     |                 ^^^^^^^^^^^^^^^^^^^^^^^^^^^^^^^^^^^^^^^^^^^^^^^^^^^^^^^ help: try ignoring the field: `atac_fraction_of_high_quality_fragments_overlapping_tss: _`
[INFO] [stdout] 
[INFO] [stdout] 
[INFO] [stdout] warning: unused variable: `atac_fraction_of_high_quality_fragments_overlapping_peaks`
[INFO] [stdout]    --> src/models.rs:250:17
[INFO] [stdout]     |
[INFO] [stdout] 250 |                 atac_fraction_of_high_quality_fragments_overlapping_peaks,
[INFO] [stdout]     |                 ^^^^^^^^^^^^^^^^^^^^^^^^^^^^^^^^^^^^^^^^^^^^^^^^^^^^^^^^^ help: try ignoring the field: `atac_fraction_of_high_quality_fragments_overlapping_peaks: _`
[INFO] [stdout] 
[INFO] [stdout] 
[INFO] [stdout] warning: unused variable: `atac_fraction_of_transposition_events_in_peaks_in_cells`
[INFO] [stdout]    --> src/models.rs:251:17
[INFO] [stdout]     |
[INFO] [stdout] 251 |                 atac_fraction_of_transposition_events_in_peaks_in_cells,
[INFO] [stdout]     |                 ^^^^^^^^^^^^^^^^^^^^^^^^^^^^^^^^^^^^^^^^^^^^^^^^^^^^^^^ help: try ignoring the field: `atac_fraction_of_transposition_events_in_peaks_in_cells: _`
[INFO] [stdout] 
[INFO] [stdout] 
[INFO] [stdout] warning: unused variable: `atac_mean_raw_read_pairs_per_cell`
[INFO] [stdout]    --> src/models.rs:252:17
[INFO] [stdout]     |
[INFO] [stdout] 252 |                 atac_mean_raw_read_pairs_per_cell,
[INFO] [stdout]     |                 ^^^^^^^^^^^^^^^^^^^^^^^^^^^^^^^^^ help: try ignoring the field: `atac_mean_raw_read_pairs_per_cell: _`
[INFO] [stdout] 
[INFO] [stdout] 
[INFO] [stdout] warning: unused variable: `atac_median_high_quality_fragments_per_cell`
[INFO] [stdout]    --> src/models.rs:253:17
[INFO] [stdout]     |
[INFO] [stdout] 253 |                 atac_median_high_quality_fragments_per_cell,
[INFO] [stdout]     |                 ^^^^^^^^^^^^^^^^^^^^^^^^^^^^^^^^^^^^^^^^^^^ help: try ignoring the field: `atac_median_high_quality_fragments_per_cell: _`
[INFO] [stdout] 
[INFO] [stdout] 
[INFO] [stdout] warning: unused variable: `atac_non_nuclear_read_pairs`
[INFO] [stdout]    --> src/models.rs:254:17
[INFO] [stdout]     |
[INFO] [stdout] 254 |                 atac_non_nuclear_read_pairs,
[INFO] [stdout]     |                 ^^^^^^^^^^^^^^^^^^^^^^^^^^^ help: try ignoring the field: `atac_non_nuclear_read_pairs: _`
[INFO] [stdout] 
[INFO] [stdout] 
[INFO] [stdout] warning: unused variable: `atac_number_of_peaks`
[INFO] [stdout]    --> src/models.rs:255:17
[INFO] [stdout]     |
[INFO] [stdout] 255 |                 atac_number_of_peaks,
[INFO] [stdout]     |                 ^^^^^^^^^^^^^^^^^^^^ help: try ignoring the field: `atac_number_of_peaks: _`
[INFO] [stdout] 
[INFO] [stdout] 
[INFO] [stdout] warning: unused variable: `atac_percent_duplicates`
[INFO] [stdout]    --> src/models.rs:256:17
[INFO] [stdout]     |
[INFO] [stdout] 256 |                 atac_percent_duplicates,
[INFO] [stdout]     |                 ^^^^^^^^^^^^^^^^^^^^^^^ help: try ignoring the field: `atac_percent_duplicates: _`
[INFO] [stdout] 
[INFO] [stdout] 
[INFO] [stdout] warning: unused variable: `atac_q30_bases_in_barcode`
[INFO] [stdout]    --> src/models.rs:257:17
[INFO] [stdout]     |
[INFO] [stdout] 257 |                 atac_q30_bases_in_barcode,
[INFO] [stdout]     |                 ^^^^^^^^^^^^^^^^^^^^^^^^^ help: try ignoring the field: `atac_q30_bases_in_barcode: _`
[INFO] [stdout] 
[INFO] [stdout] 
[INFO] [stdout] warning: unused variable: `atac_q30_bases_in_read_1`
[INFO] [stdout]    --> src/models.rs:258:17
[INFO] [stdout]     |
[INFO] [stdout] 258 |                 atac_q30_bases_in_read_1,
[INFO] [stdout]     |                 ^^^^^^^^^^^^^^^^^^^^^^^^ help: try ignoring the field: `atac_q30_bases_in_read_1: _`
[INFO] [stdout] 
[INFO] [stdout] 
[INFO] [stdout] warning: unused variable: `atac_q30_bases_in_read_2`
[INFO] [stdout]    --> src/models.rs:259:17
[INFO] [stdout]     |
[INFO] [stdout] 259 |                 atac_q30_bases_in_read_2,
[INFO] [stdout]     |                 ^^^^^^^^^^^^^^^^^^^^^^^^ help: try ignoring the field: `atac_q30_bases_in_read_2: _`
[INFO] [stdout] 
[INFO] [stdout] 
[INFO] [stdout] warning: unused variable: `atac_q30_bases_in_sample_index_i1`
[INFO] [stdout]    --> src/models.rs:260:17
[INFO] [stdout]     |
[INFO] [stdout] 260 |                 atac_q30_bases_in_sample_index_i1,
[INFO] [stdout]     |                 ^^^^^^^^^^^^^^^^^^^^^^^^^^^^^^^^^ help: try ignoring the field: `atac_q30_bases_in_sample_index_i1: _`
[INFO] [stdout] 
[INFO] [stdout] 
[INFO] [stdout] warning: unused variable: `atac_sequenced_read_pairs`
[INFO] [stdout]    --> src/models.rs:261:17
[INFO] [stdout]     |
[INFO] [stdout] 261 |                 atac_sequenced_read_pairs,
[INFO] [stdout]     |                 ^^^^^^^^^^^^^^^^^^^^^^^^^ help: try ignoring the field: `atac_sequenced_read_pairs: _`
[INFO] [stdout] 
[INFO] [stdout] 
[INFO] [stdout] warning: unused variable: `atac_tss_enrichment_score`
[INFO] [stdout]    --> src/models.rs:262:17
[INFO] [stdout]     |
[INFO] [stdout] 262 |                 atac_tss_enrichment_score,
[INFO] [stdout]     |                 ^^^^^^^^^^^^^^^^^^^^^^^^^ help: try ignoring the field: `atac_tss_enrichment_score: _`
[INFO] [stdout] 
[INFO] [stdout] 
[INFO] [stdout] warning: unused variable: `atac_unmapped_read_pairs`
[INFO] [stdout]    --> src/models.rs:263:17
[INFO] [stdout]     |
[INFO] [stdout] 263 |                 atac_unmapped_read_pairs,
[INFO] [stdout]     |                 ^^^^^^^^^^^^^^^^^^^^^^^^ help: try ignoring the field: `atac_unmapped_read_pairs: _`
[INFO] [stdout] 
[INFO] [stdout] 
[INFO] [stdout] warning: unused variable: `atac_valid_barcodes`
[INFO] [stdout]    --> src/models.rs:264:17
[INFO] [stdout]     |
[INFO] [stdout] 264 |                 atac_valid_barcodes,
[INFO] [stdout]     |                 ^^^^^^^^^^^^^^^^^^^ help: try ignoring the field: `atac_valid_barcodes: _`
[INFO] [stdout] 
[INFO] [stdout] 
[INFO] [stdout] warning: unused variable: `gex_fraction_of_transcriptomic_reads_in_cells`
[INFO] [stdout]    --> src/models.rs:265:17
[INFO] [stdout]     |
[INFO] [stdout] 265 |                 gex_fraction_of_transcriptomic_reads_in_cells,
[INFO] [stdout]     |                 ^^^^^^^^^^^^^^^^^^^^^^^^^^^^^^^^^^^^^^^^^^^^^ help: try ignoring the field: `gex_fraction_of_transcriptomic_reads_in_cells: _`
[INFO] [stdout] 
[INFO] [stdout] 
[INFO] [stdout] warning: unused variable: `gex_mean_raw_reads_per_cell`
[INFO] [stdout]    --> src/models.rs:266:17
[INFO] [stdout]     |
[INFO] [stdout] 266 |                 gex_mean_raw_reads_per_cell,
[INFO] [stdout]     |                 ^^^^^^^^^^^^^^^^^^^^^^^^^^^ help: try ignoring the field: `gex_mean_raw_reads_per_cell: _`
[INFO] [stdout] 
[INFO] [stdout] 
[INFO] [stdout] warning: unused variable: `gex_median_umi_counts_per_cell`
[INFO] [stdout]    --> src/models.rs:267:17
[INFO] [stdout]     |
[INFO] [stdout] 267 |                 gex_median_umi_counts_per_cell,
[INFO] [stdout]     |                 ^^^^^^^^^^^^^^^^^^^^^^^^^^^^^^ help: try ignoring the field: `gex_median_umi_counts_per_cell: _`
[INFO] [stdout] 
[INFO] [stdout] 
[INFO] [stdout] warning: unused variable: `gex_median_genes_per_cell`
[INFO] [stdout]    --> src/models.rs:268:17
[INFO] [stdout]     |
[INFO] [stdout] 268 |                 gex_median_genes_per_cell,
[INFO] [stdout]     |                 ^^^^^^^^^^^^^^^^^^^^^^^^^ help: try ignoring the field: `gex_median_genes_per_cell: _`
[INFO] [stdout] 
[INFO] [stdout] 
[INFO] [stdout] warning: unused variable: `gex_percent_duplicates`
[INFO] [stdout]    --> src/models.rs:269:17
[INFO] [stdout]     |
[INFO] [stdout] 269 |                 gex_percent_duplicates,
[INFO] [stdout]     |                 ^^^^^^^^^^^^^^^^^^^^^^ help: try ignoring the field: `gex_percent_duplicates: _`
[INFO] [stdout] 
[INFO] [stdout] 
[INFO] [stdout] warning: unused variable: `gex_q30_bases_in_umi`
[INFO] [stdout]    --> src/models.rs:270:17
[INFO] [stdout]     |
[INFO] [stdout] 270 |                 gex_q30_bases_in_umi,
[INFO] [stdout]     |                 ^^^^^^^^^^^^^^^^^^^^ help: try ignoring the field: `gex_q30_bases_in_umi: _`
[INFO] [stdout] 
[INFO] [stdout] 
[INFO] [stdout] warning: unused variable: `gex_q30_bases_in_barcode`
[INFO] [stdout]    --> src/models.rs:271:17
[INFO] [stdout]     |
[INFO] [stdout] 271 |                 gex_q30_bases_in_barcode,
[INFO] [stdout]     |                 ^^^^^^^^^^^^^^^^^^^^^^^^ help: try ignoring the field: `gex_q30_bases_in_barcode: _`
[INFO] [stdout] 
[INFO] [stdout] 
[INFO] [stdout] warning: unused variable: `gex_q30_bases_in_read_2`
[INFO] [stdout]    --> src/models.rs:272:17
[INFO] [stdout]     |
[INFO] [stdout] 272 |                 gex_q30_bases_in_read_2,
[INFO] [stdout]     |                 ^^^^^^^^^^^^^^^^^^^^^^^ help: try ignoring the field: `gex_q30_bases_in_read_2: _`
[INFO] [stdout] 
[INFO] [stdout] 
[INFO] [stdout] warning: unused variable: `gex_reads_mapped_antisense_to_gene`
[INFO] [stdout]    --> src/models.rs:273:17
[INFO] [stdout]     |
[INFO] [stdout] 273 |                 gex_reads_mapped_antisense_to_gene,
[INFO] [stdout]     |                 ^^^^^^^^^^^^^^^^^^^^^^^^^^^^^^^^^^ help: try ignoring the field: `gex_reads_mapped_antisense_to_gene: _`
[INFO] [stdout] 
[INFO] [stdout] 
[INFO] [stdout] warning: unused variable: `gex_reads_mapped_confidently_to_exonic_regions`
[INFO] [stdout]    --> src/models.rs:274:17
[INFO] [stdout]     |
[INFO] [stdout] 274 |                 gex_reads_mapped_confidently_to_exonic_regions,
[INFO] [stdout]     |                 ^^^^^^^^^^^^^^^^^^^^^^^^^^^^^^^^^^^^^^^^^^^^^^ help: try ignoring the field: `gex_reads_mapped_confidently_to_exonic_regions: _`
[INFO] [stdout] 
[INFO] [stdout] 
[INFO] [stdout] warning: unused variable: `gex_reads_mapped_confidently_to_intergenic_regions`
[INFO] [stdout]    --> src/models.rs:276:17
[INFO] [stdout]     |
[INFO] [stdout] 276 |                 gex_reads_mapped_confidently_to_intergenic_regions,
[INFO] [stdout]     |                 ^^^^^^^^^^^^^^^^^^^^^^^^^^^^^^^^^^^^^^^^^^^^^^^^^^ help: try ignoring the field: `gex_reads_mapped_confidently_to_intergenic_regions: _`
[INFO] [stdout] 
[INFO] [stdout] 
[INFO] [stdout] warning: unused variable: `gex_reads_mapped_confidently_to_intronic_regions`
[INFO] [stdout]    --> src/models.rs:277:17
[INFO] [stdout]     |
[INFO] [stdout] 277 |                 gex_reads_mapped_confidently_to_intronic_regions,
[INFO] [stdout]     |                 ^^^^^^^^^^^^^^^^^^^^^^^^^^^^^^^^^^^^^^^^^^^^^^^^ help: try ignoring the field: `gex_reads_mapped_confidently_to_intronic_regions: _`
[INFO] [stdout] 
[INFO] [stdout] 
[INFO] [stdout] warning: unused variable: `gex_reads_mapped_confidently_to_transcriptome`
[INFO] [stdout]    --> src/models.rs:278:17
[INFO] [stdout]     |
[INFO] [stdout] 278 |                 gex_reads_mapped_confidently_to_transcriptome,
[INFO] [stdout]     |                 ^^^^^^^^^^^^^^^^^^^^^^^^^^^^^^^^^^^^^^^^^^^^^ help: try ignoring the field: `gex_reads_mapped_confidently_to_transcriptome: _`
[INFO] [stdout] 
[INFO] [stdout] 
[INFO] [stdout] warning: unused variable: `gex_reads_mapped_to_genome`
[INFO] [stdout]    --> src/models.rs:279:17
[INFO] [stdout]     |
[INFO] [stdout] 279 |                 gex_reads_mapped_to_genome,
[INFO] [stdout]     |                 ^^^^^^^^^^^^^^^^^^^^^^^^^^ help: try ignoring the field: `gex_reads_mapped_to_genome: _`
[INFO] [stdout] 
[INFO] [stdout] 
[INFO] [stdout] warning: unused variable: `gex_reads_with_tso`
[INFO] [stdout]    --> src/models.rs:280:17
[INFO] [stdout]     |
[INFO] [stdout] 280 |                 gex_reads_with_tso,
[INFO] [stdout]     |                 ^^^^^^^^^^^^^^^^^^ help: try ignoring the field: `gex_reads_with_tso: _`
[INFO] [stdout] 
[INFO] [stdout] 
[INFO] [stdout] warning: unused variable: `gex_sequenced_read_pairs`
[INFO] [stdout]    --> src/models.rs:281:17
[INFO] [stdout]     |
[INFO] [stdout] 281 |                 gex_sequenced_read_pairs,
[INFO] [stdout]     |                 ^^^^^^^^^^^^^^^^^^^^^^^^ help: try ignoring the field: `gex_sequenced_read_pairs: _`
[INFO] [stdout] 
[INFO] [stdout] 
[INFO] [stdout] warning: unused variable: `gex_total_genes_detected`
[INFO] [stdout]    --> src/models.rs:282:17
[INFO] [stdout]     |
[INFO] [stdout] 282 |                 gex_total_genes_detected,
[INFO] [stdout]     |                 ^^^^^^^^^^^^^^^^^^^^^^^^ help: try ignoring the field: `gex_total_genes_detected: _`
[INFO] [stdout] 
[INFO] [stdout] 
[INFO] [stdout] warning: unused variable: `gex_valid_umis`
[INFO] [stdout]    --> src/models.rs:283:17
[INFO] [stdout]     |
[INFO] [stdout] 283 |                 gex_valid_umis,
[INFO] [stdout]     |                 ^^^^^^^^^^^^^^ help: try ignoring the field: `gex_valid_umis: _`
[INFO] [stdout] 
[INFO] [stdout] 
[INFO] [stdout] warning: unused variable: `gex_valid_barcodes`
[INFO] [stdout]    --> src/models.rs:284:17
[INFO] [stdout]     |
[INFO] [stdout] 284 |                 gex_valid_barcodes,
[INFO] [stdout]     |                 ^^^^^^^^^^^^^^^^^^ help: try ignoring the field: `gex_valid_barcodes: _`
[INFO] [stdout] 
[INFO] [stdout] 
[INFO] [stderr]     Finished `dev` profile [unoptimized + debuginfo] target(s) in 2m 50s
[INFO] running `Command { std: "docker" "inspect" "c7c0a9fa64f2f7ada07aed6950ce1579e329a6949dfd3519f169bd98a77471ff", kill_on_drop: false }`
[INFO] running `Command { std: "docker" "rm" "-f" "c7c0a9fa64f2f7ada07aed6950ce1579e329a6949dfd3519f169bd98a77471ff", kill_on_drop: false }`
[INFO] [stdout] c7c0a9fa64f2f7ada07aed6950ce1579e329a6949dfd3519f169bd98a77471ff
[INFO] running `Command { std: "docker" "create" "-v" "/var/lib/crater-agent-workspace/builds/worker-2-tc2/target:/opt/rustwide/target:rw,Z" "-v" "/var/lib/crater-agent-workspace/builds/worker-2-tc2/source:/opt/rustwide/workdir:ro,Z" "-v" "/var/lib/crater-agent-workspace/cargo-home:/opt/rustwide/cargo-home:ro,Z" "-v" "/var/lib/crater-agent-workspace/rustup-home:/opt/rustwide/rustup-home:ro,Z" "-e" "SOURCE_DIR=/opt/rustwide/workdir" "-e" "CARGO_TARGET_DIR=/opt/rustwide/target" "-e" "CARGO_INCREMENTAL=0" "-e" "RUST_BACKTRACE=full" "-e" "RUSTFLAGS=--cap-lints=forbid -Zrandomize-layout" "-e" "RUSTDOCFLAGS=--cap-lints=forbid" "-e" "CARGO_HOME=/opt/rustwide/cargo-home" "-e" "RUSTUP_HOME=/opt/rustwide/rustup-home" "-w" "/opt/rustwide/workdir" "-m" "1610612736" "--user" "0:0" "--network" "none" "ghcr.io/rust-lang/crates-build-env/linux@sha256:819108c5571ea2e421544af4d832f968d213c87fbe3707a016657f43d2f853bc" "/opt/rustwide/cargo-home/bin/cargo" "+nightly-2025-01-18" "test" "--frozen" "--no-run" "--message-format=json", kill_on_drop: false }`
[INFO] [stdout] fcf9fed8668c274319a2a8dc02b36dd2c62f124f4733091e0a2c51a3ca576ba8
[INFO] running `Command { std: "docker" "start" "-a" "fcf9fed8668c274319a2a8dc02b36dd2c62f124f4733091e0a2c51a3ca576ba8", kill_on_drop: false }`
[INFO] [stdout] warning: unused variable: `mean_reads_per_cell`
[INFO] [stdout]    --> src/models.rs:216:17
[INFO] [stdout]     |
[INFO] [stdout] 216 |                 mean_reads_per_cell,
[INFO] [stdout]     |                 ^^^^^^^^^^^^^^^^^^^ help: try ignoring the field: `mean_reads_per_cell: _`
[INFO] [stdout]     |
[INFO] [stdout]     = note: `#[warn(unused_variables)]` on by default
[INFO] [stdout] 
[INFO] [stdout] 
[INFO] [stdout] warning: unused variable: `median_genes_per_cell`
[INFO] [stdout]    --> src/models.rs:217:17
[INFO] [stdout]     |
[INFO] [stdout] 217 |                 median_genes_per_cell,
[INFO] [stdout]     |                 ^^^^^^^^^^^^^^^^^^^^^ help: try ignoring the field: `median_genes_per_cell: _`
[INFO] [stdout] 
[INFO] [stdout] 
[INFO] [stdout] warning: unused variable: `number_of_reads`
[INFO] [stdout]    --> src/models.rs:218:17
[INFO] [stdout]     |
[INFO] [stdout] 218 |                 number_of_reads,
[INFO] [stdout]     |                 ^^^^^^^^^^^^^^^ help: try ignoring the field: `number_of_reads: _`
[INFO] [stdout] 
[INFO] [stdout] 
[INFO] [stdout] warning: unused variable: `valid_barcodes`
[INFO] [stdout]    --> src/models.rs:219:17
[INFO] [stdout]     |
[INFO] [stdout] 219 |                 valid_barcodes,
[INFO] [stdout]     |                 ^^^^^^^^^^^^^^ help: try ignoring the field: `valid_barcodes: _`
[INFO] [stdout] 
[INFO] [stdout] 
[INFO] [stdout] warning: unused variable: `sequencing_saturation`
[INFO] [stdout]    --> src/models.rs:220:17
[INFO] [stdout]     |
[INFO] [stdout] 220 |                 sequencing_saturation,
[INFO] [stdout]     |                 ^^^^^^^^^^^^^^^^^^^^^ help: try ignoring the field: `sequencing_saturation: _`
[INFO] [stdout] 
[INFO] [stdout] 
[INFO] [stdout] warning: unused variable: `q30_bases_in_barcode`
[INFO] [stdout]    --> src/models.rs:221:17
[INFO] [stdout]     |
[INFO] [stdout] 221 |                 q30_bases_in_barcode,
[INFO] [stdout]     |                 ^^^^^^^^^^^^^^^^^^^^ help: try ignoring the field: `q30_bases_in_barcode: _`
[INFO] [stdout] 
[INFO] [stdout] 
[INFO] [stdout] warning: unused variable: `q30_bases_in_rna_read`
[INFO] [stdout]    --> src/models.rs:222:17
[INFO] [stdout]     |
[INFO] [stdout] 222 |                 q30_bases_in_rna_read,
[INFO] [stdout]     |                 ^^^^^^^^^^^^^^^^^^^^^ help: try ignoring the field: `q30_bases_in_rna_read: _`
[INFO] [stdout] 
[INFO] [stdout] 
[INFO] [stdout] warning: unused variable: `q30_bases_in_umi`
[INFO] [stdout]    --> src/models.rs:223:17
[INFO] [stdout]     |
[INFO] [stdout] 223 |                 q30_bases_in_umi,
[INFO] [stdout]     |                 ^^^^^^^^^^^^^^^^ help: try ignoring the field: `q30_bases_in_umi: _`
[INFO] [stdout] 
[INFO] [stdout] 
[INFO] [stdout] warning: unused variable: `reads_mapped_to_genome`
[INFO] [stdout]    --> src/models.rs:224:17
[INFO] [stdout]     |
[INFO] [stdout] 224 |                 reads_mapped_to_genome,
[INFO] [stdout]     |                 ^^^^^^^^^^^^^^^^^^^^^^ help: try ignoring the field: `reads_mapped_to_genome: _`
[INFO] [stdout] 
[INFO] [stdout] 
[INFO] [stdout] warning: unused variable: `reads_mapped_confidently_to_intergenic_regions`
[INFO] [stdout]    --> src/models.rs:226:17
[INFO] [stdout]     |
[INFO] [stdout] 226 |                 reads_mapped_confidently_to_intergenic_regions,
[INFO] [stdout]     |                 ^^^^^^^^^^^^^^^^^^^^^^^^^^^^^^^^^^^^^^^^^^^^^^ help: try ignoring the field: `reads_mapped_confidently_to_intergenic_regions: _`
[INFO] [stdout] 
[INFO] [stdout] 
[INFO] [stdout] warning: unused variable: `reads_mapped_confidently_to_intronic_regions`
[INFO] [stdout]    --> src/models.rs:227:17
[INFO] [stdout]     |
[INFO] [stdout] 227 |                 reads_mapped_confidently_to_intronic_regions,
[INFO] [stdout]     |                 ^^^^^^^^^^^^^^^^^^^^^^^^^^^^^^^^^^^^^^^^^^^^ help: try ignoring the field: `reads_mapped_confidently_to_intronic_regions: _`
[INFO] [stdout] 
[INFO] [stdout] 
[INFO] [stdout] warning: unused variable: `reads_mapped_confidently_to_exonic_regions`
[INFO] [stdout]    --> src/models.rs:228:17
[INFO] [stdout]     |
[INFO] [stdout] 228 |                 reads_mapped_confidently_to_exonic_regions,
[INFO] [stdout]     |                 ^^^^^^^^^^^^^^^^^^^^^^^^^^^^^^^^^^^^^^^^^^ help: try ignoring the field: `reads_mapped_confidently_to_exonic_regions: _`
[INFO] [stdout] 
[INFO] [stdout] 
[INFO] [stdout] warning: unused variable: `reads_mapped_confidently_to_transcriptome`
[INFO] [stdout]    --> src/models.rs:229:17
[INFO] [stdout]     |
[INFO] [stdout] 229 |                 reads_mapped_confidently_to_transcriptome,
[INFO] [stdout]     |                 ^^^^^^^^^^^^^^^^^^^^^^^^^^^^^^^^^^^^^^^^^ help: try ignoring the field: `reads_mapped_confidently_to_transcriptome: _`
[INFO] [stdout] 
[INFO] [stdout] 
[INFO] [stdout] warning: unused variable: `reads_mapped_antisense_to_gene`
[INFO] [stdout]    --> src/models.rs:230:17
[INFO] [stdout]     |
[INFO] [stdout] 230 |                 reads_mapped_antisense_to_gene,
[INFO] [stdout]     |                 ^^^^^^^^^^^^^^^^^^^^^^^^^^^^^^ help: try ignoring the field: `reads_mapped_antisense_to_gene: _`
[INFO] [stdout] 
[INFO] [stdout] 
[INFO] [stdout] warning: unused variable: `fraction_reads_in_cells`
[INFO] [stdout]    --> src/models.rs:231:17
[INFO] [stdout]     |
[INFO] [stdout] 231 |                 fraction_reads_in_cells,
[INFO] [stdout]     |                 ^^^^^^^^^^^^^^^^^^^^^^^ help: try ignoring the field: `fraction_reads_in_cells: _`
[INFO] [stdout] 
[INFO] [stdout] 
[INFO] [stdout] warning: unused variable: `total_genes_detected`
[INFO] [stdout]    --> src/models.rs:232:17
[INFO] [stdout]     |
[INFO] [stdout] 232 |                 total_genes_detected,
[INFO] [stdout]     |                 ^^^^^^^^^^^^^^^^^^^^ help: try ignoring the field: `total_genes_detected: _`
[INFO] [stdout] 
[INFO] [stdout] 
[INFO] [stdout] warning: unused variable: `median_umi_counts_per_cell`
[INFO] [stdout]    --> src/models.rs:233:17
[INFO] [stdout]     |
[INFO] [stdout] 233 |                 median_umi_counts_per_cell,
[INFO] [stdout]     |                 ^^^^^^^^^^^^^^^^^^^^^^^^^^ help: try ignoring the field: `median_umi_counts_per_cell: _`
[INFO] [stdout] 
[INFO] [stdout] 
[INFO] [stdout] warning: unused variable: `feature_linkages_detected`
[INFO] [stdout]    --> src/models.rs:243:17
[INFO] [stdout]     |
[INFO] [stdout] 243 |                 feature_linkages_detected,
[INFO] [stdout]     |                 ^^^^^^^^^^^^^^^^^^^^^^^^^ help: try ignoring the field: `feature_linkages_detected: _`
[INFO] [stdout] 
[INFO] [stdout] 
[INFO] [stdout] warning: unused variable: `linked_genes`
[INFO] [stdout]    --> src/models.rs:244:17
[INFO] [stdout]     |
[INFO] [stdout] 244 |                 linked_genes,
[INFO] [stdout]     |                 ^^^^^^^^^^^^ help: try ignoring the field: `linked_genes: _`
[INFO] [stdout] 
[INFO] [stdout] 
[INFO] [stdout] warning: unused variable: `linked_peaks`
[INFO] [stdout]    --> src/models.rs:245:17
[INFO] [stdout]     |
[INFO] [stdout] 245 |                 linked_peaks,
[INFO] [stdout]     |                 ^^^^^^^^^^^^ help: try ignoring the field: `linked_peaks: _`
[INFO] [stdout] 
[INFO] [stdout] 
[INFO] [stdout] warning: unused variable: `atac_fraction_of_genome_in_peaks`
[INFO] [stdout]    --> src/models.rs:247:17
[INFO] [stdout]     |
[INFO] [stdout] 247 |                 atac_fraction_of_genome_in_peaks,
[INFO] [stdout]     |                 ^^^^^^^^^^^^^^^^^^^^^^^^^^^^^^^^ help: try ignoring the field: `atac_fraction_of_genome_in_peaks: _`
[INFO] [stdout] 
[INFO] [stdout] 
[INFO] [stderr]    Compiling scamplers v0.1.0 (/opt/rustwide/workdir)
[INFO] [stdout] warning: unused variable: `atac_fraction_of_high_quality_fragments_in_cells`
[INFO] [stdout]    --> src/models.rs:248:17
[INFO] [stdout]     |
[INFO] [stdout] 248 |                 atac_fraction_of_high_quality_fragments_in_cells,
[INFO] [stdout]     |                 ^^^^^^^^^^^^^^^^^^^^^^^^^^^^^^^^^^^^^^^^^^^^^^^^ help: try ignoring the field: `atac_fraction_of_high_quality_fragments_in_cells: _`
[INFO] [stdout] 
[INFO] [stdout] 
[INFO] [stdout] warning: unused variable: `atac_fraction_of_high_quality_fragments_overlapping_tss`
[INFO] [stdout]    --> src/models.rs:249:17
[INFO] [stdout]     |
[INFO] [stdout] 249 |                 atac_fraction_of_high_quality_fragments_overlapping_tss,
[INFO] [stdout]     |                 ^^^^^^^^^^^^^^^^^^^^^^^^^^^^^^^^^^^^^^^^^^^^^^^^^^^^^^^ help: try ignoring the field: `atac_fraction_of_high_quality_fragments_overlapping_tss: _`
[INFO] [stdout] 
[INFO] [stdout] 
[INFO] [stdout] warning: unused variable: `atac_fraction_of_high_quality_fragments_overlapping_peaks`
[INFO] [stdout]    --> src/models.rs:250:17
[INFO] [stdout]     |
[INFO] [stdout] 250 |                 atac_fraction_of_high_quality_fragments_overlapping_peaks,
[INFO] [stdout]     |                 ^^^^^^^^^^^^^^^^^^^^^^^^^^^^^^^^^^^^^^^^^^^^^^^^^^^^^^^^^ help: try ignoring the field: `atac_fraction_of_high_quality_fragments_overlapping_peaks: _`
[INFO] [stdout] 
[INFO] [stdout] 
[INFO] [stdout] warning: unused variable: `atac_fraction_of_transposition_events_in_peaks_in_cells`
[INFO] [stdout]    --> src/models.rs:251:17
[INFO] [stdout]     |
[INFO] [stdout] 251 |                 atac_fraction_of_transposition_events_in_peaks_in_cells,
[INFO] [stdout]     |                 ^^^^^^^^^^^^^^^^^^^^^^^^^^^^^^^^^^^^^^^^^^^^^^^^^^^^^^^ help: try ignoring the field: `atac_fraction_of_transposition_events_in_peaks_in_cells: _`
[INFO] [stdout] 
[INFO] [stdout] 
[INFO] [stdout] warning: unused variable: `atac_mean_raw_read_pairs_per_cell`
[INFO] [stdout]    --> src/models.rs:252:17
[INFO] [stdout]     |
[INFO] [stdout] 252 |                 atac_mean_raw_read_pairs_per_cell,
[INFO] [stdout]     |                 ^^^^^^^^^^^^^^^^^^^^^^^^^^^^^^^^^ help: try ignoring the field: `atac_mean_raw_read_pairs_per_cell: _`
[INFO] [stdout] 
[INFO] [stdout] 
[INFO] [stdout] warning: unused variable: `atac_median_high_quality_fragments_per_cell`
[INFO] [stdout]    --> src/models.rs:253:17
[INFO] [stdout]     |
[INFO] [stdout] 253 |                 atac_median_high_quality_fragments_per_cell,
[INFO] [stdout]     |                 ^^^^^^^^^^^^^^^^^^^^^^^^^^^^^^^^^^^^^^^^^^^ help: try ignoring the field: `atac_median_high_quality_fragments_per_cell: _`
[INFO] [stdout] 
[INFO] [stdout] 
[INFO] [stdout] warning: unused variable: `atac_non_nuclear_read_pairs`
[INFO] [stdout]    --> src/models.rs:254:17
[INFO] [stdout]     |
[INFO] [stdout] 254 |                 atac_non_nuclear_read_pairs,
[INFO] [stdout]     |                 ^^^^^^^^^^^^^^^^^^^^^^^^^^^ help: try ignoring the field: `atac_non_nuclear_read_pairs: _`
[INFO] [stdout] 
[INFO] [stdout] 
[INFO] [stdout] warning: unused variable: `atac_number_of_peaks`
[INFO] [stdout]    --> src/models.rs:255:17
[INFO] [stdout]     |
[INFO] [stdout] 255 |                 atac_number_of_peaks,
[INFO] [stdout]     |                 ^^^^^^^^^^^^^^^^^^^^ help: try ignoring the field: `atac_number_of_peaks: _`
[INFO] [stdout] 
[INFO] [stdout] 
[INFO] [stdout] warning: unused variable: `atac_percent_duplicates`
[INFO] [stdout]    --> src/models.rs:256:17
[INFO] [stdout]     |
[INFO] [stdout] 256 |                 atac_percent_duplicates,
[INFO] [stdout]     |                 ^^^^^^^^^^^^^^^^^^^^^^^ help: try ignoring the field: `atac_percent_duplicates: _`
[INFO] [stdout] 
[INFO] [stdout] 
[INFO] [stdout] warning: unused variable: `atac_q30_bases_in_barcode`
[INFO] [stdout]    --> src/models.rs:257:17
[INFO] [stdout]     |
[INFO] [stdout] 257 |                 atac_q30_bases_in_barcode,
[INFO] [stdout]     |                 ^^^^^^^^^^^^^^^^^^^^^^^^^ help: try ignoring the field: `atac_q30_bases_in_barcode: _`
[INFO] [stdout] 
[INFO] [stdout] 
[INFO] [stdout] warning: unused variable: `atac_q30_bases_in_read_1`
[INFO] [stdout]    --> src/models.rs:258:17
[INFO] [stdout]     |
[INFO] [stdout] 258 |                 atac_q30_bases_in_read_1,
[INFO] [stdout]     |                 ^^^^^^^^^^^^^^^^^^^^^^^^ help: try ignoring the field: `atac_q30_bases_in_read_1: _`
[INFO] [stdout] 
[INFO] [stdout] 
[INFO] [stdout] warning: unused variable: `atac_q30_bases_in_read_2`
[INFO] [stdout]    --> src/models.rs:259:17
[INFO] [stdout]     |
[INFO] [stdout] 259 |                 atac_q30_bases_in_read_2,
[INFO] [stdout]     |                 ^^^^^^^^^^^^^^^^^^^^^^^^ help: try ignoring the field: `atac_q30_bases_in_read_2: _`
[INFO] [stdout] 
[INFO] [stdout] 
[INFO] [stdout] warning: unused variable: `atac_q30_bases_in_sample_index_i1`
[INFO] [stdout]    --> src/models.rs:260:17
[INFO] [stdout]     |
[INFO] [stdout] 260 |                 atac_q30_bases_in_sample_index_i1,
[INFO] [stdout]     |                 ^^^^^^^^^^^^^^^^^^^^^^^^^^^^^^^^^ help: try ignoring the field: `atac_q30_bases_in_sample_index_i1: _`
[INFO] [stdout] 
[INFO] [stdout] 
[INFO] [stdout] warning: unused variable: `atac_sequenced_read_pairs`
[INFO] [stdout]    --> src/models.rs:261:17
[INFO] [stdout]     |
[INFO] [stdout] 261 |                 atac_sequenced_read_pairs,
[INFO] [stdout]     |                 ^^^^^^^^^^^^^^^^^^^^^^^^^ help: try ignoring the field: `atac_sequenced_read_pairs: _`
[INFO] [stdout] 
[INFO] [stdout] 
[INFO] [stdout] warning: unused variable: `atac_tss_enrichment_score`
[INFO] [stdout]    --> src/models.rs:262:17
[INFO] [stdout]     |
[INFO] [stdout] 262 |                 atac_tss_enrichment_score,
[INFO] [stdout]     |                 ^^^^^^^^^^^^^^^^^^^^^^^^^ help: try ignoring the field: `atac_tss_enrichment_score: _`
[INFO] [stdout] 
[INFO] [stdout] 
[INFO] [stdout] warning: unused variable: `atac_unmapped_read_pairs`
[INFO] [stdout]    --> src/models.rs:263:17
[INFO] [stdout]     |
[INFO] [stdout] 263 |                 atac_unmapped_read_pairs,
[INFO] [stdout]     |                 ^^^^^^^^^^^^^^^^^^^^^^^^ help: try ignoring the field: `atac_unmapped_read_pairs: _`
[INFO] [stdout] 
[INFO] [stdout] 
[INFO] [stdout] warning: unused variable: `atac_valid_barcodes`
[INFO] [stdout]    --> src/models.rs:264:17
[INFO] [stdout]     |
[INFO] [stdout] 264 |                 atac_valid_barcodes,
[INFO] [stdout]     |                 ^^^^^^^^^^^^^^^^^^^ help: try ignoring the field: `atac_valid_barcodes: _`
[INFO] [stdout] 
[INFO] [stdout] 
[INFO] [stdout] warning: unused variable: `gex_fraction_of_transcriptomic_reads_in_cells`
[INFO] [stdout]    --> src/models.rs:265:17
[INFO] [stdout]     |
[INFO] [stdout] 265 |                 gex_fraction_of_transcriptomic_reads_in_cells,
[INFO] [stdout]     |                 ^^^^^^^^^^^^^^^^^^^^^^^^^^^^^^^^^^^^^^^^^^^^^ help: try ignoring the field: `gex_fraction_of_transcriptomic_reads_in_cells: _`
[INFO] [stdout] 
[INFO] [stdout] 
[INFO] [stdout] warning: unused variable: `gex_mean_raw_reads_per_cell`
[INFO] [stdout]    --> src/models.rs:266:17
[INFO] [stdout]     |
[INFO] [stdout] 266 |                 gex_mean_raw_reads_per_cell,
[INFO] [stdout]     |                 ^^^^^^^^^^^^^^^^^^^^^^^^^^^ help: try ignoring the field: `gex_mean_raw_reads_per_cell: _`
[INFO] [stdout] 
[INFO] [stdout] 
[INFO] [stdout] warning: unused variable: `gex_median_umi_counts_per_cell`
[INFO] [stdout]    --> src/models.rs:267:17
[INFO] [stdout]     |
[INFO] [stdout] 267 |                 gex_median_umi_counts_per_cell,
[INFO] [stdout]     |                 ^^^^^^^^^^^^^^^^^^^^^^^^^^^^^^ help: try ignoring the field: `gex_median_umi_counts_per_cell: _`
[INFO] [stdout] 
[INFO] [stdout] 
[INFO] [stdout] warning: unused variable: `gex_median_genes_per_cell`
[INFO] [stdout]    --> src/models.rs:268:17
[INFO] [stdout]     |
[INFO] [stdout] 268 |                 gex_median_genes_per_cell,
[INFO] [stdout]     |                 ^^^^^^^^^^^^^^^^^^^^^^^^^ help: try ignoring the field: `gex_median_genes_per_cell: _`
[INFO] [stdout] 
[INFO] [stdout] 
[INFO] [stdout] warning: unused variable: `gex_percent_duplicates`
[INFO] [stdout]    --> src/models.rs:269:17
[INFO] [stdout]     |
[INFO] [stdout] 269 |                 gex_percent_duplicates,
[INFO] [stdout]     |                 ^^^^^^^^^^^^^^^^^^^^^^ help: try ignoring the field: `gex_percent_duplicates: _`
[INFO] [stdout] 
[INFO] [stdout] 
[INFO] [stdout] warning: unused variable: `gex_q30_bases_in_umi`
[INFO] [stdout]    --> src/models.rs:270:17
[INFO] [stdout]     |
[INFO] [stdout] 270 |                 gex_q30_bases_in_umi,
[INFO] [stdout]     |                 ^^^^^^^^^^^^^^^^^^^^ help: try ignoring the field: `gex_q30_bases_in_umi: _`
[INFO] [stdout] 
[INFO] [stdout] 
[INFO] [stdout] warning: unused variable: `gex_q30_bases_in_barcode`
[INFO] [stdout]    --> src/models.rs:271:17
[INFO] [stdout]     |
[INFO] [stdout] 271 |                 gex_q30_bases_in_barcode,
[INFO] [stdout]     |                 ^^^^^^^^^^^^^^^^^^^^^^^^ help: try ignoring the field: `gex_q30_bases_in_barcode: _`
[INFO] [stdout] 
[INFO] [stdout] 
[INFO] [stdout] warning: unused variable: `gex_q30_bases_in_read_2`
[INFO] [stdout]    --> src/models.rs:272:17
[INFO] [stdout]     |
[INFO] [stdout] 272 |                 gex_q30_bases_in_read_2,
[INFO] [stdout]     |                 ^^^^^^^^^^^^^^^^^^^^^^^ help: try ignoring the field: `gex_q30_bases_in_read_2: _`
[INFO] [stdout] 
[INFO] [stdout] 
[INFO] [stdout] warning: unused variable: `gex_reads_mapped_antisense_to_gene`
[INFO] [stdout]    --> src/models.rs:273:17
[INFO] [stdout]     |
[INFO] [stdout] 273 |                 gex_reads_mapped_antisense_to_gene,
[INFO] [stdout]     |                 ^^^^^^^^^^^^^^^^^^^^^^^^^^^^^^^^^^ help: try ignoring the field: `gex_reads_mapped_antisense_to_gene: _`
[INFO] [stdout] 
[INFO] [stdout] 
[INFO] [stdout] warning: unused variable: `gex_reads_mapped_confidently_to_exonic_regions`
[INFO] [stdout]    --> src/models.rs:274:17
[INFO] [stdout]     |
[INFO] [stdout] 274 |                 gex_reads_mapped_confidently_to_exonic_regions,
[INFO] [stdout]     |                 ^^^^^^^^^^^^^^^^^^^^^^^^^^^^^^^^^^^^^^^^^^^^^^ help: try ignoring the field: `gex_reads_mapped_confidently_to_exonic_regions: _`
[INFO] [stdout] 
[INFO] [stdout] 
[INFO] [stdout] warning: unused variable: `gex_reads_mapped_confidently_to_intergenic_regions`
[INFO] [stdout]    --> src/models.rs:276:17
[INFO] [stdout]     |
[INFO] [stdout] 276 |                 gex_reads_mapped_confidently_to_intergenic_regions,
[INFO] [stdout]     |                 ^^^^^^^^^^^^^^^^^^^^^^^^^^^^^^^^^^^^^^^^^^^^^^^^^^ help: try ignoring the field: `gex_reads_mapped_confidently_to_intergenic_regions: _`
[INFO] [stdout] 
[INFO] [stdout] 
[INFO] [stdout] warning: unused variable: `gex_reads_mapped_confidently_to_intronic_regions`
[INFO] [stdout]    --> src/models.rs:277:17
[INFO] [stdout]     |
[INFO] [stdout] 277 |                 gex_reads_mapped_confidently_to_intronic_regions,
[INFO] [stdout]     |                 ^^^^^^^^^^^^^^^^^^^^^^^^^^^^^^^^^^^^^^^^^^^^^^^^ help: try ignoring the field: `gex_reads_mapped_confidently_to_intronic_regions: _`
[INFO] [stdout] 
[INFO] [stdout] 
[INFO] [stdout] warning: unused variable: `gex_reads_mapped_confidently_to_transcriptome`
[INFO] [stdout]    --> src/models.rs:278:17
[INFO] [stdout]     |
[INFO] [stdout] 278 |                 gex_reads_mapped_confidently_to_transcriptome,
[INFO] [stdout]     |                 ^^^^^^^^^^^^^^^^^^^^^^^^^^^^^^^^^^^^^^^^^^^^^ help: try ignoring the field: `gex_reads_mapped_confidently_to_transcriptome: _`
[INFO] [stdout] 
[INFO] [stdout] 
[INFO] [stdout] warning: unused variable: `gex_reads_mapped_to_genome`
[INFO] [stdout]    --> src/models.rs:279:17
[INFO] [stdout]     |
[INFO] [stdout] 279 |                 gex_reads_mapped_to_genome,
[INFO] [stdout]     |                 ^^^^^^^^^^^^^^^^^^^^^^^^^^ help: try ignoring the field: `gex_reads_mapped_to_genome: _`
[INFO] [stdout] 
[INFO] [stdout] 
[INFO] [stdout] warning: unused variable: `gex_reads_with_tso`
[INFO] [stdout]    --> src/models.rs:280:17
[INFO] [stdout]     |
[INFO] [stdout] 280 |                 gex_reads_with_tso,
[INFO] [stdout]     |                 ^^^^^^^^^^^^^^^^^^ help: try ignoring the field: `gex_reads_with_tso: _`
[INFO] [stdout] 
[INFO] [stdout] 
[INFO] [stdout] warning: unused variable: `gex_sequenced_read_pairs`
[INFO] [stdout]    --> src/models.rs:281:17
[INFO] [stdout]     |
[INFO] [stdout] 281 |                 gex_sequenced_read_pairs,
[INFO] [stdout]     |                 ^^^^^^^^^^^^^^^^^^^^^^^^ help: try ignoring the field: `gex_sequenced_read_pairs: _`
[INFO] [stdout] 
[INFO] [stdout] 
[INFO] [stdout] warning: unused variable: `gex_total_genes_detected`
[INFO] [stdout]    --> src/models.rs:282:17
[INFO] [stdout]     |
[INFO] [stdout] 282 |                 gex_total_genes_detected,
[INFO] [stdout]     |                 ^^^^^^^^^^^^^^^^^^^^^^^^ help: try ignoring the field: `gex_total_genes_detected: _`
[INFO] [stdout] 
[INFO] [stdout] 
[INFO] [stdout] warning: unused variable: `gex_valid_umis`
[INFO] [stdout]    --> src/models.rs:283:17
[INFO] [stdout]     |
[INFO] [stdout] 283 |                 gex_valid_umis,
[INFO] [stdout]     |                 ^^^^^^^^^^^^^^ help: try ignoring the field: `gex_valid_umis: _`
[INFO] [stdout] 
[INFO] [stdout] 
[INFO] [stdout] warning: unused variable: `gex_valid_barcodes`
[INFO] [stdout]    --> src/models.rs:284:17
[INFO] [stdout]     |
[INFO] [stdout] 284 |                 gex_valid_barcodes,
[INFO] [stdout]     |                 ^^^^^^^^^^^^^^^^^^ help: try ignoring the field: `gex_valid_barcodes: _`
[INFO] [stdout] 
[INFO] [stdout] 
[INFO] [stdout] warning: unused variable: `mean_reads_per_cell`
[INFO] [stdout]    --> src/models.rs:216:17
[INFO] [stdout]     |
[INFO] [stdout] 216 |                 mean_reads_per_cell,
[INFO] [stdout]     |                 ^^^^^^^^^^^^^^^^^^^ help: try ignoring the field: `mean_reads_per_cell: _`
[INFO] [stdout]     |
[INFO] [stdout]     = note: `#[warn(unused_variables)]` on by default
[INFO] [stdout] 
[INFO] [stdout] 
[INFO] [stdout] warning: unused variable: `median_genes_per_cell`
[INFO] [stdout]    --> src/models.rs:217:17
[INFO] [stdout]     |
[INFO] [stdout] 217 |                 median_genes_per_cell,
[INFO] [stdout]     |                 ^^^^^^^^^^^^^^^^^^^^^ help: try ignoring the field: `median_genes_per_cell: _`
[INFO] [stdout] 
[INFO] [stdout] 
[INFO] [stdout] warning: unused variable: `number_of_reads`
[INFO] [stdout]    --> src/models.rs:218:17
[INFO] [stdout]     |
[INFO] [stdout] 218 |                 number_of_reads,
[INFO] [stdout]     |                 ^^^^^^^^^^^^^^^ help: try ignoring the field: `number_of_reads: _`
[INFO] [stdout] 
[INFO] [stdout] 
[INFO] [stdout] warning: unused variable: `valid_barcodes`
[INFO] [stdout]    --> src/models.rs:219:17
[INFO] [stdout]     |
[INFO] [stdout] 219 |                 valid_barcodes,
[INFO] [stdout]     |                 ^^^^^^^^^^^^^^ help: try ignoring the field: `valid_barcodes: _`
[INFO] [stdout] 
[INFO] [stdout] 
[INFO] [stdout] warning: unused variable: `sequencing_saturation`
[INFO] [stdout]    --> src/models.rs:220:17
[INFO] [stdout]     |
[INFO] [stdout] 220 |                 sequencing_saturation,
[INFO] [stdout]     |                 ^^^^^^^^^^^^^^^^^^^^^ help: try ignoring the field: `sequencing_saturation: _`
[INFO] [stdout] 
[INFO] [stdout] 
[INFO] [stdout] warning: unused variable: `q30_bases_in_barcode`
[INFO] [stdout]    --> src/models.rs:221:17
[INFO] [stdout]     |
[INFO] [stdout] 221 |                 q30_bases_in_barcode,
[INFO] [stdout]     |                 ^^^^^^^^^^^^^^^^^^^^ help: try ignoring the field: `q30_bases_in_barcode: _`
[INFO] [stdout] 
[INFO] [stdout] 
[INFO] [stdout] warning: unused variable: `q30_bases_in_rna_read`
[INFO] [stdout]    --> src/models.rs:222:17
[INFO] [stdout]     |
[INFO] [stdout] 222 |                 q30_bases_in_rna_read,
[INFO] [stdout]     |                 ^^^^^^^^^^^^^^^^^^^^^ help: try ignoring the field: `q30_bases_in_rna_read: _`
[INFO] [stdout] 
[INFO] [stdout] 
[INFO] [stdout] warning: unused variable: `q30_bases_in_umi`
[INFO] [stdout]    --> src/models.rs:223:17
[INFO] [stdout]     |
[INFO] [stdout] 223 |                 q30_bases_in_umi,
[INFO] [stdout]     |                 ^^^^^^^^^^^^^^^^ help: try ignoring the field: `q30_bases_in_umi: _`
[INFO] [stdout] 
[INFO] [stdout] 
[INFO] [stdout] warning: unused variable: `reads_mapped_to_genome`
[INFO] [stdout]    --> src/models.rs:224:17
[INFO] [stdout]     |
[INFO] [stdout] 224 |                 reads_mapped_to_genome,
[INFO] [stdout]     |                 ^^^^^^^^^^^^^^^^^^^^^^ help: try ignoring the field: `reads_mapped_to_genome: _`
[INFO] [stdout] 
[INFO] [stdout] 
[INFO] [stdout] warning: unused variable: `reads_mapped_confidently_to_intergenic_regions`
[INFO] [stdout]    --> src/models.rs:226:17
[INFO] [stdout]     |
[INFO] [stdout] 226 |                 reads_mapped_confidently_to_intergenic_regions,
[INFO] [stdout]     |                 ^^^^^^^^^^^^^^^^^^^^^^^^^^^^^^^^^^^^^^^^^^^^^^ help: try ignoring the field: `reads_mapped_confidently_to_intergenic_regions: _`
[INFO] [stdout] 
[INFO] [stdout] 
[INFO] [stdout] warning: unused variable: `reads_mapped_confidently_to_intronic_regions`
[INFO] [stdout]    --> src/models.rs:227:17
[INFO] [stdout]     |
[INFO] [stdout] 227 |                 reads_mapped_confidently_to_intronic_regions,
[INFO] [stdout]     |                 ^^^^^^^^^^^^^^^^^^^^^^^^^^^^^^^^^^^^^^^^^^^^ help: try ignoring the field: `reads_mapped_confidently_to_intronic_regions: _`
[INFO] [stdout] 
[INFO] [stdout] 
[INFO] [stdout] warning: unused variable: `reads_mapped_confidently_to_exonic_regions`
[INFO] [stdout]    --> src/models.rs:228:17
[INFO] [stdout]     |
[INFO] [stdout] 228 |                 reads_mapped_confidently_to_exonic_regions,
[INFO] [stdout]     |                 ^^^^^^^^^^^^^^^^^^^^^^^^^^^^^^^^^^^^^^^^^^ help: try ignoring the field: `reads_mapped_confidently_to_exonic_regions: _`
[INFO] [stdout] 
[INFO] [stdout] 
[INFO] [stdout] warning: unused variable: `reads_mapped_confidently_to_transcriptome`
[INFO] [stdout]    --> src/models.rs:229:17
[INFO] [stdout]     |
[INFO] [stdout] 229 |                 reads_mapped_confidently_to_transcriptome,
[INFO] [stdout]     |                 ^^^^^^^^^^^^^^^^^^^^^^^^^^^^^^^^^^^^^^^^^ help: try ignoring the field: `reads_mapped_confidently_to_transcriptome: _`
[INFO] [stdout] 
[INFO] [stdout] 
[INFO] [stdout] warning: unused variable: `reads_mapped_antisense_to_gene`
[INFO] [stdout]    --> src/models.rs:230:17
[INFO] [stdout]     |
[INFO] [stdout] 230 |                 reads_mapped_antisense_to_gene,
[INFO] [stdout]     |                 ^^^^^^^^^^^^^^^^^^^^^^^^^^^^^^ help: try ignoring the field: `reads_mapped_antisense_to_gene: _`
[INFO] [stdout] 
[INFO] [stdout] 
[INFO] [stdout] warning: unused variable: `fraction_reads_in_cells`
[INFO] [stdout]    --> src/models.rs:231:17
[INFO] [stdout]     |
[INFO] [stdout] 231 |                 fraction_reads_in_cells,
[INFO] [stdout]     |                 ^^^^^^^^^^^^^^^^^^^^^^^ help: try ignoring the field: `fraction_reads_in_cells: _`
[INFO] [stdout] 
[INFO] [stdout] 
[INFO] [stdout] warning: unused variable: `total_genes_detected`
[INFO] [stdout]    --> src/models.rs:232:17
[INFO] [stdout]     |
[INFO] [stdout] 232 |                 total_genes_detected,
[INFO] [stdout]     |                 ^^^^^^^^^^^^^^^^^^^^ help: try ignoring the field: `total_genes_detected: _`
[INFO] [stdout] 
[INFO] [stdout] 
[INFO] [stdout] warning: unused variable: `median_umi_counts_per_cell`
[INFO] [stdout]    --> src/models.rs:233:17
[INFO] [stdout]     |
[INFO] [stdout] 233 |                 median_umi_counts_per_cell,
[INFO] [stdout]     |                 ^^^^^^^^^^^^^^^^^^^^^^^^^^ help: try ignoring the field: `median_umi_counts_per_cell: _`
[INFO] [stdout] 
[INFO] [stdout] 
[INFO] [stdout] warning: unused variable: `feature_linkages_detected`
[INFO] [stdout]    --> src/models.rs:243:17
[INFO] [stdout]     |
[INFO] [stdout] 243 |                 feature_linkages_detected,
[INFO] [stdout]     |                 ^^^^^^^^^^^^^^^^^^^^^^^^^ help: try ignoring the field: `feature_linkages_detected: _`
[INFO] [stdout] 
[INFO] [stdout] 
[INFO] [stdout] warning: unused variable: `linked_genes`
[INFO] [stdout]    --> src/models.rs:244:17
[INFO] [stdout]     |
[INFO] [stdout] 244 |                 linked_genes,
[INFO] [stdout]     |                 ^^^^^^^^^^^^ help: try ignoring the field: `linked_genes: _`
[INFO] [stdout] 
[INFO] [stdout] 
[INFO] [stdout] warning: unused variable: `linked_peaks`
[INFO] [stdout]    --> src/models.rs:245:17
[INFO] [stdout]     |
[INFO] [stdout] 245 |                 linked_peaks,
[INFO] [stdout]     |                 ^^^^^^^^^^^^ help: try ignoring the field: `linked_peaks: _`
[INFO] [stdout] 
[INFO] [stdout] 
[INFO] [stdout] warning: unused variable: `atac_fraction_of_genome_in_peaks`
[INFO] [stdout]    --> src/models.rs:247:17
[INFO] [stdout]     |
[INFO] [stdout] 247 |                 atac_fraction_of_genome_in_peaks,
[INFO] [stdout]     |                 ^^^^^^^^^^^^^^^^^^^^^^^^^^^^^^^^ help: try ignoring the field: `atac_fraction_of_genome_in_peaks: _`
[INFO] [stdout] 
[INFO] [stdout] 
[INFO] [stdout] warning: unused variable: `atac_fraction_of_high_quality_fragments_in_cells`
[INFO] [stdout]    --> src/models.rs:248:17
[INFO] [stdout]     |
[INFO] [stdout] 248 |                 atac_fraction_of_high_quality_fragments_in_cells,
[INFO] [stdout]     |                 ^^^^^^^^^^^^^^^^^^^^^^^^^^^^^^^^^^^^^^^^^^^^^^^^ help: try ignoring the field: `atac_fraction_of_high_quality_fragments_in_cells: _`
[INFO] [stdout] 
[INFO] [stdout] 
[INFO] [stdout] warning: unused variable: `atac_fraction_of_high_quality_fragments_overlapping_tss`
[INFO] [stdout]    --> src/models.rs:249:17
[INFO] [stdout]     |
[INFO] [stdout] 249 |                 atac_fraction_of_high_quality_fragments_overlapping_tss,
[INFO] [stdout]     |                 ^^^^^^^^^^^^^^^^^^^^^^^^^^^^^^^^^^^^^^^^^^^^^^^^^^^^^^^ help: try ignoring the field: `atac_fraction_of_high_quality_fragments_overlapping_tss: _`
[INFO] [stdout] 
[INFO] [stdout] 
[INFO] [stdout] warning: unused variable: `atac_fraction_of_high_quality_fragments_overlapping_peaks`
[INFO] [stdout]    --> src/models.rs:250:17
[INFO] [stdout]     |
[INFO] [stdout] 250 |                 atac_fraction_of_high_quality_fragments_overlapping_peaks,
[INFO] [stdout]     |                 ^^^^^^^^^^^^^^^^^^^^^^^^^^^^^^^^^^^^^^^^^^^^^^^^^^^^^^^^^ help: try ignoring the field: `atac_fraction_of_high_quality_fragments_overlapping_peaks: _`
[INFO] [stdout] 
[INFO] [stdout] 
[INFO] [stdout] warning: unused variable: `atac_fraction_of_transposition_events_in_peaks_in_cells`
[INFO] [stdout]    --> src/models.rs:251:17
[INFO] [stdout]     |
[INFO] [stdout] 251 |                 atac_fraction_of_transposition_events_in_peaks_in_cells,
[INFO] [stdout]     |                 ^^^^^^^^^^^^^^^^^^^^^^^^^^^^^^^^^^^^^^^^^^^^^^^^^^^^^^^ help: try ignoring the field: `atac_fraction_of_transposition_events_in_peaks_in_cells: _`
[INFO] [stdout] 
[INFO] [stdout] 
[INFO] [stdout] warning: unused variable: `atac_mean_raw_read_pairs_per_cell`
[INFO] [stdout]    --> src/models.rs:252:17
[INFO] [stdout]     |
[INFO] [stdout] 252 |                 atac_mean_raw_read_pairs_per_cell,
[INFO] [stdout]     |                 ^^^^^^^^^^^^^^^^^^^^^^^^^^^^^^^^^ help: try ignoring the field: `atac_mean_raw_read_pairs_per_cell: _`
[INFO] [stdout] 
[INFO] [stdout] 
[INFO] [stdout] warning: unused variable: `atac_median_high_quality_fragments_per_cell`
[INFO] [stdout]    --> src/models.rs:253:17
[INFO] [stdout]     |
[INFO] [stdout] 253 |                 atac_median_high_quality_fragments_per_cell,
[INFO] [stdout]     |                 ^^^^^^^^^^^^^^^^^^^^^^^^^^^^^^^^^^^^^^^^^^^ help: try ignoring the field: `atac_median_high_quality_fragments_per_cell: _`
[INFO] [stdout] 
[INFO] [stdout] 
[INFO] [stdout] warning: unused variable: `atac_non_nuclear_read_pairs`
[INFO] [stdout]    --> src/models.rs:254:17
[INFO] [stdout]     |
[INFO] [stdout] 254 |                 atac_non_nuclear_read_pairs,
[INFO] [stdout]     |                 ^^^^^^^^^^^^^^^^^^^^^^^^^^^ help: try ignoring the field: `atac_non_nuclear_read_pairs: _`
[INFO] [stdout] 
[INFO] [stdout] 
[INFO] [stdout] warning: unused variable: `atac_number_of_peaks`
[INFO] [stdout]    --> src/models.rs:255:17
[INFO] [stdout]     |
[INFO] [stdout] 255 |                 atac_number_of_peaks,
[INFO] [stdout]     |                 ^^^^^^^^^^^^^^^^^^^^ help: try ignoring the field: `atac_number_of_peaks: _`
[INFO] [stdout] 
[INFO] [stdout] 
[INFO] [stdout] warning: unused variable: `atac_percent_duplicates`
[INFO] [stdout]    --> src/models.rs:256:17
[INFO] [stdout]     |
[INFO] [stdout] 256 |                 atac_percent_duplicates,
[INFO] [stdout]     |                 ^^^^^^^^^^^^^^^^^^^^^^^ help: try ignoring the field: `atac_percent_duplicates: _`
[INFO] [stdout] 
[INFO] [stdout] 
[INFO] [stdout] warning: unused variable: `atac_q30_bases_in_barcode`
[INFO] [stdout]    --> src/models.rs:257:17
[INFO] [stdout]     |
[INFO] [stdout] 257 |                 atac_q30_bases_in_barcode,
[INFO] [stdout]     |                 ^^^^^^^^^^^^^^^^^^^^^^^^^ help: try ignoring the field: `atac_q30_bases_in_barcode: _`
[INFO] [stdout] 
[INFO] [stdout] 
[INFO] [stdout] warning: unused variable: `atac_q30_bases_in_read_1`
[INFO] [stdout]    --> src/models.rs:258:17
[INFO] [stdout]     |
[INFO] [stdout] 258 |                 atac_q30_bases_in_read_1,
[INFO] [stdout]     |                 ^^^^^^^^^^^^^^^^^^^^^^^^ help: try ignoring the field: `atac_q30_bases_in_read_1: _`
[INFO] [stdout] 
[INFO] [stdout] 
[INFO] [stdout] warning: unused variable: `atac_q30_bases_in_read_2`
[INFO] [stdout]    --> src/models.rs:259:17
[INFO] [stdout]     |
[INFO] [stdout] 259 |                 atac_q30_bases_in_read_2,
[INFO] [stdout]     |                 ^^^^^^^^^^^^^^^^^^^^^^^^ help: try ignoring the field: `atac_q30_bases_in_read_2: _`
[INFO] [stdout] 
[INFO] [stdout] 
[INFO] [stdout] warning: unused variable: `atac_q30_bases_in_sample_index_i1`
[INFO] [stdout]    --> src/models.rs:260:17
[INFO] [stdout]     |
[INFO] [stdout] 260 |                 atac_q30_bases_in_sample_index_i1,
[INFO] [stdout]     |                 ^^^^^^^^^^^^^^^^^^^^^^^^^^^^^^^^^ help: try ignoring the field: `atac_q30_bases_in_sample_index_i1: _`
[INFO] [stdout] 
[INFO] [stdout] 
[INFO] [stdout] warning: unused variable: `atac_sequenced_read_pairs`
[INFO] [stdout]    --> src/models.rs:261:17
[INFO] [stdout]     |
[INFO] [stdout] 261 |                 atac_sequenced_read_pairs,
[INFO] [stdout]     |                 ^^^^^^^^^^^^^^^^^^^^^^^^^ help: try ignoring the field: `atac_sequenced_read_pairs: _`
[INFO] [stdout] 
[INFO] [stdout] 
[INFO] [stdout] warning: unused variable: `atac_tss_enrichment_score`
[INFO] [stdout]    --> src/models.rs:262:17
[INFO] [stdout]     |
[INFO] [stdout] 262 |                 atac_tss_enrichment_score,
[INFO] [stdout]     |                 ^^^^^^^^^^^^^^^^^^^^^^^^^ help: try ignoring the field: `atac_tss_enrichment_score: _`
[INFO] [stdout] 
[INFO] [stdout] 
[INFO] [stdout] warning: unused variable: `atac_unmapped_read_pairs`
[INFO] [stdout]    --> src/models.rs:263:17
[INFO] [stdout]     |
[INFO] [stdout] 263 |                 atac_unmapped_read_pairs,
[INFO] [stdout]     |                 ^^^^^^^^^^^^^^^^^^^^^^^^ help: try ignoring the field: `atac_unmapped_read_pairs: _`
[INFO] [stdout] 
[INFO] [stdout] 
[INFO] [stdout] warning: unused variable: `atac_valid_barcodes`
[INFO] [stdout]    --> src/models.rs:264:17
[INFO] [stdout]     |
[INFO] [stdout] 264 |                 atac_valid_barcodes,
[INFO] [stdout]     |                 ^^^^^^^^^^^^^^^^^^^ help: try ignoring the field: `atac_valid_barcodes: _`
[INFO] [stdout] 
[INFO] [stdout] 
[INFO] [stdout] warning: unused variable: `gex_fraction_of_transcriptomic_reads_in_cells`
[INFO] [stdout]    --> src/models.rs:265:17
[INFO] [stdout]     |
[INFO] [stdout] 265 |                 gex_fraction_of_transcriptomic_reads_in_cells,
[INFO] [stdout]     |                 ^^^^^^^^^^^^^^^^^^^^^^^^^^^^^^^^^^^^^^^^^^^^^ help: try ignoring the field: `gex_fraction_of_transcriptomic_reads_in_cells: _`
[INFO] [stdout] 
[INFO] [stdout] 
[INFO] [stdout] warning: unused variable: `gex_mean_raw_reads_per_cell`
[INFO] [stdout]    --> src/models.rs:266:17
[INFO] [stdout]     |
[INFO] [stdout] 266 |                 gex_mean_raw_reads_per_cell,
[INFO] [stdout]     |                 ^^^^^^^^^^^^^^^^^^^^^^^^^^^ help: try ignoring the field: `gex_mean_raw_reads_per_cell: _`
[INFO] [stdout] 
[INFO] [stdout] 
[INFO] [stdout] warning: unused variable: `gex_median_umi_counts_per_cell`
[INFO] [stdout]    --> src/models.rs:267:17
[INFO] [stdout]     |
[INFO] [stdout] 267 |                 gex_median_umi_counts_per_cell,
[INFO] [stdout]     |                 ^^^^^^^^^^^^^^^^^^^^^^^^^^^^^^ help: try ignoring the field: `gex_median_umi_counts_per_cell: _`
[INFO] [stdout] 
[INFO] [stdout] 
[INFO] [stdout] warning: unused variable: `gex_median_genes_per_cell`
[INFO] [stdout]    --> src/models.rs:268:17
[INFO] [stdout]     |
[INFO] [stdout] 268 |                 gex_median_genes_per_cell,
[INFO] [stdout]     |                 ^^^^^^^^^^^^^^^^^^^^^^^^^ help: try ignoring the field: `gex_median_genes_per_cell: _`
[INFO] [stdout] 
[INFO] [stdout] 
[INFO] [stdout] warning: unused variable: `gex_percent_duplicates`
[INFO] [stdout]    --> src/models.rs:269:17
[INFO] [stdout]     |
[INFO] [stdout] 269 |                 gex_percent_duplicates,
[INFO] [stdout]     |                 ^^^^^^^^^^^^^^^^^^^^^^ help: try ignoring the field: `gex_percent_duplicates: _`
[INFO] [stdout] 
[INFO] [stdout] 
[INFO] [stdout] warning: unused variable: `gex_q30_bases_in_umi`
[INFO] [stdout]    --> src/models.rs:270:17
[INFO] [stdout]     |
[INFO] [stdout] 270 |                 gex_q30_bases_in_umi,
[INFO] [stdout]     |                 ^^^^^^^^^^^^^^^^^^^^ help: try ignoring the field: `gex_q30_bases_in_umi: _`
[INFO] [stdout] 
[INFO] [stdout] 
[INFO] [stdout] warning: unused variable: `gex_q30_bases_in_barcode`
[INFO] [stdout]    --> src/models.rs:271:17
[INFO] [stdout]     |
[INFO] [stdout] 271 |                 gex_q30_bases_in_barcode,
[INFO] [stdout]     |                 ^^^^^^^^^^^^^^^^^^^^^^^^ help: try ignoring the field: `gex_q30_bases_in_barcode: _`
[INFO] [stdout] 
[INFO] [stdout] 
[INFO] [stdout] warning: unused variable: `gex_q30_bases_in_read_2`
[INFO] [stdout]    --> src/models.rs:272:17
[INFO] [stdout]     |
[INFO] [stdout] 272 |                 gex_q30_bases_in_read_2,
[INFO] [stdout]     |                 ^^^^^^^^^^^^^^^^^^^^^^^ help: try ignoring the field: `gex_q30_bases_in_read_2: _`
[INFO] [stdout] 
[INFO] [stdout] 
[INFO] [stdout] warning: unused variable: `gex_reads_mapped_antisense_to_gene`
[INFO] [stdout]    --> src/models.rs:273:17
[INFO] [stdout]     |
[INFO] [stdout] 273 |                 gex_reads_mapped_antisense_to_gene,
[INFO] [stdout]     |                 ^^^^^^^^^^^^^^^^^^^^^^^^^^^^^^^^^^ help: try ignoring the field: `gex_reads_mapped_antisense_to_gene: _`
[INFO] [stdout] 
[INFO] [stdout] 
[INFO] [stdout] warning: unused variable: `gex_reads_mapped_confidently_to_exonic_regions`
[INFO] [stdout]    --> src/models.rs:274:17
[INFO] [stdout]     |
[INFO] [stdout] 274 |                 gex_reads_mapped_confidently_to_exonic_regions,
[INFO] [stdout]     |                 ^^^^^^^^^^^^^^^^^^^^^^^^^^^^^^^^^^^^^^^^^^^^^^ help: try ignoring the field: `gex_reads_mapped_confidently_to_exonic_regions: _`
[INFO] [stdout] 
[INFO] [stdout] 
[INFO] [stdout] warning: unused variable: `gex_reads_mapped_confidently_to_intergenic_regions`
[INFO] [stdout]    --> src/models.rs:276:17
[INFO] [stdout]     |
[INFO] [stdout] 276 |                 gex_reads_mapped_confidently_to_intergenic_regions,
[INFO] [stdout]     |                 ^^^^^^^^^^^^^^^^^^^^^^^^^^^^^^^^^^^^^^^^^^^^^^^^^^ help: try ignoring the field: `gex_reads_mapped_confidently_to_intergenic_regions: _`
[INFO] [stdout] 
[INFO] [stdout] 
[INFO] [stdout] warning: unused variable: `gex_reads_mapped_confidently_to_intronic_regions`
[INFO] [stdout]    --> src/models.rs:277:17
[INFO] [stdout]     |
[INFO] [stdout] 277 |                 gex_reads_mapped_confidently_to_intronic_regions,
[INFO] [stdout]     |                 ^^^^^^^^^^^^^^^^^^^^^^^^^^^^^^^^^^^^^^^^^^^^^^^^ help: try ignoring the field: `gex_reads_mapped_confidently_to_intronic_regions: _`
[INFO] [stdout] 
[INFO] [stdout] 
[INFO] [stdout] warning: unused variable: `gex_reads_mapped_confidently_to_transcriptome`
[INFO] [stdout]    --> src/models.rs:278:17
[INFO] [stdout]     |
[INFO] [stdout] 278 |                 gex_reads_mapped_confidently_to_transcriptome,
[INFO] [stdout]     |                 ^^^^^^^^^^^^^^^^^^^^^^^^^^^^^^^^^^^^^^^^^^^^^ help: try ignoring the field: `gex_reads_mapped_confidently_to_transcriptome: _`
[INFO] [stdout] 
[INFO] [stdout] 
[INFO] [stdout] warning: unused variable: `gex_reads_mapped_to_genome`
[INFO] [stdout]    --> src/models.rs:279:17
[INFO] [stdout]     |
[INFO] [stdout] 279 |                 gex_reads_mapped_to_genome,
[INFO] [stdout]     |                 ^^^^^^^^^^^^^^^^^^^^^^^^^^ help: try ignoring the field: `gex_reads_mapped_to_genome: _`
[INFO] [stdout] 
[INFO] [stdout] 
[INFO] [stdout] warning: unused variable: `gex_reads_with_tso`
[INFO] [stdout]    --> src/models.rs:280:17
[INFO] [stdout]     |
[INFO] [stdout] 280 |                 gex_reads_with_tso,
[INFO] [stdout]     |                 ^^^^^^^^^^^^^^^^^^ help: try ignoring the field: `gex_reads_with_tso: _`
[INFO] [stdout] 
[INFO] [stdout] 
[INFO] [stdout] warning: unused variable: `gex_sequenced_read_pairs`
[INFO] [stdout]    --> src/models.rs:281:17
[INFO] [stdout]     |
[INFO] [stdout] 281 |                 gex_sequenced_read_pairs,
[INFO] [stdout]     |                 ^^^^^^^^^^^^^^^^^^^^^^^^ help: try ignoring the field: `gex_sequenced_read_pairs: _`
[INFO] [stdout] 
[INFO] [stdout] 
[INFO] [stdout] warning: unused variable: `gex_total_genes_detected`
[INFO] [stdout]    --> src/models.rs:282:17
[INFO] [stdout]     |
[INFO] [stdout] 282 |                 gex_total_genes_detected,
[INFO] [stdout]     |                 ^^^^^^^^^^^^^^^^^^^^^^^^ help: try ignoring the field: `gex_total_genes_detected: _`
[INFO] [stdout] 
[INFO] [stdout] 
[INFO] [stdout] warning: unused variable: `gex_valid_umis`
[INFO] [stdout]    --> src/models.rs:283:17
[INFO] [stdout]     |
[INFO] [stdout] 283 |                 gex_valid_umis,
[INFO] [stdout]     |                 ^^^^^^^^^^^^^^ help: try ignoring the field: `gex_valid_umis: _`
[INFO] [stdout] 
[INFO] [stdout] 
[INFO] [stdout] warning: unused variable: `gex_valid_barcodes`
[INFO] [stdout]    --> src/models.rs:284:17
[INFO] [stdout]     |
[INFO] [stdout] 284 |                 gex_valid_barcodes,
[INFO] [stdout]     |                 ^^^^^^^^^^^^^^^^^^ help: try ignoring the field: `gex_valid_barcodes: _`
[INFO] [stdout] 
[INFO] [stdout] 
[INFO] [stderr]     Finished `test` profile [unoptimized + debuginfo] target(s) in 8.66s
[INFO] running `Command { std: "docker" "inspect" "fcf9fed8668c274319a2a8dc02b36dd2c62f124f4733091e0a2c51a3ca576ba8", kill_on_drop: false }`
[INFO] running `Command { std: "docker" "rm" "-f" "fcf9fed8668c274319a2a8dc02b36dd2c62f124f4733091e0a2c51a3ca576ba8", kill_on_drop: false }`
[INFO] [stdout] fcf9fed8668c274319a2a8dc02b36dd2c62f124f4733091e0a2c51a3ca576ba8
[INFO] running `Command { std: "docker" "create" "-v" "/var/lib/crater-agent-workspace/builds/worker-2-tc2/target:/opt/rustwide/target:rw,Z" "-v" "/var/lib/crater-agent-workspace/builds/worker-2-tc2/source:/opt/rustwide/workdir:ro,Z" "-v" "/var/lib/crater-agent-workspace/cargo-home:/opt/rustwide/cargo-home:ro,Z" "-v" "/var/lib/crater-agent-workspace/rustup-home:/opt/rustwide/rustup-home:ro,Z" "-e" "SOURCE_DIR=/opt/rustwide/workdir" "-e" "CARGO_TARGET_DIR=/opt/rustwide/target" "-e" "CARGO_INCREMENTAL=0" "-e" "RUST_BACKTRACE=full" "-e" "RUSTFLAGS=--cap-lints=forbid -Zrandomize-layout" "-e" "RUSTDOCFLAGS=--cap-lints=forbid" "-e" "CARGO_HOME=/opt/rustwide/cargo-home" "-e" "RUSTUP_HOME=/opt/rustwide/rustup-home" "-w" "/opt/rustwide/workdir" "-m" "1610612736" "--user" "0:0" "--network" "none" "ghcr.io/rust-lang/crates-build-env/linux@sha256:819108c5571ea2e421544af4d832f968d213c87fbe3707a016657f43d2f853bc" "/opt/rustwide/cargo-home/bin/cargo" "+nightly-2025-01-18" "test" "--frozen", kill_on_drop: false }`
[INFO] [stdout] ce5670fa48e596b208d45185811e912b8b26b62fbe4ef04e42b211f8a1ee2261
[INFO] running `Command { std: "docker" "start" "-a" "ce5670fa48e596b208d45185811e912b8b26b62fbe4ef04e42b211f8a1ee2261", kill_on_drop: false }`
[INFO] [stderr] warning: unused variable: `mean_reads_per_cell`
[INFO] [stderr]    --> src/models.rs:216:17
[INFO] [stderr]     |
[INFO] [stderr] 216 |                 mean_reads_per_cell,
[INFO] [stderr]     |                 ^^^^^^^^^^^^^^^^^^^ help: try ignoring the field: `mean_reads_per_cell: _`
[INFO] [stderr]     |
[INFO] [stderr]     = note: `#[warn(unused_variables)]` on by default
[INFO] [stderr] 
[INFO] [stderr] warning: unused variable: `median_genes_per_cell`
[INFO] [stderr]    --> src/models.rs:217:17
[INFO] [stderr]     |
[INFO] [stderr] 217 |                 median_genes_per_cell,
[INFO] [stderr]     |                 ^^^^^^^^^^^^^^^^^^^^^ help: try ignoring the field: `median_genes_per_cell: _`
[INFO] [stderr] 
[INFO] [stderr] warning: unused variable: `number_of_reads`
[INFO] [stderr]    --> src/models.rs:218:17
[INFO] [stderr]     |
[INFO] [stderr] 218 |                 number_of_reads,
[INFO] [stderr]     |                 ^^^^^^^^^^^^^^^ help: try ignoring the field: `number_of_reads: _`
[INFO] [stderr] 
[INFO] [stderr] warning: unused variable: `valid_barcodes`
[INFO] [stderr]    --> src/models.rs:219:17
[INFO] [stderr]     |
[INFO] [stderr] 219 |                 valid_barcodes,
[INFO] [stderr]     |                 ^^^^^^^^^^^^^^ help: try ignoring the field: `valid_barcodes: _`
[INFO] [stderr] 
[INFO] [stderr] warning: unused variable: `sequencing_saturation`
[INFO] [stderr]    --> src/models.rs:220:17
[INFO] [stderr]     |
[INFO] [stderr] 220 |                 sequencing_saturation,
[INFO] [stderr]     |                 ^^^^^^^^^^^^^^^^^^^^^ help: try ignoring the field: `sequencing_saturation: _`
[INFO] [stderr] 
[INFO] [stderr] warning: unused variable: `q30_bases_in_barcode`
[INFO] [stderr]    --> src/models.rs:221:17
[INFO] [stderr]     |
[INFO] [stderr] 221 |                 q30_bases_in_barcode,
[INFO] [stderr]     |                 ^^^^^^^^^^^^^^^^^^^^ help: try ignoring the field: `q30_bases_in_barcode: _`
[INFO] [stderr] 
[INFO] [stderr] warning: unused variable: `q30_bases_in_rna_read`
[INFO] [stderr]    --> src/models.rs:222:17
[INFO] [stderr]     |
[INFO] [stderr] 222 |                 q30_bases_in_rna_read,
[INFO] [stderr]     |                 ^^^^^^^^^^^^^^^^^^^^^ help: try ignoring the field: `q30_bases_in_rna_read: _`
[INFO] [stderr] 
[INFO] [stderr] warning: unused variable: `q30_bases_in_umi`
[INFO] [stderr]    --> src/models.rs:223:17
[INFO] [stderr]     |
[INFO] [stderr] 223 |                 q30_bases_in_umi,
[INFO] [stderr]     |                 ^^^^^^^^^^^^^^^^ help: try ignoring the field: `q30_bases_in_umi: _`
[INFO] [stderr] 
[INFO] [stderr] warning: unused variable: `reads_mapped_to_genome`
[INFO] [stderr]    --> src/models.rs:224:17
[INFO] [stderr]     |
[INFO] [stderr] 224 |                 reads_mapped_to_genome,
[INFO] [stderr]     |                 ^^^^^^^^^^^^^^^^^^^^^^ help: try ignoring the field: `reads_mapped_to_genome: _`
[INFO] [stderr] 
[INFO] [stderr] warning: unused variable: `reads_mapped_confidently_to_intergenic_regions`
[INFO] [stderr]    --> src/models.rs:226:17
[INFO] [stderr]     |
[INFO] [stderr] 226 |                 reads_mapped_confidently_to_intergenic_regions,
[INFO] [stderr]     |                 ^^^^^^^^^^^^^^^^^^^^^^^^^^^^^^^^^^^^^^^^^^^^^^ help: try ignoring the field: `reads_mapped_confidently_to_intergenic_regions: _`
[INFO] [stderr] 
[INFO] [stderr] warning: unused variable: `reads_mapped_confidently_to_intronic_regions`
[INFO] [stderr]    --> src/models.rs:227:17
[INFO] [stderr]     |
[INFO] [stderr] 227 |                 reads_mapped_confidently_to_intronic_regions,
[INFO] [stderr]     |                 ^^^^^^^^^^^^^^^^^^^^^^^^^^^^^^^^^^^^^^^^^^^^ help: try ignoring the field: `reads_mapped_confidently_to_intronic_regions: _`
[INFO] [stderr] 
[INFO] [stderr] warning: unused variable: `reads_mapped_confidently_to_exonic_regions`
[INFO] [stderr]    --> src/models.rs:228:17
[INFO] [stderr]     |
[INFO] [stderr] 228 |                 reads_mapped_confidently_to_exonic_regions,
[INFO] [stderr]     |                 ^^^^^^^^^^^^^^^^^^^^^^^^^^^^^^^^^^^^^^^^^^ help: try ignoring the field: `reads_mapped_confidently_to_exonic_regions: _`
[INFO] [stderr] 
[INFO] [stderr] warning: unused variable: `reads_mapped_confidently_to_transcriptome`
[INFO] [stderr]    --> src/models.rs:229:17
[INFO] [stderr]     |
[INFO] [stderr] 229 |                 reads_mapped_confidently_to_transcriptome,
[INFO] [stderr]     |                 ^^^^^^^^^^^^^^^^^^^^^^^^^^^^^^^^^^^^^^^^^ help: try ignoring the field: `reads_mapped_confidently_to_transcriptome: _`
[INFO] [stderr] 
[INFO] [stderr] warning: unused variable: `reads_mapped_antisense_to_gene`
[INFO] [stderr]    --> src/models.rs:230:17
[INFO] [stderr]     |
[INFO] [stderr] 230 |                 reads_mapped_antisense_to_gene,
[INFO] [stderr]     |                 ^^^^^^^^^^^^^^^^^^^^^^^^^^^^^^ help: try ignoring the field: `reads_mapped_antisense_to_gene: _`
[INFO] [stderr] 
[INFO] [stderr] warning: unused variable: `fraction_reads_in_cells`
[INFO] [stderr]    --> src/models.rs:231:17
[INFO] [stderr]     |
[INFO] [stderr] 231 |                 fraction_reads_in_cells,
[INFO] [stderr]     |                 ^^^^^^^^^^^^^^^^^^^^^^^ help: try ignoring the field: `fraction_reads_in_cells: _`
[INFO] [stderr] 
[INFO] [stderr] warning: unused variable: `total_genes_detected`
[INFO] [stderr]    --> src/models.rs:232:17
[INFO] [stderr]     |
[INFO] [stderr] 232 |                 total_genes_detected,
[INFO] [stderr]     |                 ^^^^^^^^^^^^^^^^^^^^ help: try ignoring the field: `total_genes_detected: _`
[INFO] [stderr] 
[INFO] [stderr] warning: unused variable: `median_umi_counts_per_cell`
[INFO] [stderr]    --> src/models.rs:233:17
[INFO] [stderr]     |
[INFO] [stderr] 233 |                 median_umi_counts_per_cell,
[INFO] [stderr]     |                 ^^^^^^^^^^^^^^^^^^^^^^^^^^ help: try ignoring the field: `median_umi_counts_per_cell: _`
[INFO] [stderr] 
[INFO] [stderr] warning: unused variable: `feature_linkages_detected`
[INFO] [stderr]    --> src/models.rs:243:17
[INFO] [stderr]     |
[INFO] [stderr] 243 |                 feature_linkages_detected,
[INFO] [stderr]     |                 ^^^^^^^^^^^^^^^^^^^^^^^^^ help: try ignoring the field: `feature_linkages_detected: _`
[INFO] [stderr] 
[INFO] [stderr] warning: unused variable: `linked_genes`
[INFO] [stderr]    --> src/models.rs:244:17
[INFO] [stderr]     |
[INFO] [stderr] 244 |                 linked_genes,
[INFO] [stderr]     |                 ^^^^^^^^^^^^ help: try ignoring the field: `linked_genes: _`
[INFO] [stderr] 
[INFO] [stderr] warning: unused variable: `linked_peaks`
[INFO] [stderr]    --> src/models.rs:245:17
[INFO] [stderr]     |
[INFO] [stderr] 245 |                 linked_peaks,
[INFO] [stderr]     |                 ^^^^^^^^^^^^ help: try ignoring the field: `linked_peaks: _`
[INFO] [stderr] 
[INFO] [stderr] warning: unused variable: `atac_fraction_of_genome_in_peaks`
[INFO] [stderr]    --> src/models.rs:247:17
[INFO] [stderr]     |
[INFO] [stderr] 247 |                 atac_fraction_of_genome_in_peaks,
[INFO] [stderr]     |                 ^^^^^^^^^^^^^^^^^^^^^^^^^^^^^^^^ help: try ignoring the field: `atac_fraction_of_genome_in_peaks: _`
[INFO] [stderr] 
[INFO] [stderr] warning: unused variable: `atac_fraction_of_high_quality_fragments_in_cells`
[INFO] [stderr]    --> src/models.rs:248:17
[INFO] [stderr]     |
[INFO] [stderr] 248 |                 atac_fraction_of_high_quality_fragments_in_cells,
[INFO] [stderr]     |                 ^^^^^^^^^^^^^^^^^^^^^^^^^^^^^^^^^^^^^^^^^^^^^^^^ help: try ignoring the field: `atac_fraction_of_high_quality_fragments_in_cells: _`
[INFO] [stderr] 
[INFO] [stderr] warning: unused variable: `atac_fraction_of_high_quality_fragments_overlapping_tss`
[INFO] [stderr]    --> src/models.rs:249:17
[INFO] [stderr]     |
[INFO] [stderr] 249 |                 atac_fraction_of_high_quality_fragments_overlapping_tss,
[INFO] [stderr]     |                 ^^^^^^^^^^^^^^^^^^^^^^^^^^^^^^^^^^^^^^^^^^^^^^^^^^^^^^^ help: try ignoring the field: `atac_fraction_of_high_quality_fragments_overlapping_tss: _`
[INFO] [stderr] 
[INFO] [stderr] warning: unused variable: `atac_fraction_of_high_quality_fragments_overlapping_peaks`
[INFO] [stderr]    --> src/models.rs:250:17
[INFO] [stderr]     |
[INFO] [stderr] 250 |                 atac_fraction_of_high_quality_fragments_overlapping_peaks,
[INFO] [stderr]     |                 ^^^^^^^^^^^^^^^^^^^^^^^^^^^^^^^^^^^^^^^^^^^^^^^^^^^^^^^^^ help: try ignoring the field: `atac_fraction_of_high_quality_fragments_overlapping_peaks: _`
[INFO] [stderr] 
[INFO] [stderr] warning: unused variable: `atac_fraction_of_transposition_events_in_peaks_in_cells`
[INFO] [stderr]    --> src/models.rs:251:17
[INFO] [stderr]     |
[INFO] [stderr] 251 |                 atac_fraction_of_transposition_events_in_peaks_in_cells,
[INFO] [stderr]     |                 ^^^^^^^^^^^^^^^^^^^^^^^^^^^^^^^^^^^^^^^^^^^^^^^^^^^^^^^ help: try ignoring the field: `atac_fraction_of_transposition_events_in_peaks_in_cells: _`
[INFO] [stderr] 
[INFO] [stderr] warning: unused variable: `atac_mean_raw_read_pairs_per_cell`
[INFO] [stderr]    --> src/models.rs:252:17
[INFO] [stderr]     |
[INFO] [stderr] 252 |                 atac_mean_raw_read_pairs_per_cell,
[INFO] [stderr]     |                 ^^^^^^^^^^^^^^^^^^^^^^^^^^^^^^^^^ help: try ignoring the field: `atac_mean_raw_read_pairs_per_cell: _`
[INFO] [stderr] 
[INFO] [stderr] warning: unused variable: `atac_median_high_quality_fragments_per_cell`
[INFO] [stderr]    --> src/models.rs:253:17
[INFO] [stderr]     |
[INFO] [stderr] 253 |                 atac_median_high_quality_fragments_per_cell,
[INFO] [stderr]     |                 ^^^^^^^^^^^^^^^^^^^^^^^^^^^^^^^^^^^^^^^^^^^ help: try ignoring the field: `atac_median_high_quality_fragments_per_cell: _`
[INFO] [stderr] 
[INFO] [stderr] warning: unused variable: `atac_non_nuclear_read_pairs`
[INFO] [stderr]    --> src/models.rs:254:17
[INFO] [stderr]     |
[INFO] [stderr] 254 |                 atac_non_nuclear_read_pairs,
[INFO] [stderr]     |                 ^^^^^^^^^^^^^^^^^^^^^^^^^^^ help: try ignoring the field: `atac_non_nuclear_read_pairs: _`
[INFO] [stderr] 
[INFO] [stderr] warning: unused variable: `atac_number_of_peaks`
[INFO] [stderr]    --> src/models.rs:255:17
[INFO] [stderr]     |
[INFO] [stderr] 255 |                 atac_number_of_peaks,
[INFO] [stderr]     |                 ^^^^^^^^^^^^^^^^^^^^ help: try ignoring the field: `atac_number_of_peaks: _`
[INFO] [stderr] 
[INFO] [stderr] warning: unused variable: `atac_percent_duplicates`
[INFO] [stderr]    --> src/models.rs:256:17
[INFO] [stderr]     |
[INFO] [stderr] 256 |                 atac_percent_duplicates,
[INFO] [stderr]     |                 ^^^^^^^^^^^^^^^^^^^^^^^ help: try ignoring the field: `atac_percent_duplicates: _`
[INFO] [stderr] 
[INFO] [stderr] warning: unused variable: `atac_q30_bases_in_barcode`
[INFO] [stderr]    --> src/models.rs:257:17
[INFO] [stderr]     |
[INFO] [stderr] 257 |                 atac_q30_bases_in_barcode,
[INFO] [stderr]     |                 ^^^^^^^^^^^^^^^^^^^^^^^^^ help: try ignoring the field: `atac_q30_bases_in_barcode: _`
[INFO] [stderr] 
[INFO] [stderr] warning: unused variable: `atac_q30_bases_in_read_1`
[INFO] [stderr]    --> src/models.rs:258:17
[INFO] [stderr]     |
[INFO] [stderr] 258 |                 atac_q30_bases_in_read_1,
[INFO] [stderr]     |                 ^^^^^^^^^^^^^^^^^^^^^^^^ help: try ignoring the field: `atac_q30_bases_in_read_1: _`
[INFO] [stderr] 
[INFO] [stderr] warning: unused variable: `atac_q30_bases_in_read_2`
[INFO] [stderr]    --> src/models.rs:259:17
[INFO] [stderr]     |
[INFO] [stderr] 259 |                 atac_q30_bases_in_read_2,
[INFO] [stderr]     |                 ^^^^^^^^^^^^^^^^^^^^^^^^ help: try ignoring the field: `atac_q30_bases_in_read_2: _`
[INFO] [stderr] 
[INFO] [stderr] warning: unused variable: `atac_q30_bases_in_sample_index_i1`
[INFO] [stderr]    --> src/models.rs:260:17
[INFO] [stderr]     |
[INFO] [stderr] 260 |                 atac_q30_bases_in_sample_index_i1,
[INFO] [stderr]     |                 ^^^^^^^^^^^^^^^^^^^^^^^^^^^^^^^^^ help: try ignoring the field: `atac_q30_bases_in_sample_index_i1: _`
[INFO] [stderr] 
[INFO] [stderr] warning: unused variable: `atac_sequenced_read_pairs`
[INFO] [stderr]    --> src/models.rs:261:17
[INFO] [stderr]     |
[INFO] [stderr] 261 |                 atac_sequenced_read_pairs,
[INFO] [stderr]     |                 ^^^^^^^^^^^^^^^^^^^^^^^^^ help: try ignoring the field: `atac_sequenced_read_pairs: _`
[INFO] [stderr] 
[INFO] [stderr] warning: unused variable: `atac_tss_enrichment_score`
[INFO] [stderr]    --> src/models.rs:262:17
[INFO] [stderr]     |
[INFO] [stderr] 262 |                 atac_tss_enrichment_score,
[INFO] [stderr]     |                 ^^^^^^^^^^^^^^^^^^^^^^^^^ help: try ignoring the field: `atac_tss_enrichment_score: _`
[INFO] [stderr] 
[INFO] [stderr] warning: unused variable: `atac_unmapped_read_pairs`
[INFO] [stderr]    --> src/models.rs:263:17
[INFO] [stderr]     |
[INFO] [stderr] 263 |                 atac_unmapped_read_pairs,
[INFO] [stderr]     |                 ^^^^^^^^^^^^^^^^^^^^^^^^ help: try ignoring the field: `atac_unmapped_read_pairs: _`
[INFO] [stderr] 
[INFO] [stderr] warning: unused variable: `atac_valid_barcodes`
[INFO] [stderr]    --> src/models.rs:264:17
[INFO] [stderr]     |
[INFO] [stderr] 264 |                 atac_valid_barcodes,
[INFO] [stderr]     |                 ^^^^^^^^^^^^^^^^^^^ help: try ignoring the field: `atac_valid_barcodes: _`
[INFO] [stderr] 
[INFO] [stderr] warning: unused variable: `gex_fraction_of_transcriptomic_reads_in_cells`
[INFO] [stderr]    --> src/models.rs:265:17
[INFO] [stderr]     |
[INFO] [stderr] 265 |                 gex_fraction_of_transcriptomic_reads_in_cells,
[INFO] [stderr]     |                 ^^^^^^^^^^^^^^^^^^^^^^^^^^^^^^^^^^^^^^^^^^^^^ help: try ignoring the field: `gex_fraction_of_transcriptomic_reads_in_cells: _`
[INFO] [stderr] 
[INFO] [stderr] warning: unused variable: `gex_mean_raw_reads_per_cell`
[INFO] [stderr]    --> src/models.rs:266:17
[INFO] [stderr]     |
[INFO] [stderr] 266 |                 gex_mean_raw_reads_per_cell,
[INFO] [stderr]     |                 ^^^^^^^^^^^^^^^^^^^^^^^^^^^ help: try ignoring the field: `gex_mean_raw_reads_per_cell: _`
[INFO] [stderr] 
[INFO] [stderr] warning: unused variable: `gex_median_umi_counts_per_cell`
[INFO] [stderr]    --> src/models.rs:267:17
[INFO] [stderr]     |
[INFO] [stderr] 267 |                 gex_median_umi_counts_per_cell,
[INFO] [stderr]     |                 ^^^^^^^^^^^^^^^^^^^^^^^^^^^^^^ help: try ignoring the field: `gex_median_umi_counts_per_cell: _`
[INFO] [stderr] 
[INFO] [stderr] warning: unused variable: `gex_median_genes_per_cell`
[INFO] [stderr]    --> src/models.rs:268:17
[INFO] [stderr]     |
[INFO] [stderr] 268 |                 gex_median_genes_per_cell,
[INFO] [stderr]     |                 ^^^^^^^^^^^^^^^^^^^^^^^^^ help: try ignoring the field: `gex_median_genes_per_cell: _`
[INFO] [stderr] 
[INFO] [stderr] warning: unused variable: `gex_percent_duplicates`
[INFO] [stderr]    --> src/models.rs:269:17
[INFO] [stderr]     |
[INFO] [stderr] 269 |                 gex_percent_duplicates,
[INFO] [stderr]     |                 ^^^^^^^^^^^^^^^^^^^^^^ help: try ignoring the field: `gex_percent_duplicates: _`
[INFO] [stderr] 
[INFO] [stderr] warning: unused variable: `gex_q30_bases_in_umi`
[INFO] [stderr]    --> src/models.rs:270:17
[INFO] [stderr]     |
[INFO] [stderr] 270 |                 gex_q30_bases_in_umi,
[INFO] [stderr]     |                 ^^^^^^^^^^^^^^^^^^^^ help: try ignoring the field: `gex_q30_bases_in_umi: _`
[INFO] [stderr] 
[INFO] [stderr] warning: unused variable: `gex_q30_bases_in_barcode`
[INFO] [stderr]    --> src/models.rs:271:17
[INFO] [stderr]     |
[INFO] [stderr] 271 |                 gex_q30_bases_in_barcode,
[INFO] [stderr]     |                 ^^^^^^^^^^^^^^^^^^^^^^^^ help: try ignoring the field: `gex_q30_bases_in_barcode: _`
[INFO] [stderr] 
[INFO] [stderr] warning: unused variable: `gex_q30_bases_in_read_2`
[INFO] [stderr]    --> src/models.rs:272:17
[INFO] [stderr]     |
[INFO] [stderr] 272 |                 gex_q30_bases_in_read_2,
[INFO] [stderr]     |                 ^^^^^^^^^^^^^^^^^^^^^^^ help: try ignoring the field: `gex_q30_bases_in_read_2: _`
[INFO] [stderr] 
[INFO] [stderr] warning: unused variable: `gex_reads_mapped_antisense_to_gene`
[INFO] [stderr]    --> src/models.rs:273:17
[INFO] [stderr]     |
[INFO] [stderr] 273 |                 gex_reads_mapped_antisense_to_gene,
[INFO] [stderr]     |                 ^^^^^^^^^^^^^^^^^^^^^^^^^^^^^^^^^^ help: try ignoring the field: `gex_reads_mapped_antisense_to_gene: _`
[INFO] [stderr] 
[INFO] [stderr] warning: unused variable: `gex_reads_mapped_confidently_to_exonic_regions`
[INFO] [stderr]    --> src/models.rs:274:17
[INFO] [stderr]     |
[INFO] [stderr] 274 |                 gex_reads_mapped_confidently_to_exonic_regions,
[INFO] [stderr]     |                 ^^^^^^^^^^^^^^^^^^^^^^^^^^^^^^^^^^^^^^^^^^^^^^ help: try ignoring the field: `gex_reads_mapped_confidently_to_exonic_regions: _`
[INFO] [stderr] 
[INFO] [stderr] warning: unused variable: `gex_reads_mapped_confidently_to_intergenic_regions`
[INFO] [stderr]    --> src/models.rs:276:17
[INFO] [stderr]     |
[INFO] [stderr] 276 |                 gex_reads_mapped_confidently_to_intergenic_regions,
[INFO] [stderr]     |                 ^^^^^^^^^^^^^^^^^^^^^^^^^^^^^^^^^^^^^^^^^^^^^^^^^^ help: try ignoring the field: `gex_reads_mapped_confidently_to_intergenic_regions: _`
[INFO] [stderr] 
[INFO] [stderr] warning: unused variable: `gex_reads_mapped_confidently_to_intronic_regions`
[INFO] [stderr]    --> src/models.rs:277:17
[INFO] [stderr]     |
[INFO] [stderr] 277 |                 gex_reads_mapped_confidently_to_intronic_regions,
[INFO] [stderr]     |                 ^^^^^^^^^^^^^^^^^^^^^^^^^^^^^^^^^^^^^^^^^^^^^^^^ help: try ignoring the field: `gex_reads_mapped_confidently_to_intronic_regions: _`
[INFO] [stderr] 
[INFO] [stderr] warning: unused variable: `gex_reads_mapped_confidently_to_transcriptome`
[INFO] [stderr]    --> src/models.rs:278:17
[INFO] [stderr]     |
[INFO] [stderr] 278 |                 gex_reads_mapped_confidently_to_transcriptome,
[INFO] [stderr]     |                 ^^^^^^^^^^^^^^^^^^^^^^^^^^^^^^^^^^^^^^^^^^^^^ help: try ignoring the field: `gex_reads_mapped_confidently_to_transcriptome: _`
[INFO] [stderr] 
[INFO] [stderr] warning: unused variable: `gex_reads_mapped_to_genome`
[INFO] [stderr]    --> src/models.rs:279:17
[INFO] [stderr]     |
[INFO] [stderr] 279 |                 gex_reads_mapped_to_genome,
[INFO] [stderr]     |                 ^^^^^^^^^^^^^^^^^^^^^^^^^^ help: try ignoring the field: `gex_reads_mapped_to_genome: _`
[INFO] [stderr] 
[INFO] [stderr] warning: unused variable: `gex_reads_with_tso`
[INFO] [stderr]    --> src/models.rs:280:17
[INFO] [stderr]     |
[INFO] [stderr] 280 |                 gex_reads_with_tso,
[INFO] [stderr]     |                 ^^^^^^^^^^^^^^^^^^ help: try ignoring the field: `gex_reads_with_tso: _`
[INFO] [stderr] 
[INFO] [stderr] warning: unused variable: `gex_sequenced_read_pairs`
[INFO] [stderr]    --> src/models.rs:281:17
[INFO] [stderr]     |
[INFO] [stderr] 281 |                 gex_sequenced_read_pairs,
[INFO] [stderr]     |                 ^^^^^^^^^^^^^^^^^^^^^^^^ help: try ignoring the field: `gex_sequenced_read_pairs: _`
[INFO] [stderr] 
[INFO] [stderr] warning: unused variable: `gex_total_genes_detected`
[INFO] [stderr]    --> src/models.rs:282:17
[INFO] [stderr]     |
[INFO] [stderr] 282 |                 gex_total_genes_detected,
[INFO] [stderr]     |                 ^^^^^^^^^^^^^^^^^^^^^^^^ help: try ignoring the field: `gex_total_genes_detected: _`
[INFO] [stderr] 
[INFO] [stderr] warning: unused variable: `gex_valid_umis`
[INFO] [stderr]    --> src/models.rs:283:17
[INFO] [stderr]     |
[INFO] [stderr] 283 |                 gex_valid_umis,
[INFO] [stderr]     |                 ^^^^^^^^^^^^^^ help: try ignoring the field: `gex_valid_umis: _`
[INFO] [stderr] 
[INFO] [stderr] warning: unused variable: `gex_valid_barcodes`
[INFO] [stderr]    --> src/models.rs:284:17
[INFO] [stderr]     |
[INFO] [stderr] 284 |                 gex_valid_barcodes,
[INFO] [stderr]     |                 ^^^^^^^^^^^^^^^^^^ help: try ignoring the field: `gex_valid_barcodes: _`
[INFO] [stderr] 
[INFO] [stderr] warning: `scamplers` (lib) generated 57 warnings
[INFO] [stderr] warning: `scamplers` (lib test) generated 57 warnings (57 duplicates)
[INFO] [stderr]     Finished `test` profile [unoptimized + debuginfo] target(s) in 0.32s
[INFO] [stderr]      Running unittests src/lib.rs (/opt/rustwide/target/debug/deps/scamplers-9593d982daf148d9)
[INFO] [stdout] 
[INFO] [stdout] running 3 tests
[INFO] [stdout] test tests::test_sync_10x ... FAILED
[INFO] [stdout] test tests::test_sync_10x_then_sync_files ... FAILED
[INFO] [stdout] test tests::test_sync_files ... FAILED
[INFO] [stdout] 
[INFO] [stdout] failures:
[INFO] [stdout] 
[INFO] [stdout] ---- tests::test_sync_10x stdout ----
[INFO] [stdout] 
[INFO] [stdout] thread 'tests::test_sync_10x' panicked at src/lib.rs:151:56:
[INFO] [stdout] called `Result::unwrap()` on an `Err` value: could not load configuration from environment and/or file. Fix the fields in /sc/service/etc/.config/scamplers or fix the corresponding environment variables prefixed by 'SCAMPLERS'
[INFO] [stdout] 
[INFO] [stdout] Caused by:
[INFO] [stdout]     missing field `db_uri`
[INFO] [stdout] 
[INFO] [stdout] Stack backtrace:
[INFO] [stdout]    0: <E as anyhow::context::ext::StdError>::ext_context
[INFO] [stdout]              at /opt/rustwide/cargo-home/registry/src/index.crates.io-1949cf8c6b5b557f/anyhow-1.0.82/src/backtrace.rs:27:14
[INFO] [stdout]    1: anyhow::context::<impl anyhow::Context<T,E> for core::result::Result<T,E>>::with_context
[INFO] [stdout]              at /opt/rustwide/cargo-home/registry/src/index.crates.io-1949cf8c6b5b557f/anyhow-1.0.82/src/context.rs:65:31
[INFO] [stdout]    2: scamplers::ScamplersConfig::load
[INFO] [stdout]              at ./src/lib.rs:38:9
[INFO] [stdout]    3: scamplers::tests::test_sync_10x
[INFO] [stdout]              at ./src/lib.rs:151:32
[INFO] [stdout]    4: scamplers::tests::test_sync_10x::{{closure}}
[INFO] [stdout]              at ./src/lib.rs:150:27
[INFO] [stdout]    5: core::ops::function::FnOnce::call_once
[INFO] [stdout]              at /rustc/6067b36314ab5eb2eb47cecc464545ba58e1ad24/library/core/src/ops/function.rs:250:5
[INFO] [stdout]    6: core::ops::function::FnOnce::call_once
[INFO] [stdout]              at /rustc/6067b36314ab5eb2eb47cecc464545ba58e1ad24/library/core/src/ops/function.rs:250:5
[INFO] [stdout]    7: test::__rust_begin_short_backtrace
[INFO] [stdout]              at /rustc/6067b36314ab5eb2eb47cecc464545ba58e1ad24/library/test/src/lib.rs:632:18
[INFO] [stdout]    8: test::run_test_in_process::{{closure}}
[INFO] [stdout]              at /rustc/6067b36314ab5eb2eb47cecc464545ba58e1ad24/library/test/src/lib.rs:655:60
[INFO] [stdout]    9: <core::panic::unwind_safe::AssertUnwindSafe<F> as core::ops::function::FnOnce<()>>::call_once
[INFO] [stdout]              at /rustc/6067b36314ab5eb2eb47cecc464545ba58e1ad24/library/core/src/panic/unwind_safe.rs:272:9
[INFO] [stdout]   10: std::panicking::try::do_call
[INFO] [stdout]              at /rustc/6067b36314ab5eb2eb47cecc464545ba58e1ad24/library/std/src/panicking.rs:587:40
[INFO] [stdout]   11: std::panicking::try
[INFO] [stdout]              at /rustc/6067b36314ab5eb2eb47cecc464545ba58e1ad24/library/std/src/panicking.rs:550:19
[INFO] [stdout]   12: std::panic::catch_unwind
[INFO] [stdout]              at /rustc/6067b36314ab5eb2eb47cecc464545ba58e1ad24/library/std/src/panic.rs:358:14
[INFO] [stdout]   13: test::run_test_in_process
[INFO] [stdout]              at /rustc/6067b36314ab5eb2eb47cecc464545ba58e1ad24/library/test/src/lib.rs:655:27
[INFO] [stdout]   14: test::run_test::{{closure}}
[INFO] [stdout]              at /rustc/6067b36314ab5eb2eb47cecc464545ba58e1ad24/library/test/src/lib.rs:576:43
[INFO] [stdout]   15: test::run_test::{{closure}}
[INFO] [stdout]              at /rustc/6067b36314ab5eb2eb47cecc464545ba58e1ad24/library/test/src/lib.rs:606:41
[INFO] [stdout]   16: std::sys::backtrace::__rust_begin_short_backtrace
[INFO] [stdout]              at /rustc/6067b36314ab5eb2eb47cecc464545ba58e1ad24/library/std/src/sys/backtrace.rs:152:18
[INFO] [stdout]   17: std::thread::Builder::spawn_unchecked_::{{closure}}::{{closure}}
[INFO] [stdout]              at /rustc/6067b36314ab5eb2eb47cecc464545ba58e1ad24/library/std/src/thread/mod.rs:559:17
[INFO] [stdout]   18: <core::panic::unwind_safe::AssertUnwindSafe<F> as core::ops::function::FnOnce<()>>::call_once
[INFO] [stdout]              at /rustc/6067b36314ab5eb2eb47cecc464545ba58e1ad24/library/core/src/panic/unwind_safe.rs:272:9
[INFO] [stdout]   19: std::panicking::try::do_call
[INFO] [stdout]              at /rustc/6067b36314ab5eb2eb47cecc464545ba58e1ad24/library/std/src/panicking.rs:587:40
[INFO] [stdout]   20: std::panicking::try
[INFO] [stdout]              at /rustc/6067b36314ab5eb2eb47cecc464545ba58e1ad24/library/std/src/panicking.rs:550:19
[INFO] [stdout]   21: std::panic::catch_unwind
[INFO] [stdout]              at /rustc/6067b36314ab5eb2eb47cecc464545ba58e1ad24/library/std/src/panic.rs:358:14
[INFO] [stdout]   22: std::thread::Builder::spawn_unchecked_::{{closure}}
[INFO] [stdout]              at /rustc/6067b36314ab5eb2eb47cecc464545ba58e1ad24/library/std/src/thread/mod.rs:557:30
[INFO] [stdout]   23: core::ops::function::FnOnce::call_once{{vtable.shim}}
[INFO] [stdout]              at /rustc/6067b36314ab5eb2eb47cecc464545ba58e1ad24/library/core/src/ops/function.rs:250:5
[INFO] [stdout]   24: <alloc::boxed::Box<F,A> as core::ops::function::FnOnce<Args>>::call_once
[INFO] [stdout]              at /rustc/6067b36314ab5eb2eb47cecc464545ba58e1ad24/library/alloc/src/boxed.rs:2013:9
[INFO] [stdout]   25: <alloc::boxed::Box<F,A> as core::ops::function::FnOnce<Args>>::call_once
[INFO] [stdout]              at /rustc/6067b36314ab5eb2eb47cecc464545ba58e1ad24/library/alloc/src/boxed.rs:2013:9
[INFO] [stdout]   26: std::sys::pal::unix::thread::Thread::new::thread_start
[INFO] [stdout]              at /rustc/6067b36314ab5eb2eb47cecc464545ba58e1ad24/library/std/src/sys/pal/unix/thread.rs:106:17
[INFO] [stdout]   27: <unknown>
[INFO] [stdout]   28: clone
[INFO] [stdout] stack backtrace:
[INFO] [stdout]    0:     0x55943bd742fa - std::backtrace_rs::backtrace::libunwind::trace::hb059275cfc8d6126
[INFO] [stdout]                                at /rustc/6067b36314ab5eb2eb47cecc464545ba58e1ad24/library/std/src/../../backtrace/src/backtrace/libunwind.rs:116:5
[INFO] [stdout]    1:     0x55943bd742fa - std::backtrace_rs::backtrace::trace_unsynchronized::h2da071e4327ce3ee
[INFO] [stdout]                                at /rustc/6067b36314ab5eb2eb47cecc464545ba58e1ad24/library/std/src/../../backtrace/src/backtrace/mod.rs:66:5
[INFO] [stdout]    2:     0x55943bd742fa - std::sys::backtrace::_print_fmt::h842a1474e6f8d23f
[INFO] [stdout]                                at /rustc/6067b36314ab5eb2eb47cecc464545ba58e1ad24/library/std/src/sys/backtrace.rs:66:9
[INFO] [stdout]    3:     0x55943bd742fa - <std::sys::backtrace::BacktraceLock::print::DisplayBacktrace as core::fmt::Display>::fmt::h71a62eb3b9696b12
[INFO] [stdout]                                at /rustc/6067b36314ab5eb2eb47cecc464545ba58e1ad24/library/std/src/sys/backtrace.rs:39:26
[INFO] [stdout]    4:     0x55943bda34c3 - core::fmt::rt::Argument::fmt::hdb6b616786b41dc1
[INFO] [stdout]                                at /rustc/6067b36314ab5eb2eb47cecc464545ba58e1ad24/library/core/src/fmt/rt.rs:177:76
[INFO] [stdout]    5:     0x55943bda34c3 - core::fmt::write::h2cc1698af7e2d686
[INFO] [stdout]                                at /rustc/6067b36314ab5eb2eb47cecc464545ba58e1ad24/library/core/src/fmt/mod.rs:1440:21
[INFO] [stdout]    6:     0x55943bd6fc53 - std::io::Write::write_fmt::hab1b4cd059a79022
[INFO] [stdout]                                at /rustc/6067b36314ab5eb2eb47cecc464545ba58e1ad24/library/std/src/io/mod.rs:1887:15
[INFO] [stdout]    7:     0x55943bd74142 - std::sys::backtrace::BacktraceLock::print::h147fe35b4ea13b08
[INFO] [stdout]                                at /rustc/6067b36314ab5eb2eb47cecc464545ba58e1ad24/library/std/src/sys/backtrace.rs:42:9
[INFO] [stdout]    8:     0x55943bd7571f - std::panicking::default_hook::{{closure}}::hbd44223dbdc0d208
[INFO] [stdout]                                at /rustc/6067b36314ab5eb2eb47cecc464545ba58e1ad24/library/std/src/panicking.rs:298:22
[INFO] [stdout]    9:     0x55943bd75538 - std::panicking::default_hook::h20f81eb0576efcec
[INFO] [stdout]                                at /rustc/6067b36314ab5eb2eb47cecc464545ba58e1ad24/library/std/src/panicking.rs:322:9
[INFO] [stdout]   10:     0x55943acd9f83 - <alloc::boxed::Box<F,A> as core::ops::function::Fn<Args>>::call::hdb53814c496a4d34
[INFO] [stdout]                                at /rustc/6067b36314ab5eb2eb47cecc464545ba58e1ad24/library/alloc/src/boxed.rs:2027:9
[INFO] [stdout]   11:     0x55943acd9f83 - test::test_main::{{closure}}::hc0a4963c59427c24
[INFO] [stdout]                                at /rustc/6067b36314ab5eb2eb47cecc464545ba58e1ad24/library/test/src/lib.rs:134:21
[INFO] [stdout]   12:     0x55943bd76213 - <alloc::boxed::Box<F,A> as core::ops::function::Fn<Args>>::call::h591b2225413a77e9
[INFO] [stdout]                                at /rustc/6067b36314ab5eb2eb47cecc464545ba58e1ad24/library/alloc/src/boxed.rs:2027:9
[INFO] [stdout]   13:     0x55943bd76213 - std::panicking::rust_panic_with_hook::h625eea43051b2edc
[INFO] [stdout]                                at /rustc/6067b36314ab5eb2eb47cecc464545ba58e1ad24/library/std/src/panicking.rs:839:13
[INFO] [stdout]   14:     0x55943bd75eca - std::panicking::begin_panic_handler::{{closure}}::h4f9159cfbc3f6bd3
[INFO] [stdout]                                at /rustc/6067b36314ab5eb2eb47cecc464545ba58e1ad24/library/std/src/panicking.rs:704:13
[INFO] [stdout]   15:     0x55943bd747f9 - std::sys::backtrace::__rust_end_short_backtrace::h0390abce48353151
[INFO] [stdout]                                at /rustc/6067b36314ab5eb2eb47cecc464545ba58e1ad24/library/std/src/sys/backtrace.rs:168:18
[INFO] [stdout]   16:     0x55943bd75b5d - rust_begin_unwind
[INFO] [stdout]                                at /rustc/6067b36314ab5eb2eb47cecc464545ba58e1ad24/library/std/src/panicking.rs:695:5
[INFO] [stdout]   17:     0x55943bda0dd0 - core::panicking::panic_fmt::h9e7c637e9e5f29c9
[INFO] [stdout]                                at /rustc/6067b36314ab5eb2eb47cecc464545ba58e1ad24/library/core/src/panicking.rs:75:14
[INFO] [stdout]   18:     0x55943bda1246 - core::result::unwrap_failed::h7979f09313fe1849
[INFO] [stdout]                                at /rustc/6067b36314ab5eb2eb47cecc464545ba58e1ad24/library/core/src/result.rs:1704:5
[INFO] [stdout]   19:     0x55943abd6ffe - core::result::Result<T,E>::unwrap::hed822fde6ca3f776
[INFO] [stdout]                                at /rustc/6067b36314ab5eb2eb47cecc464545ba58e1ad24/library/core/src/result.rs:1109:23
[INFO] [stdout]   20:     0x55943abd6ffe - scamplers::tests::test_sync_10x::h199a2838f37eda9d
[INFO] [stdout]                                at /opt/rustwide/workdir/src/lib.rs:151:32
[INFO] [stdout]   21:     0x55943abd6f67 - scamplers::tests::test_sync_10x::{{closure}}::hd87d38a7234ed193
[INFO] [stdout]                                at /opt/rustwide/workdir/src/lib.rs:150:27
[INFO] [stdout]   22:     0x55943ab5c316 - core::ops::function::FnOnce::call_once::ha19656fdd151984c
[INFO] [stdout]                                at /rustc/6067b36314ab5eb2eb47cecc464545ba58e1ad24/library/core/src/ops/function.rs:250:5
[INFO] [stdout]   23:     0x55943acdf6db - core::ops::function::FnOnce::call_once::he27718dfdd183f43
[INFO] [stdout]                                at /rustc/6067b36314ab5eb2eb47cecc464545ba58e1ad24/library/core/src/ops/function.rs:250:5
[INFO] [stdout]   24:     0x55943acdf6db - test::__rust_begin_short_backtrace::h4e84902998457a5d
[INFO] [stdout]                                at /rustc/6067b36314ab5eb2eb47cecc464545ba58e1ad24/library/test/src/lib.rs:632:18
[INFO] [stdout]   25:     0x55943acde613 - test::run_test_in_process::{{closure}}::h7176fd18fc1feca0
[INFO] [stdout]                                at /rustc/6067b36314ab5eb2eb47cecc464545ba58e1ad24/library/test/src/lib.rs:655:60
[INFO] [stdout]   26:     0x55943acde613 - <core::panic::unwind_safe::AssertUnwindSafe<F> as core::ops::function::FnOnce<()>>::call_once::hf79cff2a624d8cf7
[INFO] [stdout]                                at /rustc/6067b36314ab5eb2eb47cecc464545ba58e1ad24/library/core/src/panic/unwind_safe.rs:272:9
[INFO] [stdout]   27:     0x55943acde613 - std::panicking::try::do_call::h3da0561d9ab99c25
[INFO] [stdout]                                at /rustc/6067b36314ab5eb2eb47cecc464545ba58e1ad24/library/std/src/panicking.rs:587:40
[INFO] [stdout]   28:     0x55943acde613 - std::panicking::try::h41c9fa508bc61df6
[INFO] [stdout]                                at /rustc/6067b36314ab5eb2eb47cecc464545ba58e1ad24/library/std/src/panicking.rs:550:19
[INFO] [stdout]   29:     0x55943acde613 - std::panic::catch_unwind::h6b3ff07bb5afad93
[INFO] [stdout]                                at /rustc/6067b36314ab5eb2eb47cecc464545ba58e1ad24/library/std/src/panic.rs:358:14
[INFO] [stdout]   30:     0x55943acde613 - test::run_test_in_process::hc7253dd11b39b9f4
[INFO] [stdout]                                at /rustc/6067b36314ab5eb2eb47cecc464545ba58e1ad24/library/test/src/lib.rs:655:27
[INFO] [stdout]   31:     0x55943acde613 - test::run_test::{{closure}}::hfb2007f8649c30bb
[INFO] [stdout]                                at /rustc/6067b36314ab5eb2eb47cecc464545ba58e1ad24/library/test/src/lib.rs:576:43
[INFO] [stdout]   32:     0x55943aca16f5 - test::run_test::{{closure}}::h56a17aa7a282a9f4
[INFO] [stdout]                                at /rustc/6067b36314ab5eb2eb47cecc464545ba58e1ad24/library/test/src/lib.rs:606:41
[INFO] [stdout]   33:     0x55943aca16f5 - std::sys::backtrace::__rust_begin_short_backtrace::hd2d2d2fb8e8c6aac
[INFO] [stdout]                                at /rustc/6067b36314ab5eb2eb47cecc464545ba58e1ad24/library/std/src/sys/backtrace.rs:152:18
[INFO] [stdout]   34:     0x55943aca4fda - std::thread::Builder::spawn_unchecked_::{{closure}}::{{closure}}::h4faa3f9db6133423
[INFO] [stdout]                                at /rustc/6067b36314ab5eb2eb47cecc464545ba58e1ad24/library/std/src/thread/mod.rs:559:17
[INFO] [stdout]   35:     0x55943aca4fda - <core::panic::unwind_safe::AssertUnwindSafe<F> as core::ops::function::FnOnce<()>>::call_once::hf2e855a36a4ea846
[INFO] [stdout]                                at /rustc/6067b36314ab5eb2eb47cecc464545ba58e1ad24/library/core/src/panic/unwind_safe.rs:272:9
[INFO] [stdout]   36:     0x55943aca4fda - std::panicking::try::do_call::h2f73af3616c35465
[INFO] [stdout]                                at /rustc/6067b36314ab5eb2eb47cecc464545ba58e1ad24/library/std/src/panicking.rs:587:40
[INFO] [stdout]   37:     0x55943aca4fda - std::panicking::try::hd1660ce9efadef5a
[INFO] [stdout]                                at /rustc/6067b36314ab5eb2eb47cecc464545ba58e1ad24/library/std/src/panicking.rs:550:19
[INFO] [stdout]   38:     0x55943aca4fda - std::panic::catch_unwind::h5ee8d7823b8ca744
[INFO] [stdout]                                at /rustc/6067b36314ab5eb2eb47cecc464545ba58e1ad24/library/std/src/panic.rs:358:14
[INFO] [stdout]   39:     0x55943aca4fda - std::thread::Builder::spawn_unchecked_::{{closure}}::h53c3a1894dce8407
[INFO] [stdout]                                at /rustc/6067b36314ab5eb2eb47cecc464545ba58e1ad24/library/std/src/thread/mod.rs:557:30
[INFO] [stdout]   40:     0x55943aca4fda - core::ops::function::FnOnce::call_once{{vtable.shim}}::h048ce291ad4f62bf
[INFO] [stdout]                                at /rustc/6067b36314ab5eb2eb47cecc464545ba58e1ad24/library/core/src/ops/function.rs:250:5
[INFO] [stdout]   41:     0x55943bd7ab8b - <alloc::boxed::Box<F,A> as core::ops::function::FnOnce<Args>>::call_once::ha52bedf99a3b4981
[INFO] [stdout]                                at /rustc/6067b36314ab5eb2eb47cecc464545ba58e1ad24/library/alloc/src/boxed.rs:2013:9
[INFO] [stdout]   42:     0x55943bd7ab8b - <alloc::boxed::Box<F,A> as core::ops::function::FnOnce<Args>>::call_once::h567748934d80ccf8
[INFO] [stdout]                                at /rustc/6067b36314ab5eb2eb47cecc464545ba58e1ad24/library/alloc/src/boxed.rs:2013:9
[INFO] [stdout]   43:     0x55943bd7ab8b - std::sys::pal::unix::thread::Thread::new::thread_start::h2d970728ae887adc
[INFO] [stdout]                                at /rustc/6067b36314ab5eb2eb47cecc464545ba58e1ad24/library/std/src/sys/pal/unix/thread.rs:106:17
[INFO] [stdout]   44:     0x7171145d1ac3 - <unknown>
[INFO] [stdout]   45:     0x717114662a04 - clone
[INFO] [stdout]   46:                0x0 - <unknown>
[INFO] [stdout] 
[INFO] [stdout] ---- tests::test_sync_10x_then_sync_files stdout ----
[INFO] [stdout] 
[INFO] [stdout] thread 'tests::test_sync_10x_then_sync_files' panicked at src/lib.rs:171:56:
[INFO] [stdout] called `Result::unwrap()` on an `Err` value: could not load configuration from environment and/or file. Fix the fields in /sc/service/etc/.config/scamplers or fix the corresponding environment variables prefixed by 'SCAMPLERS'
[INFO] [stdout] 
[INFO] [stdout] Caused by:
[INFO] [stdout]     missing field `db_uri`
[INFO] [stdout] 
[INFO] [stdout] Stack backtrace:
[INFO] [stdout]    0: <E as anyhow::context::ext::StdError>::ext_context
[INFO] [stdout]              at /opt/rustwide/cargo-home/registry/src/index.crates.io-1949cf8c6b5b557f/anyhow-1.0.82/src/backtrace.rs:27:14
[INFO] [stdout]    1: anyhow::context::<impl anyhow::Context<T,E> for core::result::Result<T,E>>::with_context
[INFO] [stdout]              at /opt/rustwide/cargo-home/registry/src/index.crates.io-1949cf8c6b5b557f/anyhow-1.0.82/src/context.rs:65:31
[INFO] [stdout]    2: scamplers::ScamplersConfig::load
[INFO] [stdout]              at ./src/lib.rs:38:9
[INFO] [stdout]    3: scamplers::tests::test_sync_10x_then_sync_files
[INFO] [stdout]              at ./src/lib.rs:171:32
[INFO] [stdout]    4: scamplers::tests::test_sync_10x_then_sync_files::{{closure}}
[INFO] [stdout]              at ./src/lib.rs:170:43
[INFO] [stdout]    5: core::ops::function::FnOnce::call_once
[INFO] [stdout]              at /rustc/6067b36314ab5eb2eb47cecc464545ba58e1ad24/library/core/src/ops/function.rs:250:5
[INFO] [stdout]    6: core::ops::function::FnOnce::call_once
[INFO] [stdout]              at /rustc/6067b36314ab5eb2eb47cecc464545ba58e1ad24/library/core/src/ops/function.rs:250:5
[INFO] [stdout]    7: test::__rust_begin_short_backtrace
[INFO] [stdout]              at /rustc/6067b36314ab5eb2eb47cecc464545ba58e1ad24/library/test/src/lib.rs:632:18
[INFO] [stdout]    8: test::run_test_in_process::{{closure}}
[INFO] [stdout]              at /rustc/6067b36314ab5eb2eb47cecc464545ba58e1ad24/library/test/src/lib.rs:655:60
[INFO] [stdout]    9: <core::panic::unwind_safe::AssertUnwindSafe<F> as core::ops::function::FnOnce<()>>::call_once
[INFO] [stdout]              at /rustc/6067b36314ab5eb2eb47cecc464545ba58e1ad24/library/core/src/panic/unwind_safe.rs:272:9
[INFO] [stdout]   10: std::panicking::try::do_call
[INFO] [stdout]              at /rustc/6067b36314ab5eb2eb47cecc464545ba58e1ad24/library/std/src/panicking.rs:587:40
[INFO] [stdout]   11: std::panicking::try
[INFO] [stdout]              at /rustc/6067b36314ab5eb2eb47cecc464545ba58e1ad24/library/std/src/panicking.rs:550:19
[INFO] [stdout]   12: std::panic::catch_unwind
[INFO] [stdout]              at /rustc/6067b36314ab5eb2eb47cecc464545ba58e1ad24/library/std/src/panic.rs:358:14
[INFO] [stdout]   13: test::run_test_in_process
[INFO] [stdout]              at /rustc/6067b36314ab5eb2eb47cecc464545ba58e1ad24/library/test/src/lib.rs:655:27
[INFO] [stdout]   14: test::run_test::{{closure}}
[INFO] [stdout]              at /rustc/6067b36314ab5eb2eb47cecc464545ba58e1ad24/library/test/src/lib.rs:576:43
[INFO] [stdout]   15: test::run_test::{{closure}}
[INFO] [stdout]              at /rustc/6067b36314ab5eb2eb47cecc464545ba58e1ad24/library/test/src/lib.rs:606:41
[INFO] [stdout]   16: std::sys::backtrace::__rust_begin_short_backtrace
[INFO] [stdout]              at /rustc/6067b36314ab5eb2eb47cecc464545ba58e1ad24/library/std/src/sys/backtrace.rs:152:18
[INFO] [stdout]   17: std::thread::Builder::spawn_unchecked_::{{closure}}::{{closure}}
[INFO] [stdout]              at /rustc/6067b36314ab5eb2eb47cecc464545ba58e1ad24/library/std/src/thread/mod.rs:559:17
[INFO] [stdout]   18: <core::panic::unwind_safe::AssertUnwindSafe<F> as core::ops::function::FnOnce<()>>::call_once
[INFO] [stdout]              at /rustc/6067b36314ab5eb2eb47cecc464545ba58e1ad24/library/core/src/panic/unwind_safe.rs:272:9
[INFO] [stdout]   19: std::panicking::try::do_call
[INFO] [stdout]              at /rustc/6067b36314ab5eb2eb47cecc464545ba58e1ad24/library/std/src/panicking.rs:587:40
[INFO] [stdout]   20: std::panicking::try
[INFO] [stdout]              at /rustc/6067b36314ab5eb2eb47cecc464545ba58e1ad24/library/std/src/panicking.rs:550:19
[INFO] [stdout]   21: std::panic::catch_unwind
[INFO] [stdout]              at /rustc/6067b36314ab5eb2eb47cecc464545ba58e1ad24/library/std/src/panic.rs:358:14
[INFO] [stdout]   22: std::thread::Builder::spawn_unchecked_::{{closure}}
[INFO] [stdout]              at /rustc/6067b36314ab5eb2eb47cecc464545ba58e1ad24/library/std/src/thread/mod.rs:557:30
[INFO] [stdout]   23: core::ops::function::FnOnce::call_once{{vtable.shim}}
[INFO] [stdout]              at /rustc/6067b36314ab5eb2eb47cecc464545ba58e1ad24/library/core/src/ops/function.rs:250:5
[INFO] [stdout]   24: <alloc::boxed::Box<F,A> as core::ops::function::FnOnce<Args>>::call_once
[INFO] [stdout]              at /rustc/6067b36314ab5eb2eb47cecc464545ba58e1ad24/library/alloc/src/boxed.rs:2013:9
[INFO] [stdout]   25: <alloc::boxed::Box<F,A> as core::ops::function::FnOnce<Args>>::call_once
[INFO] [stdout]              at /rustc/6067b36314ab5eb2eb47cecc464545ba58e1ad24/library/alloc/src/boxed.rs:2013:9
[INFO] [stdout]   26: std::sys::pal::unix::thread::Thread::new::thread_start
[INFO] [stdout]              at /rustc/6067b36314ab5eb2eb47cecc464545ba58e1ad24/library/std/src/sys/pal/unix/thread.rs:106:17
[INFO] [stdout]   27: <unknown>
[INFO] [stdout]   28: clone
[INFO] [stdout] stack backtrace:
[INFO] [stdout]    0:     0x55943bd742fa - std::backtrace_rs::backtrace::libunwind::trace::hb059275cfc8d6126
[INFO] [stdout]                                at /rustc/6067b36314ab5eb2eb47cecc464545ba58e1ad24/library/std/src/../../backtrace/src/backtrace/libunwind.rs:116:5
[INFO] [stdout]    1:     0x55943bd742fa - std::backtrace_rs::backtrace::trace_unsynchronized::h2da071e4327ce3ee
[INFO] [stdout]                                at /rustc/6067b36314ab5eb2eb47cecc464545ba58e1ad24/library/std/src/../../backtrace/src/backtrace/mod.rs:66:5
[INFO] [stdout]    2:     0x55943bd742fa - std::sys::backtrace::_print_fmt::h842a1474e6f8d23f
[INFO] [stdout]                                at /rustc/6067b36314ab5eb2eb47cecc464545ba58e1ad24/library/std/src/sys/backtrace.rs:66:9
[INFO] [stdout]    3:     0x55943bd742fa - <std::sys::backtrace::BacktraceLock::print::DisplayBacktrace as core::fmt::Display>::fmt::h71a62eb3b9696b12
[INFO] [stdout]                                at /rustc/6067b36314ab5eb2eb47cecc464545ba58e1ad24/library/std/src/sys/backtrace.rs:39:26
[INFO] [stdout]    4:     0x55943bda34c3 - core::fmt::rt::Argument::fmt::hdb6b616786b41dc1
[INFO] [stdout]                                at /rustc/6067b36314ab5eb2eb47cecc464545ba58e1ad24/library/core/src/fmt/rt.rs:177:76
[INFO] [stdout]    5:     0x55943bda34c3 - core::fmt::write::h2cc1698af7e2d686
[INFO] [stdout]                                at /rustc/6067b36314ab5eb2eb47cecc464545ba58e1ad24/library/core/src/fmt/mod.rs:1440:21
[INFO] [stdout]    6:     0x55943bd6fc53 - std::io::Write::write_fmt::hab1b4cd059a79022
[INFO] [stdout]                                at /rustc/6067b36314ab5eb2eb47cecc464545ba58e1ad24/library/std/src/io/mod.rs:1887:15
[INFO] [stdout]    7:     0x55943bd74142 - std::sys::backtrace::BacktraceLock::print::h147fe35b4ea13b08
[INFO] [stdout]                                at /rustc/6067b36314ab5eb2eb47cecc464545ba58e1ad24/library/std/src/sys/backtrace.rs:42:9
[INFO] [stdout]    8:     0x55943bd7571f - std::panicking::default_hook::{{closure}}::hbd44223dbdc0d208
[INFO] [stdout]                                at /rustc/6067b36314ab5eb2eb47cecc464545ba58e1ad24/library/std/src/panicking.rs:298:22
[INFO] [stdout]    9:     0x55943bd75538 - std::panicking::default_hook::h20f81eb0576efcec
[INFO] [stdout]                                at /rustc/6067b36314ab5eb2eb47cecc464545ba58e1ad24/library/std/src/panicking.rs:322:9
[INFO] [stdout]   10:     0x55943acd9f83 - <alloc::boxed::Box<F,A> as core::ops::function::Fn<Args>>::call::hdb53814c496a4d34
[INFO] [stdout]                                at /rustc/6067b36314ab5eb2eb47cecc464545ba58e1ad24/library/alloc/src/boxed.rs:2027:9
[INFO] [stdout]   11:     0x55943acd9f83 - test::test_main::{{closure}}::hc0a4963c59427c24
[INFO] [stdout]                                at /rustc/6067b36314ab5eb2eb47cecc464545ba58e1ad24/library/test/src/lib.rs:134:21
[INFO] [stdout]   12:     0x55943bd76213 - <alloc::boxed::Box<F,A> as core::ops::function::Fn<Args>>::call::h591b2225413a77e9
[INFO] [stdout]                                at /rustc/6067b36314ab5eb2eb47cecc464545ba58e1ad24/library/alloc/src/boxed.rs:2027:9
[INFO] [stdout]   13:     0x55943bd76213 - std::panicking::rust_panic_with_hook::h625eea43051b2edc
[INFO] [stdout]                                at /rustc/6067b36314ab5eb2eb47cecc464545ba58e1ad24/library/std/src/panicking.rs:839:13
[INFO] [stdout]   14:     0x55943bd75eca - std::panicking::begin_panic_handler::{{closure}}::h4f9159cfbc3f6bd3
[INFO] [stdout]                                at /rustc/6067b36314ab5eb2eb47cecc464545ba58e1ad24/library/std/src/panicking.rs:704:13
[INFO] [stdout]   15:     0x55943bd747f9 - std::sys::backtrace::__rust_end_short_backtrace::h0390abce48353151
[INFO] [stdout]                                at /rustc/6067b36314ab5eb2eb47cecc464545ba58e1ad24/library/std/src/sys/backtrace.rs:168:18
[INFO] [stdout]   16:     0x55943bd75b5d - rust_begin_unwind
[INFO] [stdout]                                at /rustc/6067b36314ab5eb2eb47cecc464545ba58e1ad24/library/std/src/panicking.rs:695:5
[INFO] [stdout]   17:     0x55943bda0dd0 - core::panicking::panic_fmt::h9e7c637e9e5f29c9
[INFO] [stdout]                                at /rustc/6067b36314ab5eb2eb47cecc464545ba58e1ad24/library/core/src/panicking.rs:75:14
[INFO] [stdout]   18:     0x55943bda1246 - core::result::unwrap_failed::h7979f09313fe1849
[INFO] [stdout]                                at /rustc/6067b36314ab5eb2eb47cecc464545ba58e1ad24/library/core/src/result.rs:1704:5
[INFO] [stdout]   19:     0x55943abd7ee6 - core::result::Result<T,E>::unwrap::hed822fde6ca3f776
[INFO] [stdout]                                at /rustc/6067b36314ab5eb2eb47cecc464545ba58e1ad24/library/core/src/result.rs:1109:23
[INFO] [stdout]   20:     0x55943abd7ee6 - scamplers::tests::test_sync_10x_then_sync_files::h9d0bca4ca9ad4583
[INFO] [stdout]                                at /opt/rustwide/workdir/src/lib.rs:171:32
[INFO] [stdout]   21:     0x55943abd7e47 - scamplers::tests::test_sync_10x_then_sync_files::{{closure}}::ha72834d11b58023d
[INFO] [stdout]                                at /opt/rustwide/workdir/src/lib.rs:170:43
[INFO] [stdout]   22:     0x55943ab5bb66 - core::ops::function::FnOnce::call_once::h3f80578841a9db8d
[INFO] [stdout]                                at /rustc/6067b36314ab5eb2eb47cecc464545ba58e1ad24/library/core/src/ops/function.rs:250:5
[INFO] [stdout]   23:     0x55943acdf6db - core::ops::function::FnOnce::call_once::he27718dfdd183f43
[INFO] [stdout]                                at /rustc/6067b36314ab5eb2eb47cecc464545ba58e1ad24/library/core/src/ops/function.rs:250:5
[INFO] [stdout]   24:     0x55943acdf6db - test::__rust_begin_short_backtrace::h4e84902998457a5d
[INFO] [stdout]                                at /rustc/6067b36314ab5eb2eb47cecc464545ba58e1ad24/library/test/src/lib.rs:632:18
[INFO] [stdout]   25:     0x55943acde613 - test::run_test_in_process::{{closure}}::h7176fd18fc1feca0
[INFO] [stdout]                                at /rustc/6067b36314ab5eb2eb47cecc464545ba58e1ad24/library/test/src/lib.rs:655:60
[INFO] [stdout]   26:     0x55943acde613 - <core::panic::unwind_safe::AssertUnwindSafe<F> as core::ops::function::FnOnce<()>>::call_once::hf79cff2a624d8cf7
[INFO] [stdout]                                at /rustc/6067b36314ab5eb2eb47cecc464545ba58e1ad24/library/core/src/panic/unwind_safe.rs:272:9
[INFO] [stdout]   27:     0x55943acde613 - std::panicking::try::do_call::h3da0561d9ab99c25
[INFO] [stdout]                                at /rustc/6067b36314ab5eb2eb47cecc464545ba58e1ad24/library/std/src/panicking.rs:587:40
[INFO] [stdout]   28:     0x55943acde613 - std::panicking::try::h41c9fa508bc61df6
[INFO] [stdout]                                at /rustc/6067b36314ab5eb2eb47cecc464545ba58e1ad24/library/std/src/panicking.rs:550:19
[INFO] [stdout]   29:     0x55943acde613 - std::panic::catch_unwind::h6b3ff07bb5afad93
[INFO] [stdout]                                at /rustc/6067b36314ab5eb2eb47cecc464545ba58e1ad24/library/std/src/panic.rs:358:14
[INFO] [stdout]   30:     0x55943acde613 - test::run_test_in_process::hc7253dd11b39b9f4
[INFO] [stdout]                                at /rustc/6067b36314ab5eb2eb47cecc464545ba58e1ad24/library/test/src/lib.rs:655:27
[INFO] [stdout]   31:     0x55943acde613 - test::run_test::{{closure}}::hfb2007f8649c30bb
[INFO] [stdout]                                at /rustc/6067b36314ab5eb2eb47cecc464545ba58e1ad24/library/test/src/lib.rs:576:43
[INFO] [stdout]   32:     0x55943aca16f5 - test::run_test::{{closure}}::h56a17aa7a282a9f4
[INFO] [stdout]                                at /rustc/6067b36314ab5eb2eb47cecc464545ba58e1ad24/library/test/src/lib.rs:606:41
[INFO] [stdout]   33:     0x55943aca16f5 - std::sys::backtrace::__rust_begin_short_backtrace::hd2d2d2fb8e8c6aac
[INFO] [stdout]                                at /rustc/6067b36314ab5eb2eb47cecc464545ba58e1ad24/library/std/src/sys/backtrace.rs:152:18
[INFO] [stdout]   34:     0x55943aca4fda - std::thread::Builder::spawn_unchecked_::{{closure}}::{{closure}}::h4faa3f9db6133423
[INFO] [stdout]                                at /rustc/6067b36314ab5eb2eb47cecc464545ba58e1ad24/library/std/src/thread/mod.rs:559:17
[INFO] [stdout]   35:     0x55943aca4fda - <core::panic::unwind_safe::AssertUnwindSafe<F> as core::ops::function::FnOnce<()>>::call_once::hf2e855a36a4ea846
[INFO] [stdout]                                at /rustc/6067b36314ab5eb2eb47cecc464545ba58e1ad24/library/core/src/panic/unwind_safe.rs:272:9
[INFO] [stdout]   36:     0x55943aca4fda - std::panicking::try::do_call::h2f73af3616c35465
[INFO] [stdout]                                at /rustc/6067b36314ab5eb2eb47cecc464545ba58e1ad24/library/std/src/panicking.rs:587:40
[INFO] [stdout]   37:     0x55943aca4fda - std::panicking::try::hd1660ce9efadef5a
[INFO] [stdout]                                at /rustc/6067b36314ab5eb2eb47cecc464545ba58e1ad24/library/std/src/panicking.rs:550:19
[INFO] [stdout]   38:     0x55943aca4fda - std::panic::catch_unwind::h5ee8d7823b8ca744
[INFO] [stdout]                                at /rustc/6067b36314ab5eb2eb47cecc464545ba58e1ad24/library/std/src/panic.rs:358:14
[INFO] [stdout]   39:     0x55943aca4fda - std::thread::Builder::spawn_unchecked_::{{closure}}::h53c3a1894dce8407
[INFO] [stdout]                                at /rustc/6067b36314ab5eb2eb47cecc464545ba58e1ad24/library/std/src/thread/mod.rs:557:30
[INFO] [stdout]   40:     0x55943aca4fda - core::ops::function::FnOnce::call_once{{vtable.shim}}::h048ce291ad4f62bf
[INFO] [stdout]                                at /rustc/6067b36314ab5eb2eb47cecc464545ba58e1ad24/library/core/src/ops/function.rs:250:5
[INFO] [stdout]   41:     0x55943bd7ab8b - <alloc::boxed::Box<F,A> as core::ops::function::FnOnce<Args>>::call_once::ha52bedf99a3b4981
[INFO] [stdout]                                at /rustc/6067b36314ab5eb2eb47cecc464545ba58e1ad24/library/alloc/src/boxed.rs:2013:9
[INFO] [stdout]   42:     0x55943bd7ab8b - <alloc::boxed::Box<F,A> as core::ops::function::FnOnce<Args>>::call_once::h567748934d80ccf8
[INFO] [stdout]                                at /rustc/6067b36314ab5eb2eb47cecc464545ba58e1ad24/library/alloc/src/boxed.rs:2013:9
[INFO] [stdout]   43:     0x55943bd7ab8b - std::sys::pal::unix::thread::Thread::new::thread_start::h2d970728ae887adc
[INFO] [stdout]                                at /rustc/6067b36314ab5eb2eb47cecc464545ba58e1ad24/library/std/src/sys/pal/unix/thread.rs:106:17
[INFO] [stdout]   44:     0x7171145d1ac3 - <unknown>
[INFO] [stdout]   45:     0x717114662a04 - clone
[INFO] [stdout]   46:                0x0 - <unknown>
[INFO] [stdout] 
[INFO] [stdout] ---- tests::test_sync_files stdout ----
[INFO] [stdout] 
[INFO] [stdout] thread 'tests::test_sync_files' panicked at src/lib.rs:132:56:
[INFO] [stdout] called `Result::unwrap()` on an `Err` value: could not load configuration from environment and/or file. Fix the fields in /sc/service/etc/.config/scamplers or fix the corresponding environment variables prefixed by 'SCAMPLERS'
[INFO] [stdout] 
[INFO] [stdout] Caused by:
[INFO] [stdout]     missing field `db_uri`
[INFO] [stdout] 
[INFO] [stdout] Stack backtrace:
[INFO] [stdout]    0: <E as anyhow::context::ext::StdError>::ext_context
[INFO] [stdout]              at /opt/rustwide/cargo-home/registry/src/index.crates.io-1949cf8c6b5b557f/anyhow-1.0.82/src/backtrace.rs:27:14
[INFO] [stdout]    1: anyhow::context::<impl anyhow::Context<T,E> for core::result::Result<T,E>>::with_context
[INFO] [stdout]              at /opt/rustwide/cargo-home/registry/src/index.crates.io-1949cf8c6b5b557f/anyhow-1.0.82/src/context.rs:65:31
[INFO] [stdout]    2: scamplers::ScamplersConfig::load
[INFO] [stdout]              at ./src/lib.rs:38:9
[INFO] [stdout]    3: scamplers::tests::test_sync_files
[INFO] [stdout]              at ./src/lib.rs:132:32
[INFO] [stdout]    4: scamplers::tests::test_sync_files::{{closure}}
[INFO] [stdout]              at ./src/lib.rs:131:29
[INFO] [stdout]    5: core::ops::function::FnOnce::call_once
[INFO] [stdout]              at /rustc/6067b36314ab5eb2eb47cecc464545ba58e1ad24/library/core/src/ops/function.rs:250:5
[INFO] [stdout]    6: core::ops::function::FnOnce::call_once
[INFO] [stdout]              at /rustc/6067b36314ab5eb2eb47cecc464545ba58e1ad24/library/core/src/ops/function.rs:250:5
[INFO] [stdout]    7: test::__rust_begin_short_backtrace
[INFO] [stdout]              at /rustc/6067b36314ab5eb2eb47cecc464545ba58e1ad24/library/test/src/lib.rs:632:18
[INFO] [stdout]    8: test::run_test_in_process::{{closure}}
[INFO] [stdout]              at /rustc/6067b36314ab5eb2eb47cecc464545ba58e1ad24/library/test/src/lib.rs:655:60
[INFO] [stdout]    9: <core::panic::unwind_safe::AssertUnwindSafe<F> as core::ops::function::FnOnce<()>>::call_once
[INFO] [stdout]              at /rustc/6067b36314ab5eb2eb47cecc464545ba58e1ad24/library/core/src/panic/unwind_safe.rs:272:9
[INFO] [stdout]   10: std::panicking::try::do_call
[INFO] [stdout]              at /rustc/6067b36314ab5eb2eb47cecc464545ba58e1ad24/library/std/src/panicking.rs:587:40
[INFO] [stdout]   11: std::panicking::try
[INFO] [stdout]              at /rustc/6067b36314ab5eb2eb47cecc464545ba58e1ad24/library/std/src/panicking.rs:550:19
[INFO] [stdout]   12: std::panic::catch_unwind
[INFO] [stdout]              at /rustc/6067b36314ab5eb2eb47cecc464545ba58e1ad24/library/std/src/panic.rs:358:14
[INFO] [stdout]   13: test::run_test_in_process
[INFO] [stdout]              at /rustc/6067b36314ab5eb2eb47cecc464545ba58e1ad24/library/test/src/lib.rs:655:27
[INFO] [stdout]   14: test::run_test::{{closure}}
[INFO] [stdout]              at /rustc/6067b36314ab5eb2eb47cecc464545ba58e1ad24/library/test/src/lib.rs:576:43
[INFO] [stdout]   15: test::run_test::{{closure}}
[INFO] [stdout]              at /rustc/6067b36314ab5eb2eb47cecc464545ba58e1ad24/library/test/src/lib.rs:606:41
[INFO] [stdout]   16: std::sys::backtrace::__rust_begin_short_backtrace
[INFO] [stdout]              at /rustc/6067b36314ab5eb2eb47cecc464545ba58e1ad24/library/std/src/sys/backtrace.rs:152:18
[INFO] [stdout]   17: std::thread::Builder::spawn_unchecked_::{{closure}}::{{closure}}
[INFO] [stdout]              at /rustc/6067b36314ab5eb2eb47cecc464545ba58e1ad24/library/std/src/thread/mod.rs:559:17
[INFO] [stdout]   18: <core::panic::unwind_safe::AssertUnwindSafe<F> as core::ops::function::FnOnce<()>>::call_once
[INFO] [stdout]              at /rustc/6067b36314ab5eb2eb47cecc464545ba58e1ad24/library/core/src/panic/unwind_safe.rs:272:9
[INFO] [stdout]   19: std::panicking::try::do_call
[INFO] [stdout]              at /rustc/6067b36314ab5eb2eb47cecc464545ba58e1ad24/library/std/src/panicking.rs:587:40
[INFO] [stdout]   20: std::panicking::try
[INFO] [stdout]              at /rustc/6067b36314ab5eb2eb47cecc464545ba58e1ad24/library/std/src/panicking.rs:550:19
[INFO] [stdout]   21: std::panic::catch_unwind
[INFO] [stdout]              at /rustc/6067b36314ab5eb2eb47cecc464545ba58e1ad24/library/std/src/panic.rs:358:14
[INFO] [stdout]   22: std::thread::Builder::spawn_unchecked_::{{closure}}
[INFO] [stdout]              at /rustc/6067b36314ab5eb2eb47cecc464545ba58e1ad24/library/std/src/thread/mod.rs:557:30
[INFO] [stdout]   23: core::ops::function::FnOnce::call_once{{vtable.shim}}
[INFO] [stdout]              at /rustc/6067b36314ab5eb2eb47cecc464545ba58e1ad24/library/core/src/ops/function.rs:250:5
[INFO] [stdout]   24: <alloc::boxed::Box<F,A> as core::ops::function::FnOnce<Args>>::call_once
[INFO] [stdout]              at /rustc/6067b36314ab5eb2eb47cecc464545ba58e1ad24/library/alloc/src/boxed.rs:2013:9
[INFO] [stdout]   25: <alloc::boxed::Box<F,A> as core::ops::function::FnOnce<Args>>::call_once
[INFO] [stdout]              at /rustc/6067b36314ab5eb2eb47cecc464545ba58e1ad24/library/alloc/src/boxed.rs:2013:9
[INFO] [stdout]   26: std::sys::pal::unix::thread::Thread::new::thread_start
[INFO] [stdout]              at /rustc/6067b36314ab5eb2eb47cecc464545ba58e1ad24/library/std/src/sys/pal/unix/thread.rs:106:17
[INFO] [stdout]   27: <unknown>
[INFO] [stdout]   28: clone
[INFO] [stdout] stack backtrace:
[INFO] [stdout]    0:     0x55943bd742fa - std::backtrace_rs::backtrace::libunwind::trace::hb059275cfc8d6126
[INFO] [stdout]                                at /rustc/6067b36314ab5eb2eb47cecc464545ba58e1ad24/library/std/src/../../backtrace/src/backtrace/libunwind.rs:116:5
[INFO] [stdout]    1:     0x55943bd742fa - std::backtrace_rs::backtrace::trace_unsynchronized::h2da071e4327ce3ee
[INFO] [stdout]                                at /rustc/6067b36314ab5eb2eb47cecc464545ba58e1ad24/library/std/src/../../backtrace/src/backtrace/mod.rs:66:5
[INFO] [stdout]    2:     0x55943bd742fa - std::sys::backtrace::_print_fmt::h842a1474e6f8d23f
[INFO] [stdout]                                at /rustc/6067b36314ab5eb2eb47cecc464545ba58e1ad24/library/std/src/sys/backtrace.rs:66:9
[INFO] [stdout]    3:     0x55943bd742fa - <std::sys::backtrace::BacktraceLock::print::DisplayBacktrace as core::fmt::Display>::fmt::h71a62eb3b9696b12
[INFO] [stdout]                                at /rustc/6067b36314ab5eb2eb47cecc464545ba58e1ad24/library/std/src/sys/backtrace.rs:39:26
[INFO] [stdout]    4:     0x55943bda34c3 - core::fmt::rt::Argument::fmt::hdb6b616786b41dc1
[INFO] [stdout]                                at /rustc/6067b36314ab5eb2eb47cecc464545ba58e1ad24/library/core/src/fmt/rt.rs:177:76
[INFO] [stdout]    5:     0x55943bda34c3 - core::fmt::write::h2cc1698af7e2d686
[INFO] [stdout]                                at /rustc/6067b36314ab5eb2eb47cecc464545ba58e1ad24/library/core/src/fmt/mod.rs:1440:21
[INFO] [stdout]    6:     0x55943bd6fc53 - std::io::Write::write_fmt::hab1b4cd059a79022
[INFO] [stdout]                                at /rustc/6067b36314ab5eb2eb47cecc464545ba58e1ad24/library/std/src/io/mod.rs:1887:15
[INFO] [stdout]    7:     0x55943bd74142 - std::sys::backtrace::BacktraceLock::print::h147fe35b4ea13b08
[INFO] [stdout]                                at /rustc/6067b36314ab5eb2eb47cecc464545ba58e1ad24/library/std/src/sys/backtrace.rs:42:9
[INFO] [stdout]    8:     0x55943bd7571f - std::panicking::default_hook::{{closure}}::hbd44223dbdc0d208
[INFO] [stdout]                                at /rustc/6067b36314ab5eb2eb47cecc464545ba58e1ad24/library/std/src/panicking.rs:298:22
[INFO] [stdout]    9:     0x55943bd75538 - std::panicking::default_hook::h20f81eb0576efcec
[INFO] [stdout]                                at /rustc/6067b36314ab5eb2eb47cecc464545ba58e1ad24/library/std/src/panicking.rs:322:9
[INFO] [stdout]   10:     0x55943acd9f83 - <alloc::boxed::Box<F,A> as core::ops::function::Fn<Args>>::call::hdb53814c496a4d34
[INFO] [stdout]                                at /rustc/6067b36314ab5eb2eb47cecc464545ba58e1ad24/library/alloc/src/boxed.rs:2027:9
[INFO] [stdout]   11:     0x55943acd9f83 - test::test_main::{{closure}}::hc0a4963c59427c24
[INFO] [stdout]                                at /rustc/6067b36314ab5eb2eb47cecc464545ba58e1ad24/library/test/src/lib.rs:134:21
[INFO] [stdout]   12:     0x55943bd76213 - <alloc::boxed::Box<F,A> as core::ops::function::Fn<Args>>::call::h591b2225413a77e9
[INFO] [stdout]                                at /rustc/6067b36314ab5eb2eb47cecc464545ba58e1ad24/library/alloc/src/boxed.rs:2027:9
[INFO] [stdout]   13:     0x55943bd76213 - std::panicking::rust_panic_with_hook::h625eea43051b2edc
[INFO] [stdout]                                at /rustc/6067b36314ab5eb2eb47cecc464545ba58e1ad24/library/std/src/panicking.rs:839:13
[INFO] [stdout]   14:     0x55943bd75eca - std::panicking::begin_panic_handler::{{closure}}::h4f9159cfbc3f6bd3
[INFO] [stdout]                                at /rustc/6067b36314ab5eb2eb47cecc464545ba58e1ad24/library/std/src/panicking.rs:704:13
[INFO] [stdout]   15:     0x55943bd747f9 - std::sys::backtrace::__rust_end_short_backtrace::h0390abce48353151
[INFO] [stdout]                                at /rustc/6067b36314ab5eb2eb47cecc464545ba58e1ad24/library/std/src/sys/backtrace.rs:168:18
[INFO] [stdout]   16:     0x55943bd75b5d - rust_begin_unwind
[INFO] [stdout]                                at /rustc/6067b36314ab5eb2eb47cecc464545ba58e1ad24/library/std/src/panicking.rs:695:5
[INFO] [stdout]   17:     0x55943bda0dd0 - core::panicking::panic_fmt::h9e7c637e9e5f29c9
[INFO] [stdout]                                at /rustc/6067b36314ab5eb2eb47cecc464545ba58e1ad24/library/core/src/panicking.rs:75:14
[INFO] [stdout]   18:     0x55943bda1246 - core::result::unwrap_failed::h7979f09313fe1849
[INFO] [stdout]                                at /rustc/6067b36314ab5eb2eb47cecc464545ba58e1ad24/library/core/src/result.rs:1704:5
[INFO] [stdout]   19:     0x55943abd66ea - core::result::Result<T,E>::unwrap::hed822fde6ca3f776
[INFO] [stdout]                                at /rustc/6067b36314ab5eb2eb47cecc464545ba58e1ad24/library/core/src/result.rs:1109:23
[INFO] [stdout]   20:     0x55943abd66ea - scamplers::tests::test_sync_files::had877bac971c2588
[INFO] [stdout]                                at /opt/rustwide/workdir/src/lib.rs:132:32
[INFO] [stdout]   21:     0x55943abd6657 - scamplers::tests::test_sync_files::{{closure}}::hfa4a6808ba470ca1
[INFO] [stdout]                                at /opt/rustwide/workdir/src/lib.rs:131:29
[INFO] [stdout]   22:     0x55943ab5c776 - core::ops::function::FnOnce::call_once::hd4b56d61d3c7c95c
[INFO] [stdout]                                at /rustc/6067b36314ab5eb2eb47cecc464545ba58e1ad24/library/core/src/ops/function.rs:250:5
[INFO] [stdout]   23:     0x55943acdf6db - core::ops::function::FnOnce::call_once::he27718dfdd183f43
[INFO] [stdout]                                at /rustc/6067b36314ab5eb2eb47cecc464545ba58e1ad24/library/core/src/ops/function.rs:250:5
[INFO] [stdout]   24:     0x55943acdf6db - test::__rust_begin_short_backtrace::h4e84902998457a5d
[INFO] [stdout]                                at /rustc/6067b36314ab5eb2eb47cecc464545ba58e1ad24/library/test/src/lib.rs:632:18
[INFO] [stdout]   25:     0x55943acde613 - test::run_test_in_process::{{closure}}::h7176fd18fc1feca0
[INFO] [stdout]                                at /rustc/6067b36314ab5eb2eb47cecc464545ba58e1ad24/library/test/src/lib.rs:655:60
[INFO] [stdout]   26:     0x55943acde613 - <core::panic::unwind_safe::AssertUnwindSafe<F> as core::ops::function::FnOnce<()>>::call_once::hf79cff2a624d8cf7
[INFO] [stdout]                                at /rustc/6067b36314ab5eb2eb47cecc464545ba58e1ad24/library/core/src/panic/unwind_safe.rs:272:9
[INFO] [stdout]   27:     0x55943acde613 - std::panicking::try::do_call::h3da0561d9ab99c25
[INFO] [stdout]                                at /rustc/6067b36314ab5eb2eb47cecc464545ba58e1ad24/library/std/src/panicking.rs:587:40
[INFO] [stdout]   28:     0x55943acde613 - std::panicking::try::h41c9fa508bc61df6
[INFO] [stdout]                                at /rustc/6067b36314ab5eb2eb47cecc464545ba58e1ad24/library/std/src/panicking.rs:550:19
[INFO] [stdout]   29:     0x55943acde613 - std::panic::catch_unwind::h6b3ff07bb5afad93
[INFO] [stdout]                                at /rustc/6067b36314ab5eb2eb47cecc464545ba58e1ad24/library/std/src/panic.rs:358:14
[INFO] [stdout]   30:     0x55943acde613 - test::run_test_in_process::hc7253dd11b39b9f4
[INFO] [stdout]                                at /rustc/6067b36314ab5eb2eb47cecc464545ba58e1ad24/library/test/src/lib.rs:655:27
[INFO] [stdout]   31:     0x55943acde613 - test::run_test::{{closure}}::hfb2007f8649c30bb
[INFO] [stdout]                                at /rustc/6067b36314ab5eb2eb47cecc464545ba58e1ad24/library/test/src/lib.rs:576:43
[INFO] [stdout]   32:     0x55943aca16f5 - test::run_test::{{closure}}::h56a17aa7a282a9f4
[INFO] [stdout]                                at /rustc/6067b36314ab5eb2eb47cecc464545ba58e1ad24/library/test/src/lib.rs:606:41
[INFO] [stdout]   33:     0x55943aca16f5 - std::sys::backtrace::__rust_begin_short_backtrace::hd2d2d2fb8e8c6aac
[INFO] [stdout]                                at /rustc/6067b36314ab5eb2eb47cecc464545ba58e1ad24/library/std/src/sys/backtrace.rs:152:18
[INFO] [stdout]   34:     0x55943aca4fda - std::thread::Builder::spawn_unchecked_::{{closure}}::{{closure}}::h4faa3f9db6133423
[INFO] [stdout]                                at /rustc/6067b36314ab5eb2eb47cecc464545ba58e1ad24/library/std/src/thread/mod.rs:559:17
[INFO] [stdout]   35:     0x55943aca4fda - <core::panic::unwind_safe::AssertUnwindSafe<F> as core::ops::function::FnOnce<()>>::call_once::hf2e855a36a4ea846
[INFO] [stdout]                                at /rustc/6067b36314ab5eb2eb47cecc464545ba58e1ad24/library/core/src/panic/unwind_safe.rs:272:9
[INFO] [stdout]   36:     0x55943aca4fda - std::panicking::try::do_call::h2f73af3616c35465
[INFO] [stdout]                                at /rustc/6067b36314ab5eb2eb47cecc464545ba58e1ad24/library/std/src/panicking.rs:587:40
[INFO] [stdout]   37:     0x55943aca4fda - std::panicking::try::hd1660ce9efadef5a
[INFO] [stdout]                                at /rustc/6067b36314ab5eb2eb47cecc464545ba58e1ad24/library/std/src/panicking.rs:550:19
[INFO] [stdout]   38:     0x55943aca4fda - std::panic::catch_unwind::h5ee8d7823b8ca744
[INFO] [stdout]                                at /rustc/6067b36314ab5eb2eb47cecc464545ba58e1ad24/library/std/src/panic.rs:358:14
[INFO] [stdout]   39:     0x55943aca4fda - std::thread::Builder::spawn_unchecked_::{{closure}}::h53c3a1894dce8407
[INFO] [stdout]                                at /rustc/6067b36314ab5eb2eb47cecc464545ba58e1ad24/library/std/src/thread/mod.rs:557:30
[INFO] [stdout]   40:     0x55943aca4fda - core::ops::function::FnOnce::call_once{{vtable.shim}}::h048ce291ad4f62bf
[INFO] [stdout]                                at /rustc/6067b36314ab5eb2eb47cecc464545ba58e1ad24/library/core/src/ops/function.rs:250:5
[INFO] [stdout]   41:     0x55943bd7ab8b - <alloc::boxed::Box<F,A> as core::ops::function::FnOnce<Args>>::call_once::ha52bedf99a3b4981
[INFO] [stdout]                                at /rustc/6067b36314ab5eb2eb47cecc464545ba58e1ad24/library/alloc/src/boxed.rs:2013:9
[INFO] [stdout]   42:     0x55943bd7ab8b - <alloc::boxed::Box<F,A> as core::ops::function::FnOnce<Args>>::call_once::h567748934d80ccf8
[INFO] [stdout]                                at /rustc/6067b36314ab5eb2eb47cecc464545ba58e1ad24/library/alloc/src/boxed.rs:2013:9
[INFO] [stdout]   43:     0x55943bd7ab8b - std::sys::pal::unix::thread::Thread::new::thread_start::h2d970728ae887adc
[INFO] [stdout]                                at /rustc/6067b36314ab5eb2eb47cecc464545ba58e1ad24/library/std/src/sys/pal/unix/thread.rs:106:17
[INFO] [stdout]   44:     0x7171145d1ac3 - <unknown>
[INFO] [stdout]   45:     0x717114662a04 - clone
[INFO] [stdout]   46:                0x0 - <unknown>
[INFO] [stdout] 
[INFO] [stdout] 
[INFO] [stdout] failures:
[INFO] [stdout]     tests::test_sync_10x
[INFO] [stdout]     tests::test_sync_10x_then_sync_files
[INFO] [stdout]     tests::test_sync_files
[INFO] [stdout] 
[INFO] [stdout] test result: FAILED. 0 passed; 3 failed; 0 ignored; 0 measured; 0 filtered out; finished in 0.12s
[INFO] [stdout] 
[INFO] [stderr] error: test failed, to rerun pass `--lib`
[INFO] running `Command { std: "docker" "inspect" "ce5670fa48e596b208d45185811e912b8b26b62fbe4ef04e42b211f8a1ee2261", kill_on_drop: false }`
[INFO] running `Command { std: "docker" "rm" "-f" "ce5670fa48e596b208d45185811e912b8b26b62fbe4ef04e42b211f8a1ee2261", kill_on_drop: false }`
[INFO] [stdout] ce5670fa48e596b208d45185811e912b8b26b62fbe4ef04e42b211f8a1ee2261
