[INFO] cloning repository https://github.com/ahl/bundler
[INFO] running `Command { std: "git" "-c" "credential.helper=" "-c" "credential.helper=/workspace/cargo-home/bin/git-credential-null" "clone" "--bare" "https://github.com/ahl/bundler" "/workspace/cache/git-repos/https%3A%2F%2Fgithub.com%2Fahl%2Fbundler", kill_on_drop: false }`
[INFO] [stderr] Cloning into bare repository '/workspace/cache/git-repos/https%3A%2F%2Fgithub.com%2Fahl%2Fbundler'...
[INFO] running `Command { std: "git" "rev-parse" "HEAD", kill_on_drop: false }`
[INFO] [stdout] b92f14547abd4d3b3f71edba0ae08e9efec8d990
[INFO] testing ahl/bundler against nightly-2025-01-18+rustflags=-Zrandomize-layout for randomize-layout-2
[INFO] running `Command { std: "git" "clone" "/workspace/cache/git-repos/https%3A%2F%2Fgithub.com%2Fahl%2Fbundler" "/workspace/builds/worker-3-tc2/source", kill_on_drop: false }`
[INFO] [stderr] Cloning into '/workspace/builds/worker-3-tc2/source'...
[INFO] [stderr] done.
[INFO] validating manifest of git repo https://github.com/ahl/bundler on toolchain nightly-2025-01-18
[INFO] running `Command { std: CARGO_HOME="/workspace/cargo-home" RUSTUP_HOME="/workspace/rustup-home" "/workspace/cargo-home/bin/cargo" "+nightly-2025-01-18" "metadata" "--manifest-path" "Cargo.toml" "--no-deps", kill_on_drop: false }`
[INFO] started tweaking git repo https://github.com/ahl/bundler
[INFO] finished tweaking git repo https://github.com/ahl/bundler
[INFO] tweaked toml for git repo https://github.com/ahl/bundler written to /workspace/builds/worker-3-tc2/source/Cargo.toml
[INFO] crate git repo https://github.com/ahl/bundler already has a lockfile, it will not be regenerated
[INFO] running `Command { std: CARGO_HOME="/workspace/cargo-home" RUSTUP_HOME="/workspace/rustup-home" "/workspace/cargo-home/bin/cargo" "+nightly-2025-01-18" "fetch" "--manifest-path" "Cargo.toml", kill_on_drop: false }`
[INFO] running `Command { std: "docker" "create" "-v" "/var/lib/crater-agent-workspace/builds/worker-3-tc2/target:/opt/rustwide/target:rw,Z" "-v" "/var/lib/crater-agent-workspace/builds/worker-3-tc2/source:/opt/rustwide/workdir:ro,Z" "-v" "/var/lib/crater-agent-workspace/cargo-home:/opt/rustwide/cargo-home:ro,Z" "-v" "/var/lib/crater-agent-workspace/rustup-home:/opt/rustwide/rustup-home:ro,Z" "-e" "SOURCE_DIR=/opt/rustwide/workdir" "-e" "CARGO_TARGET_DIR=/opt/rustwide/target" "-e" "CARGO_HOME=/opt/rustwide/cargo-home" "-e" "RUSTUP_HOME=/opt/rustwide/rustup-home" "-w" "/opt/rustwide/workdir" "-m" "1610612736" "--user" "0:0" "--network" "none" "ghcr.io/rust-lang/crates-build-env/linux@sha256:819108c5571ea2e421544af4d832f968d213c87fbe3707a016657f43d2f853bc" "/opt/rustwide/cargo-home/bin/cargo" "+nightly-2025-01-18" "metadata" "--no-deps" "--format-version=1", kill_on_drop: false }`
[INFO] [stdout] 2c6ea2e3dc67ee04895640dac3d26d0fe3bf9d0e416379e3ad6eea7f53a1c37c
[INFO] running `Command { std: "docker" "start" "-a" "2c6ea2e3dc67ee04895640dac3d26d0fe3bf9d0e416379e3ad6eea7f53a1c37c", kill_on_drop: false }`
[INFO] running `Command { std: "docker" "inspect" "2c6ea2e3dc67ee04895640dac3d26d0fe3bf9d0e416379e3ad6eea7f53a1c37c", kill_on_drop: false }`
[INFO] running `Command { std: "docker" "rm" "-f" "2c6ea2e3dc67ee04895640dac3d26d0fe3bf9d0e416379e3ad6eea7f53a1c37c", kill_on_drop: false }`
[INFO] [stdout] 2c6ea2e3dc67ee04895640dac3d26d0fe3bf9d0e416379e3ad6eea7f53a1c37c
[INFO] running `Command { std: "docker" "create" "-v" "/var/lib/crater-agent-workspace/builds/worker-3-tc2/target:/opt/rustwide/target:rw,Z" "-v" "/var/lib/crater-agent-workspace/builds/worker-3-tc2/source:/opt/rustwide/workdir:ro,Z" "-v" "/var/lib/crater-agent-workspace/cargo-home:/opt/rustwide/cargo-home:ro,Z" "-v" "/var/lib/crater-agent-workspace/rustup-home:/opt/rustwide/rustup-home:ro,Z" "-e" "SOURCE_DIR=/opt/rustwide/workdir" "-e" "CARGO_TARGET_DIR=/opt/rustwide/target" "-e" "CARGO_INCREMENTAL=0" "-e" "RUST_BACKTRACE=full" "-e" "RUSTFLAGS=--cap-lints=forbid -Zrandomize-layout" "-e" "RUSTDOCFLAGS=--cap-lints=forbid" "-e" "CARGO_HOME=/opt/rustwide/cargo-home" "-e" "RUSTUP_HOME=/opt/rustwide/rustup-home" "-w" "/opt/rustwide/workdir" "-m" "1610612736" "--user" "0:0" "--network" "none" "ghcr.io/rust-lang/crates-build-env/linux@sha256:819108c5571ea2e421544af4d832f968d213c87fbe3707a016657f43d2f853bc" "/opt/rustwide/cargo-home/bin/cargo" "+nightly-2025-01-18" "build" "--frozen" "--message-format=json", kill_on_drop: false }`
[INFO] [stdout] 2bec329cf03e008a021877422c583b70f88e0262d35ee3e387890bb80abf899e
[INFO] running `Command { std: "docker" "start" "-a" "2bec329cf03e008a021877422c583b70f88e0262d35ee3e387890bb80abf899e", kill_on_drop: false }`
[INFO] [stderr]    Compiling proc-macro2 v1.0.81
[INFO] [stderr]    Compiling unicode-ident v1.0.12
[INFO] [stderr]    Compiling stable_deref_trait v1.2.0
[INFO] [stderr]    Compiling litemap v0.7.3
[INFO] [stderr]    Compiling writeable v0.5.5
[INFO] [stderr]    Compiling icu_locid_transform_data v1.5.0
[INFO] [stderr]    Compiling icu_properties_data v1.5.0
[INFO] [stderr]    Compiling smallvec v1.13.2
[INFO] [stderr]    Compiling serde v1.0.200
[INFO] [stderr]    Compiling icu_normalizer_data v1.5.0
[INFO] [stderr]    Compiling utf8_iter v1.0.4
[INFO] [stderr]    Compiling utf16_iter v1.0.5
[INFO] [stderr]    Compiling write16 v1.0.0
[INFO] [stderr]    Compiling percent-encoding v2.3.1
[INFO] [stderr]    Compiling serde_json v1.0.116
[INFO] [stderr]    Compiling itoa v1.0.11
[INFO] [stderr]    Compiling ryu v1.0.17
[INFO] [stderr]    Compiling form_urlencoded v1.2.1
[INFO] [stderr]    Compiling quote v1.0.36
[INFO] [stderr]    Compiling syn v2.0.60
[INFO] [stderr]    Compiling synstructure v0.13.1
[INFO] [stderr]    Compiling zerovec-derive v0.10.2
[INFO] [stderr]    Compiling displaydoc v0.2.4
[INFO] [stderr]    Compiling icu_provider_macros v1.5.0
[INFO] [stderr]    Compiling serde_derive v1.0.200
[INFO] [stderr]    Compiling zerofrom-derive v0.1.4
[INFO] [stderr]    Compiling yoke-derive v0.7.4
[INFO] [stderr]    Compiling zerofrom v0.1.4
[INFO] [stderr]    Compiling yoke v0.7.4
[INFO] [stderr]    Compiling zerovec v0.10.2
[INFO] [stderr]    Compiling tinystr v0.7.6
[INFO] [stderr]    Compiling icu_collections v1.5.0
[INFO] [stderr]    Compiling icu_locid v1.5.0
[INFO] [stderr]    Compiling icu_provider v1.5.0
[INFO] [stderr]    Compiling icu_locid_transform v1.5.0
[INFO] [stderr]    Compiling icu_properties v1.5.0
[INFO] [stderr]    Compiling icu_normalizer v1.5.0
[INFO] [stderr]    Compiling idna v1.0.0
[INFO] [stderr]    Compiling url v2.5.1
[INFO] [stderr]    Compiling bundler v0.1.0 (/opt/rustwide/workdir)
[INFO] [stdout] warning: unused variable: `path`
[INFO] [stdout]    --> src/bootstrap.rs:372:14
[INFO] [stdout]     |
[INFO] [stdout] 372 |         for (path, schema) in schema.iter_schema() {
[INFO] [stdout]     |              ^^^^ help: if this is intentional, prefix it with an underscore: `_path`
[INFO] [stdout]     |
[INFO] [stdout]     = note: `#[warn(unused_variables)]` on by default
[INFO] [stdout] 
[INFO] [stdout] 
[INFO] [stdout] warning: unused variable: `context`
[INFO] [stdout]    --> src/bootstrap.rs:375:21
[INFO] [stdout]     |
[INFO] [stdout] 375 |                     context,
[INFO] [stdout]     |                     ^^^^^^^ help: try ignoring the field: `context: _`
[INFO] [stdout] 
[INFO] [stdout] 
[INFO] [stdout] warning: unused variable: `value`
[INFO] [stdout]    --> src/bootstrap.rs:376:21
[INFO] [stdout]     |
[INFO] [stdout] 376 |                     value,
[INFO] [stdout]     |                     ^^^^^ help: try ignoring the field: `value: _`
[INFO] [stdout] 
[INFO] [stdout] 
[INFO] [stdout] warning: unused variable: `schema`
[INFO] [stdout]    --> src/bootstrap.rs:377:21
[INFO] [stdout]     |
[INFO] [stdout] 377 |                     schema,
[INFO] [stdout]     |                     ^^^^^^ help: try ignoring the field: `schema: _`
[INFO] [stdout] 
[INFO] [stdout] 
[INFO] [stdout] warning: method `into_inner` is never used
[INFO] [stdout]    --> src/bootstrap.rs:171:12
[INFO] [stdout]     |
[INFO] [stdout] 158 | / impl<T> NonEmpty<T>
[INFO] [stdout] 159 | | where
[INFO] [stdout] 160 | |     T: IsEmpty,
[INFO] [stdout]     | |_______________- method in this implementation
[INFO] [stdout] ...
[INFO] [stdout] 171 |       pub fn into_inner(self) -> T {
[INFO] [stdout]     |              ^^^^^^^^^^
[INFO] [stdout]     |
[INFO] [stdout]     = note: `#[warn(dead_code)]` on by default
[INFO] [stdout] 
[INFO] [stdout] 
[INFO] [stdout] warning: method `walk_schemas` is never used
[INFO] [stdout]    --> src/bootstrap.rs:204:8
[INFO] [stdout]     |
[INFO] [stdout] 195 | impl SchemaOrBool {
[INFO] [stdout]     | ----------------- method in this implementation
[INFO] [stdout] ...
[INFO] [stdout] 204 |     fn walk_schemas(&self, path: String) {
[INFO] [stdout]     |        ^^^^^^^^^^^^
[INFO] [stdout] 
[INFO] [stdout] 
[INFO] [stdout] warning: method `walk_schemas` is never used
[INFO] [stdout]    --> src/bootstrap.rs:259:12
[INFO] [stdout]     |
[INFO] [stdout] 212 | impl Schema {
[INFO] [stdout]     | ----------- method in this implementation
[INFO] [stdout] ...
[INFO] [stdout] 259 |     pub fn walk_schemas(&self, path: String) {
[INFO] [stdout]     |            ^^^^^^^^^^^^
[INFO] [stdout] 
[INFO] [stdout] 
[INFO] [stdout] warning: enum `Canonical` is never used
[INFO] [stdout]  --> src/canonical.rs:3:10
[INFO] [stdout]   |
[INFO] [stdout] 3 | pub enum Canonical {
[INFO] [stdout]   |          ^^^^^^^^^
[INFO] [stdout] 
[INFO] [stdout] 
[INFO] [stdout] warning: struct `Schema` is never constructed
[INFO] [stdout]  --> src/ir.rs:1:12
[INFO] [stdout]   |
[INFO] [stdout] 1 | pub struct Schema {}
[INFO] [stdout]   |            ^^^^^^
[INFO] [stdout] 
[INFO] [stdout] 
[INFO] [stderr]     Finished `dev` profile [unoptimized + debuginfo] target(s) in 21.24s
[INFO] running `Command { std: "docker" "inspect" "2bec329cf03e008a021877422c583b70f88e0262d35ee3e387890bb80abf899e", kill_on_drop: false }`
[INFO] running `Command { std: "docker" "rm" "-f" "2bec329cf03e008a021877422c583b70f88e0262d35ee3e387890bb80abf899e", kill_on_drop: false }`
[INFO] [stdout] 2bec329cf03e008a021877422c583b70f88e0262d35ee3e387890bb80abf899e
[INFO] running `Command { std: "docker" "create" "-v" "/var/lib/crater-agent-workspace/builds/worker-3-tc2/target:/opt/rustwide/target:rw,Z" "-v" "/var/lib/crater-agent-workspace/builds/worker-3-tc2/source:/opt/rustwide/workdir:ro,Z" "-v" "/var/lib/crater-agent-workspace/cargo-home:/opt/rustwide/cargo-home:ro,Z" "-v" "/var/lib/crater-agent-workspace/rustup-home:/opt/rustwide/rustup-home:ro,Z" "-e" "SOURCE_DIR=/opt/rustwide/workdir" "-e" "CARGO_TARGET_DIR=/opt/rustwide/target" "-e" "CARGO_INCREMENTAL=0" "-e" "RUST_BACKTRACE=full" "-e" "RUSTFLAGS=--cap-lints=forbid -Zrandomize-layout" "-e" "RUSTDOCFLAGS=--cap-lints=forbid" "-e" "CARGO_HOME=/opt/rustwide/cargo-home" "-e" "RUSTUP_HOME=/opt/rustwide/rustup-home" "-w" "/opt/rustwide/workdir" "-m" "1610612736" "--user" "0:0" "--network" "none" "ghcr.io/rust-lang/crates-build-env/linux@sha256:819108c5571ea2e421544af4d832f968d213c87fbe3707a016657f43d2f853bc" "/opt/rustwide/cargo-home/bin/cargo" "+nightly-2025-01-18" "test" "--frozen" "--no-run" "--message-format=json", kill_on_drop: false }`
[INFO] [stdout] b7e0f39828856607983c23c433e46ffda7c7965f97a716053e7a8bb899c477e3
[INFO] running `Command { std: "docker" "start" "-a" "b7e0f39828856607983c23c433e46ffda7c7965f97a716053e7a8bb899c477e3", kill_on_drop: false }`
[INFO] [stderr]    Compiling bundler v0.1.0 (/opt/rustwide/workdir)
[INFO] [stdout] warning: unused variable: `path`
[INFO] [stdout]    --> src/bootstrap.rs:372:14
[INFO] [stdout]     |
[INFO] [stdout] 372 |         for (path, schema) in schema.iter_schema() {
[INFO] [stdout]     |              ^^^^ help: if this is intentional, prefix it with an underscore: `_path`
[INFO] [stdout]     |
[INFO] [stdout]     = note: `#[warn(unused_variables)]` on by default
[INFO] [stdout] 
[INFO] [stdout] 
[INFO] [stdout] warning: unused variable: `context`
[INFO] [stdout]    --> src/bootstrap.rs:375:21
[INFO] [stdout]     |
[INFO] [stdout] 375 |                     context,
[INFO] [stdout]     |                     ^^^^^^^ help: try ignoring the field: `context: _`
[INFO] [stdout] 
[INFO] [stdout] 
[INFO] [stdout] warning: unused variable: `value`
[INFO] [stdout]    --> src/bootstrap.rs:376:21
[INFO] [stdout]     |
[INFO] [stdout] 376 |                     value,
[INFO] [stdout]     |                     ^^^^^ help: try ignoring the field: `value: _`
[INFO] [stdout] 
[INFO] [stdout] 
[INFO] [stdout] warning: unused variable: `schema`
[INFO] [stdout]    --> src/bootstrap.rs:377:21
[INFO] [stdout]     |
[INFO] [stdout] 377 |                     schema,
[INFO] [stdout]     |                     ^^^^^^ help: try ignoring the field: `schema: _`
[INFO] [stdout] 
[INFO] [stdout] 
[INFO] [stdout] warning: method `into_inner` is never used
[INFO] [stdout]    --> src/bootstrap.rs:171:12
[INFO] [stdout]     |
[INFO] [stdout] 158 | / impl<T> NonEmpty<T>
[INFO] [stdout] 159 | | where
[INFO] [stdout] 160 | |     T: IsEmpty,
[INFO] [stdout]     | |_______________- method in this implementation
[INFO] [stdout] ...
[INFO] [stdout] 171 |       pub fn into_inner(self) -> T {
[INFO] [stdout]     |              ^^^^^^^^^^
[INFO] [stdout]     |
[INFO] [stdout]     = note: `#[warn(dead_code)]` on by default
[INFO] [stdout] 
[INFO] [stdout] 
[INFO] [stdout] warning: method `walk_schemas` is never used
[INFO] [stdout]    --> src/bootstrap.rs:204:8
[INFO] [stdout]     |
[INFO] [stdout] 195 | impl SchemaOrBool {
[INFO] [stdout]     | ----------------- method in this implementation
[INFO] [stdout] ...
[INFO] [stdout] 204 |     fn walk_schemas(&self, path: String) {
[INFO] [stdout]     |        ^^^^^^^^^^^^
[INFO] [stdout] 
[INFO] [stdout] 
[INFO] [stdout] warning: method `walk_schemas` is never used
[INFO] [stdout]    --> src/bootstrap.rs:259:12
[INFO] [stdout]     |
[INFO] [stdout] 212 | impl Schema {
[INFO] [stdout]     | ----------- method in this implementation
[INFO] [stdout] ...
[INFO] [stdout] 259 |     pub fn walk_schemas(&self, path: String) {
[INFO] [stdout]     |            ^^^^^^^^^^^^
[INFO] [stdout] 
[INFO] [stdout] 
[INFO] [stdout] warning: enum `Canonical` is never used
[INFO] [stdout]  --> src/canonical.rs:3:10
[INFO] [stdout]   |
[INFO] [stdout] 3 | pub enum Canonical {
[INFO] [stdout]   |          ^^^^^^^^^
[INFO] [stdout] 
[INFO] [stdout] 
[INFO] [stdout] warning: struct `Schema` is never constructed
[INFO] [stdout]  --> src/ir.rs:1:12
[INFO] [stdout]   |
[INFO] [stdout] 1 | pub struct Schema {}
[INFO] [stdout]   |            ^^^^^^
[INFO] [stdout] 
[INFO] [stdout] 
[INFO] [stdout] warning: unused variable: `path`
[INFO] [stdout]    --> src/bootstrap.rs:372:14
[INFO] [stdout]     |
[INFO] [stdout] 372 |         for (path, schema) in schema.iter_schema() {
[INFO] [stdout]     |              ^^^^ help: if this is intentional, prefix it with an underscore: `_path`
[INFO] [stdout]     |
[INFO] [stdout]     = note: `#[warn(unused_variables)]` on by default
[INFO] [stdout] 
[INFO] [stdout] 
[INFO] [stdout] warning: unused variable: `context`
[INFO] [stdout]    --> src/bootstrap.rs:375:21
[INFO] [stdout]     |
[INFO] [stdout] 375 |                     context,
[INFO] [stdout]     |                     ^^^^^^^ help: try ignoring the field: `context: _`
[INFO] [stdout] 
[INFO] [stdout] 
[INFO] [stdout] warning: unused variable: `value`
[INFO] [stdout]    --> src/bootstrap.rs:376:21
[INFO] [stdout]     |
[INFO] [stdout] 376 |                     value,
[INFO] [stdout]     |                     ^^^^^ help: try ignoring the field: `value: _`
[INFO] [stdout] 
[INFO] [stdout] 
[INFO] [stdout] warning: unused variable: `schema`
[INFO] [stdout]    --> src/bootstrap.rs:377:21
[INFO] [stdout]     |
[INFO] [stdout] 377 |                     schema,
[INFO] [stdout]     |                     ^^^^^^ help: try ignoring the field: `schema: _`
[INFO] [stdout] 
[INFO] [stdout] 
[INFO] [stdout] warning: method `into_inner` is never used
[INFO] [stdout]    --> src/bootstrap.rs:171:12
[INFO] [stdout]     |
[INFO] [stdout] 158 | / impl<T> NonEmpty<T>
[INFO] [stdout] 159 | | where
[INFO] [stdout] 160 | |     T: IsEmpty,
[INFO] [stdout]     | |_______________- method in this implementation
[INFO] [stdout] ...
[INFO] [stdout] 171 |       pub fn into_inner(self) -> T {
[INFO] [stdout]     |              ^^^^^^^^^^
[INFO] [stdout]     |
[INFO] [stdout]     = note: `#[warn(dead_code)]` on by default
[INFO] [stdout] 
[INFO] [stdout] 
[INFO] [stdout] warning: method `walk_schemas` is never used
[INFO] [stdout]    --> src/bootstrap.rs:204:8
[INFO] [stdout]     |
[INFO] [stdout] 195 | impl SchemaOrBool {
[INFO] [stdout]     | ----------------- method in this implementation
[INFO] [stdout] ...
[INFO] [stdout] 204 |     fn walk_schemas(&self, path: String) {
[INFO] [stdout]     |        ^^^^^^^^^^^^
[INFO] [stdout] 
[INFO] [stdout] 
[INFO] [stdout] warning: method `walk_schemas` is never used
[INFO] [stdout]    --> src/bootstrap.rs:259:12
[INFO] [stdout]     |
[INFO] [stdout] 212 | impl Schema {
[INFO] [stdout]     | ----------- method in this implementation
[INFO] [stdout] ...
[INFO] [stdout] 259 |     pub fn walk_schemas(&self, path: String) {
[INFO] [stdout]     |            ^^^^^^^^^^^^
[INFO] [stdout] 
[INFO] [stdout] 
[INFO] [stdout] warning: enum `Canonical` is never used
[INFO] [stdout]  --> src/canonical.rs:3:10
[INFO] [stdout]   |
[INFO] [stdout] 3 | pub enum Canonical {
[INFO] [stdout]   |          ^^^^^^^^^
[INFO] [stdout] 
[INFO] [stdout] 
[INFO] [stdout] warning: struct `Schema` is never constructed
[INFO] [stdout]  --> src/ir.rs:1:12
[INFO] [stdout]   |
[INFO] [stdout] 1 | pub struct Schema {}
[INFO] [stdout]   |            ^^^^^^
[INFO] [stdout] 
[INFO] [stdout] 
[INFO] [stderr]     Finished `test` profile [unoptimized + debuginfo] target(s) in 1.43s
[INFO] running `Command { std: "docker" "inspect" "b7e0f39828856607983c23c433e46ffda7c7965f97a716053e7a8bb899c477e3", kill_on_drop: false }`
[INFO] running `Command { std: "docker" "rm" "-f" "b7e0f39828856607983c23c433e46ffda7c7965f97a716053e7a8bb899c477e3", kill_on_drop: false }`
[INFO] [stdout] b7e0f39828856607983c23c433e46ffda7c7965f97a716053e7a8bb899c477e3
[INFO] running `Command { std: "docker" "create" "-v" "/var/lib/crater-agent-workspace/builds/worker-3-tc2/target:/opt/rustwide/target:rw,Z" "-v" "/var/lib/crater-agent-workspace/builds/worker-3-tc2/source:/opt/rustwide/workdir:ro,Z" "-v" "/var/lib/crater-agent-workspace/cargo-home:/opt/rustwide/cargo-home:ro,Z" "-v" "/var/lib/crater-agent-workspace/rustup-home:/opt/rustwide/rustup-home:ro,Z" "-e" "SOURCE_DIR=/opt/rustwide/workdir" "-e" "CARGO_TARGET_DIR=/opt/rustwide/target" "-e" "CARGO_INCREMENTAL=0" "-e" "RUST_BACKTRACE=full" "-e" "RUSTFLAGS=--cap-lints=forbid -Zrandomize-layout" "-e" "RUSTDOCFLAGS=--cap-lints=forbid" "-e" "CARGO_HOME=/opt/rustwide/cargo-home" "-e" "RUSTUP_HOME=/opt/rustwide/rustup-home" "-w" "/opt/rustwide/workdir" "-m" "1610612736" "--user" "0:0" "--network" "none" "ghcr.io/rust-lang/crates-build-env/linux@sha256:819108c5571ea2e421544af4d832f968d213c87fbe3707a016657f43d2f853bc" "/opt/rustwide/cargo-home/bin/cargo" "+nightly-2025-01-18" "test" "--frozen", kill_on_drop: false }`
[INFO] [stdout] 1970cde17ec4491c8381697f2b4546842f0193785de337402f15d5988a8e2ca5
[INFO] running `Command { std: "docker" "start" "-a" "1970cde17ec4491c8381697f2b4546842f0193785de337402f15d5988a8e2ca5", kill_on_drop: false }`
[INFO] [stderr] warning: unused variable: `path`
[INFO] [stderr]    --> src/bootstrap.rs:372:14
[INFO] [stderr]     |
[INFO] [stderr] 372 |         for (path, schema) in schema.iter_schema() {
[INFO] [stderr]     |              ^^^^ help: if this is intentional, prefix it with an underscore: `_path`
[INFO] [stderr]     |
[INFO] [stderr]     = note: `#[warn(unused_variables)]` on by default
[INFO] [stderr] 
[INFO] [stderr] warning: unused variable: `context`
[INFO] [stderr]    --> src/bootstrap.rs:375:21
[INFO] [stderr]     |
[INFO] [stderr] 375 |                     context,
[INFO] [stderr]     |                     ^^^^^^^ help: try ignoring the field: `context: _`
[INFO] [stderr] 
[INFO] [stderr] warning: unused variable: `value`
[INFO] [stderr]    --> src/bootstrap.rs:376:21
[INFO] [stderr]     |
[INFO] [stderr] 376 |                     value,
[INFO] [stderr]     |                     ^^^^^ help: try ignoring the field: `value: _`
[INFO] [stderr] 
[INFO] [stderr] warning: unused variable: `schema`
[INFO] [stderr]    --> src/bootstrap.rs:377:21
[INFO] [stderr]     |
[INFO] [stderr] 377 |                     schema,
[INFO] [stderr]     |                     ^^^^^^ help: try ignoring the field: `schema: _`
[INFO] [stderr] 
[INFO] [stderr] warning: method `into_inner` is never used
[INFO] [stderr]    --> src/bootstrap.rs:171:12
[INFO] [stderr]     |
[INFO] [stderr] 158 | / impl<T> NonEmpty<T>
[INFO] [stderr] 159 | | where
[INFO] [stderr] 160 | |     T: IsEmpty,
[INFO] [stderr]     | |_______________- method in this implementation
[INFO] [stderr] ...
[INFO] [stderr] 171 |       pub fn into_inner(self) -> T {
[INFO] [stderr]     |              ^^^^^^^^^^
[INFO] [stderr]     |
[INFO] [stderr]     = note: `#[warn(dead_code)]` on by default
[INFO] [stderr] 
[INFO] [stderr] warning: method `walk_schemas` is never used
[INFO] [stderr]    --> src/bootstrap.rs:204:8
[INFO] [stderr]     |
[INFO] [stderr] 195 | impl SchemaOrBool {
[INFO] [stderr]     | ----------------- method in this implementation
[INFO] [stderr] ...
[INFO] [stderr] 204 |     fn walk_schemas(&self, path: String) {
[INFO] [stderr]     |        ^^^^^^^^^^^^
[INFO] [stderr] 
[INFO] [stderr] warning: method `walk_schemas` is never used
[INFO] [stderr]    --> src/bootstrap.rs:259:12
[INFO] [stderr]     |
[INFO] [stderr] 212 | impl Schema {
[INFO] [stderr]     | ----------- method in this implementation
[INFO] [stderr] ...
[INFO] [stderr] 259 |     pub fn walk_schemas(&self, path: String) {
[INFO] [stderr]     |            ^^^^^^^^^^^^
[INFO] [stderr] 
[INFO] [stderr] warning: enum `Canonical` is never used
[INFO] [stderr]  --> src/canonical.rs:3:10
[INFO] [stderr]   |
[INFO] [stderr] 3 | pub enum Canonical {
[INFO] [stderr]   |          ^^^^^^^^^
[INFO] [stderr] 
[INFO] [stderr] warning: struct `Schema` is never constructed
[INFO] [stderr]  --> src/ir.rs:1:12
[INFO] [stderr]   |
[INFO] [stderr] 1 | pub struct Schema {}
[INFO] [stderr]   |            ^^^^^^
[INFO] [stderr] 
[INFO] [stderr] warning: `bundler` (lib) generated 9 warnings
[INFO] [stderr] warning: `bundler` (lib test) generated 9 warnings (9 duplicates)
[INFO] [stderr]     Finished `test` profile [unoptimized + debuginfo] target(s) in 0.05s
[INFO] [stderr]      Running unittests src/lib.rs (/opt/rustwide/target/debug/deps/bundler-4ecd30e1d9a13037)
[INFO] [stdout] 
[INFO] [stdout] running 3 tests
[INFO] [stdout] test append_map::tests::multi_borrow ... ok
[INFO] [stderr] error: test failed, to rerun pass `--lib`
[INFO] [stdout] test append_map::tests::double_insert - should panic ... ok
[INFO] [stdout] test tests::xxx ... FAILED
[INFO] [stdout] 
[INFO] [stdout] failures:
[INFO] [stdout] 
[INFO] [stdout] ---- tests::xxx stdout ----
[INFO] [stdout] Some("https://json-schema.org/draft/2020-12/schema")
[INFO] [stdout] dyn anch meta => #
[INFO] [stdout] ref meta/core
[INFO] [stdout] ref meta/applicator
[INFO] [stdout] ref meta/unevaluated
[INFO] [stdout] ref meta/validation
[INFO] [stdout] ref meta/meta-data
[INFO] [stdout] ref meta/format-annotation
[INFO] [stdout] ref meta/content
[INFO] [stdout] ref meta/core#/$defs/anchorString
[INFO] [stdout] ref meta/core#/$defs/uriReferenceString
[INFO] [stdout] dyn ref #meta
[INFO] [stdout] dyn ref #meta
[INFO] [stdout] ref meta/validation#/$defs/stringArray
[INFO] [stdout] 
[INFO] [stdout] thread 'tests::xxx' panicked at src/lib.rs:295:9:
[INFO] [stdout] explicit panic
[INFO] [stdout] stack backtrace:
[INFO] [stdout]    0:     0x61ce94dff86a - std::backtrace_rs::backtrace::libunwind::trace::hb059275cfc8d6126
[INFO] [stdout]                                at /rustc/6067b36314ab5eb2eb47cecc464545ba58e1ad24/library/std/src/../../backtrace/src/backtrace/libunwind.rs:116:5
[INFO] [stdout]    1:     0x61ce94dff86a - std::backtrace_rs::backtrace::trace_unsynchronized::h2da071e4327ce3ee
[INFO] [stdout]                                at /rustc/6067b36314ab5eb2eb47cecc464545ba58e1ad24/library/std/src/../../backtrace/src/backtrace/mod.rs:66:5
[INFO] [stdout]    2:     0x61ce94dff86a - std::sys::backtrace::_print_fmt::h842a1474e6f8d23f
[INFO] [stdout]                                at /rustc/6067b36314ab5eb2eb47cecc464545ba58e1ad24/library/std/src/sys/backtrace.rs:66:9
[INFO] [stdout]    3:     0x61ce94dff86a - <std::sys::backtrace::BacktraceLock::print::DisplayBacktrace as core::fmt::Display>::fmt::h71a62eb3b9696b12
[INFO] [stdout]                                at /rustc/6067b36314ab5eb2eb47cecc464545ba58e1ad24/library/std/src/sys/backtrace.rs:39:26
[INFO] [stdout]    4:     0x61ce94e26fe3 - core::fmt::rt::Argument::fmt::hdb6b616786b41dc1
[INFO] [stdout]                                at /rustc/6067b36314ab5eb2eb47cecc464545ba58e1ad24/library/core/src/fmt/rt.rs:177:76
[INFO] [stdout]    5:     0x61ce94e26fe3 - core::fmt::write::h2cc1698af7e2d686
[INFO] [stdout]                                at /rustc/6067b36314ab5eb2eb47cecc464545ba58e1ad24/library/core/src/fmt/mod.rs:1440:21
[INFO] [stdout]    6:     0x61ce94dfc3c3 - std::io::Write::write_fmt::hab1b4cd059a79022
[INFO] [stdout]                                at /rustc/6067b36314ab5eb2eb47cecc464545ba58e1ad24/library/std/src/io/mod.rs:1887:15
[INFO] [stdout]    7:     0x61ce94dff6b2 - std::sys::backtrace::BacktraceLock::print::h147fe35b4ea13b08
[INFO] [stdout]                                at /rustc/6067b36314ab5eb2eb47cecc464545ba58e1ad24/library/std/src/sys/backtrace.rs:42:9
[INFO] [stdout]    8:     0x61ce94e00c8f - std::panicking::default_hook::{{closure}}::hbd44223dbdc0d208
[INFO] [stdout]                                at /rustc/6067b36314ab5eb2eb47cecc464545ba58e1ad24/library/std/src/panicking.rs:298:22
[INFO] [stdout]    9:     0x61ce94e00aa8 - std::panicking::default_hook::h20f81eb0576efcec
[INFO] [stdout]                                at /rustc/6067b36314ab5eb2eb47cecc464545ba58e1ad24/library/std/src/panicking.rs:322:9
[INFO] [stdout]   10:     0x61ce94dbf0a3 - <alloc::boxed::Box<F,A> as core::ops::function::Fn<Args>>::call::hdb53814c496a4d34
[INFO] [stdout]                                at /rustc/6067b36314ab5eb2eb47cecc464545ba58e1ad24/library/alloc/src/boxed.rs:2027:9
[INFO] [stdout]   11:     0x61ce94dbf0a3 - test::test_main::{{closure}}::hc0a4963c59427c24
[INFO] [stdout]                                at /rustc/6067b36314ab5eb2eb47cecc464545ba58e1ad24/library/test/src/lib.rs:134:21
[INFO] [stdout]   12:     0x61ce94e01783 - <alloc::boxed::Box<F,A> as core::ops::function::Fn<Args>>::call::h591b2225413a77e9
[INFO] [stdout]                                at /rustc/6067b36314ab5eb2eb47cecc464545ba58e1ad24/library/alloc/src/boxed.rs:2027:9
[INFO] [stdout]   13:     0x61ce94e01783 - std::panicking::rust_panic_with_hook::h625eea43051b2edc
[INFO] [stdout]                                at /rustc/6067b36314ab5eb2eb47cecc464545ba58e1ad24/library/std/src/panicking.rs:839:13
[INFO] [stdout]   14:     0x61ce94e0143a - std::panicking::begin_panic_handler::{{closure}}::h4f9159cfbc3f6bd3
[INFO] [stdout]                                at /rustc/6067b36314ab5eb2eb47cecc464545ba58e1ad24/library/std/src/panicking.rs:704:13
[INFO] [stdout]   15:     0x61ce94dffd69 - std::sys::backtrace::__rust_end_short_backtrace::h0390abce48353151
[INFO] [stdout]                                at /rustc/6067b36314ab5eb2eb47cecc464545ba58e1ad24/library/std/src/sys/backtrace.rs:168:18
[INFO] [stdout]   16:     0x61ce94e010cd - rust_begin_unwind
[INFO] [stdout]                                at /rustc/6067b36314ab5eb2eb47cecc464545ba58e1ad24/library/std/src/panicking.rs:695:5
[INFO] [stdout]   17:     0x61ce94e25990 - core::panicking::panic_fmt::h9e7c637e9e5f29c9
[INFO] [stdout]                                at /rustc/6067b36314ab5eb2eb47cecc464545ba58e1ad24/library/core/src/panicking.rs:75:14
[INFO] [stdout]   18:     0x61ce94e25b16 - core::panicking::panic_display::hd8e666a41baebd7d
[INFO] [stdout]                                at /rustc/6067b36314ab5eb2eb47cecc464545ba58e1ad24/library/core/src/panicking.rs:261:5
[INFO] [stdout]   19:     0x61ce94e25b16 - core::panicking::panic_explicit::h9407dada34874bb0
[INFO] [stdout]                                at /rustc/6067b36314ab5eb2eb47cecc464545ba58e1ad24/library/core/src/panicking.rs:234:5
[INFO] [stdout]   20:     0x61ce94d601ea - bundler::tests::xxx::panic_cold_explicit::hecaf9fb2ea110f20
[INFO] [stdout]                                at /rustc/6067b36314ab5eb2eb47cecc464545ba58e1ad24/library/core/src/panic.rs:88:13
[INFO] [stdout]   21:     0x61ce94d601c5 - bundler::tests::xxx::h150447c1a35791e0
[INFO] [stdout]                                at /opt/rustwide/workdir/src/lib.rs:295:9
[INFO] [stdout]   22:     0x61ce94d60107 - bundler::tests::xxx::{{closure}}::h7af84ccb7e4e41da
[INFO] [stdout]                                at /opt/rustwide/workdir/src/lib.rs:287:13
[INFO] [stdout]   23:     0x61ce94d58b46 - core::ops::function::FnOnce::call_once::hb17abb337c5380fb
[INFO] [stdout]                                at /rustc/6067b36314ab5eb2eb47cecc464545ba58e1ad24/library/core/src/ops/function.rs:250:5
[INFO] [stdout]   24:     0x61ce94dc47fb - core::ops::function::FnOnce::call_once::he27718dfdd183f43
[INFO] [stdout]                                at /rustc/6067b36314ab5eb2eb47cecc464545ba58e1ad24/library/core/src/ops/function.rs:250:5
[INFO] [stdout]   25:     0x61ce94dc47fb - test::__rust_begin_short_backtrace::h4e84902998457a5d
[INFO] [stdout]                                at /rustc/6067b36314ab5eb2eb47cecc464545ba58e1ad24/library/test/src/lib.rs:632:18
[INFO] [stdout]   26:     0x61ce94dc3733 - test::run_test_in_process::{{closure}}::h7176fd18fc1feca0
[INFO] [stdout]                                at /rustc/6067b36314ab5eb2eb47cecc464545ba58e1ad24/library/test/src/lib.rs:655:60
[INFO] [stdout]   27:     0x61ce94dc3733 - <core::panic::unwind_safe::AssertUnwindSafe<F> as core::ops::function::FnOnce<()>>::call_once::hf79cff2a624d8cf7
[INFO] [stdout]                                at /rustc/6067b36314ab5eb2eb47cecc464545ba58e1ad24/library/core/src/panic/unwind_safe.rs:272:9
[INFO] [stdout]   28:     0x61ce94dc3733 - std::panicking::try::do_call::h3da0561d9ab99c25
[INFO] [stdout]                                at /rustc/6067b36314ab5eb2eb47cecc464545ba58e1ad24/library/std/src/panicking.rs:587:40
[INFO] [stdout]   29:     0x61ce94dc3733 - std::panicking::try::h41c9fa508bc61df6
[INFO] [stdout]                                at /rustc/6067b36314ab5eb2eb47cecc464545ba58e1ad24/library/std/src/panicking.rs:550:19
[INFO] [stdout]   30:     0x61ce94dc3733 - std::panic::catch_unwind::h6b3ff07bb5afad93
[INFO] [stdout]                                at /rustc/6067b36314ab5eb2eb47cecc464545ba58e1ad24/library/std/src/panic.rs:358:14
[INFO] [stdout]   31:     0x61ce94dc3733 - test::run_test_in_process::hc7253dd11b39b9f4
[INFO] [stdout]                                at /rustc/6067b36314ab5eb2eb47cecc464545ba58e1ad24/library/test/src/lib.rs:655:27
[INFO] [stdout]   32:     0x61ce94dc3733 - test::run_test::{{closure}}::hfb2007f8649c30bb
[INFO] [stdout]                                at /rustc/6067b36314ab5eb2eb47cecc464545ba58e1ad24/library/test/src/lib.rs:576:43
[INFO] [stdout]   33:     0x61ce94d86815 - test::run_test::{{closure}}::h56a17aa7a282a9f4
[INFO] [stdout]                                at /rustc/6067b36314ab5eb2eb47cecc464545ba58e1ad24/library/test/src/lib.rs:606:41
[INFO] [stdout]   34:     0x61ce94d86815 - std::sys::backtrace::__rust_begin_short_backtrace::hd2d2d2fb8e8c6aac
[INFO] [stdout]                                at /rustc/6067b36314ab5eb2eb47cecc464545ba58e1ad24/library/std/src/sys/backtrace.rs:152:18
[INFO] [stdout]   35:     0x61ce94d8a0fa - std::thread::Builder::spawn_unchecked_::{{closure}}::{{closure}}::h4faa3f9db6133423
[INFO] [stdout]                                at /rustc/6067b36314ab5eb2eb47cecc464545ba58e1ad24/library/std/src/thread/mod.rs:559:17
[INFO] [stdout]   36:     0x61ce94d8a0fa - <core::panic::unwind_safe::AssertUnwindSafe<F> as core::ops::function::FnOnce<()>>::call_once::hf2e855a36a4ea846
[INFO] [stdout]                                at /rustc/6067b36314ab5eb2eb47cecc464545ba58e1ad24/library/core/src/panic/unwind_safe.rs:272:9
[INFO] [stdout]   37:     0x61ce94d8a0fa - std::panicking::try::do_call::h2f73af3616c35465
[INFO] [stdout]                                at /rustc/6067b36314ab5eb2eb47cecc464545ba58e1ad24/library/std/src/panicking.rs:587:40
[INFO] [stdout]   38:     0x61ce94d8a0fa - std::panicking::try::hd1660ce9efadef5a
[INFO] [stdout]                                at /rustc/6067b36314ab5eb2eb47cecc464545ba58e1ad24/library/std/src/panicking.rs:550:19
[INFO] [stdout]   39:     0x61ce94d8a0fa - std::panic::catch_unwind::h5ee8d7823b8ca744
[INFO] [stdout]                                at /rustc/6067b36314ab5eb2eb47cecc464545ba58e1ad24/library/std/src/panic.rs:358:14
[INFO] [stdout]   40:     0x61ce94d8a0fa - std::thread::Builder::spawn_unchecked_::{{closure}}::h53c3a1894dce8407
[INFO] [stdout]                                at /rustc/6067b36314ab5eb2eb47cecc464545ba58e1ad24/library/std/src/thread/mod.rs:557:30
[INFO] [stdout]   41:     0x61ce94d8a0fa - core::ops::function::FnOnce::call_once{{vtable.shim}}::h048ce291ad4f62bf
[INFO] [stdout]                                at /rustc/6067b36314ab5eb2eb47cecc464545ba58e1ad24/library/core/src/ops/function.rs:250:5
[INFO] [stdout]   42:     0x61ce94e056bb - <alloc::boxed::Box<F,A> as core::ops::function::FnOnce<Args>>::call_once::ha52bedf99a3b4981
[INFO] [stdout]                                at /rustc/6067b36314ab5eb2eb47cecc464545ba58e1ad24/library/alloc/src/boxed.rs:2013:9
[INFO] [stdout]   43:     0x61ce94e056bb - <alloc::boxed::Box<F,A> as core::ops::function::FnOnce<Args>>::call_once::h567748934d80ccf8
[INFO] [stdout]                                at /rustc/6067b36314ab5eb2eb47cecc464545ba58e1ad24/library/alloc/src/boxed.rs:2013:9
[INFO] [stdout]   44:     0x61ce94e056bb - std::sys::pal::unix::thread::Thread::new::thread_start::h2d970728ae887adc
[INFO] [stdout]                                at /rustc/6067b36314ab5eb2eb47cecc464545ba58e1ad24/library/std/src/sys/pal/unix/thread.rs:106:17
[INFO] [stdout]   45:     0x7402dcdc2ac3 - <unknown>
[INFO] [stdout]   46:     0x7402dce53a04 - clone
[INFO] [stdout]   47:                0x0 - <unknown>
[INFO] [stdout] 
[INFO] [stdout] 
[INFO] [stdout] failures:
[INFO] [stdout]     tests::xxx
[INFO] [stdout] 
[INFO] [stdout] test result: FAILED. 2 passed; 1 failed; 0 ignored; 0 measured; 0 filtered out; finished in 0.06s
[INFO] [stdout] 
[INFO] running `Command { std: "docker" "inspect" "1970cde17ec4491c8381697f2b4546842f0193785de337402f15d5988a8e2ca5", kill_on_drop: false }`
[INFO] running `Command { std: "docker" "rm" "-f" "1970cde17ec4491c8381697f2b4546842f0193785de337402f15d5988a8e2ca5", kill_on_drop: false }`
[INFO] [stdout] 1970cde17ec4491c8381697f2b4546842f0193785de337402f15d5988a8e2ca5
