[INFO] cloning repository https://github.com/aegis63/artemis
[INFO] running `Command { std: "git" "-c" "credential.helper=" "-c" "credential.helper=/workspace/cargo-home/bin/git-credential-null" "clone" "--bare" "https://github.com/aegis63/artemis" "/workspace/cache/git-repos/https%3A%2F%2Fgithub.com%2Faegis63%2Fartemis", kill_on_drop: false }`
[INFO] [stderr] Cloning into bare repository '/workspace/cache/git-repos/https%3A%2F%2Fgithub.com%2Faegis63%2Fartemis'...
[INFO] running `Command { std: "git" "rev-parse" "HEAD", kill_on_drop: false }`
[INFO] [stdout] 14320155c94ddfd01380a029849b369593991df4
[INFO] testing aegis63/artemis against nightly-2025-01-18+rustflags=-Zrandomize-layout for randomize-layout-2
[INFO] running `Command { std: "git" "clone" "/workspace/cache/git-repos/https%3A%2F%2Fgithub.com%2Faegis63%2Fartemis" "/workspace/builds/worker-0-tc2/source", kill_on_drop: false }`
[INFO] [stderr] Cloning into '/workspace/builds/worker-0-tc2/source'...
[INFO] [stderr] done.
[INFO] validating manifest of git repo https://github.com/aegis63/artemis on toolchain nightly-2025-01-18
[INFO] running `Command { std: CARGO_HOME="/workspace/cargo-home" RUSTUP_HOME="/workspace/rustup-home" "/workspace/cargo-home/bin/cargo" "+nightly-2025-01-18" "metadata" "--manifest-path" "Cargo.toml" "--no-deps", kill_on_drop: false }`
[INFO] started tweaking git repo https://github.com/aegis63/artemis
[INFO] finished tweaking git repo https://github.com/aegis63/artemis
[INFO] tweaked toml for git repo https://github.com/aegis63/artemis written to /workspace/builds/worker-0-tc2/source/Cargo.toml
[INFO] crate git repo https://github.com/aegis63/artemis already has a lockfile, it will not be regenerated
[INFO] running `Command { std: CARGO_HOME="/workspace/cargo-home" RUSTUP_HOME="/workspace/rustup-home" "/workspace/cargo-home/bin/cargo" "+nightly-2025-01-18" "fetch" "--manifest-path" "Cargo.toml", kill_on_drop: false }`
[INFO] running `Command { std: "docker" "create" "-v" "/var/lib/crater-agent-workspace/builds/worker-0-tc2/target:/opt/rustwide/target:rw,Z" "-v" "/var/lib/crater-agent-workspace/builds/worker-0-tc2/source:/opt/rustwide/workdir:ro,Z" "-v" "/var/lib/crater-agent-workspace/cargo-home:/opt/rustwide/cargo-home:ro,Z" "-v" "/var/lib/crater-agent-workspace/rustup-home:/opt/rustwide/rustup-home:ro,Z" "-e" "SOURCE_DIR=/opt/rustwide/workdir" "-e" "CARGO_TARGET_DIR=/opt/rustwide/target" "-e" "CARGO_HOME=/opt/rustwide/cargo-home" "-e" "RUSTUP_HOME=/opt/rustwide/rustup-home" "-w" "/opt/rustwide/workdir" "-m" "1610612736" "--user" "0:0" "--network" "none" "ghcr.io/rust-lang/crates-build-env/linux@sha256:819108c5571ea2e421544af4d832f968d213c87fbe3707a016657f43d2f853bc" "/opt/rustwide/cargo-home/bin/cargo" "+nightly-2025-01-18" "metadata" "--no-deps" "--format-version=1", kill_on_drop: false }`
[INFO] [stdout] 2cc82448ecd49e3a556a8f8e996de588192ea69f5ae8ce2a89a2da92d865859b
[INFO] running `Command { std: "docker" "start" "-a" "2cc82448ecd49e3a556a8f8e996de588192ea69f5ae8ce2a89a2da92d865859b", kill_on_drop: false }`
[INFO] running `Command { std: "docker" "inspect" "2cc82448ecd49e3a556a8f8e996de588192ea69f5ae8ce2a89a2da92d865859b", kill_on_drop: false }`
[INFO] running `Command { std: "docker" "rm" "-f" "2cc82448ecd49e3a556a8f8e996de588192ea69f5ae8ce2a89a2da92d865859b", kill_on_drop: false }`
[INFO] [stdout] 2cc82448ecd49e3a556a8f8e996de588192ea69f5ae8ce2a89a2da92d865859b
[INFO] running `Command { std: "docker" "create" "-v" "/var/lib/crater-agent-workspace/builds/worker-0-tc2/target:/opt/rustwide/target:rw,Z" "-v" "/var/lib/crater-agent-workspace/builds/worker-0-tc2/source:/opt/rustwide/workdir:ro,Z" "-v" "/var/lib/crater-agent-workspace/cargo-home:/opt/rustwide/cargo-home:ro,Z" "-v" "/var/lib/crater-agent-workspace/rustup-home:/opt/rustwide/rustup-home:ro,Z" "-e" "SOURCE_DIR=/opt/rustwide/workdir" "-e" "CARGO_TARGET_DIR=/opt/rustwide/target" "-e" "CARGO_INCREMENTAL=0" "-e" "RUST_BACKTRACE=full" "-e" "RUSTFLAGS=--cap-lints=forbid -Zrandomize-layout" "-e" "RUSTDOCFLAGS=--cap-lints=forbid" "-e" "CARGO_HOME=/opt/rustwide/cargo-home" "-e" "RUSTUP_HOME=/opt/rustwide/rustup-home" "-w" "/opt/rustwide/workdir" "-m" "1610612736" "--user" "0:0" "--network" "none" "ghcr.io/rust-lang/crates-build-env/linux@sha256:819108c5571ea2e421544af4d832f968d213c87fbe3707a016657f43d2f853bc" "/opt/rustwide/cargo-home/bin/cargo" "+nightly-2025-01-18" "build" "--frozen" "--message-format=json", kill_on_drop: false }`
[INFO] [stdout] 0c9e61d50b8db2d408f89bd9fef8a3189bb369e31149c3629ebddb5352f83a6a
[INFO] running `Command { std: "docker" "start" "-a" "0c9e61d50b8db2d408f89bd9fef8a3189bb369e31149c3629ebddb5352f83a6a", kill_on_drop: false }`
[INFO] [stderr]    Compiling proc-macro2 v1.0.67
[INFO] [stderr]    Compiling libc v0.2.148
[INFO] [stderr]    Compiling unicode-ident v1.0.12
[INFO] [stderr]    Compiling cfg-if v1.0.0
[INFO] [stderr]    Compiling futures-core v0.3.28
[INFO] [stderr]    Compiling pin-project-lite v0.2.13
[INFO] [stderr]    Compiling vcpkg v0.2.15
[INFO] [stderr]    Compiling pkg-config v0.3.27
[INFO] [stderr]    Compiling once_cell v1.18.0
[INFO] [stderr]    Compiling autocfg v1.1.0
[INFO] [stderr]    Compiling futures-sink v0.3.28
[INFO] [stderr]    Compiling futures-task v0.3.28
[INFO] [stderr]    Compiling futures-channel v0.3.28
[INFO] [stderr]    Compiling openssl v0.10.57
[INFO] [stderr]    Compiling foreign-types-shared v0.1.1
[INFO] [stderr]    Compiling bytes v1.5.0
[INFO] [stderr]    Compiling tinyvec_macros v0.1.1
[INFO] [stderr]    Compiling futures-util v0.3.28
[INFO] [stderr]    Compiling foreign-types v0.3.2
[INFO] [stderr]    Compiling httparse v1.8.0
[INFO] [stderr]    Compiling tinyvec v1.6.0
[INFO] [stderr]    Compiling memchr v2.6.3
[INFO] [stderr]    Compiling ppv-lite86 v0.2.17
[INFO] [stderr]    Compiling futures-io v0.3.28
[INFO] [stderr]    Compiling pin-utils v0.1.0
[INFO] [stderr]    Compiling tracing-core v0.1.31
[INFO] [stderr]    Compiling bitflags v2.4.0
[INFO] [stderr]    Compiling native-tls v0.2.11
[INFO] [stderr]    Compiling percent-encoding v2.3.0
[INFO] [stderr]    Compiling unicode-bidi v0.3.13
[INFO] [stderr]    Compiling log v0.4.20
[INFO] [stderr]    Compiling slab v0.4.9
[INFO] [stderr]    Compiling openssl-probe v0.1.5
[INFO] [stderr]    Compiling sha1_smol v1.0.0
[INFO] [stderr]    Compiling serde v1.0.188
[INFO] [stderr]    Compiling form_urlencoded v1.2.0
[INFO] [stderr]    Compiling byteorder v1.4.3
[INFO] [stderr]    Compiling serde_json v1.0.107
[INFO] [stderr]    Compiling quote v1.0.33
[INFO] [stderr]    Compiling tracing v0.1.37
[INFO] [stderr]    Compiling sha1 v0.6.1
[INFO] [stderr]    Compiling base64 v0.13.1
[INFO] [stderr]    Compiling ryu v1.0.15
[INFO] [stderr]    Compiling itoa v1.0.9
[INFO] [stderr]    Compiling syn v2.0.35
[INFO] [stderr]    Compiling socket2 v0.5.4
[INFO] [stderr]    Compiling mio v0.8.8
[INFO] [stderr]    Compiling getrandom v0.2.10
[INFO] [stderr]    Compiling cc v1.0.83
[INFO] [stderr]    Compiling unicode-normalization v0.1.22
[INFO] [stderr]    Compiling rand_core v0.6.4
[INFO] [stderr]    Compiling rand_chacha v0.3.1
[INFO] [stderr]    Compiling tokio v1.32.0
[INFO] [stderr]    Compiling rand v0.8.5
[INFO] [stderr]    Compiling idna v0.4.0
[INFO] [stderr]    Compiling openssl-sys v0.9.93
[INFO] [stderr]    Compiling url v2.4.1
[INFO] [stderr]    Compiling openssl-macros v0.1.1
[INFO] [stderr]    Compiling futures-macro v0.3.28
[INFO] [stderr]    Compiling serde_derive v1.0.188
[INFO] [stderr]    Compiling tokio-util v0.7.8
[INFO] [stderr]    Compiling websocket-codec v0.5.2
[INFO] [stderr]    Compiling tokio-native-tls v0.3.1
[INFO] [stderr]    Compiling futures-executor v0.3.28
[INFO] [stderr]    Compiling futures v0.3.28
[INFO] [stderr]    Compiling websocket-lite v0.5.2
[INFO] [stderr]    Compiling artemis v0.1.0 (/opt/rustwide/workdir)
[INFO] [stderr]     Finished `dev` profile [unoptimized + debuginfo] target(s) in 23.45s
[INFO] running `Command { std: "docker" "inspect" "0c9e61d50b8db2d408f89bd9fef8a3189bb369e31149c3629ebddb5352f83a6a", kill_on_drop: false }`
[INFO] running `Command { std: "docker" "rm" "-f" "0c9e61d50b8db2d408f89bd9fef8a3189bb369e31149c3629ebddb5352f83a6a", kill_on_drop: false }`
[INFO] [stdout] 0c9e61d50b8db2d408f89bd9fef8a3189bb369e31149c3629ebddb5352f83a6a
[INFO] running `Command { std: "docker" "create" "-v" "/var/lib/crater-agent-workspace/builds/worker-0-tc2/target:/opt/rustwide/target:rw,Z" "-v" "/var/lib/crater-agent-workspace/builds/worker-0-tc2/source:/opt/rustwide/workdir:ro,Z" "-v" "/var/lib/crater-agent-workspace/cargo-home:/opt/rustwide/cargo-home:ro,Z" "-v" "/var/lib/crater-agent-workspace/rustup-home:/opt/rustwide/rustup-home:ro,Z" "-e" "SOURCE_DIR=/opt/rustwide/workdir" "-e" "CARGO_TARGET_DIR=/opt/rustwide/target" "-e" "CARGO_INCREMENTAL=0" "-e" "RUST_BACKTRACE=full" "-e" "RUSTFLAGS=--cap-lints=forbid -Zrandomize-layout" "-e" "RUSTDOCFLAGS=--cap-lints=forbid" "-e" "CARGO_HOME=/opt/rustwide/cargo-home" "-e" "RUSTUP_HOME=/opt/rustwide/rustup-home" "-w" "/opt/rustwide/workdir" "-m" "1610612736" "--user" "0:0" "--network" "none" "ghcr.io/rust-lang/crates-build-env/linux@sha256:819108c5571ea2e421544af4d832f968d213c87fbe3707a016657f43d2f853bc" "/opt/rustwide/cargo-home/bin/cargo" "+nightly-2025-01-18" "test" "--frozen" "--no-run" "--message-format=json", kill_on_drop: false }`
[INFO] [stdout] a1adc541449ddbb74da66286e1fd59db21814b5ffb6345a253a6606cd681f7f7
[INFO] running `Command { std: "docker" "start" "-a" "a1adc541449ddbb74da66286e1fd59db21814b5ffb6345a253a6606cd681f7f7", kill_on_drop: false }`
[INFO] [stderr]    Compiling parking_lot_core v0.9.8
[INFO] [stderr]    Compiling smallvec v1.11.0
[INFO] [stderr]    Compiling scopeguard v1.2.0
[INFO] [stderr]    Compiling lock_api v0.4.10
[INFO] [stderr]    Compiling signal-hook-registry v1.4.1
[INFO] [stderr]    Compiling num_cpus v1.16.0
[INFO] [stderr]    Compiling tokio-macros v2.1.0
[INFO] [stderr]    Compiling parking_lot v0.12.1
[INFO] [stderr]    Compiling tokio v1.32.0
[INFO] [stderr]    Compiling tokio-util v0.7.8
[INFO] [stderr]    Compiling tokio-native-tls v0.3.1
[INFO] [stderr]    Compiling websocket-codec v0.5.2
[INFO] [stderr]    Compiling websocket-lite v0.5.2
[INFO] [stderr]    Compiling artemis v0.1.0 (/opt/rustwide/workdir)
[INFO] [stderr]     Finished `test` profile [unoptimized + debuginfo] target(s) in 9.56s
[INFO] running `Command { std: "docker" "inspect" "a1adc541449ddbb74da66286e1fd59db21814b5ffb6345a253a6606cd681f7f7", kill_on_drop: false }`
[INFO] running `Command { std: "docker" "rm" "-f" "a1adc541449ddbb74da66286e1fd59db21814b5ffb6345a253a6606cd681f7f7", kill_on_drop: false }`
[INFO] [stdout] a1adc541449ddbb74da66286e1fd59db21814b5ffb6345a253a6606cd681f7f7
[INFO] running `Command { std: "docker" "create" "-v" "/var/lib/crater-agent-workspace/builds/worker-0-tc2/target:/opt/rustwide/target:rw,Z" "-v" "/var/lib/crater-agent-workspace/builds/worker-0-tc2/source:/opt/rustwide/workdir:ro,Z" "-v" "/var/lib/crater-agent-workspace/cargo-home:/opt/rustwide/cargo-home:ro,Z" "-v" "/var/lib/crater-agent-workspace/rustup-home:/opt/rustwide/rustup-home:ro,Z" "-e" "SOURCE_DIR=/opt/rustwide/workdir" "-e" "CARGO_TARGET_DIR=/opt/rustwide/target" "-e" "CARGO_INCREMENTAL=0" "-e" "RUST_BACKTRACE=full" "-e" "RUSTFLAGS=--cap-lints=forbid -Zrandomize-layout" "-e" "RUSTDOCFLAGS=--cap-lints=forbid" "-e" "CARGO_HOME=/opt/rustwide/cargo-home" "-e" "RUSTUP_HOME=/opt/rustwide/rustup-home" "-w" "/opt/rustwide/workdir" "-m" "1610612736" "--user" "0:0" "--network" "none" "ghcr.io/rust-lang/crates-build-env/linux@sha256:819108c5571ea2e421544af4d832f968d213c87fbe3707a016657f43d2f853bc" "/opt/rustwide/cargo-home/bin/cargo" "+nightly-2025-01-18" "test" "--frozen", kill_on_drop: false }`
[INFO] [stdout] c46b47fdb43b5826ef22af3280c7b2d9adbc78a7c911ecfe72730cb290a77b3c
[INFO] running `Command { std: "docker" "start" "-a" "c46b47fdb43b5826ef22af3280c7b2d9adbc78a7c911ecfe72730cb290a77b3c", kill_on_drop: false }`
[INFO] [stderr]     Finished `test` profile [unoptimized + debuginfo] target(s) in 0.11s
[INFO] [stderr]      Running unittests src/lib.rs (/opt/rustwide/target/debug/deps/artemis-d3ccd59027d304be)
[INFO] [stdout] 
[INFO] [stdout] running 0 tests
[INFO] [stderr]      Running tests/worker_requests.rs (/opt/rustwide/target/debug/deps/worker_requests-7ef301ee5163d08b)
[INFO] [stdout] 
[INFO] [stdout] test result: ok. 0 passed; 0 failed; 0 ignored; 0 measured; 0 filtered out; finished in 0.00s
[INFO] [stdout] 
[INFO] [stdout] 
[INFO] [stdout] running 2 tests
[INFO] [stdout] test test_worker2 ... FAILED
[INFO] [stdout] test test_worker ... FAILED
[INFO] [stdout] 
[INFO] [stdout] failures:
[INFO] [stdout] 
[INFO] [stdout] ---- test_worker2 stdout ----
[INFO] [stdout] 
[INFO] [stdout] thread 'test_worker2' panicked at /opt/rustwide/workdir/src/client.rs:32:14:
[INFO] [stdout] failed to connect: Os { code: 111, kind: ConnectionRefused, message: "Connection refused" }
[INFO] [stdout] stack backtrace:
[INFO] [stdout]    0:     0x60007c6342ba - std::backtrace_rs::backtrace::libunwind::trace::hb059275cfc8d6126
[INFO] [stdout]                                at /rustc/6067b36314ab5eb2eb47cecc464545ba58e1ad24/library/std/src/../../backtrace/src/backtrace/libunwind.rs:116:5
[INFO] [stdout]    1:     0x60007c6342ba - std::backtrace_rs::backtrace::trace_unsynchronized::h2da071e4327ce3ee
[INFO] [stdout]                                at /rustc/6067b36314ab5eb2eb47cecc464545ba58e1ad24/library/std/src/../../backtrace/src/backtrace/mod.rs:66:5
[INFO] [stdout]    2:     0x60007c6342ba - std::sys::backtrace::_print_fmt::h842a1474e6f8d23f
[INFO] [stdout]                                at /rustc/6067b36314ab5eb2eb47cecc464545ba58e1ad24/library/std/src/sys/backtrace.rs:66:9
[INFO] [stdout]    3:     0x60007c6342ba - <std::sys::backtrace::BacktraceLock::print::DisplayBacktrace as core::fmt::Display>::fmt::h71a62eb3b9696b12
[INFO] [stdout]                                at /rustc/6067b36314ab5eb2eb47cecc464545ba58e1ad24/library/std/src/sys/backtrace.rs:39:26
[INFO] [stdout]    4:     0x60007c65dcb3 - core::fmt::rt::Argument::fmt::hdb6b616786b41dc1
[INFO] [stdout]                                at /rustc/6067b36314ab5eb2eb47cecc464545ba58e1ad24/library/core/src/fmt/rt.rs:177:76
[INFO] [stdout]    5:     0x60007c65dcb3 - core::fmt::write::h2cc1698af7e2d686
[INFO] [stdout]                                at /rustc/6067b36314ab5eb2eb47cecc464545ba58e1ad24/library/core/src/fmt/mod.rs:1440:21
[INFO] [stdout]    6:     0x60007c630303 - std::io::Write::write_fmt::hab1b4cd059a79022
[INFO] [stdout]                                at /rustc/6067b36314ab5eb2eb47cecc464545ba58e1ad24/library/std/src/io/mod.rs:1887:15
[INFO] [stdout]    7:     0x60007c634102 - std::sys::backtrace::BacktraceLock::print::h147fe35b4ea13b08
[INFO] [stdout]                                at /rustc/6067b36314ab5eb2eb47cecc464545ba58e1ad24/library/std/src/sys/backtrace.rs:42:9
[INFO] [stdout]    8:     0x60007c6356df - std::panicking::default_hook::{{closure}}::hbd44223dbdc0d208
[INFO] [stdout]                                at /rustc/6067b36314ab5eb2eb47cecc464545ba58e1ad24/library/std/src/panicking.rs:298:22
[INFO] [stdout]    9:     0x60007c6354f8 - std::panicking::default_hook::h20f81eb0576efcec
[INFO] [stdout]                                at /rustc/6067b36314ab5eb2eb47cecc464545ba58e1ad24/library/std/src/panicking.rs:322:9
[INFO] [stdout]   10:     0x60007c46bf13 - <alloc::boxed::Box<F,A> as core::ops::function::Fn<Args>>::call::hdb53814c496a4d34
[INFO] [stdout]                                at /rustc/6067b36314ab5eb2eb47cecc464545ba58e1ad24/library/alloc/src/boxed.rs:2027:9
[INFO] [stdout]   11:     0x60007c46bf13 - test::test_main::{{closure}}::hc0a4963c59427c24
[INFO] [stdout]                                at /rustc/6067b36314ab5eb2eb47cecc464545ba58e1ad24/library/test/src/lib.rs:134:21
[INFO] [stdout]   12:     0x60007c6361d3 - <alloc::boxed::Box<F,A> as core::ops::function::Fn<Args>>::call::h591b2225413a77e9
[INFO] [stdout]                                at /rustc/6067b36314ab5eb2eb47cecc464545ba58e1ad24/library/alloc/src/boxed.rs:2027:9
[INFO] [stdout]   13:     0x60007c6361d3 - std::panicking::rust_panic_with_hook::h625eea43051b2edc
[INFO] [stdout]                                at /rustc/6067b36314ab5eb2eb47cecc464545ba58e1ad24/library/std/src/panicking.rs:839:13
[INFO] [stdout]   14:     0x60007c635e8a - std::panicking::begin_panic_handler::{{closure}}::h4f9159cfbc3f6bd3
[INFO] [stdout]                                at /rustc/6067b36314ab5eb2eb47cecc464545ba58e1ad24/library/std/src/panicking.rs:704:13
[INFO] [stdout]   15:     0x60007c6347b9 - std::sys::backtrace::__rust_end_short_backtrace::h0390abce48353151
[INFO] [stdout]                                at /rustc/6067b36314ab5eb2eb47cecc464545ba58e1ad24/library/std/src/sys/backtrace.rs:168:18
[INFO] [stdout]   16:     0x60007c635b1d - rust_begin_unwind
[INFO] [stdout]                                at /rustc/6067b36314ab5eb2eb47cecc464545ba58e1ad24/library/std/src/panicking.rs:695:5
[INFO] [stdout]   17:     0x60007c65c1f0 - core::panicking::panic_fmt::h9e7c637e9e5f29c9
[INFO] [stdout]                                at /rustc/6067b36314ab5eb2eb47cecc464545ba58e1ad24/library/core/src/panicking.rs:75:14
[INFO] [stdout]   18:     0x60007c65c6c6 - core::result::unwrap_failed::h7979f09313fe1849
[INFO] [stdout]                                at /rustc/6067b36314ab5eb2eb47cecc464545ba58e1ad24/library/core/src/result.rs:1704:5
[INFO] [stdout]   19:     0x60007c42b769 - core::result::Result<T,E>::expect::h9ef078d93fd1f4eb
[INFO] [stdout]                                at /rustc/6067b36314ab5eb2eb47cecc464545ba58e1ad24/library/core/src/result.rs:1061:23
[INFO] [stdout]   20:     0x60007c3fe5ae - artemis::client::GraphqlWsClientBuilder::connect::{{closure}}::hf1543396c877f99b
[INFO] [stdout]                                at /opt/rustwide/workdir/src/client.rs:28:22
[INFO] [stdout]   21:     0x60007c420f2c - worker_requests::test_worker2::{{closure}}::ha05b00cc6b09e2c5
[INFO] [stdout]                                at /opt/rustwide/workdir/tests/worker_requests.rs:32:102
[INFO] [stdout]   22:     0x60007c4315b2 - <core::pin::Pin<P> as core::future::future::Future>::poll::hf0d8cbb68267aae2
[INFO] [stdout]                                at /rustc/6067b36314ab5eb2eb47cecc464545ba58e1ad24/library/core/src/future/future.rs:124:9
[INFO] [stdout]   23:     0x60007c4314ed - <core::pin::Pin<P> as core::future::future::Future>::poll::h68402e0030fbd7ec
[INFO] [stdout]                                at /rustc/6067b36314ab5eb2eb47cecc464545ba58e1ad24/library/core/src/future/future.rs:124:9
[INFO] [stdout]   24:     0x60007c405dbf - tokio::runtime::scheduler::current_thread::CoreGuard::block_on::{{closure}}::{{closure}}::{{closure}}::h509e5630dadf35cb
[INFO] [stdout]                                at /opt/rustwide/cargo-home/registry/src/index.crates.io-1949cf8c6b5b557f/tokio-1.32.0/src/runtime/scheduler/current_thread/mod.rs:665:57
[INFO] [stdout]   25:     0x60007c405cc5 - tokio::runtime::coop::with_budget::ha0586b85854e92e6
[INFO] [stdout]                                at /opt/rustwide/cargo-home/registry/src/index.crates.io-1949cf8c6b5b557f/tokio-1.32.0/src/runtime/coop.rs:107:5
[INFO] [stdout]   26:     0x60007c405cc5 - tokio::runtime::coop::budget::hfe97356b7d2dd2e9
[INFO] [stdout]                                at /opt/rustwide/cargo-home/registry/src/index.crates.io-1949cf8c6b5b557f/tokio-1.32.0/src/runtime/coop.rs:73:5
[INFO] [stdout]   27:     0x60007c405cc5 - tokio::runtime::scheduler::current_thread::CoreGuard::block_on::{{closure}}::{{closure}}::hd4c525d1bad53147
[INFO] [stdout]                                at /opt/rustwide/cargo-home/registry/src/index.crates.io-1949cf8c6b5b557f/tokio-1.32.0/src/runtime/scheduler/current_thread/mod.rs:665:25
[INFO] [stdout]   28:     0x60007c4038f0 - tokio::runtime::scheduler::current_thread::Context::enter::he593f2048af33e71
[INFO] [stdout]                                at /opt/rustwide/cargo-home/registry/src/index.crates.io-1949cf8c6b5b557f/tokio-1.32.0/src/runtime/scheduler/current_thread/mod.rs:410:19
[INFO] [stdout]   29:     0x60007c404ace - tokio::runtime::scheduler::current_thread::CoreGuard::block_on::{{closure}}::h1affc289e043d980
[INFO] [stdout]                                at /opt/rustwide/cargo-home/registry/src/index.crates.io-1949cf8c6b5b557f/tokio-1.32.0/src/runtime/scheduler/current_thread/mod.rs:664:36
[INFO] [stdout]   30:     0x60007c4047d4 - tokio::runtime::scheduler::current_thread::CoreGuard::enter::{{closure}}::heecc769d36feda34
[INFO] [stdout]                                at /opt/rustwide/cargo-home/registry/src/index.crates.io-1949cf8c6b5b557f/tokio-1.32.0/src/runtime/scheduler/current_thread/mod.rs:743:68
[INFO] [stdout]   31:     0x60007c41951b - tokio::runtime::context::scoped::Scoped<T>::set::h989239e94765ca42
[INFO] [stdout]                                at /opt/rustwide/cargo-home/registry/src/index.crates.io-1949cf8c6b5b557f/tokio-1.32.0/src/runtime/context/scoped.rs:40:9
[INFO] [stdout]   32:     0x60007c3fb115 - tokio::runtime::context::set_scheduler::{{closure}}::hb552ddc898193631
[INFO] [stdout]                                at /opt/rustwide/cargo-home/registry/src/index.crates.io-1949cf8c6b5b557f/tokio-1.32.0/src/runtime/context.rs:176:26
[INFO] [stdout]   33:     0x60007c4156f2 - std::thread::local::LocalKey<T>::try_with::h4e75d79f1475ff3b
[INFO] [stdout]                                at /rustc/6067b36314ab5eb2eb47cecc464545ba58e1ad24/library/std/src/thread/local.rs:308:12
[INFO] [stdout]   34:     0x60007c414ffa - std::thread::local::LocalKey<T>::with::h04deb571adc9eb1b
[INFO] [stdout]                                at /rustc/6067b36314ab5eb2eb47cecc464545ba58e1ad24/library/std/src/thread/local.rs:272:9
[INFO] [stdout]   35:     0x60007c3fb08d - tokio::runtime::context::set_scheduler::hdf8a387624fa6f05
[INFO] [stdout]                                at /opt/rustwide/cargo-home/registry/src/index.crates.io-1949cf8c6b5b557f/tokio-1.32.0/src/runtime/context.rs:176:9
[INFO] [stdout]   36:     0x60007c404140 - tokio::runtime::scheduler::current_thread::CoreGuard::enter::h2169b42bfcb4b5df
[INFO] [stdout]                                at /opt/rustwide/cargo-home/registry/src/index.crates.io-1949cf8c6b5b557f/tokio-1.32.0/src/runtime/scheduler/current_thread/mod.rs:743:27
[INFO] [stdout]   37:     0x60007c4047f3 - tokio::runtime::scheduler::current_thread::CoreGuard::block_on::h2ec1759dfc1f71f5
[INFO] [stdout]                                at /opt/rustwide/cargo-home/registry/src/index.crates.io-1949cf8c6b5b557f/tokio-1.32.0/src/runtime/scheduler/current_thread/mod.rs:652:19
[INFO] [stdout]   38:     0x60007c402a20 - tokio::runtime::scheduler::current_thread::CurrentThread::block_on::{{closure}}::hfebf6a895c4b38ff
[INFO] [stdout]                                at /opt/rustwide/cargo-home/registry/src/index.crates.io-1949cf8c6b5b557f/tokio-1.32.0/src/runtime/scheduler/current_thread/mod.rs:175:28
[INFO] [stdout]   39:     0x60007c4199b6 - tokio::runtime::context::runtime::enter_runtime::hd13cbec8a109ecf4
[INFO] [stdout]                                at /opt/rustwide/cargo-home/registry/src/index.crates.io-1949cf8c6b5b557f/tokio-1.32.0/src/runtime/context/runtime.rs:65:16
[INFO] [stdout]   40:     0x60007c4025e1 - tokio::runtime::scheduler::current_thread::CurrentThread::block_on::hc68f647a73998961
[INFO] [stdout]                                at /opt/rustwide/cargo-home/registry/src/index.crates.io-1949cf8c6b5b557f/tokio-1.32.0/src/runtime/scheduler/current_thread/mod.rs:167:9
[INFO] [stdout]   41:     0x60007c4023f8 - tokio::runtime::runtime::Runtime::block_on::hc1cc98d086a8b1bd
[INFO] [stdout]                                at /opt/rustwide/cargo-home/registry/src/index.crates.io-1949cf8c6b5b557f/tokio-1.32.0/src/runtime/runtime.rs:347:47
[INFO] [stdout]   42:     0x60007c420b33 - worker_requests::test_worker2::h6b257aedbc9fb7b2
[INFO] [stdout]                                at /opt/rustwide/workdir/tests/worker_requests.rs:76:5
[INFO] [stdout]   43:     0x60007c4209d7 - worker_requests::test_worker2::{{closure}}::h4a1c7cb30cb48aff
[INFO] [stdout]                                at /opt/rustwide/workdir/tests/worker_requests.rs:26:28
[INFO] [stdout]   44:     0x60007c3e1bf6 - core::ops::function::FnOnce::call_once::h5193f795ab6ed862
[INFO] [stdout]                                at /rustc/6067b36314ab5eb2eb47cecc464545ba58e1ad24/library/core/src/ops/function.rs:250:5
[INFO] [stdout]   45:     0x60007c47166b - core::ops::function::FnOnce::call_once::he27718dfdd183f43
[INFO] [stdout]                                at /rustc/6067b36314ab5eb2eb47cecc464545ba58e1ad24/library/core/src/ops/function.rs:250:5
[INFO] [stdout]   46:     0x60007c47166b - test::__rust_begin_short_backtrace::h4e84902998457a5d
[INFO] [stdout]                                at /rustc/6067b36314ab5eb2eb47cecc464545ba58e1ad24/library/test/src/lib.rs:632:18
[INFO] [stdout]   47:     0x60007c4705a3 - test::run_test_in_process::{{closure}}::h7176fd18fc1feca0
[INFO] [stdout]                                at /rustc/6067b36314ab5eb2eb47cecc464545ba58e1ad24/library/test/src/lib.rs:655:60
[INFO] [stdout]   48:     0x60007c4705a3 - <core::panic::unwind_safe::AssertUnwindSafe<F> as core::ops::function::FnOnce<()>>::call_once::hf79cff2a624d8cf7
[INFO] [stdout]                                at /rustc/6067b36314ab5eb2eb47cecc464545ba58e1ad24/library/core/src/panic/unwind_safe.rs:272:9
[INFO] [stdout]   49:     0x60007c4705a3 - std::panicking::try::do_call::h3da0561d9ab99c25
[INFO] [stdout]                                at /rustc/6067b36314ab5eb2eb47cecc464545ba58e1ad24/library/std/src/panicking.rs:587:40
[INFO] [stdout]   50:     0x60007c4705a3 - std::panicking::try::h41c9fa508bc61df6
[INFO] [stdout]                                at /rustc/6067b36314ab5eb2eb47cecc464545ba58e1ad24/library/std/src/panicking.rs:550:19
[INFO] [stdout]   51:     0x60007c4705a3 - std::panic::catch_unwind::h6b3ff07bb5afad93
[INFO] [stdout]                                at /rustc/6067b36314ab5eb2eb47cecc464545ba58e1ad24/library/std/src/panic.rs:358:14
[INFO] [stdout]   52:     0x60007c4705a3 - test::run_test_in_process::hc7253dd11b39b9f4
[INFO] [stdout]                                at /rustc/6067b36314ab5eb2eb47cecc464545ba58e1ad24/library/test/src/lib.rs:655:27
[INFO] [stdout]   53:     0x60007c4705a3 - test::run_test::{{closure}}::hfb2007f8649c30bb
[INFO] [stdout]                                at /rustc/6067b36314ab5eb2eb47cecc464545ba58e1ad24/library/test/src/lib.rs:576:43
[INFO] [stdout]   54:     0x60007c433685 - test::run_test::{{closure}}::h56a17aa7a282a9f4
[INFO] [stdout]                                at /rustc/6067b36314ab5eb2eb47cecc464545ba58e1ad24/library/test/src/lib.rs:606:41
[INFO] [stdout]   55:     0x60007c433685 - std::sys::backtrace::__rust_begin_short_backtrace::hd2d2d2fb8e8c6aac
[INFO] [stdout]                                at /rustc/6067b36314ab5eb2eb47cecc464545ba58e1ad24/library/std/src/sys/backtrace.rs:152:18
[INFO] [stdout]   56:     0x60007c436f6a - std::thread::Builder::spawn_unchecked_::{{closure}}::{{closure}}::h4faa3f9db6133423
[INFO] [stdout]                                at /rustc/6067b36314ab5eb2eb47cecc464545ba58e1ad24/library/std/src/thread/mod.rs:559:17
[INFO] [stdout]   57:     0x60007c436f6a - <core::panic::unwind_safe::AssertUnwindSafe<F> as core::ops::function::FnOnce<()>>::call_once::hf2e855a36a4ea846
[INFO] [stdout]                                at /rustc/6067b36314ab5eb2eb47cecc464545ba58e1ad24/library/core/src/panic/unwind_safe.rs:272:9
[INFO] [stdout]   58:     0x60007c436f6a - std::panicking::try::do_call::h2f73af3616c35465
[INFO] [stdout]                                at /rustc/6067b36314ab5eb2eb47cecc464545ba58e1ad24/library/std/src/panicking.rs:587:40
[INFO] [stdout]   59:     0x60007c436f6a - std::panicking::try::hd1660ce9efadef5a
[INFO] [stdout]                                at /rustc/6067b36314ab5eb2eb47cecc464545ba58e1ad24/library/std/src/panicking.rs:550:19
[INFO] [stdout]   60:     0x60007c436f6a - std::panic::catch_unwind::h5ee8d7823b8ca744
[INFO] [stdout]                                at /rustc/6067b36314ab5eb2eb47cecc464545ba58e1ad24/library/std/src/panic.rs:358:14
[INFO] [stdout]   61:     0x60007c436f6a - std::thread::Builder::spawn_unchecked_::{{closure}}::h53c3a1894dce8407
[INFO] [stdout]                                at /rustc/6067b36314ab5eb2eb47cecc464545ba58e1ad24/library/std/src/thread/mod.rs:557:30
[INFO] [stdout]   62:     0x60007c436f6a - core::ops::function::FnOnce::call_once{{vtable.shim}}::h048ce291ad4f62bf
[INFO] [stdout]                                at /rustc/6067b36314ab5eb2eb47cecc464545ba58e1ad24/library/core/src/ops/function.rs:250:5
[INFO] [stdout]   63:     0x60007c63a67b - <alloc::boxed::Box<F,A> as core::ops::function::FnOnce<Args>>::call_once::ha52bedf99a3b4981
[INFO] [stdout]                                at /rustc/6067b36314ab5eb2eb47cecc464545ba58e1ad24/library/alloc/src/boxed.rs:2013:9
[INFO] [stdout]   64:     0x60007c63a67b - <alloc::boxed::Box<F,A> as core::ops::function::FnOnce<Args>>::call_once::h567748934d80ccf8
[INFO] [stdout]                                at /rustc/6067b36314ab5eb2eb47cecc464545ba58e1ad24/library/alloc/src/boxed.rs:2013:9
[INFO] [stdout]   65:     0x60007c63a67b - std::sys::pal::unix::thread::Thread::new::thread_start::h2d970728ae887adc
[INFO] [stdout]                                at /rustc/6067b36314ab5eb2eb47cecc464545ba58e1ad24/library/std/src/sys/pal/unix/thread.rs:106:17
[INFO] [stdout]   66:     0x783b16c9fac3 - <unknown>
[INFO] [stdout]   67:     0x783b16d30a04 - clone
[INFO] [stdout]   68:                0x0 - <unknown>
[INFO] [stdout] 
[INFO] [stdout] ---- test_worker stdout ----
[INFO] [stdout] 
[INFO] [stdout] thread 'test_worker' panicked at /opt/rustwide/workdir/src/client.rs:32:14:
[INFO] [stdout] failed to connect: Os { code: 111, kind: ConnectionRefused, message: "Connection refused" }
[INFO] [stdout] stack backtrace:
[INFO] [stdout]    0:     0x60007c6342ba - std::backtrace_rs::backtrace::libunwind::trace::hb059275cfc8d6126
[INFO] [stdout]                                at /rustc/6067b36314ab5eb2eb47cecc464545ba58e1ad24/library/std/src/../../backtrace/src/backtrace/libunwind.rs:116:5
[INFO] [stdout]    1:     0x60007c6342ba - std::backtrace_rs::backtrace::trace_unsynchronized::h2da071e4327ce3ee
[INFO] [stdout]                                at /rustc/6067b36314ab5eb2eb47cecc464545ba58e1ad24/library/std/src/../../backtrace/src/backtrace/mod.rs:66:5
[INFO] [stdout]    2:     0x60007c6342ba - std::sys::backtrace::_print_fmt::h842a1474e6f8d23f
[INFO] [stdout]                                at /rustc/6067b36314ab5eb2eb47cecc464545ba58e1ad24/library/std/src/sys/backtrace.rs:66:9
[INFO] [stdout]    3:     0x60007c6342ba - <std::sys::backtrace::BacktraceLock::print::DisplayBacktrace as core::fmt::Display>::fmt::h71a62eb3b9696b12
[INFO] [stdout]                                at /rustc/6067b36314ab5eb2eb47cecc464545ba58e1ad24/library/std/src/sys/backtrace.rs:39:26
[INFO] [stdout]    4:     0x60007c65dcb3 - core::fmt::rt::Argument::fmt::hdb6b616786b41dc1
[INFO] [stdout]                                at /rustc/6067b36314ab5eb2eb47cecc464545ba58e1ad24/library/core/src/fmt/rt.rs:177:76
[INFO] [stdout]    5:     0x60007c65dcb3 - core::fmt::write::h2cc1698af7e2d686
[INFO] [stdout]                                at /rustc/6067b36314ab5eb2eb47cecc464545ba58e1ad24/library/core/src/fmt/mod.rs:1440:21
[INFO] [stdout]    6:     0x60007c630303 - std::io::Write::write_fmt::hab1b4cd059a79022
[INFO] [stdout]                                at /rustc/6067b36314ab5eb2eb47cecc464545ba58e1ad24/library/std/src/io/mod.rs:1887:15
[INFO] [stdout]    7:     0x60007c634102 - std::sys::backtrace::BacktraceLock::print::h147fe35b4ea13b08
[INFO] [stdout]                                at /rustc/6067b36314ab5eb2eb47cecc464545ba58e1ad24/library/std/src/sys/backtrace.rs:42:9
[INFO] [stdout]    8:     0x60007c6356df - std::panicking::default_hook::{{closure}}::hbd44223dbdc0d208
[INFO] [stdout]                                at /rustc/6067b36314ab5eb2eb47cecc464545ba58e1ad24/library/std/src/panicking.rs:298:22
[INFO] [stdout]    9:     0x60007c6354f8 - std::panicking::default_hook::h20f81eb0576efcec
[INFO] [stdout]                                at /rustc/6067b36314ab5eb2eb47cecc464545ba58e1ad24/library/std/src/panicking.rs:322:9
[INFO] [stdout]   10:     0x60007c46bf13 - <alloc::boxed::Box<F,A> as core::ops::function::Fn<Args>>::call::hdb53814c496a4d34
[INFO] [stdout]                                at /rustc/6067b36314ab5eb2eb47cecc464545ba58e1ad24/library/alloc/src/boxed.rs:2027:9
[INFO] [stdout]   11:     0x60007c46bf13 - test::test_main::{{closure}}::hc0a4963c59427c24
[INFO] [stdout]                                at /rustc/6067b36314ab5eb2eb47cecc464545ba58e1ad24/library/test/src/lib.rs:134:21
[INFO] [stdout]   12:     0x60007c6361d3 - <alloc::boxed::Box<F,A> as core::ops::function::Fn<Args>>::call::h591b2225413a77e9
[INFO] [stdout]                                at /rustc/6067b36314ab5eb2eb47cecc464545ba58e1ad24/library/alloc/src/boxed.rs:2027:9
[INFO] [stdout]   13:     0x60007c6361d3 - std::panicking::rust_panic_with_hook::h625eea43051b2edc
[INFO] [stdout]                                at /rustc/6067b36314ab5eb2eb47cecc464545ba58e1ad24/library/std/src/panicking.rs:839:13
[INFO] [stdout]   14:     0x60007c635e8a - std::panicking::begin_panic_handler::{{closure}}::h4f9159cfbc3f6bd3
[INFO] [stdout]                                at /rustc/6067b36314ab5eb2eb47cecc464545ba58e1ad24/library/std/src/panicking.rs:704:13
[INFO] [stdout]   15:     0x60007c6347b9 - std::sys::backtrace::__rust_end_short_backtrace::h0390abce48353151
[INFO] [stdout]                                at /rustc/6067b36314ab5eb2eb47cecc464545ba58e1ad24/library/std/src/sys/backtrace.rs:168:18
[INFO] [stdout]   16:     0x60007c635b1d - rust_begin_unwind
[INFO] [stdout]                                at /rustc/6067b36314ab5eb2eb47cecc464545ba58e1ad24/library/std/src/panicking.rs:695:5
[INFO] [stdout]   17:     0x60007c65c1f0 - core::panicking::panic_fmt::h9e7c637e9e5f29c9
[INFO] [stdout]                                at /rustc/6067b36314ab5eb2eb47cecc464545ba58e1ad24/library/core/src/panicking.rs:75:14
[INFO] [stdout]   18:     0x60007c65c6c6 - core::result::unwrap_failed::h7979f09313fe1849
[INFO] [stdout]                                at /rustc/6067b36314ab5eb2eb47cecc464545ba58e1ad24/library/core/src/result.rs:1704:5
[INFO] [stdout]   19:     0x60007c42b769 - core::result::Result<T,E>::expect::h9ef078d93fd1f4eb
[INFO] [stdout]                                at /rustc/6067b36314ab5eb2eb47cecc464545ba58e1ad24/library/core/src/result.rs:1061:23
[INFO] [stdout]   20:     0x60007c3fe5ae - artemis::client::GraphqlWsClientBuilder::connect::{{closure}}::hf1543396c877f99b
[INFO] [stdout]                                at /opt/rustwide/workdir/src/client.rs:28:22
[INFO] [stdout]   21:     0x60007c41fcd4 - worker_requests::worker::{{closure}}::h900300682d52b873
[INFO] [stdout]                                at /opt/rustwide/workdir/tests/worker_requests.rs:124:98
[INFO] [stdout]   22:     0x60007c420926 - worker_requests::test_worker::{{closure}}::{{closure}}::h858330f87cbaa629
[INFO] [stdout]                                at /opt/rustwide/workdir/tests/worker_requests.rs:16:43
[INFO] [stdout]   23:     0x60007c428efc - <futures_util::stream::futures_ordered::OrderWrapper<T> as core::future::future::Future>::poll::h406c35ef3ed4b43d
[INFO] [stdout]                                at /opt/rustwide/cargo-home/registry/src/index.crates.io-1949cf8c6b5b557f/futures-util-0.3.28/src/stream/futures_ordered.rs:55:9
[INFO] [stdout]   24:     0x60007c3efdd6 - <futures_util::stream::futures_unordered::FuturesUnordered<Fut> as futures_core::stream::Stream>::poll_next::h97fe1240743871a6
[INFO] [stdout]                                at /opt/rustwide/cargo-home/registry/src/index.crates.io-1949cf8c6b5b557f/futures-util-0.3.28/src/stream/futures_unordered/mod.rs:518:17
[INFO] [stdout]   25:     0x60007c3f1f27 - futures_util::stream::stream::StreamExt::poll_next_unpin::h0cda6c9150e44053
[INFO] [stdout]                                at /opt/rustwide/cargo-home/registry/src/index.crates.io-1949cf8c6b5b557f/futures-util-0.3.28/src/stream/stream/mod.rs:1632:9
[INFO] [stdout]   26:     0x60007c429119 - <futures_util::stream::futures_ordered::FuturesOrdered<Fut> as futures_core::stream::Stream>::poll_next::hb4bfa44a6ff75ef9
[INFO] [stdout]                                at /opt/rustwide/cargo-home/registry/src/index.crates.io-1949cf8c6b5b557f/futures-util-0.3.28/src/stream/futures_ordered.rs:190:26
[INFO] [stdout]   27:     0x60007c3ffb93 - <futures_util::stream::stream::collect::Collect<St,C> as core::future::future::Future>::poll::h555f4236dd84fff4
[INFO] [stdout]                                at /opt/rustwide/cargo-home/registry/src/index.crates.io-1949cf8c6b5b557f/futures-util-0.3.28/src/stream/stream/collect.rs:50:26
[INFO] [stdout]   28:     0x60007c3f3527 - <futures_util::future::join_all::JoinAll<F> as core::future::future::Future>::poll::h05e06ec3b5fda8e4
[INFO] [stdout]                                at /opt/rustwide/cargo-home/registry/src/index.crates.io-1949cf8c6b5b557f/futures-util-0.3.28/src/future/join_all.rs:157:41
[INFO] [stdout]   29:     0x60007c4206ef - worker_requests::test_worker::{{closure}}::hd945ac8585ced464
[INFO] [stdout]                                at /opt/rustwide/workdir/tests/worker_requests.rs:22:37
[INFO] [stdout]   30:     0x60007c431532 - <core::pin::Pin<P> as core::future::future::Future>::poll::hc239da8f06299eb0
[INFO] [stdout]                                at /rustc/6067b36314ab5eb2eb47cecc464545ba58e1ad24/library/core/src/future/future.rs:124:9
[INFO] [stdout]   31:     0x60007c43156d - <core::pin::Pin<P> as core::future::future::Future>::poll::hc58f2f3f8eb852c1
[INFO] [stdout]                                at /rustc/6067b36314ab5eb2eb47cecc464545ba58e1ad24/library/core/src/future/future.rs:124:9
[INFO] [stdout]   32:     0x60007c405d7f - tokio::runtime::scheduler::current_thread::CoreGuard::block_on::{{closure}}::{{closure}}::{{closure}}::h2b1bb5dec80c38e7
[INFO] [stdout]                                at /opt/rustwide/cargo-home/registry/src/index.crates.io-1949cf8c6b5b557f/tokio-1.32.0/src/runtime/scheduler/current_thread/mod.rs:665:57
[INFO] [stdout]   33:     0x60007c405b15 - tokio::runtime::coop::with_budget::h420eef15a89726cc
[INFO] [stdout]                                at /opt/rustwide/cargo-home/registry/src/index.crates.io-1949cf8c6b5b557f/tokio-1.32.0/src/runtime/coop.rs:107:5
[INFO] [stdout]   34:     0x60007c405b15 - tokio::runtime::coop::budget::hf906e215f8cbff17
[INFO] [stdout]                                at /opt/rustwide/cargo-home/registry/src/index.crates.io-1949cf8c6b5b557f/tokio-1.32.0/src/runtime/coop.rs:73:5
[INFO] [stdout]   35:     0x60007c405b15 - tokio::runtime::scheduler::current_thread::CoreGuard::block_on::{{closure}}::{{closure}}::h835cddf34d7082b9
[INFO] [stdout]                                at /opt/rustwide/cargo-home/registry/src/index.crates.io-1949cf8c6b5b557f/tokio-1.32.0/src/runtime/scheduler/current_thread/mod.rs:665:25
[INFO] [stdout]   36:     0x60007c402fe0 - tokio::runtime::scheduler::current_thread::Context::enter::h3023f97cf0382a2a
[INFO] [stdout]                                at /opt/rustwide/cargo-home/registry/src/index.crates.io-1949cf8c6b5b557f/tokio-1.32.0/src/runtime/scheduler/current_thread/mod.rs:410:19
[INFO] [stdout]   37:     0x60007c40537e - tokio::runtime::scheduler::current_thread::CoreGuard::block_on::{{closure}}::he00f645c520438ec
[INFO] [stdout]                                at /opt/rustwide/cargo-home/registry/src/index.crates.io-1949cf8c6b5b557f/tokio-1.32.0/src/runtime/scheduler/current_thread/mod.rs:664:36
[INFO] [stdout]   38:     0x60007c4047b4 - tokio::runtime::scheduler::current_thread::CoreGuard::enter::{{closure}}::h5f5a96510c4897ab
[INFO] [stdout]                                at /opt/rustwide/cargo-home/registry/src/index.crates.io-1949cf8c6b5b557f/tokio-1.32.0/src/runtime/scheduler/current_thread/mod.rs:743:68
[INFO] [stdout]   39:     0x60007c41966b - tokio::runtime::context::scoped::Scoped<T>::set::hc647c1646ca3f783
[INFO] [stdout]                                at /opt/rustwide/cargo-home/registry/src/index.crates.io-1949cf8c6b5b557f/tokio-1.32.0/src/runtime/context/scoped.rs:40:9
[INFO] [stdout]   40:     0x60007c3fb0d5 - tokio::runtime::context::set_scheduler::{{closure}}::haf4ef9c3fa960c49
[INFO] [stdout]                                at /opt/rustwide/cargo-home/registry/src/index.crates.io-1949cf8c6b5b557f/tokio-1.32.0/src/runtime/context.rs:176:26
[INFO] [stdout]   41:     0x60007c415d32 - std::thread::local::LocalKey<T>::try_with::he7a2fd9a465d2fb1
[INFO] [stdout]                                at /rustc/6067b36314ab5eb2eb47cecc464545ba58e1ad24/library/std/src/thread/local.rs:308:12
[INFO] [stdout]   42:     0x60007c41502a - std::thread::local::LocalKey<T>::with::h1998116373e987a1
[INFO] [stdout]                                at /rustc/6067b36314ab5eb2eb47cecc464545ba58e1ad24/library/std/src/thread/local.rs:272:9
[INFO] [stdout]   43:     0x60007c3fb04d - tokio::runtime::context::set_scheduler::h4a3f336ad8bfde4b
[INFO] [stdout]                                at /opt/rustwide/cargo-home/registry/src/index.crates.io-1949cf8c6b5b557f/tokio-1.32.0/src/runtime/context.rs:176:9
[INFO] [stdout]   44:     0x60007c404560 - tokio::runtime::scheduler::current_thread::CoreGuard::enter::he8249c52c0d262b5
[INFO] [stdout]                                at /opt/rustwide/cargo-home/registry/src/index.crates.io-1949cf8c6b5b557f/tokio-1.32.0/src/runtime/scheduler/current_thread/mod.rs:743:27
[INFO] [stdout]   45:     0x60007c404863 - tokio::runtime::scheduler::current_thread::CoreGuard::block_on::h33856b56c6bd4d90
[INFO] [stdout]                                at /opt/rustwide/cargo-home/registry/src/index.crates.io-1949cf8c6b5b557f/tokio-1.32.0/src/runtime/scheduler/current_thread/mod.rs:652:19
[INFO] [stdout]   46:     0x60007c4026dd - tokio::runtime::scheduler::current_thread::CurrentThread::block_on::{{closure}}::h7e7baaa80b2c4a67
[INFO] [stdout]                                at /opt/rustwide/cargo-home/registry/src/index.crates.io-1949cf8c6b5b557f/tokio-1.32.0/src/runtime/scheduler/current_thread/mod.rs:175:28
[INFO] [stdout]   47:     0x60007c4197e6 - tokio::runtime::context::runtime::enter_runtime::h26d58792f856075e
[INFO] [stdout]                                at /opt/rustwide/cargo-home/registry/src/index.crates.io-1949cf8c6b5b557f/tokio-1.32.0/src/runtime/context/runtime.rs:65:16
[INFO] [stdout]   48:     0x60007c402541 - tokio::runtime::scheduler::current_thread::CurrentThread::block_on::h4e4876de4cf8c6b2
[INFO] [stdout]                                at /opt/rustwide/cargo-home/registry/src/index.crates.io-1949cf8c6b5b557f/tokio-1.32.0/src/runtime/scheduler/current_thread/mod.rs:167:9
[INFO] [stdout]   49:     0x60007c4022b2 - tokio::runtime::runtime::Runtime::block_on::hb7234a36b47435b6
[INFO] [stdout]                                at /opt/rustwide/cargo-home/registry/src/index.crates.io-1949cf8c6b5b557f/tokio-1.32.0/src/runtime/runtime.rs:347:47
[INFO] [stdout]   50:     0x60007c4203de - worker_requests::test_worker::he99f4f763bf9c8e7
[INFO] [stdout]                                at /opt/rustwide/workdir/tests/worker_requests.rs:12:5
[INFO] [stdout]   51:     0x60007c420287 - worker_requests::test_worker::{{closure}}::h246d2c5bf96c5163
[INFO] [stdout]                                at /opt/rustwide/workdir/tests/worker_requests.rs:7:23
[INFO] [stdout]   52:     0x60007c3e1a46 - core::ops::function::FnOnce::call_once::h095c4f2dff64e8a9
[INFO] [stdout]                                at /rustc/6067b36314ab5eb2eb47cecc464545ba58e1ad24/library/core/src/ops/function.rs:250:5
[INFO] [stdout]   53:     0x60007c47166b - core::ops::function::FnOnce::call_once::he27718dfdd183f43
[INFO] [stdout]                                at /rustc/6067b36314ab5eb2eb47cecc464545ba58e1ad24/library/core/src/ops/function.rs:250:5
[INFO] [stdout]   54:     0x60007c47166b - test::__rust_begin_short_backtrace::h4e84902998457a5d
[INFO] [stdout]                                at /rustc/6067b36314ab5eb2eb47cecc464545ba58e1ad24/library/test/src/lib.rs:632:18
[INFO] [stdout]   55:     0x60007c4705a3 - test::run_test_in_process::{{closure}}::h7176fd18fc1feca0
[INFO] [stdout]                                at /rustc/6067b36314ab5eb2eb47cecc464545ba58e1ad24/library/test/src/lib.rs:655:60
[INFO] [stdout]   56:     0x60007c4705a3 - <core::panic::unwind_safe::AssertUnwindSafe<F> as core::ops::function::FnOnce<()>>::call_once::hf79cff2a624d8cf7
[INFO] [stdout]                                at /rustc/6067b36314ab5eb2eb47cecc464545ba58e1ad24/library/core/src/panic/unwind_safe.rs:272:9
[INFO] [stdout]   57:     0x60007c4705a3 - std::panicking::try::do_call::h3da0561d9ab99c25
[INFO] [stdout]                                at /rustc/6067b36314ab5eb2eb47cecc464545ba58e1ad24/library/std/src/panicking.rs:587:40
[INFO] [stdout]   58:     0x60007c4705a3 - std::panicking::try::h41c9fa508bc61df6
[INFO] [stdout]                                at /rustc/6067b36314ab5eb2eb47cecc464545ba58e1ad24/library/std/src/panicking.rs:550:19
[INFO] [stdout]   59:     0x60007c4705a3 - std::panic::catch_unwind::h6b3ff07bb5afad93
[INFO] [stdout]                                at /rustc/6067b36314ab5eb2eb47cecc464545ba58e1ad24/library/std/src/panic.rs:358:14
[INFO] [stdout]   60:     0x60007c4705a3 - test::run_test_in_process::hc7253dd11b39b9f4
[INFO] [stdout]                                at /rustc/6067b36314ab5eb2eb47cecc464545ba58e1ad24/library/test/src/lib.rs:655:27
[INFO] [stdout]   61:     0x60007c4705a3 - test::run_test::{{closure}}::hfb2007f8649c30bb
[INFO] [stdout]                                at /rustc/6067b36314ab5eb2eb47cecc464545ba58e1ad24/library/test/src/lib.rs:576:43
[INFO] [stdout]   62:     0x60007c433685 - test::run_test::{{closure}}::h56a17aa7a282a9f4
[INFO] [stdout]                                at /rustc/6067b36314ab5eb2eb47cecc464545ba58e1ad24/library/test/src/lib.rs:606:41
[INFO] [stdout]   63:     0x60007c433685 - std::sys::backtrace::__rust_begin_short_backtrace::hd2d2d2fb8e8c6aac
[INFO] [stdout]                                at /rustc/6067b36314ab5eb2eb47cecc464545ba58e1ad24/library/std/src/sys/backtrace.rs:152:18
[INFO] [stdout]   64:     0x60007c436f6a - std::thread::Builder::spawn_unchecked_::{{closure}}::{{closure}}::h4faa3f9db6133423
[INFO] [stdout]                                at /rustc/6067b36314ab5eb2eb47cecc464545ba58e1ad24/library/std/src/thread/mod.rs:559:17
[INFO] [stdout]   65:     0x60007c436f6a - <core::panic::unwind_safe::AssertUnwindSafe<F> as core::ops::function::FnOnce<()>>::call_once::hf2e855a36a4ea846
[INFO] [stdout]                                at /rustc/6067b36314ab5eb2eb47cecc464545ba58e1ad24/library/core/src/panic/unwind_safe.rs:272:9
[INFO] [stdout]   66:     0x60007c436f6a - std::panicking::try::do_call::h2f73af3616c35465
[INFO] [stdout]                                at /rustc/6067b36314ab5eb2eb47cecc464545ba58e1ad24/library/std/src/panicking.rs:587:40
[INFO] [stdout]   67:     0x60007c436f6a - std::panicking::try::hd1660ce9efadef5a
[INFO] [stdout]                                at /rustc/6067b36314ab5eb2eb47cecc464545ba58e1ad24/library/std/src/panicking.rs:550:19
[INFO] [stdout]   68:     0x60007c436f6a - std::panic::catch_unwind::h5ee8d7823b8ca744
[INFO] [stdout]                                at /rustc/6067b36314ab5eb2eb47cecc464545ba58e1ad24/library/std/src/panic.rs:358:14
[INFO] [stdout]   69:     0x60007c436f6a - std::thread::Builder::spawn_unchecked_::{{closure}}::h53c3a1894dce8407
[INFO] [stdout]                                at /rustc/6067b36314ab5eb2eb47cecc464545ba58e1ad24/library/std/src/thread/mod.rs:557:30
[INFO] [stdout]   70:     0x60007c436f6a - core::ops::function::FnOnce::call_once{{vtable.shim}}::h048ce291ad4f62bf
[INFO] [stdout]                                at /rustc/6067b36314ab5eb2eb47cecc464545ba58e1ad24/library/core/src/ops/function.rs:250:5
[INFO] [stdout]   71:     0x60007c63a67b - <alloc::boxed::Box<F,A> as core::ops::function::FnOnce<Args>>::call_once::ha52bedf99a3b4981
[INFO] [stdout]                                at /rustc/6067b36314ab5eb2eb47cecc464545ba58e1ad24/library/alloc/src/boxed.rs:2013:9
[INFO] [stdout]   72:     0x60007c63a67b - <alloc::boxed::Box<F,A> as core::ops::function::FnOnce<Args>>::call_once::h567748934d80ccf8
[INFO] [stdout]                                at /rustc/6067b36314ab5eb2eb47cecc464545ba58e1ad24/library/alloc/src/boxed.rs:2013:9
[INFO] [stdout]   73:     0x60007c63a67b - std::sys::pal::unix::thread::Thread::new::thread_start::h2d970728ae887adc
[INFO] [stdout]                                at /rustc/6067b36314ab5eb2eb47cecc464545ba58e1ad24/library/std/src/sys/pal/unix/thread.rs:106:17
[INFO] [stdout]   74:     0x783b16c9fac3 - <unknown>
[INFO] [stdout]   75:     0x783b16d30a04 - clone
[INFO] [stdout]   76:                0x0 - <unknown>
[INFO] [stdout] 
[INFO] [stdout] 
[INFO] [stdout] failures:
[INFO] [stdout]     test_worker
[INFO] [stdout]     test_worker2
[INFO] [stdout] 
[INFO] [stdout] test result: FAILED. 0 passed; 2 failed; 0 ignored; 0 measured; 0 filtered out; finished in 0.27s
[INFO] [stdout] 
[INFO] [stderr] error: test failed, to rerun pass `--test worker_requests`
[INFO] running `Command { std: "docker" "inspect" "c46b47fdb43b5826ef22af3280c7b2d9adbc78a7c911ecfe72730cb290a77b3c", kill_on_drop: false }`
[INFO] running `Command { std: "docker" "rm" "-f" "c46b47fdb43b5826ef22af3280c7b2d9adbc78a7c911ecfe72730cb290a77b3c", kill_on_drop: false }`
[INFO] [stdout] c46b47fdb43b5826ef22af3280c7b2d9adbc78a7c911ecfe72730cb290a77b3c
