[INFO] cloning repository https://github.com/adtok/lox-rust
[INFO] running `Command { std: "git" "-c" "credential.helper=" "-c" "credential.helper=/workspace/cargo-home/bin/git-credential-null" "clone" "--bare" "https://github.com/adtok/lox-rust" "/workspace/cache/git-repos/https%3A%2F%2Fgithub.com%2Fadtok%2Flox-rust", kill_on_drop: false }`
[INFO] [stderr] Cloning into bare repository '/workspace/cache/git-repos/https%3A%2F%2Fgithub.com%2Fadtok%2Flox-rust'...
[INFO] running `Command { std: "git" "rev-parse" "HEAD", kill_on_drop: false }`
[INFO] [stdout] a5c0c0a937c9b7d2bea55df665a4e1a208932130
[INFO] testing adtok/lox-rust against nightly-2025-01-18 for randomize-layout-2
[INFO] running `Command { std: "git" "clone" "/workspace/cache/git-repos/https%3A%2F%2Fgithub.com%2Fadtok%2Flox-rust" "/workspace/builds/worker-3-tc1/source", kill_on_drop: false }`
[INFO] [stderr] Cloning into '/workspace/builds/worker-3-tc1/source'...
[INFO] [stderr] done.
[INFO] validating manifest of git repo https://github.com/adtok/lox-rust on toolchain nightly-2025-01-18
[INFO] running `Command { std: CARGO_HOME="/workspace/cargo-home" RUSTUP_HOME="/workspace/rustup-home" "/workspace/cargo-home/bin/cargo" "+nightly-2025-01-18" "metadata" "--manifest-path" "Cargo.toml" "--no-deps", kill_on_drop: false }`
[INFO] started tweaking git repo https://github.com/adtok/lox-rust
[INFO] finished tweaking git repo https://github.com/adtok/lox-rust
[INFO] tweaked toml for git repo https://github.com/adtok/lox-rust written to /workspace/builds/worker-3-tc1/source/Cargo.toml
[INFO] crate git repo https://github.com/adtok/lox-rust already has a lockfile, it will not be regenerated
[INFO] running `Command { std: CARGO_HOME="/workspace/cargo-home" RUSTUP_HOME="/workspace/rustup-home" "/workspace/cargo-home/bin/cargo" "+nightly-2025-01-18" "fetch" "--manifest-path" "Cargo.toml", kill_on_drop: false }`
[INFO] running `Command { std: "docker" "create" "-v" "/var/lib/crater-agent-workspace/builds/worker-3-tc1/target:/opt/rustwide/target:rw,Z" "-v" "/var/lib/crater-agent-workspace/builds/worker-3-tc1/source:/opt/rustwide/workdir:ro,Z" "-v" "/var/lib/crater-agent-workspace/cargo-home:/opt/rustwide/cargo-home:ro,Z" "-v" "/var/lib/crater-agent-workspace/rustup-home:/opt/rustwide/rustup-home:ro,Z" "-e" "SOURCE_DIR=/opt/rustwide/workdir" "-e" "CARGO_TARGET_DIR=/opt/rustwide/target" "-e" "CARGO_HOME=/opt/rustwide/cargo-home" "-e" "RUSTUP_HOME=/opt/rustwide/rustup-home" "-w" "/opt/rustwide/workdir" "-m" "1610612736" "--user" "0:0" "--network" "none" "ghcr.io/rust-lang/crates-build-env/linux@sha256:819108c5571ea2e421544af4d832f968d213c87fbe3707a016657f43d2f853bc" "/opt/rustwide/cargo-home/bin/cargo" "+nightly-2025-01-18" "metadata" "--no-deps" "--format-version=1", kill_on_drop: false }`
[INFO] [stdout] 297b02231d7c2ee2413e0713f073e3a523d1100bb53703012f21dacd698ea3f6
[INFO] running `Command { std: "docker" "start" "-a" "297b02231d7c2ee2413e0713f073e3a523d1100bb53703012f21dacd698ea3f6", kill_on_drop: false }`
[INFO] running `Command { std: "docker" "inspect" "297b02231d7c2ee2413e0713f073e3a523d1100bb53703012f21dacd698ea3f6", kill_on_drop: false }`
[INFO] running `Command { std: "docker" "rm" "-f" "297b02231d7c2ee2413e0713f073e3a523d1100bb53703012f21dacd698ea3f6", kill_on_drop: false }`
[INFO] [stdout] 297b02231d7c2ee2413e0713f073e3a523d1100bb53703012f21dacd698ea3f6
[INFO] running `Command { std: "docker" "create" "-v" "/var/lib/crater-agent-workspace/builds/worker-3-tc1/target:/opt/rustwide/target:rw,Z" "-v" "/var/lib/crater-agent-workspace/builds/worker-3-tc1/source:/opt/rustwide/workdir:ro,Z" "-v" "/var/lib/crater-agent-workspace/cargo-home:/opt/rustwide/cargo-home:ro,Z" "-v" "/var/lib/crater-agent-workspace/rustup-home:/opt/rustwide/rustup-home:ro,Z" "-e" "SOURCE_DIR=/opt/rustwide/workdir" "-e" "CARGO_TARGET_DIR=/opt/rustwide/target" "-e" "CARGO_INCREMENTAL=0" "-e" "RUST_BACKTRACE=full" "-e" "RUSTFLAGS=--cap-lints=forbid" "-e" "RUSTDOCFLAGS=--cap-lints=forbid" "-e" "CARGO_HOME=/opt/rustwide/cargo-home" "-e" "RUSTUP_HOME=/opt/rustwide/rustup-home" "-w" "/opt/rustwide/workdir" "-m" "1610612736" "--user" "0:0" "--network" "none" "ghcr.io/rust-lang/crates-build-env/linux@sha256:819108c5571ea2e421544af4d832f968d213c87fbe3707a016657f43d2f853bc" "/opt/rustwide/cargo-home/bin/cargo" "+nightly-2025-01-18" "build" "--frozen" "--message-format=json", kill_on_drop: false }`
[INFO] [stdout] ab520b296df96a0f5cf2ca00d98d960d95191eef9541a180214ac70eb3163364
[INFO] running `Command { std: "docker" "start" "-a" "ab520b296df96a0f5cf2ca00d98d960d95191eef9541a180214ac70eb3163364", kill_on_drop: false }`
[INFO] [stderr]    Compiling lox-lang v0.1.0 (/opt/rustwide/workdir)
[INFO] [stdout] warning: field `paren` is never read
[INFO] [stdout]    --> src/expression.rs:126:9
[INFO] [stdout]     |
[INFO] [stdout] 124 |     Call {
[INFO] [stdout]     |     ---- field in this variant
[INFO] [stdout] 125 |         callee: Box<Expr>,
[INFO] [stdout] 126 |         paren: Token,
[INFO] [stdout]     |         ^^^^^
[INFO] [stdout]     |
[INFO] [stdout]     = note: `Expr` has derived impls for the traits `Clone` and `Debug`, but these are intentionally ignored during dead code analysis
[INFO] [stdout]     = note: `#[warn(dead_code)]` on by default
[INFO] [stdout] 
[INFO] [stdout] 
[INFO] [stdout] warning: field `globals` is never read
[INFO] [stdout]  --> src/interpreter.rs:9:9
[INFO] [stdout]   |
[INFO] [stdout] 7 | pub struct Interpreter {
[INFO] [stdout]   |            ----------- field in this struct
[INFO] [stdout] 8 |     pub lambda_counter: usize,
[INFO] [stdout] 9 |     pub globals: Environment,
[INFO] [stdout]   |         ^^^^^^^
[INFO] [stdout] 
[INFO] [stdout] 
[INFO] [stdout] warning: field `keyword` is never read
[INFO] [stdout]   --> src/statement.rs:26:9
[INFO] [stdout]    |
[INFO] [stdout] 25 |     Return {
[INFO] [stdout]    |     ------ field in this variant
[INFO] [stdout] 26 |         keyword: Token,
[INFO] [stdout]    |         ^^^^^^^
[INFO] [stdout]    |
[INFO] [stdout]    = note: `Stmt` has a derived impl for the trait `Clone`, but this is intentionally ignored during dead code analysis
[INFO] [stdout] 
[INFO] [stdout] 
[INFO] [stderr]     Finished `dev` profile [unoptimized + debuginfo] target(s) in 0.77s
[INFO] running `Command { std: "docker" "inspect" "ab520b296df96a0f5cf2ca00d98d960d95191eef9541a180214ac70eb3163364", kill_on_drop: false }`
[INFO] running `Command { std: "docker" "rm" "-f" "ab520b296df96a0f5cf2ca00d98d960d95191eef9541a180214ac70eb3163364", kill_on_drop: false }`
[INFO] [stdout] ab520b296df96a0f5cf2ca00d98d960d95191eef9541a180214ac70eb3163364
[INFO] running `Command { std: "docker" "create" "-v" "/var/lib/crater-agent-workspace/builds/worker-3-tc1/target:/opt/rustwide/target:rw,Z" "-v" "/var/lib/crater-agent-workspace/builds/worker-3-tc1/source:/opt/rustwide/workdir:ro,Z" "-v" "/var/lib/crater-agent-workspace/cargo-home:/opt/rustwide/cargo-home:ro,Z" "-v" "/var/lib/crater-agent-workspace/rustup-home:/opt/rustwide/rustup-home:ro,Z" "-e" "SOURCE_DIR=/opt/rustwide/workdir" "-e" "CARGO_TARGET_DIR=/opt/rustwide/target" "-e" "CARGO_INCREMENTAL=0" "-e" "RUST_BACKTRACE=full" "-e" "RUSTFLAGS=--cap-lints=forbid" "-e" "RUSTDOCFLAGS=--cap-lints=forbid" "-e" "CARGO_HOME=/opt/rustwide/cargo-home" "-e" "RUSTUP_HOME=/opt/rustwide/rustup-home" "-w" "/opt/rustwide/workdir" "-m" "1610612736" "--user" "0:0" "--network" "none" "ghcr.io/rust-lang/crates-build-env/linux@sha256:819108c5571ea2e421544af4d832f968d213c87fbe3707a016657f43d2f853bc" "/opt/rustwide/cargo-home/bin/cargo" "+nightly-2025-01-18" "test" "--frozen" "--no-run" "--message-format=json", kill_on_drop: false }`
[INFO] [stdout] 007387fbad1d4f001cdc67d65c966ed0817890fcfa1afc474330e3c001b4494a
[INFO] running `Command { std: "docker" "start" "-a" "007387fbad1d4f001cdc67d65c966ed0817890fcfa1afc474330e3c001b4494a", kill_on_drop: false }`
[INFO] [stderr]    Compiling lox-lang v0.1.0 (/opt/rustwide/workdir)
[INFO] [stdout] warning: field `paren` is never read
[INFO] [stdout]    --> src/expression.rs:126:9
[INFO] [stdout]     |
[INFO] [stdout] 124 |     Call {
[INFO] [stdout]     |     ---- field in this variant
[INFO] [stdout] 125 |         callee: Box<Expr>,
[INFO] [stdout] 126 |         paren: Token,
[INFO] [stdout]     |         ^^^^^
[INFO] [stdout]     |
[INFO] [stdout]     = note: `Expr` has derived impls for the traits `Clone` and `Debug`, but these are intentionally ignored during dead code analysis
[INFO] [stdout]     = note: `#[warn(dead_code)]` on by default
[INFO] [stdout] 
[INFO] [stdout] 
[INFO] [stdout] warning: field `globals` is never read
[INFO] [stdout]  --> src/interpreter.rs:9:9
[INFO] [stdout]   |
[INFO] [stdout] 7 | pub struct Interpreter {
[INFO] [stdout]   |            ----------- field in this struct
[INFO] [stdout] 8 |     pub lambda_counter: usize,
[INFO] [stdout] 9 |     pub globals: Environment,
[INFO] [stdout]   |         ^^^^^^^
[INFO] [stdout] 
[INFO] [stdout] 
[INFO] [stdout] warning: field `keyword` is never read
[INFO] [stdout]   --> src/statement.rs:26:9
[INFO] [stdout]    |
[INFO] [stdout] 25 |     Return {
[INFO] [stdout]    |     ------ field in this variant
[INFO] [stdout] 26 |         keyword: Token,
[INFO] [stdout]    |         ^^^^^^^
[INFO] [stdout]    |
[INFO] [stdout]    = note: `Stmt` has a derived impl for the trait `Clone`, but this is intentionally ignored during dead code analysis
[INFO] [stdout] 
[INFO] [stdout] 
[INFO] [stdout] warning: using `.clone()` on a double reference, which returns `&str` instead of cloning the inner type
[INFO] [stdout]   --> src/tests/mod.rs:49:32
[INFO] [stdout]    |
[INFO] [stdout] 49 |             test_code.push(line.clone());
[INFO] [stdout]    |                                ^^^^^^^^
[INFO] [stdout]    |
[INFO] [stdout]    = note: `#[warn(suspicious_double_ref_op)]` on by default
[INFO] [stdout] 
[INFO] [stdout] 
[INFO] [stderr]     Finished `test` profile [unoptimized + debuginfo] target(s) in 0.88s
[INFO] running `Command { std: "docker" "inspect" "007387fbad1d4f001cdc67d65c966ed0817890fcfa1afc474330e3c001b4494a", kill_on_drop: false }`
[INFO] running `Command { std: "docker" "rm" "-f" "007387fbad1d4f001cdc67d65c966ed0817890fcfa1afc474330e3c001b4494a", kill_on_drop: false }`
[INFO] [stdout] 007387fbad1d4f001cdc67d65c966ed0817890fcfa1afc474330e3c001b4494a
[INFO] running `Command { std: "docker" "create" "-v" "/var/lib/crater-agent-workspace/builds/worker-3-tc1/target:/opt/rustwide/target:rw,Z" "-v" "/var/lib/crater-agent-workspace/builds/worker-3-tc1/source:/opt/rustwide/workdir:ro,Z" "-v" "/var/lib/crater-agent-workspace/cargo-home:/opt/rustwide/cargo-home:ro,Z" "-v" "/var/lib/crater-agent-workspace/rustup-home:/opt/rustwide/rustup-home:ro,Z" "-e" "SOURCE_DIR=/opt/rustwide/workdir" "-e" "CARGO_TARGET_DIR=/opt/rustwide/target" "-e" "CARGO_INCREMENTAL=0" "-e" "RUST_BACKTRACE=full" "-e" "RUSTFLAGS=--cap-lints=forbid" "-e" "RUSTDOCFLAGS=--cap-lints=forbid" "-e" "CARGO_HOME=/opt/rustwide/cargo-home" "-e" "RUSTUP_HOME=/opt/rustwide/rustup-home" "-w" "/opt/rustwide/workdir" "-m" "1610612736" "--user" "0:0" "--network" "none" "ghcr.io/rust-lang/crates-build-env/linux@sha256:819108c5571ea2e421544af4d832f968d213c87fbe3707a016657f43d2f853bc" "/opt/rustwide/cargo-home/bin/cargo" "+nightly-2025-01-18" "test" "--frozen", kill_on_drop: false }`
[INFO] [stdout] 56232061e7a80bfef3be88245c48eefd6c00cc077aa2b47dd88b071917ee72d3
[INFO] running `Command { std: "docker" "start" "-a" "56232061e7a80bfef3be88245c48eefd6c00cc077aa2b47dd88b071917ee72d3", kill_on_drop: false }`
[INFO] [stderr] warning: field `paren` is never read
[INFO] [stderr]    --> src/expression.rs:126:9
[INFO] [stderr]     |
[INFO] [stderr] 124 |     Call {
[INFO] [stderr]     |     ---- field in this variant
[INFO] [stderr] 125 |         callee: Box<Expr>,
[INFO] [stderr] 126 |         paren: Token,
[INFO] [stderr]     |         ^^^^^
[INFO] [stderr]     |
[INFO] [stderr]     = note: `Expr` has derived impls for the traits `Clone` and `Debug`, but these are intentionally ignored during dead code analysis
[INFO] [stderr]     = note: `#[warn(dead_code)]` on by default
[INFO] [stderr] 
[INFO] [stderr] warning: field `globals` is never read
[INFO] [stderr]  --> src/interpreter.rs:9:9
[INFO] [stderr]   |
[INFO] [stderr] 7 | pub struct Interpreter {
[INFO] [stderr]   |            ----------- field in this struct
[INFO] [stderr] 8 |     pub lambda_counter: usize,
[INFO] [stderr] 9 |     pub globals: Environment,
[INFO] [stderr]   |         ^^^^^^^
[INFO] [stderr] 
[INFO] [stderr] warning: field `keyword` is never read
[INFO] [stderr]   --> src/statement.rs:26:9
[INFO] [stderr]    |
[INFO] [stderr] 25 |     Return {
[INFO] [stderr]    |     ------ field in this variant
[INFO] [stderr] 26 |         keyword: Token,
[INFO] [stderr]    |         ^^^^^^^
[INFO] [stderr]    |
[INFO] [stderr]    = note: `Stmt` has a derived impl for the trait `Clone`, but this is intentionally ignored during dead code analysis
[INFO] [stderr] 
[INFO] [stderr] warning: using `.clone()` on a double reference, which returns `&str` instead of cloning the inner type
[INFO] [stderr]   --> src/tests/mod.rs:49:32
[INFO] [stderr]    |
[INFO] [stderr] 49 |             test_code.push(line.clone());
[INFO] [stderr]    |                                ^^^^^^^^
[INFO] [stderr]    |
[INFO] [stderr]    = note: `#[warn(suspicious_double_ref_op)]` on by default
[INFO] [stderr] 
[INFO] [stderr] warning: `lox-lang` (bin "lox-lang" test) generated 4 warnings
[INFO] [stderr]     Finished `test` profile [unoptimized + debuginfo] target(s) in 0.01s
[INFO] [stderr]      Running unittests src/main.rs (/opt/rustwide/target/debug/deps/lox_lang-dcb6cfd7f508933f)
[INFO] [stdout] 
[INFO] [stdout] running 16 tests
[INFO] [stdout] test expression::tests::expr_is_truthy ... ok
[INFO] [stdout] test expression::tests::pretty_print_ast ... ok
[INFO] [stdout] test environment::tests::initialize_environment ... ok
[INFO] [stdout] test parser::tests::test_addition ... ok
[INFO] [stdout] test parser::tests::test_comparison_with_parens ... ok
[INFO] [stdout] test scanner::tests::scan_identifier ... ok
[INFO] [stdout] test scanner::tests::scan_keywords ... ok
[INFO] [stdout] test scanner::tests::scan_multiline_string_literal ... ok
[INFO] [stdout] test expression::tests::logical_expr ... ok
[INFO] [stdout] test scanner::tests::scan_two_char_tokens ... ok
[INFO] [stdout] test scanner::tests::scan_unterminated_string_literal ... ok
[INFO] [stdout] test scanner::tests::scan_number_literals ... ok
[INFO] [stdout] test parser::tests::test_comparison ... ok
[INFO] [stdout] test scanner::tests::scan_one_char_tokens ... ok
[INFO] [stdout] test scanner::tests::scan_string_literal ... ok
[INFO] [stdout] test tests::tests::execute_tests ... FAILED
[INFO] [stdout] 
[INFO] [stdout] failures:
[INFO] [stdout] 
[INFO] [stdout] ---- tests::tests::execute_tests stdout ----
[INFO] [stdout] 
[INFO] [stdout] thread 'tests::tests::execute_tests' panicked at src/tests/mod.rs:30:13:
[INFO] [stdout] Errors:
[INFO] [stdout] 
[INFO] [stdout] "funcondreturn.lox": Here in parser != 3
[INFO] [stdout] Full output:
[INFO] [stdout] Here in parser
[INFO] [stdout] 3
[INFO] [stdout] 2
[INFO] [stdout] 1
[INFO] [stdout] 0
[INFO] [stdout] stack backtrace:
[INFO] [stdout]    0:     0x5bf1f14a843a - std::backtrace_rs::backtrace::libunwind::trace::hb059275cfc8d6126
[INFO] [stdout]                                at /rustc/6067b36314ab5eb2eb47cecc464545ba58e1ad24/library/std/src/../../backtrace/src/backtrace/libunwind.rs:116:5
[INFO] [stdout]    1:     0x5bf1f14a843a - std::backtrace_rs::backtrace::trace_unsynchronized::h2da071e4327ce3ee
[INFO] [stdout]                                at /rustc/6067b36314ab5eb2eb47cecc464545ba58e1ad24/library/std/src/../../backtrace/src/backtrace/mod.rs:66:5
[INFO] [stdout]    2:     0x5bf1f14a843a - std::sys::backtrace::_print_fmt::h842a1474e6f8d23f
[INFO] [stdout]                                at /rustc/6067b36314ab5eb2eb47cecc464545ba58e1ad24/library/std/src/sys/backtrace.rs:66:9
[INFO] [stdout]    3:     0x5bf1f14a843a - <std::sys::backtrace::BacktraceLock::print::DisplayBacktrace as core::fmt::Display>::fmt::h71a62eb3b9696b12
[INFO] [stdout]                                at /rustc/6067b36314ab5eb2eb47cecc464545ba58e1ad24/library/std/src/sys/backtrace.rs:39:26
[INFO] [stdout]    4:     0x5bf1f14d1443 - core::fmt::rt::Argument::fmt::hdb6b616786b41dc1
[INFO] [stdout]                                at /rustc/6067b36314ab5eb2eb47cecc464545ba58e1ad24/library/core/src/fmt/rt.rs:177:76
[INFO] [stdout]    5:     0x5bf1f14d1443 - core::fmt::write::h2cc1698af7e2d686
[INFO] [stdout]                                at /rustc/6067b36314ab5eb2eb47cecc464545ba58e1ad24/library/core/src/fmt/mod.rs:1440:21
[INFO] [stdout]    6:     0x5bf1f14a4d43 - std::io::Write::write_fmt::hab1b4cd059a79022
[INFO] [stdout]                                at /rustc/6067b36314ab5eb2eb47cecc464545ba58e1ad24/library/std/src/io/mod.rs:1887:15
[INFO] [stdout]    7:     0x5bf1f14a8282 - std::sys::backtrace::BacktraceLock::print::h147fe35b4ea13b08
[INFO] [stdout]                                at /rustc/6067b36314ab5eb2eb47cecc464545ba58e1ad24/library/std/src/sys/backtrace.rs:42:9
[INFO] [stdout]    8:     0x5bf1f14a985f - std::panicking::default_hook::{{closure}}::hbd44223dbdc0d208
[INFO] [stdout]                                at /rustc/6067b36314ab5eb2eb47cecc464545ba58e1ad24/library/std/src/panicking.rs:298:22
[INFO] [stdout]    9:     0x5bf1f14a9678 - std::panicking::default_hook::h20f81eb0576efcec
[INFO] [stdout]                                at /rustc/6067b36314ab5eb2eb47cecc464545ba58e1ad24/library/std/src/panicking.rs:322:9
[INFO] [stdout]   10:     0x5bf1f14718b3 - <alloc::boxed::Box<F,A> as core::ops::function::Fn<Args>>::call::hdb53814c496a4d34
[INFO] [stdout]                                at /rustc/6067b36314ab5eb2eb47cecc464545ba58e1ad24/library/alloc/src/boxed.rs:2027:9
[INFO] [stdout]   11:     0x5bf1f14718b3 - test::test_main::{{closure}}::hc0a4963c59427c24
[INFO] [stdout]                                at /rustc/6067b36314ab5eb2eb47cecc464545ba58e1ad24/library/test/src/lib.rs:134:21
[INFO] [stdout]   12:     0x5bf1f14aa353 - <alloc::boxed::Box<F,A> as core::ops::function::Fn<Args>>::call::h591b2225413a77e9
[INFO] [stdout]                                at /rustc/6067b36314ab5eb2eb47cecc464545ba58e1ad24/library/alloc/src/boxed.rs:2027:9
[INFO] [stdout]   13:     0x5bf1f14aa353 - std::panicking::rust_panic_with_hook::h625eea43051b2edc
[INFO] [stdout]                                at /rustc/6067b36314ab5eb2eb47cecc464545ba58e1ad24/library/std/src/panicking.rs:839:13
[INFO] [stdout]   14:     0x5bf1f14aa00a - std::panicking::begin_panic_handler::{{closure}}::h4f9159cfbc3f6bd3
[INFO] [stdout]                                at /rustc/6067b36314ab5eb2eb47cecc464545ba58e1ad24/library/std/src/panicking.rs:704:13
[INFO] [stdout]   15:     0x5bf1f14a8939 - std::sys::backtrace::__rust_end_short_backtrace::h0390abce48353151
[INFO] [stdout]                                at /rustc/6067b36314ab5eb2eb47cecc464545ba58e1ad24/library/std/src/sys/backtrace.rs:168:18
[INFO] [stdout]   16:     0x5bf1f14a9c9d - rust_begin_unwind
[INFO] [stdout]                                at /rustc/6067b36314ab5eb2eb47cecc464545ba58e1ad24/library/std/src/panicking.rs:695:5
[INFO] [stdout]   17:     0x5bf1f14cfa70 - core::panicking::panic_fmt::h9e7c637e9e5f29c9
[INFO] [stdout]                                at /rustc/6067b36314ab5eb2eb47cecc464545ba58e1ad24/library/core/src/panicking.rs:75:14
[INFO] [stdout]   18:     0x5bf1f142c8e9 - lox_lang::tests::tests::execute_tests::h7a4e6f2042b88317
[INFO] [stdout]                                at /opt/rustwide/workdir/src/tests/mod.rs:30:13
[INFO] [stdout]   19:     0x5bf1f142c257 - lox_lang::tests::tests::execute_tests::{{closure}}::h2234d577d9314a50
[INFO] [stdout]                                at /opt/rustwide/workdir/src/tests/mod.rs:9:23
[INFO] [stdout]   20:     0x5bf1f1413786 - core::ops::function::FnOnce::call_once::h0f6fa5ef228af32b
[INFO] [stdout]                                at /rustc/6067b36314ab5eb2eb47cecc464545ba58e1ad24/library/core/src/ops/function.rs:250:5
[INFO] [stdout]   21:     0x5bf1f147700b - core::ops::function::FnOnce::call_once::he27718dfdd183f43
[INFO] [stdout]                                at /rustc/6067b36314ab5eb2eb47cecc464545ba58e1ad24/library/core/src/ops/function.rs:250:5
[INFO] [stdout]   22:     0x5bf1f147700b - test::__rust_begin_short_backtrace::h4e84902998457a5d
[INFO] [stdout]                                at /rustc/6067b36314ab5eb2eb47cecc464545ba58e1ad24/library/test/src/lib.rs:632:18
[INFO] [stdout]   23:     0x5bf1f1475f43 - test::run_test_in_process::{{closure}}::h7176fd18fc1feca0
[INFO] [stdout]                                at /rustc/6067b36314ab5eb2eb47cecc464545ba58e1ad24/library/test/src/lib.rs:655:60
[INFO] [stdout]   24:     0x5bf1f1475f43 - <core::panic::unwind_safe::AssertUnwindSafe<F> as core::ops::function::FnOnce<()>>::call_once::hf79cff2a624d8cf7
[INFO] [stdout]                                at /rustc/6067b36314ab5eb2eb47cecc464545ba58e1ad24/library/core/src/panic/unwind_safe.rs:272:9
[INFO] [stdout]   25:     0x5bf1f1475f43 - std::panicking::try::do_call::h3da0561d9ab99c25
[INFO] [stdout]                                at /rustc/6067b36314ab5eb2eb47cecc464545ba58e1ad24/library/std/src/panicking.rs:587:40
[INFO] [stdout]   26:     0x5bf1f1475f43 - std::panicking::try::h41c9fa508bc61df6
[INFO] [stdout]                                at /rustc/6067b36314ab5eb2eb47cecc464545ba58e1ad24/library/std/src/panicking.rs:550:19
[INFO] [stdout]   27:     0x5bf1f1475f43 - std::panic::catch_unwind::h6b3ff07bb5afad93
[INFO] [stdout]                                at /rustc/6067b36314ab5eb2eb47cecc464545ba58e1ad24/library/std/src/panic.rs:358:14
[INFO] [stdout]   28:     0x5bf1f1475f43 - test::run_test_in_process::hc7253dd11b39b9f4
[INFO] [stdout]                                at /rustc/6067b36314ab5eb2eb47cecc464545ba58e1ad24/library/test/src/lib.rs:655:27
[INFO] [stdout]   29:     0x5bf1f1475f43 - test::run_test::{{closure}}::hfb2007f8649c30bb
[INFO] [stdout]                                at /rustc/6067b36314ab5eb2eb47cecc464545ba58e1ad24/library/test/src/lib.rs:576:43
[INFO] [stdout]   30:     0x5bf1f1439025 - test::run_test::{{closure}}::h56a17aa7a282a9f4
[INFO] [stdout]                                at /rustc/6067b36314ab5eb2eb47cecc464545ba58e1ad24/library/test/src/lib.rs:606:41
[INFO] [stdout]   31:     0x5bf1f1439025 - std::sys::backtrace::__rust_begin_short_backtrace::hd2d2d2fb8e8c6aac
[INFO] [stdout]                                at /rustc/6067b36314ab5eb2eb47cecc464545ba58e1ad24/library/std/src/sys/backtrace.rs:152:18
[INFO] [stdout]   32:     0x5bf1f143c90a - std::thread::Builder::spawn_unchecked_::{{closure}}::{{closure}}::h4faa3f9db6133423
[INFO] [stdout]                                at /rustc/6067b36314ab5eb2eb47cecc464545ba58e1ad24/library/std/src/thread/mod.rs:559:17
[INFO] [stdout]   33:     0x5bf1f143c90a - <core::panic::unwind_safe::AssertUnwindSafe<F> as core::ops::function::FnOnce<()>>::call_once::hf2e855a36a4ea846
[INFO] [stdout]                                at /rustc/6067b36314ab5eb2eb47cecc464545ba58e1ad24/library/core/src/panic/unwind_safe.rs:272:9
[INFO] [stdout]   34:     0x5bf1f143c90a - std::panicking::try::do_call::h2f73af3616c35465
[INFO] [stdout]                                at /rustc/6067b36314ab5eb2eb47cecc464545ba58e1ad24/library/std/src/panicking.rs:587:40
[INFO] [stdout]   35:     0x5bf1f143c90a - std::panicking::try::hd1660ce9efadef5a
[INFO] [stdout]                                at /rustc/6067b36314ab5eb2eb47cecc464545ba58e1ad24/library/std/src/panicking.rs:550:19
[INFO] [stdout]   36:     0x5bf1f143c90a - std::panic::catch_unwind::h5ee8d7823b8ca744
[INFO] [stdout]                                at /rustc/6067b36314ab5eb2eb47cecc464545ba58e1ad24/library/std/src/panic.rs:358:14
[INFO] [stdout]   37:     0x5bf1f143c90a - std::thread::Builder::spawn_unchecked_::{{closure}}::h53c3a1894dce8407
[INFO] [stdout]                                at /rustc/6067b36314ab5eb2eb47cecc464545ba58e1ad24/library/std/src/thread/mod.rs:557:30
[INFO] [stdout]   38:     0x5bf1f143c90a - core::ops::function::FnOnce::call_once{{vtable.shim}}::h048ce291ad4f62bf
[INFO] [stdout]                                at /rustc/6067b36314ab5eb2eb47cecc464545ba58e1ad24/library/core/src/ops/function.rs:250:5
[INFO] [stdout]   39:     0x5bf1f14ae82b - <alloc::boxed::Box<F,A> as core::ops::function::FnOnce<Args>>::call_once::ha52bedf99a3b4981
[INFO] [stdout]                                at /rustc/6067b36314ab5eb2eb47cecc464545ba58e1ad24/library/alloc/src/boxed.rs:2013:9
[INFO] [stdout]   40:     0x5bf1f14ae82b - <alloc::boxed::Box<F,A> as core::ops::function::FnOnce<Args>>::call_once::h567748934d80ccf8
[INFO] [stdout]                                at /rustc/6067b36314ab5eb2eb47cecc464545ba58e1ad24/library/alloc/src/boxed.rs:2013:9
[INFO] [stdout]   41:     0x5bf1f14ae82b - std::sys::pal::unix::thread::Thread::new::thread_start::h2d970728ae887adc
[INFO] [stdout]                                at /rustc/6067b36314ab5eb2eb47cecc464545ba58e1ad24/library/std/src/sys/pal/unix/thread.rs:106:17
[INFO] [stdout]   42:     0x71da88db0ac3 - <unknown>
[INFO] [stdout]   43:     0x71da88e41a04 - clone
[INFO] [stdout]   44:                0x0 - <unknown>
[INFO] [stdout] 
[INFO] [stdout] 
[INFO] [stdout] failures:
[INFO] [stdout]     tests::tests::execute_tests
[INFO] [stdout] 
[INFO] [stdout] test result: FAILED. 15 passed; 1 failed; 0 ignored; 0 measured; 0 filtered out; finished in 0.18s
[INFO] [stdout] 
[INFO] [stderr] error: test failed, to rerun pass `--bin lox-lang`
[INFO] running `Command { std: "docker" "inspect" "56232061e7a80bfef3be88245c48eefd6c00cc077aa2b47dd88b071917ee72d3", kill_on_drop: false }`
[INFO] running `Command { std: "docker" "rm" "-f" "56232061e7a80bfef3be88245c48eefd6c00cc077aa2b47dd88b071917ee72d3", kill_on_drop: false }`
[INFO] [stdout] 56232061e7a80bfef3be88245c48eefd6c00cc077aa2b47dd88b071917ee72d3
