[INFO] cloning repository https://github.com/adriankumpf/abacom-relay-board
[INFO] running `Command { std: "git" "-c" "credential.helper=" "-c" "credential.helper=/workspace/cargo-home/bin/git-credential-null" "clone" "--bare" "https://github.com/adriankumpf/abacom-relay-board" "/workspace/cache/git-repos/https%3A%2F%2Fgithub.com%2Fadriankumpf%2Fabacom-relay-board", kill_on_drop: false }`
[INFO] [stderr] Cloning into bare repository '/workspace/cache/git-repos/https%3A%2F%2Fgithub.com%2Fadriankumpf%2Fabacom-relay-board'...
[INFO] running `Command { std: "git" "rev-parse" "HEAD", kill_on_drop: false }`
[INFO] [stdout] ed4299b0cf1bae9bef6aeb29a89af5595cbaf4ed
[INFO] testing adriankumpf/abacom-relay-board against nightly-2025-01-18 for randomize-layout-2
[INFO] running `Command { std: "git" "clone" "/workspace/cache/git-repos/https%3A%2F%2Fgithub.com%2Fadriankumpf%2Fabacom-relay-board" "/workspace/builds/worker-3-tc1/source", kill_on_drop: false }`
[INFO] [stderr] Cloning into '/workspace/builds/worker-3-tc1/source'...
[INFO] [stderr] done.
[INFO] validating manifest of git repo https://github.com/adriankumpf/abacom-relay-board on toolchain nightly-2025-01-18
[INFO] running `Command { std: CARGO_HOME="/workspace/cargo-home" RUSTUP_HOME="/workspace/rustup-home" "/workspace/cargo-home/bin/cargo" "+nightly-2025-01-18" "metadata" "--manifest-path" "Cargo.toml" "--no-deps", kill_on_drop: false }`
[INFO] started tweaking git repo https://github.com/adriankumpf/abacom-relay-board
[INFO] finished tweaking git repo https://github.com/adriankumpf/abacom-relay-board
[INFO] tweaked toml for git repo https://github.com/adriankumpf/abacom-relay-board written to /workspace/builds/worker-3-tc1/source/Cargo.toml
[INFO] crate git repo https://github.com/adriankumpf/abacom-relay-board already has a lockfile, it will not be regenerated
[INFO] running `Command { std: CARGO_HOME="/workspace/cargo-home" RUSTUP_HOME="/workspace/rustup-home" "/workspace/cargo-home/bin/cargo" "+nightly-2025-01-18" "fetch" "--manifest-path" "Cargo.toml", kill_on_drop: false }`
[INFO] [stderr]     Blocking waiting for file lock on package cache
[INFO] running `Command { std: "docker" "create" "-v" "/var/lib/crater-agent-workspace/builds/worker-3-tc1/target:/opt/rustwide/target:rw,Z" "-v" "/var/lib/crater-agent-workspace/builds/worker-3-tc1/source:/opt/rustwide/workdir:ro,Z" "-v" "/var/lib/crater-agent-workspace/cargo-home:/opt/rustwide/cargo-home:ro,Z" "-v" "/var/lib/crater-agent-workspace/rustup-home:/opt/rustwide/rustup-home:ro,Z" "-e" "SOURCE_DIR=/opt/rustwide/workdir" "-e" "CARGO_TARGET_DIR=/opt/rustwide/target" "-e" "CARGO_HOME=/opt/rustwide/cargo-home" "-e" "RUSTUP_HOME=/opt/rustwide/rustup-home" "-w" "/opt/rustwide/workdir" "-m" "1610612736" "--user" "0:0" "--network" "none" "ghcr.io/rust-lang/crates-build-env/linux@sha256:819108c5571ea2e421544af4d832f968d213c87fbe3707a016657f43d2f853bc" "/opt/rustwide/cargo-home/bin/cargo" "+nightly-2025-01-18" "metadata" "--no-deps" "--format-version=1", kill_on_drop: false }`
[INFO] [stdout] f3ff28bcc8fd75bc287fd1e163f4bcc3ab91da1ef5ccece09b68b4e239f889a9
[INFO] running `Command { std: "docker" "start" "-a" "f3ff28bcc8fd75bc287fd1e163f4bcc3ab91da1ef5ccece09b68b4e239f889a9", kill_on_drop: false }`
[INFO] running `Command { std: "docker" "inspect" "f3ff28bcc8fd75bc287fd1e163f4bcc3ab91da1ef5ccece09b68b4e239f889a9", kill_on_drop: false }`
[INFO] running `Command { std: "docker" "rm" "-f" "f3ff28bcc8fd75bc287fd1e163f4bcc3ab91da1ef5ccece09b68b4e239f889a9", kill_on_drop: false }`
[INFO] [stdout] f3ff28bcc8fd75bc287fd1e163f4bcc3ab91da1ef5ccece09b68b4e239f889a9
[INFO] running `Command { std: "docker" "create" "-v" "/var/lib/crater-agent-workspace/builds/worker-3-tc1/target:/opt/rustwide/target:rw,Z" "-v" "/var/lib/crater-agent-workspace/builds/worker-3-tc1/source:/opt/rustwide/workdir:ro,Z" "-v" "/var/lib/crater-agent-workspace/cargo-home:/opt/rustwide/cargo-home:ro,Z" "-v" "/var/lib/crater-agent-workspace/rustup-home:/opt/rustwide/rustup-home:ro,Z" "-e" "SOURCE_DIR=/opt/rustwide/workdir" "-e" "CARGO_TARGET_DIR=/opt/rustwide/target" "-e" "CARGO_INCREMENTAL=0" "-e" "RUST_BACKTRACE=full" "-e" "RUSTFLAGS=--cap-lints=forbid" "-e" "RUSTDOCFLAGS=--cap-lints=forbid" "-e" "CARGO_HOME=/opt/rustwide/cargo-home" "-e" "RUSTUP_HOME=/opt/rustwide/rustup-home" "-w" "/opt/rustwide/workdir" "-m" "1610612736" "--user" "0:0" "--network" "none" "ghcr.io/rust-lang/crates-build-env/linux@sha256:819108c5571ea2e421544af4d832f968d213c87fbe3707a016657f43d2f853bc" "/opt/rustwide/cargo-home/bin/cargo" "+nightly-2025-01-18" "build" "--frozen" "--message-format=json", kill_on_drop: false }`
[INFO] [stdout] c221d21d76e3ed72388d6f6f3853d4a4116ef317d62bb2cf8a1f27a7ebab106d
[INFO] running `Command { std: "docker" "start" "-a" "c221d21d76e3ed72388d6f6f3853d4a4116ef317d62bb2cf8a1f27a7ebab106d", kill_on_drop: false }`
[INFO] [stderr]    Compiling shlex v1.3.0
[INFO] [stderr]    Compiling proc-macro2 v1.0.92
[INFO] [stderr]    Compiling pkg-config v0.3.31
[INFO] [stderr]    Compiling unicode-ident v1.0.14
[INFO] [stderr]    Compiling libc v0.2.169
[INFO] [stderr]    Compiling rusb v0.9.4
[INFO] [stderr]    Compiling thiserror v2.0.9
[INFO] [stderr]    Compiling cc v1.2.6
[INFO] [stderr]    Compiling quote v1.0.38
[INFO] [stderr]    Compiling syn v2.0.93
[INFO] [stderr]    Compiling libusb1-sys v0.7.0
[INFO] [stderr]    Compiling thiserror-impl v2.0.9
[INFO] [stderr]    Compiling arb v0.5.3 (/opt/rustwide/workdir)
[INFO] [stderr]     Finished `dev` profile [unoptimized + debuginfo] target(s) in 7.23s
[INFO] running `Command { std: "docker" "inspect" "c221d21d76e3ed72388d6f6f3853d4a4116ef317d62bb2cf8a1f27a7ebab106d", kill_on_drop: false }`
[INFO] running `Command { std: "docker" "rm" "-f" "c221d21d76e3ed72388d6f6f3853d4a4116ef317d62bb2cf8a1f27a7ebab106d", kill_on_drop: false }`
[INFO] [stdout] c221d21d76e3ed72388d6f6f3853d4a4116ef317d62bb2cf8a1f27a7ebab106d
[INFO] running `Command { std: "docker" "create" "-v" "/var/lib/crater-agent-workspace/builds/worker-3-tc1/target:/opt/rustwide/target:rw,Z" "-v" "/var/lib/crater-agent-workspace/builds/worker-3-tc1/source:/opt/rustwide/workdir:ro,Z" "-v" "/var/lib/crater-agent-workspace/cargo-home:/opt/rustwide/cargo-home:ro,Z" "-v" "/var/lib/crater-agent-workspace/rustup-home:/opt/rustwide/rustup-home:ro,Z" "-e" "SOURCE_DIR=/opt/rustwide/workdir" "-e" "CARGO_TARGET_DIR=/opt/rustwide/target" "-e" "CARGO_INCREMENTAL=0" "-e" "RUST_BACKTRACE=full" "-e" "RUSTFLAGS=--cap-lints=forbid" "-e" "RUSTDOCFLAGS=--cap-lints=forbid" "-e" "CARGO_HOME=/opt/rustwide/cargo-home" "-e" "RUSTUP_HOME=/opt/rustwide/rustup-home" "-w" "/opt/rustwide/workdir" "-m" "1610612736" "--user" "0:0" "--network" "none" "ghcr.io/rust-lang/crates-build-env/linux@sha256:819108c5571ea2e421544af4d832f968d213c87fbe3707a016657f43d2f853bc" "/opt/rustwide/cargo-home/bin/cargo" "+nightly-2025-01-18" "test" "--frozen" "--no-run" "--message-format=json", kill_on_drop: false }`
[INFO] [stdout] bfec72a4a05b3d84b4798de6dcd7e0757ada319d9d31b20523c39e99a011f013
[INFO] running `Command { std: "docker" "start" "-a" "bfec72a4a05b3d84b4798de6dcd7e0757ada319d9d31b20523c39e99a011f013", kill_on_drop: false }`
[INFO] [stderr]    Compiling arb v0.5.3 (/opt/rustwide/workdir)
[INFO] [stderr]     Finished `test` profile [unoptimized + debuginfo] target(s) in 0.31s
[INFO] running `Command { std: "docker" "inspect" "bfec72a4a05b3d84b4798de6dcd7e0757ada319d9d31b20523c39e99a011f013", kill_on_drop: false }`
[INFO] running `Command { std: "docker" "rm" "-f" "bfec72a4a05b3d84b4798de6dcd7e0757ada319d9d31b20523c39e99a011f013", kill_on_drop: false }`
[INFO] [stdout] bfec72a4a05b3d84b4798de6dcd7e0757ada319d9d31b20523c39e99a011f013
[INFO] running `Command { std: "docker" "create" "-v" "/var/lib/crater-agent-workspace/builds/worker-3-tc1/target:/opt/rustwide/target:rw,Z" "-v" "/var/lib/crater-agent-workspace/builds/worker-3-tc1/source:/opt/rustwide/workdir:ro,Z" "-v" "/var/lib/crater-agent-workspace/cargo-home:/opt/rustwide/cargo-home:ro,Z" "-v" "/var/lib/crater-agent-workspace/rustup-home:/opt/rustwide/rustup-home:ro,Z" "-e" "SOURCE_DIR=/opt/rustwide/workdir" "-e" "CARGO_TARGET_DIR=/opt/rustwide/target" "-e" "CARGO_INCREMENTAL=0" "-e" "RUST_BACKTRACE=full" "-e" "RUSTFLAGS=--cap-lints=forbid" "-e" "RUSTDOCFLAGS=--cap-lints=forbid" "-e" "CARGO_HOME=/opt/rustwide/cargo-home" "-e" "RUSTUP_HOME=/opt/rustwide/rustup-home" "-w" "/opt/rustwide/workdir" "-m" "1610612736" "--user" "0:0" "--network" "none" "ghcr.io/rust-lang/crates-build-env/linux@sha256:819108c5571ea2e421544af4d832f968d213c87fbe3707a016657f43d2f853bc" "/opt/rustwide/cargo-home/bin/cargo" "+nightly-2025-01-18" "test" "--frozen", kill_on_drop: false }`
[INFO] [stdout] f49498c26471e8ced0ac1f04652532702c6601da0eb29e49ddbd853ea8c5f09d
[INFO] running `Command { std: "docker" "start" "-a" "f49498c26471e8ced0ac1f04652532702c6601da0eb29e49ddbd853ea8c5f09d", kill_on_drop: false }`
[INFO] [stderr]     Finished `test` profile [unoptimized + debuginfo] target(s) in 0.04s
[INFO] [stderr]      Running unittests src/lib.rs (/opt/rustwide/target/debug/deps/arb-27884eb06786f7bb)
[INFO] [stdout] 
[INFO] [stdout] running 0 tests
[INFO] [stdout] 
[INFO] [stdout] test result: ok. 0 passed; 0 failed; 0 ignored; 0 measured; 0 filtered out; finished in 0.00s
[INFO] [stdout] 
[INFO] [stderr]    Doc-tests arb
[INFO] [stdout] 
[INFO] [stdout] running 3 tests
[INFO] [stdout] test src/lib.rs - set_status (line 188) ... FAILED
[INFO] [stdout] test src/lib.rs - reset (line 209) ... FAILED
[INFO] [stdout] test src/lib.rs - get_status (line 153) ... ok
[INFO] [stdout] 
[INFO] [stdout] failures:
[INFO] [stdout] 
[INFO] [stdout] ---- src/lib.rs - set_status (line 188) stdout ----
[INFO] [stdout] error[E0277]: the `?` operator can only be used in a function that returns `Result` or `Option` (or another type that implements `FromResidual`)
[INFO] [stdout]  --> src/lib.rs:191:32
[INFO] [stdout]   |
[INFO] [stdout] 5 | fn main() { #[allow(non_snake_case)] fn _doctest_main_src_lib_rs_188_0() {
[INFO] [stdout]   |                                      ----------------------------------- this function should return `Result` or `Option` to accept `?`
[INFO] [stdout] 6 | arb::set_status(55, true, None)?;
[INFO] [stdout]   |                                ^ cannot use the `?` operator in a function that returns `()`
[INFO] [stdout]   |
[INFO] [stdout]   = help: the trait `FromResidual<Result<Infallible, arb::Error>>` is not implemented for `()`
[INFO] [stdout] help: consider adding return type
[INFO] [stdout]   |
[INFO] [stdout] 5 ~ fn main() { #[allow(non_snake_case)] fn _doctest_main_src_lib_rs_188_0() -> Result<(), Box<dyn std::error::Error>> {
[INFO] [stdout] 6 | arb::set_status(55, true, None)?;
[INFO] [stdout] 7 +     Ok(())
[INFO] [stdout]   |
[INFO] [stdout] 
[INFO] [stdout] error: aborting due to 1 previous error
[INFO] [stdout] 
[INFO] [stdout] For more information about this error, try `rustc --explain E0277`.
[INFO] [stdout] Couldn't compile the test.
[INFO] [stdout] ---- src/lib.rs - reset (line 209) stdout ----
[INFO] [stdout] error[E0277]: the `?` operator can only be used in a function that returns `Result` or `Option` (or another type that implements `FromResidual`)
[INFO] [stdout]  --> src/lib.rs:211:17
[INFO] [stdout]   |
[INFO] [stdout] 4 | fn main() { #[allow(non_snake_case)] fn _doctest_main_src_lib_rs_209_0() {
[INFO] [stdout]   |                                      ----------------------------------- this function should return `Result` or `Option` to accept `?`
[INFO] [stdout] 5 | arb::reset(None)?;
[INFO] [stdout]   |                 ^ cannot use the `?` operator in a function that returns `()`
[INFO] [stdout]   |
[INFO] [stdout]   = help: the trait `FromResidual<Result<Infallible, arb::Error>>` is not implemented for `()`
[INFO] [stdout] help: consider adding return type
[INFO] [stdout]   |
[INFO] [stdout] 4 ~ fn main() { #[allow(non_snake_case)] fn _doctest_main_src_lib_rs_209_0() -> Result<(), Box<dyn std::error::Error>> {
[INFO] [stdout] 5 | arb::reset(None)?;
[INFO] [stdout] 6 +     Ok(())
[INFO] [stdout]   |
[INFO] [stdout] 
[INFO] [stdout] error: aborting due to 1 previous error
[INFO] [stdout] 
[INFO] [stdout] For more information about this error, try `rustc --explain E0277`.
[INFO] [stdout] Couldn't compile the test.
[INFO] [stdout] 
[INFO] [stdout] failures:
[INFO] [stdout]     src/lib.rs - reset (line 209)
[INFO] [stdout]     src/lib.rs - set_status (line 188)
[INFO] [stdout] 
[INFO] [stdout] test result: FAILED. 1 passed; 2 failed; 0 ignored; 0 measured; 0 filtered out; finished in 0.24s
[INFO] [stdout] 
[INFO] [stderr] error: doctest failed, to rerun pass `--doc`
[INFO] running `Command { std: "docker" "inspect" "f49498c26471e8ced0ac1f04652532702c6601da0eb29e49ddbd853ea8c5f09d", kill_on_drop: false }`
[INFO] running `Command { std: "docker" "rm" "-f" "f49498c26471e8ced0ac1f04652532702c6601da0eb29e49ddbd853ea8c5f09d", kill_on_drop: false }`
[INFO] [stdout] f49498c26471e8ced0ac1f04652532702c6601da0eb29e49ddbd853ea8c5f09d
