[INFO] cloning repository https://github.com/adip1343/trie
[INFO] running `Command { std: "git" "-c" "credential.helper=" "-c" "credential.helper=/workspace/cargo-home/bin/git-credential-null" "clone" "--bare" "https://github.com/adip1343/trie" "/workspace/cache/git-repos/https%3A%2F%2Fgithub.com%2Fadip1343%2Ftrie", kill_on_drop: false }`
[INFO] [stderr] Cloning into bare repository '/workspace/cache/git-repos/https%3A%2F%2Fgithub.com%2Fadip1343%2Ftrie'...
[INFO] running `Command { std: "git" "rev-parse" "HEAD", kill_on_drop: false }`
[INFO] [stdout] 6e7b6b6d1ed09e8155835bd5865205b44b7cba98
[INFO] testing adip1343/trie against nightly-2025-01-18 for randomize-layout-2
[INFO] running `Command { std: "git" "clone" "/workspace/cache/git-repos/https%3A%2F%2Fgithub.com%2Fadip1343%2Ftrie" "/workspace/builds/worker-2-tc1/source", kill_on_drop: false }`
[INFO] [stderr] Cloning into '/workspace/builds/worker-2-tc1/source'...
[INFO] [stderr] done.
[INFO] validating manifest of git repo https://github.com/adip1343/trie on toolchain nightly-2025-01-18
[INFO] running `Command { std: CARGO_HOME="/workspace/cargo-home" RUSTUP_HOME="/workspace/rustup-home" "/workspace/cargo-home/bin/cargo" "+nightly-2025-01-18" "metadata" "--manifest-path" "Cargo.toml" "--no-deps", kill_on_drop: false }`
[INFO] started tweaking git repo https://github.com/adip1343/trie
[INFO] finished tweaking git repo https://github.com/adip1343/trie
[INFO] tweaked toml for git repo https://github.com/adip1343/trie written to /workspace/builds/worker-2-tc1/source/Cargo.toml
[INFO] crate git repo https://github.com/adip1343/trie already has a lockfile, it will not be regenerated
[INFO] running `Command { std: CARGO_HOME="/workspace/cargo-home" RUSTUP_HOME="/workspace/rustup-home" "/workspace/cargo-home/bin/cargo" "+nightly-2025-01-18" "fetch" "--manifest-path" "Cargo.toml", kill_on_drop: false }`
[INFO] [stderr] warning: unused manifest key: package.auther
[INFO] running `Command { std: "docker" "create" "-v" "/var/lib/crater-agent-workspace/builds/worker-2-tc1/target:/opt/rustwide/target:rw,Z" "-v" "/var/lib/crater-agent-workspace/builds/worker-2-tc1/source:/opt/rustwide/workdir:ro,Z" "-v" "/var/lib/crater-agent-workspace/cargo-home:/opt/rustwide/cargo-home:ro,Z" "-v" "/var/lib/crater-agent-workspace/rustup-home:/opt/rustwide/rustup-home:ro,Z" "-e" "SOURCE_DIR=/opt/rustwide/workdir" "-e" "CARGO_TARGET_DIR=/opt/rustwide/target" "-e" "CARGO_HOME=/opt/rustwide/cargo-home" "-e" "RUSTUP_HOME=/opt/rustwide/rustup-home" "-w" "/opt/rustwide/workdir" "-m" "1610612736" "--user" "0:0" "--network" "none" "ghcr.io/rust-lang/crates-build-env/linux@sha256:819108c5571ea2e421544af4d832f968d213c87fbe3707a016657f43d2f853bc" "/opt/rustwide/cargo-home/bin/cargo" "+nightly-2025-01-18" "metadata" "--no-deps" "--format-version=1", kill_on_drop: false }`
[INFO] [stdout] 5211e37d994ffe85bb4cfb5a56a7d97a4fc6f89868114bf5c1d88e0cc89d36cf
[INFO] running `Command { std: "docker" "start" "-a" "5211e37d994ffe85bb4cfb5a56a7d97a4fc6f89868114bf5c1d88e0cc89d36cf", kill_on_drop: false }`
[INFO] running `Command { std: "docker" "inspect" "5211e37d994ffe85bb4cfb5a56a7d97a4fc6f89868114bf5c1d88e0cc89d36cf", kill_on_drop: false }`
[INFO] running `Command { std: "docker" "rm" "-f" "5211e37d994ffe85bb4cfb5a56a7d97a4fc6f89868114bf5c1d88e0cc89d36cf", kill_on_drop: false }`
[INFO] [stdout] 5211e37d994ffe85bb4cfb5a56a7d97a4fc6f89868114bf5c1d88e0cc89d36cf
[INFO] running `Command { std: "docker" "create" "-v" "/var/lib/crater-agent-workspace/builds/worker-2-tc1/target:/opt/rustwide/target:rw,Z" "-v" "/var/lib/crater-agent-workspace/builds/worker-2-tc1/source:/opt/rustwide/workdir:ro,Z" "-v" "/var/lib/crater-agent-workspace/cargo-home:/opt/rustwide/cargo-home:ro,Z" "-v" "/var/lib/crater-agent-workspace/rustup-home:/opt/rustwide/rustup-home:ro,Z" "-e" "SOURCE_DIR=/opt/rustwide/workdir" "-e" "CARGO_TARGET_DIR=/opt/rustwide/target" "-e" "CARGO_INCREMENTAL=0" "-e" "RUST_BACKTRACE=full" "-e" "RUSTFLAGS=--cap-lints=forbid" "-e" "RUSTDOCFLAGS=--cap-lints=forbid" "-e" "CARGO_HOME=/opt/rustwide/cargo-home" "-e" "RUSTUP_HOME=/opt/rustwide/rustup-home" "-w" "/opt/rustwide/workdir" "-m" "1610612736" "--user" "0:0" "--network" "none" "ghcr.io/rust-lang/crates-build-env/linux@sha256:819108c5571ea2e421544af4d832f968d213c87fbe3707a016657f43d2f853bc" "/opt/rustwide/cargo-home/bin/cargo" "+nightly-2025-01-18" "build" "--frozen" "--message-format=json", kill_on_drop: false }`
[INFO] [stdout] a82e021dbf3277815fa90d4a0027503438857744838f25aeb050fc976137337d
[INFO] running `Command { std: "docker" "start" "-a" "a82e021dbf3277815fa90d4a0027503438857744838f25aeb050fc976137337d", kill_on_drop: false }`
[INFO] [stderr] warning: unused manifest key: package.auther
[INFO] [stderr]    Compiling trie-alg v0.4.0 (/opt/rustwide/workdir)
[INFO] [stderr]     Finished `dev` profile [unoptimized + debuginfo] target(s) in 0.18s
[INFO] running `Command { std: "docker" "inspect" "a82e021dbf3277815fa90d4a0027503438857744838f25aeb050fc976137337d", kill_on_drop: false }`
[INFO] running `Command { std: "docker" "rm" "-f" "a82e021dbf3277815fa90d4a0027503438857744838f25aeb050fc976137337d", kill_on_drop: false }`
[INFO] [stdout] a82e021dbf3277815fa90d4a0027503438857744838f25aeb050fc976137337d
[INFO] running `Command { std: "docker" "create" "-v" "/var/lib/crater-agent-workspace/builds/worker-2-tc1/target:/opt/rustwide/target:rw,Z" "-v" "/var/lib/crater-agent-workspace/builds/worker-2-tc1/source:/opt/rustwide/workdir:ro,Z" "-v" "/var/lib/crater-agent-workspace/cargo-home:/opt/rustwide/cargo-home:ro,Z" "-v" "/var/lib/crater-agent-workspace/rustup-home:/opt/rustwide/rustup-home:ro,Z" "-e" "SOURCE_DIR=/opt/rustwide/workdir" "-e" "CARGO_TARGET_DIR=/opt/rustwide/target" "-e" "CARGO_INCREMENTAL=0" "-e" "RUST_BACKTRACE=full" "-e" "RUSTFLAGS=--cap-lints=forbid" "-e" "RUSTDOCFLAGS=--cap-lints=forbid" "-e" "CARGO_HOME=/opt/rustwide/cargo-home" "-e" "RUSTUP_HOME=/opt/rustwide/rustup-home" "-w" "/opt/rustwide/workdir" "-m" "1610612736" "--user" "0:0" "--network" "none" "ghcr.io/rust-lang/crates-build-env/linux@sha256:819108c5571ea2e421544af4d832f968d213c87fbe3707a016657f43d2f853bc" "/opt/rustwide/cargo-home/bin/cargo" "+nightly-2025-01-18" "test" "--frozen" "--no-run" "--message-format=json", kill_on_drop: false }`
[INFO] [stdout] 7f6b28430274028f32d5a7a380149c3d07f9be9440e88ae4ed95f152698a49df
[INFO] running `Command { std: "docker" "start" "-a" "7f6b28430274028f32d5a7a380149c3d07f9be9440e88ae4ed95f152698a49df", kill_on_drop: false }`
[INFO] [stderr] warning: unused manifest key: package.auther
[INFO] [stderr]    Compiling trie-alg v0.4.0 (/opt/rustwide/workdir)
[INFO] [stderr]     Finished `test` profile [unoptimized + debuginfo] target(s) in 0.51s
[INFO] running `Command { std: "docker" "inspect" "7f6b28430274028f32d5a7a380149c3d07f9be9440e88ae4ed95f152698a49df", kill_on_drop: false }`
[INFO] running `Command { std: "docker" "rm" "-f" "7f6b28430274028f32d5a7a380149c3d07f9be9440e88ae4ed95f152698a49df", kill_on_drop: false }`
[INFO] [stdout] 7f6b28430274028f32d5a7a380149c3d07f9be9440e88ae4ed95f152698a49df
[INFO] running `Command { std: "docker" "create" "-v" "/var/lib/crater-agent-workspace/builds/worker-2-tc1/target:/opt/rustwide/target:rw,Z" "-v" "/var/lib/crater-agent-workspace/builds/worker-2-tc1/source:/opt/rustwide/workdir:ro,Z" "-v" "/var/lib/crater-agent-workspace/cargo-home:/opt/rustwide/cargo-home:ro,Z" "-v" "/var/lib/crater-agent-workspace/rustup-home:/opt/rustwide/rustup-home:ro,Z" "-e" "SOURCE_DIR=/opt/rustwide/workdir" "-e" "CARGO_TARGET_DIR=/opt/rustwide/target" "-e" "CARGO_INCREMENTAL=0" "-e" "RUST_BACKTRACE=full" "-e" "RUSTFLAGS=--cap-lints=forbid" "-e" "RUSTDOCFLAGS=--cap-lints=forbid" "-e" "CARGO_HOME=/opt/rustwide/cargo-home" "-e" "RUSTUP_HOME=/opt/rustwide/rustup-home" "-w" "/opt/rustwide/workdir" "-m" "1610612736" "--user" "0:0" "--network" "none" "ghcr.io/rust-lang/crates-build-env/linux@sha256:819108c5571ea2e421544af4d832f968d213c87fbe3707a016657f43d2f853bc" "/opt/rustwide/cargo-home/bin/cargo" "+nightly-2025-01-18" "test" "--frozen", kill_on_drop: false }`
[INFO] [stdout] 7502b55042ce7535cfc3ddd24007e316070f926654eab96086623f27a34426f0
[INFO] running `Command { std: "docker" "start" "-a" "7502b55042ce7535cfc3ddd24007e316070f926654eab96086623f27a34426f0", kill_on_drop: false }`
[INFO] [stderr] warning: unused manifest key: package.auther
[INFO] [stderr]     Finished `test` profile [unoptimized + debuginfo] target(s) in 0.02s
[INFO] [stderr]      Running unittests src/lib.rs (/opt/rustwide/target/debug/deps/trie_alg-cd3dc0af3196960b)
[INFO] [stdout] 
[INFO] [stdout] running 8 tests
[INFO] [stdout] test tests::trie_works ... ok
[INFO] [stdout] test trie::tests::test_multi_add ... ok
[INFO] [stdout] test tests::custom_charset_works ... ok
[INFO] [stdout] test tests::multi_trie_works ... ok
[INFO] [stdout] test trie::tests::test_single_add ... ok
[INFO] [stdout] test tests::multi_trie_works_uppercase ... ok
[INFO] [stdout] test trie::tests::test_single_eq ... ok
[INFO] [stdout] test trie::tests::test_multi_eq ... ok
[INFO] [stdout] 
[INFO] [stdout] test result: ok. 8 passed; 0 failed; 0 ignored; 0 measured; 0 filtered out; finished in 0.02s
[INFO] [stdout] 
[INFO] [stderr]    Doc-tests trie_alg
[INFO] [stdout] 
[INFO] [stdout] running 1 test
[INFO] [stdout] test src/lib.rs - (line 3) ... FAILED
[INFO] [stdout] 
[INFO] [stdout] failures:
[INFO] [stdout] 
[INFO] [stdout] ---- src/lib.rs - (line 3) stdout ----
[INFO] [stdout] error: expected `;`, found `t`
[INFO] [stdout]   --> src/lib.rs:12:15
[INFO] [stdout]    |
[INFO] [stdout] 11 | t.count("abc")          // 1
[INFO] [stdout]    |               ^ help: add `;` here
[INFO] [stdout] 12 | t.add("abc");           // false
[INFO] [stdout]    | - unexpected token
[INFO] [stdout] 
[INFO] [stdout] error: expected `;`, found `t`
[INFO] [stdout]   --> src/lib.rs:14:15
[INFO] [stdout]    |
[INFO] [stdout] 13 | t.count("abc")          // 2
[INFO] [stdout]    |               ^ help: add `;` here
[INFO] [stdout] 14 | t.contains("abc")       // true
[INFO] [stdout]    | - unexpected token
[INFO] [stdout] 
[INFO] [stdout] error: expected `;`, found `t`
[INFO] [stdout]   --> src/lib.rs:15:18
[INFO] [stdout]    |
[INFO] [stdout] 14 | t.contains("abc")       // true
[INFO] [stdout]    |                  ^ help: add `;` here
[INFO] [stdout] 15 | t.contains("a")         // false
[INFO] [stdout]    | - unexpected token
[INFO] [stdout] 
[INFO] [stdout] error: expected `;`, found `t`
[INFO] [stdout]   --> src/lib.rs:16:16
[INFO] [stdout]    |
[INFO] [stdout] 15 | t.contains("a")         // false
[INFO] [stdout]    |                ^ help: add `;` here
[INFO] [stdout] 16 | t.count("a")            // 0
[INFO] [stdout]    | - unexpected token
[INFO] [stdout] 
[INFO] [stdout] error: expected `;`, found keyword `struct`
[INFO] [stdout]   --> src/lib.rs:17:13
[INFO] [stdout]    |
[INFO] [stdout] 16 | t.count("a")            // 0
[INFO] [stdout]    |             ^ help: add `;` here
[INFO] [stdout] 17 |  
[INFO] [stdout] 18 | struct LowerCaseWithHash();
[INFO] [stdout]    | ------ unexpected token
[INFO] [stdout] 
[INFO] [stdout] error: cannot find macro `trie` in this scope
[INFO] [stdout]  --> src/lib.rs:4:13
[INFO] [stdout]   |
[INFO] [stdout] 3 | let mut t = trie!();
[INFO] [stdout]   |             ^^^^
[INFO] [stdout]   |
[INFO] [stdout] help: consider importing this macro
[INFO] [stdout]   |
[INFO] [stdout] 2 + use trie_alg::trie;
[INFO] [stdout]   |
[INFO] [stdout] 
[INFO] [stdout] error: cannot find macro `multi_trie` in this scope
[INFO] [stdout]  --> src/lib.rs:10:13
[INFO] [stdout]   |
[INFO] [stdout] 9 | let mut t = multi_trie!();
[INFO] [stdout]   |             ^^^^^^^^^^
[INFO] [stdout]   |
[INFO] [stdout] help: consider importing this macro
[INFO] [stdout]   |
[INFO] [stdout] 2 + use trie_alg::multi_trie;
[INFO] [stdout]   |
[INFO] [stdout] 
[INFO] [stdout] error: cannot find macro `multi_trie` in this scope
[INFO] [stdout]   --> src/lib.rs:39:13
[INFO] [stdout]    |
[INFO] [stdout] 38 | let mut t = multi_trie!(LowerCaseWithHash);
[INFO] [stdout]    |             ^^^^^^^^^^
[INFO] [stdout]    |
[INFO] [stdout] help: consider importing this macro
[INFO] [stdout]    |
[INFO] [stdout] 2  + use trie_alg::multi_trie;
[INFO] [stdout]    |
[INFO] [stdout] 
[INFO] [stdout] error[E0405]: cannot find trait `CharSet` in this scope
[INFO] [stdout]   --> src/lib.rs:20:6
[INFO] [stdout]    |
[INFO] [stdout] 19 | impl CharSet for LowerCaseWithHash {
[INFO] [stdout]    |      ^^^^^^^ not found in this scope
[INFO] [stdout]    |
[INFO] [stdout] help: consider importing this trait
[INFO] [stdout]    |
[INFO] [stdout] 2  + use trie_alg::trie::CharSet;
[INFO] [stdout]    |
[INFO] [stdout] 
[INFO] [stdout] error: aborting due to 9 previous errors
[INFO] [stdout] 
[INFO] [stdout] For more information about this error, try `rustc --explain E0405`.
[INFO] [stdout] Couldn't compile the test.
[INFO] [stdout] 
[INFO] [stdout] failures:
[INFO] [stdout]     src/lib.rs - (line 3)
[INFO] [stdout] 
[INFO] [stdout] test result: FAILED. 0 passed; 1 failed; 0 ignored; 0 measured; 0 filtered out; finished in 0.10s
[INFO] [stdout] 
[INFO] [stderr] error: doctest failed, to rerun pass `--doc`
[INFO] running `Command { std: "docker" "inspect" "7502b55042ce7535cfc3ddd24007e316070f926654eab96086623f27a34426f0", kill_on_drop: false }`
[INFO] running `Command { std: "docker" "rm" "-f" "7502b55042ce7535cfc3ddd24007e316070f926654eab96086623f27a34426f0", kill_on_drop: false }`
[INFO] [stdout] 7502b55042ce7535cfc3ddd24007e316070f926654eab96086623f27a34426f0
