[INFO] cloning repository https://github.com/adalbertoteixeira/data-utility-belt
[INFO] running `Command { std: "git" "-c" "credential.helper=" "-c" "credential.helper=/workspace/cargo-home/bin/git-credential-null" "clone" "--bare" "https://github.com/adalbertoteixeira/data-utility-belt" "/workspace/cache/git-repos/https%3A%2F%2Fgithub.com%2Fadalbertoteixeira%2Fdata-utility-belt", kill_on_drop: false }`
[INFO] [stderr] Cloning into bare repository '/workspace/cache/git-repos/https%3A%2F%2Fgithub.com%2Fadalbertoteixeira%2Fdata-utility-belt'...
[INFO] running `Command { std: "git" "rev-parse" "HEAD", kill_on_drop: false }`
[INFO] [stdout] 62406768636e93719b7b3dbcb64357a714cc11c9
[INFO] testing adalbertoteixeira/data-utility-belt against nightly-2025-01-18+rustflags=-Zrandomize-layout for randomize-layout-2
[INFO] running `Command { std: "git" "clone" "/workspace/cache/git-repos/https%3A%2F%2Fgithub.com%2Fadalbertoteixeira%2Fdata-utility-belt" "/workspace/builds/worker-0-tc2/source", kill_on_drop: false }`
[INFO] [stderr] Cloning into '/workspace/builds/worker-0-tc2/source'...
[INFO] [stderr] done.
[INFO] validating manifest of git repo https://github.com/adalbertoteixeira/data-utility-belt on toolchain nightly-2025-01-18
[INFO] running `Command { std: CARGO_HOME="/workspace/cargo-home" RUSTUP_HOME="/workspace/rustup-home" "/workspace/cargo-home/bin/cargo" "+nightly-2025-01-18" "metadata" "--manifest-path" "Cargo.toml" "--no-deps", kill_on_drop: false }`
[INFO] started tweaking git repo https://github.com/adalbertoteixeira/data-utility-belt
[INFO] finished tweaking git repo https://github.com/adalbertoteixeira/data-utility-belt
[INFO] tweaked toml for git repo https://github.com/adalbertoteixeira/data-utility-belt written to /workspace/builds/worker-0-tc2/source/Cargo.toml
[INFO] crate git repo https://github.com/adalbertoteixeira/data-utility-belt already has a lockfile, it will not be regenerated
[INFO] running `Command { std: CARGO_HOME="/workspace/cargo-home" RUSTUP_HOME="/workspace/rustup-home" "/workspace/cargo-home/bin/cargo" "+nightly-2025-01-18" "fetch" "--manifest-path" "Cargo.toml", kill_on_drop: false }`
[INFO] [stderr]     Blocking waiting for file lock on package cache
[INFO] running `Command { std: "docker" "create" "-v" "/var/lib/crater-agent-workspace/builds/worker-0-tc2/target:/opt/rustwide/target:rw,Z" "-v" "/var/lib/crater-agent-workspace/builds/worker-0-tc2/source:/opt/rustwide/workdir:ro,Z" "-v" "/var/lib/crater-agent-workspace/cargo-home:/opt/rustwide/cargo-home:ro,Z" "-v" "/var/lib/crater-agent-workspace/rustup-home:/opt/rustwide/rustup-home:ro,Z" "-e" "SOURCE_DIR=/opt/rustwide/workdir" "-e" "CARGO_TARGET_DIR=/opt/rustwide/target" "-e" "CARGO_HOME=/opt/rustwide/cargo-home" "-e" "RUSTUP_HOME=/opt/rustwide/rustup-home" "-w" "/opt/rustwide/workdir" "-m" "1610612736" "--user" "0:0" "--network" "none" "ghcr.io/rust-lang/crates-build-env/linux@sha256:819108c5571ea2e421544af4d832f968d213c87fbe3707a016657f43d2f853bc" "/opt/rustwide/cargo-home/bin/cargo" "+nightly-2025-01-18" "metadata" "--no-deps" "--format-version=1", kill_on_drop: false }`
[INFO] [stdout] aa98195196b6bf33baa55bcf346e521c0eaae17df30a4026028993afaafde14c
[INFO] running `Command { std: "docker" "start" "-a" "aa98195196b6bf33baa55bcf346e521c0eaae17df30a4026028993afaafde14c", kill_on_drop: false }`
[INFO] running `Command { std: "docker" "inspect" "aa98195196b6bf33baa55bcf346e521c0eaae17df30a4026028993afaafde14c", kill_on_drop: false }`
[INFO] running `Command { std: "docker" "rm" "-f" "aa98195196b6bf33baa55bcf346e521c0eaae17df30a4026028993afaafde14c", kill_on_drop: false }`
[INFO] [stdout] aa98195196b6bf33baa55bcf346e521c0eaae17df30a4026028993afaafde14c
[INFO] running `Command { std: "docker" "create" "-v" "/var/lib/crater-agent-workspace/builds/worker-0-tc2/target:/opt/rustwide/target:rw,Z" "-v" "/var/lib/crater-agent-workspace/builds/worker-0-tc2/source:/opt/rustwide/workdir:ro,Z" "-v" "/var/lib/crater-agent-workspace/cargo-home:/opt/rustwide/cargo-home:ro,Z" "-v" "/var/lib/crater-agent-workspace/rustup-home:/opt/rustwide/rustup-home:ro,Z" "-e" "SOURCE_DIR=/opt/rustwide/workdir" "-e" "CARGO_TARGET_DIR=/opt/rustwide/target" "-e" "CARGO_INCREMENTAL=0" "-e" "RUST_BACKTRACE=full" "-e" "RUSTFLAGS=--cap-lints=forbid -Zrandomize-layout" "-e" "RUSTDOCFLAGS=--cap-lints=forbid" "-e" "CARGO_HOME=/opt/rustwide/cargo-home" "-e" "RUSTUP_HOME=/opt/rustwide/rustup-home" "-w" "/opt/rustwide/workdir" "-m" "1610612736" "--user" "0:0" "--network" "none" "ghcr.io/rust-lang/crates-build-env/linux@sha256:819108c5571ea2e421544af4d832f968d213c87fbe3707a016657f43d2f853bc" "/opt/rustwide/cargo-home/bin/cargo" "+nightly-2025-01-18" "build" "--frozen" "--message-format=json", kill_on_drop: false }`
[INFO] [stdout] b8b2fb23be7f5dec0d25979170b6883fa975d1c2bedf3aee45f9f68d916b14ef
[INFO] running `Command { std: "docker" "start" "-a" "b8b2fb23be7f5dec0d25979170b6883fa975d1c2bedf3aee45f9f68d916b14ef", kill_on_drop: false }`
[INFO] [stderr]    Compiling libc v0.2.62
[INFO] [stderr]    Compiling memchr v2.3.3
[INFO] [stderr]    Compiling serde v1.0.104
[INFO] [stderr]    Compiling ryu v1.0.2
[INFO] [stderr]    Compiling bitflags v1.1.0
[INFO] [stderr]    Compiling unicode-width v0.1.5
[INFO] [stderr]    Compiling lazy_static v1.4.0
[INFO] [stderr]    Compiling regex-syntax v0.6.17
[INFO] [stderr]    Compiling ansi_term v0.11.0
[INFO] [stderr]    Compiling strsim v0.8.0
[INFO] [stderr]    Compiling vec_map v0.8.1
[INFO] [stderr]    Compiling itoa v0.4.5
[INFO] [stderr]    Compiling textwrap v0.11.0
[INFO] [stderr]    Compiling thread_local v1.0.1
[INFO] [stderr]    Compiling aho-corasick v0.7.10
[INFO] [stderr]    Compiling atty v0.2.13
[INFO] [stderr]    Compiling clap v2.33.0
[INFO] [stderr]    Compiling regex v1.3.6
[INFO] [stderr]    Compiling serde_json v1.0.47
[INFO] [stderr]    Compiling data-utility-belt v0.1.5 (/opt/rustwide/workdir)
[INFO] [stdout] warning: unused import: `Map`
[INFO] [stdout]  --> src/is_different.rs:1:24
[INFO] [stdout]   |
[INFO] [stdout] 1 | use serde_json::{json, Map, Value};
[INFO] [stdout]   |                        ^^^
[INFO] [stdout]   |
[INFO] [stdout]   = note: `#[warn(unused_imports)]` on by default
[INFO] [stdout] 
[INFO] [stdout] 
[INFO] [stdout] warning: unused import: `std::convert::TryFrom`
[INFO] [stdout]  --> src/is_different.rs:2:5
[INFO] [stdout]   |
[INFO] [stdout] 2 | use std::convert::TryFrom;
[INFO] [stdout]   |     ^^^^^^^^^^^^^^^^^^^^^
[INFO] [stdout] 
[INFO] [stdout] 
[INFO] [stdout] warning: unused imports: `Write` and `self`
[INFO] [stdout]  --> src/is_different.rs:3:15
[INFO] [stdout]   |
[INFO] [stdout] 3 | use std::io::{self, Write};
[INFO] [stdout]   |               ^^^^  ^^^^^
[INFO] [stdout] 
[INFO] [stdout] 
[INFO] [stdout] warning: unused variable: `tmp_object_differences_pointer`
[INFO] [stdout]    --> src/is_different.rs:109:17
[INFO] [stdout]     |
[INFO] [stdout] 109 |         let mut tmp_object_differences_pointer = &object_differences;
[INFO] [stdout]     |                 ^^^^^^^^^^^^^^^^^^^^^^^^^^^^^^ help: if this is intentional, prefix it with an underscore: `_tmp_object_differences_pointer`
[INFO] [stdout]     |
[INFO] [stdout]     = note: `#[warn(unused_variables)]` on by default
[INFO] [stdout] 
[INFO] [stdout] 
[INFO] [stdout] warning: variable does not need to be mutable
[INFO] [stdout]   --> src/is_different.rs:14:9
[INFO] [stdout]    |
[INFO] [stdout] 14 |     let mut pointer = &parent_pointer.to_owned();
[INFO] [stdout]    |         ----^^^^^^^
[INFO] [stdout]    |         |
[INFO] [stdout]    |         help: remove this `mut`
[INFO] [stdout]    |
[INFO] [stdout]    = note: `#[warn(unused_mut)]` on by default
[INFO] [stdout] 
[INFO] [stdout] 
[INFO] [stdout] warning: variable does not need to be mutable
[INFO] [stdout]    --> src/is_different.rs:109:13
[INFO] [stdout]     |
[INFO] [stdout] 109 |         let mut tmp_object_differences_pointer = &object_differences;
[INFO] [stdout]     |             ----^^^^^^^^^^^^^^^^^^^^^^^^^^^^^^
[INFO] [stdout]     |             |
[INFO] [stdout]     |             help: remove this `mut`
[INFO] [stdout] 
[INFO] [stdout] 
[INFO] [stdout] warning: unused variable: `o_c`
[INFO] [stdout]    --> src/main.rs:232:13
[INFO] [stdout]     |
[INFO] [stdout] 232 |         let o_c: Map<String, Value> = parsed_object_compare.as_object().unwrap().clone();
[INFO] [stdout]     |             ^^^ help: if this is intentional, prefix it with an underscore: `_o_c`
[INFO] [stdout] 
[INFO] [stdout] 
[INFO] [stdout] warning: variable does not need to be mutable
[INFO] [stdout]    --> src/main.rs:239:17
[INFO] [stdout]     |
[INFO] [stdout] 239 |             let mut parent_key: Vec<String> = Vec::new();
[INFO] [stdout]     |                 ----^^^^^^^^^^
[INFO] [stdout]     |                 |
[INFO] [stdout]     |                 help: remove this `mut`
[INFO] [stdout] 
[INFO] [stdout] 
[INFO] [stderr]     Finished `dev` profile [unoptimized + debuginfo] target(s) in 10.82s
[INFO] running `Command { std: "docker" "inspect" "b8b2fb23be7f5dec0d25979170b6883fa975d1c2bedf3aee45f9f68d916b14ef", kill_on_drop: false }`
[INFO] running `Command { std: "docker" "rm" "-f" "b8b2fb23be7f5dec0d25979170b6883fa975d1c2bedf3aee45f9f68d916b14ef", kill_on_drop: false }`
[INFO] [stdout] b8b2fb23be7f5dec0d25979170b6883fa975d1c2bedf3aee45f9f68d916b14ef
[INFO] running `Command { std: "docker" "create" "-v" "/var/lib/crater-agent-workspace/builds/worker-0-tc2/target:/opt/rustwide/target:rw,Z" "-v" "/var/lib/crater-agent-workspace/builds/worker-0-tc2/source:/opt/rustwide/workdir:ro,Z" "-v" "/var/lib/crater-agent-workspace/cargo-home:/opt/rustwide/cargo-home:ro,Z" "-v" "/var/lib/crater-agent-workspace/rustup-home:/opt/rustwide/rustup-home:ro,Z" "-e" "SOURCE_DIR=/opt/rustwide/workdir" "-e" "CARGO_TARGET_DIR=/opt/rustwide/target" "-e" "CARGO_INCREMENTAL=0" "-e" "RUST_BACKTRACE=full" "-e" "RUSTFLAGS=--cap-lints=forbid -Zrandomize-layout" "-e" "RUSTDOCFLAGS=--cap-lints=forbid" "-e" "CARGO_HOME=/opt/rustwide/cargo-home" "-e" "RUSTUP_HOME=/opt/rustwide/rustup-home" "-w" "/opt/rustwide/workdir" "-m" "1610612736" "--user" "0:0" "--network" "none" "ghcr.io/rust-lang/crates-build-env/linux@sha256:819108c5571ea2e421544af4d832f968d213c87fbe3707a016657f43d2f853bc" "/opt/rustwide/cargo-home/bin/cargo" "+nightly-2025-01-18" "test" "--frozen" "--no-run" "--message-format=json", kill_on_drop: false }`
[INFO] [stdout] 1b8fa90ca807045cd664ef07f3b69867813051dba4e0973e42e40324bc56b5dc
[INFO] running `Command { std: "docker" "start" "-a" "1b8fa90ca807045cd664ef07f3b69867813051dba4e0973e42e40324bc56b5dc", kill_on_drop: false }`
[INFO] [stderr]    Compiling data-utility-belt v0.1.5 (/opt/rustwide/workdir)
[INFO] [stdout] warning: unused import: `Map`
[INFO] [stdout]  --> src/is_different.rs:1:24
[INFO] [stdout]   |
[INFO] [stdout] 1 | use serde_json::{json, Map, Value};
[INFO] [stdout]   |                        ^^^
[INFO] [stdout]   |
[INFO] [stdout]   = note: `#[warn(unused_imports)]` on by default
[INFO] [stdout] 
[INFO] [stdout] 
[INFO] [stdout] warning: unused import: `std::convert::TryFrom`
[INFO] [stdout]  --> src/is_different.rs:2:5
[INFO] [stdout]   |
[INFO] [stdout] 2 | use std::convert::TryFrom;
[INFO] [stdout]   |     ^^^^^^^^^^^^^^^^^^^^^
[INFO] [stdout] 
[INFO] [stdout] 
[INFO] [stdout] warning: unused imports: `Write` and `self`
[INFO] [stdout]  --> src/is_different.rs:3:15
[INFO] [stdout]   |
[INFO] [stdout] 3 | use std::io::{self, Write};
[INFO] [stdout]   |               ^^^^  ^^^^^
[INFO] [stdout] 
[INFO] [stdout] 
[INFO] [stdout] warning: unused variable: `tmp_object_differences_pointer`
[INFO] [stdout]    --> src/is_different.rs:109:17
[INFO] [stdout]     |
[INFO] [stdout] 109 |         let mut tmp_object_differences_pointer = &object_differences;
[INFO] [stdout]     |                 ^^^^^^^^^^^^^^^^^^^^^^^^^^^^^^ help: if this is intentional, prefix it with an underscore: `_tmp_object_differences_pointer`
[INFO] [stdout]     |
[INFO] [stdout]     = note: `#[warn(unused_variables)]` on by default
[INFO] [stdout] 
[INFO] [stdout] 
[INFO] [stdout] warning: variable does not need to be mutable
[INFO] [stdout]   --> src/is_different.rs:14:9
[INFO] [stdout]    |
[INFO] [stdout] 14 |     let mut pointer = &parent_pointer.to_owned();
[INFO] [stdout]    |         ----^^^^^^^
[INFO] [stdout]    |         |
[INFO] [stdout]    |         help: remove this `mut`
[INFO] [stdout]    |
[INFO] [stdout]    = note: `#[warn(unused_mut)]` on by default
[INFO] [stdout] 
[INFO] [stdout] 
[INFO] [stdout] warning: variable does not need to be mutable
[INFO] [stdout]    --> src/is_different.rs:109:13
[INFO] [stdout]     |
[INFO] [stdout] 109 |         let mut tmp_object_differences_pointer = &object_differences;
[INFO] [stdout]     |             ----^^^^^^^^^^^^^^^^^^^^^^^^^^^^^^
[INFO] [stdout]     |             |
[INFO] [stdout]     |             help: remove this `mut`
[INFO] [stdout] 
[INFO] [stdout] 
[INFO] [stdout] warning: variable does not need to be mutable
[INFO] [stdout]    --> src/is_different.rs:279:9
[INFO] [stdout]     |
[INFO] [stdout] 279 |     let mut o = json!({ "array":[4] });
[INFO] [stdout]     |         ----^
[INFO] [stdout]     |         |
[INFO] [stdout]     |         help: remove this `mut`
[INFO] [stdout] 
[INFO] [stdout] 
[INFO] [stdout] warning: variable does not need to be mutable
[INFO] [stdout]    --> src/is_different.rs:280:9
[INFO] [stdout]     |
[INFO] [stdout] 280 |     let mut o_c = json!({"array": [1] });
[INFO] [stdout]     |         ----^^^
[INFO] [stdout]     |         |
[INFO] [stdout]     |         help: remove this `mut`
[INFO] [stdout] 
[INFO] [stdout] 
[INFO] [stdout] warning: variable does not need to be mutable
[INFO] [stdout]    --> src/is_different.rs:296:9
[INFO] [stdout]     |
[INFO] [stdout] 296 |     let mut result = json!({
[INFO] [stdout]     |         ----^^^^^^
[INFO] [stdout]     |         |
[INFO] [stdout]     |         help: remove this `mut`
[INFO] [stdout] 
[INFO] [stdout] 
[INFO] [stdout] warning: unused variable: `o_c`
[INFO] [stdout]    --> src/main.rs:232:13
[INFO] [stdout]     |
[INFO] [stdout] 232 |         let o_c: Map<String, Value> = parsed_object_compare.as_object().unwrap().clone();
[INFO] [stdout]     |             ^^^ help: if this is intentional, prefix it with an underscore: `_o_c`
[INFO] [stdout] 
[INFO] [stdout] 
[INFO] [stdout] warning: variable does not need to be mutable
[INFO] [stdout]    --> src/main.rs:239:17
[INFO] [stdout]     |
[INFO] [stdout] 239 |             let mut parent_key: Vec<String> = Vec::new();
[INFO] [stdout]     |                 ----^^^^^^^^^^
[INFO] [stdout]     |                 |
[INFO] [stdout]     |                 help: remove this `mut`
[INFO] [stdout] 
[INFO] [stdout] 
[INFO] [stderr]     Finished `test` profile [unoptimized + debuginfo] target(s) in 0.70s
[INFO] running `Command { std: "docker" "inspect" "1b8fa90ca807045cd664ef07f3b69867813051dba4e0973e42e40324bc56b5dc", kill_on_drop: false }`
[INFO] running `Command { std: "docker" "rm" "-f" "1b8fa90ca807045cd664ef07f3b69867813051dba4e0973e42e40324bc56b5dc", kill_on_drop: false }`
[INFO] [stdout] 1b8fa90ca807045cd664ef07f3b69867813051dba4e0973e42e40324bc56b5dc
[INFO] running `Command { std: "docker" "create" "-v" "/var/lib/crater-agent-workspace/builds/worker-0-tc2/target:/opt/rustwide/target:rw,Z" "-v" "/var/lib/crater-agent-workspace/builds/worker-0-tc2/source:/opt/rustwide/workdir:ro,Z" "-v" "/var/lib/crater-agent-workspace/cargo-home:/opt/rustwide/cargo-home:ro,Z" "-v" "/var/lib/crater-agent-workspace/rustup-home:/opt/rustwide/rustup-home:ro,Z" "-e" "SOURCE_DIR=/opt/rustwide/workdir" "-e" "CARGO_TARGET_DIR=/opt/rustwide/target" "-e" "CARGO_INCREMENTAL=0" "-e" "RUST_BACKTRACE=full" "-e" "RUSTFLAGS=--cap-lints=forbid -Zrandomize-layout" "-e" "RUSTDOCFLAGS=--cap-lints=forbid" "-e" "CARGO_HOME=/opt/rustwide/cargo-home" "-e" "RUSTUP_HOME=/opt/rustwide/rustup-home" "-w" "/opt/rustwide/workdir" "-m" "1610612736" "--user" "0:0" "--network" "none" "ghcr.io/rust-lang/crates-build-env/linux@sha256:819108c5571ea2e421544af4d832f968d213c87fbe3707a016657f43d2f853bc" "/opt/rustwide/cargo-home/bin/cargo" "+nightly-2025-01-18" "test" "--frozen", kill_on_drop: false }`
[INFO] [stdout] c3d51e4651957c0e41656d9abe48bbdd3c8bdc6bde8cfae8e7b23d999b3ecfee
[INFO] running `Command { std: "docker" "start" "-a" "c3d51e4651957c0e41656d9abe48bbdd3c8bdc6bde8cfae8e7b23d999b3ecfee", kill_on_drop: false }`
[INFO] [stderr] warning: unused import: `Map`
[INFO] [stderr]  --> src/is_different.rs:1:24
[INFO] [stderr]   |
[INFO] [stderr] 1 | use serde_json::{json, Map, Value};
[INFO] [stderr]   |                        ^^^
[INFO] [stderr]   |
[INFO] [stderr]   = note: `#[warn(unused_imports)]` on by default
[INFO] [stderr] 
[INFO] [stderr] warning: unused import: `std::convert::TryFrom`
[INFO] [stderr]  --> src/is_different.rs:2:5
[INFO] [stderr]   |
[INFO] [stderr] 2 | use std::convert::TryFrom;
[INFO] [stderr]   |     ^^^^^^^^^^^^^^^^^^^^^
[INFO] [stderr] 
[INFO] [stderr] warning: unused imports: `Write` and `self`
[INFO] [stderr]  --> src/is_different.rs:3:15
[INFO] [stderr]   |
[INFO] [stderr] 3 | use std::io::{self, Write};
[INFO] [stderr]   |               ^^^^  ^^^^^
[INFO] [stderr] 
[INFO] [stderr] warning: unused variable: `tmp_object_differences_pointer`
[INFO] [stderr]    --> src/is_different.rs:109:17
[INFO] [stderr]     |
[INFO] [stderr] 109 |         let mut tmp_object_differences_pointer = &object_differences;
[INFO] [stderr]     |                 ^^^^^^^^^^^^^^^^^^^^^^^^^^^^^^ help: if this is intentional, prefix it with an underscore: `_tmp_object_differences_pointer`
[INFO] [stderr]     |
[INFO] [stderr]     = note: `#[warn(unused_variables)]` on by default
[INFO] [stderr] 
[INFO] [stderr] warning: variable does not need to be mutable
[INFO] [stderr]   --> src/is_different.rs:14:9
[INFO] [stderr]    |
[INFO] [stderr] 14 |     let mut pointer = &parent_pointer.to_owned();
[INFO] [stderr]    |         ----^^^^^^^
[INFO] [stderr]    |         |
[INFO] [stderr]    |         help: remove this `mut`
[INFO] [stderr]    |
[INFO] [stderr]    = note: `#[warn(unused_mut)]` on by default
[INFO] [stderr] 
[INFO] [stderr] warning: variable does not need to be mutable
[INFO] [stderr]    --> src/is_different.rs:109:13
[INFO] [stderr]     |
[INFO] [stderr] 109 |         let mut tmp_object_differences_pointer = &object_differences;
[INFO] [stderr]     |             ----^^^^^^^^^^^^^^^^^^^^^^^^^^^^^^
[INFO] [stderr]     |             |
[INFO] [stderr]     |             help: remove this `mut`
[INFO] [stderr] 
[INFO] [stderr] warning: variable does not need to be mutable
[INFO] [stderr]    --> src/is_different.rs:279:9
[INFO] [stderr]     |
[INFO] [stderr] 279 |     let mut o = json!({ "array":[4] });
[INFO] [stderr]     |         ----^
[INFO] [stderr]     |         |
[INFO] [stderr]     |         help: remove this `mut`
[INFO] [stderr] 
[INFO] [stderr] warning: variable does not need to be mutable
[INFO] [stderr]    --> src/is_different.rs:280:9
[INFO] [stderr]     |
[INFO] [stderr] 280 |     let mut o_c = json!({"array": [1] });
[INFO] [stderr]     |         ----^^^
[INFO] [stderr]     |         |
[INFO] [stderr]     |         help: remove this `mut`
[INFO] [stderr] 
[INFO] [stderr] warning: variable does not need to be mutable
[INFO] [stderr]    --> src/is_different.rs:296:9
[INFO] [stderr]     |
[INFO] [stderr] 296 |     let mut result = json!({
[INFO] [stderr]     |         ----^^^^^^
[INFO] [stderr]     |         |
[INFO] [stderr]     |         help: remove this `mut`
[INFO] [stderr] 
[INFO] [stderr] warning: unused variable: `o_c`
[INFO] [stderr]    --> src/main.rs:232:13
[INFO] [stderr]     |
[INFO] [stderr] 232 |         let o_c: Map<String, Value> = parsed_object_compare.as_object().unwrap().clone();
[INFO] [stderr]     |             ^^^ help: if this is intentional, prefix it with an underscore: `_o_c`
[INFO] [stderr] 
[INFO] [stderr] warning: variable does not need to be mutable
[INFO] [stderr]    --> src/main.rs:239:17
[INFO] [stderr]     |
[INFO] [stderr] 239 |             let mut parent_key: Vec<String> = Vec::new();
[INFO] [stderr]     |                 ----^^^^^^^^^^
[INFO] [stderr]     |                 |
[INFO] [stderr]     |                 help: remove this `mut`
[INFO] [stderr] 
[INFO] [stderr] warning: `data-utility-belt` (bin "data-utility-belt" test) generated 11 warnings (run `cargo fix --bin "data-utility-belt" --tests` to apply 9 suggestions)
[INFO] [stderr]     Finished `test` profile [unoptimized + debuginfo] target(s) in 0.04s
[INFO] [stderr]      Running unittests src/main.rs (/opt/rustwide/target/debug/deps/data_utility_belt-31abbed355ecef90)
[INFO] [stdout] 
[INFO] [stdout] running 1 test
[INFO] [stdout] test is_different::should_error_array_with_different_values_of_same_type ... FAILED
[INFO] [stdout] 
[INFO] [stdout] failures:
[INFO] [stdout] 
[INFO] [stdout] ---- is_different::should_error_array_with_different_values_of_same_type stdout ----
[INFO] [stdout] Object({})
[INFO] [stdout] IS DIFFERENT INITIAL: 
[INFO] [stdout] 	POINTER: "/array"
[INFO] [stdout] 	OBJECT: Object({"array": Array([Number(4)])})
[INFO] [stdout] 
[INFO] [stdout] 	OBJECTS: 
[INFO] [stdout] 		original:Some(Array([Number(4)]))
[INFO] [stdout]  		to compare:Some(Array([Number(1)]))
[INFO] [stdout] 
[INFO] [stdout] 			IS ARRAY!
[INFO] [stdout] 			ARRAY IS DIFFERENT
[INFO] [stdout] 			Array iteration:
[INFO] [stdout] 				i: 0
[INFO] [stdout] 				Number(4)
[INFO] [stdout] IS DIFFERENT INITIAL: 
[INFO] [stdout] 	POINTER: "/array/0"
[INFO] [stdout] 	OBJECT: Object({"array": Array([Number(4)])})
[INFO] [stdout] 
[INFO] [stdout] 	OBJECTS: 
[INFO] [stdout] 		original:Some(Number(4))
[INFO] [stdout]  		to compare:Some(Number(1))
[INFO] [stdout] 
[INFO] [stdout] 	Comparing value		
[INFO] [stderr] error: test failed, to rerun pass `--bin data-utility-belt`
[INFO] [stdout]                 Key(s): [], "array"		
[INFO] [stdout]                 Pointer: "/array/0"		
[INFO] [stdout]                 Object: Object({"array": Array([Number(4)])}),		
[INFO] [stdout]                 Object to compare: Object({"array": Array([Number(1)])})		
[INFO] [stdout]                 Value(s)Array([Number(4)]), Array([Number(1)])
[INFO] [stdout]                 object_differences: Object({})
[INFO] [stdout]                 
[INFO] [stdout] 
[INFO] [stdout] 	Pointer collect: ["", "array", "0"]
[INFO] [stdout]                 from value: Object({"V": Object({})})
[INFO] [stdout] 	Current pointer before iteration: "/"
[INFO] [stdout] 	Pointer collect iterate:
[INFO] [stdout]                     iter_pointer: ""
[INFO] [stdout]                     index: 0 
[INFO] [stdout] 	Current pointer inside loop: "/"
[INFO] [stdout] 	Iterator length is 0: ""
[INFO] [stdout] 	Current object_differences Object({})
[INFO] [stdout] 	Current pointer inside loop: "/"
[INFO] [stdout] 	Iterator length is greater than 0: ""
[INFO] [stdout] 	Current object_differences Object({})
[INFO] [stdout] 		Current pointer inside loop after pushing i: "/" 
[INFO] [stdout] 
[INFO] [stdout] 
[INFO] [stdout] 		current_value_in_tmp_differences_pointer: None
[INFO] [stdout] 
[INFO] [stdout] 
[INFO] [stdout] 		previous_pointer: "/"
[INFO] [stdout] 
[INFO] [stdout] 
[INFO] [stdout] 		current_value_in_tmp_differences_pointer is NONE: None
[INFO] [stdout] 	Object_differences after inserting i Object({})
[INFO] [stdout] 	Pointer collect iterate:
[INFO] [stdout]                     iter_pointer: "array"
[INFO] [stdout]                     index: 5 
[INFO] [stdout] 	Current pointer inside loop: "/"
[INFO] [stdout] 	Iterator length is greater than 0: "array"
[INFO] [stdout] 	Current object_differences Object({})
[INFO] [stdout] 		Current pointer inside loop after pushing i: "/array" 
[INFO] [stdout] 
[INFO] [stdout] 
[INFO] [stdout] 		current_value_in_tmp_differences_pointer: None
[INFO] [stdout] 
[INFO] [stdout] 
[INFO] [stdout] 		previous_pointer: "/"
[INFO] [stdout] 
[INFO] [stdout] 
[INFO] [stdout] 		current_value_in_tmp_differences_pointer is NONE: None
[INFO] [stdout] 	Object_differences after inserting i Object({"array": Object({})})
[INFO] [stdout] 	Pointer collect iterate:
[INFO] [stdout]                     iter_pointer: "0"
[INFO] [stdout]                     index: 1 
[INFO] [stdout] 	Current pointer inside loop: "/array"
[INFO] [stdout] 	Iterator length is greater than 0: "0"
[INFO] [stdout] 	Current object_differences Object({"array": Object({})})
[INFO] [stdout] 		Current pointer inside loop after pushing i: "/array/0" 
[INFO] [stdout] 
[INFO] [stdout] 
[INFO] [stdout] 		current_value_in_tmp_differences_pointer: None
[INFO] [stdout] 
[INFO] [stdout] 
[INFO] [stdout] 		previous_pointer: "/array"
[INFO] [stdout] 
[INFO] [stdout] 
[INFO] [stdout] 		current_value_in_tmp_differences_pointer is NONE: None
[INFO] [stdout] Object_differences after inserting i with index 2 :Object({"array": Null})
[INFO] [stdout] 	Object_differences after inserting i Object({"array": Null})
[INFO] [stdout] 	Comparing value		
[INFO] [stdout]                 Key(s): [], "array"		
[INFO] [stdout]                 Pointer: "/array"		
[INFO] [stdout]                 Object: Object({"array": Array([Number(4)])}),		
[INFO] [stdout]                 Object to compare: Object({"array": Array([Number(1)])})		
[INFO] [stdout]                 Value(s)Array([Number(4)]), Array([Number(1)])
[INFO] [stdout]                 object_differences: Object({"array": Null})
[INFO] [stdout]                 
[INFO] [stdout] 	Object differences value: Null
[INFO] [stdout] 
[INFO] [stdout] 
[INFO] [stdout] 	Pointer collect: ["", "array"]
[INFO] [stdout]                 from value: Object({"V": Object({}), "array": Null})
[INFO] [stdout] 	Current pointer before iteration: "/"
[INFO] [stdout] 	Pointer collect iterate:
[INFO] [stdout]                     iter_pointer: ""
[INFO] [stdout]                     index: 0 
[INFO] [stdout] 	Current pointer inside loop: "/"
[INFO] [stdout] 	Iterator length is 0: ""
[INFO] [stdout] 	Current object_differences Object({"array": Null})
[INFO] [stdout] 	Current pointer inside loop: "/"
[INFO] [stdout] 	Iterator length is greater than 0: ""
[INFO] [stdout] 	Current object_differences Object({"array": Null})
[INFO] [stdout] 		Current pointer inside loop after pushing i: "/" 
[INFO] [stdout] 
[INFO] [stdout] 
[INFO] [stdout] 		current_value_in_tmp_differences_pointer: None
[INFO] [stdout] 
[INFO] [stdout] 
[INFO] [stdout] 		previous_pointer: "/"
[INFO] [stdout] 
[INFO] [stdout] 
[INFO] [stdout] 		current_value_in_tmp_differences_pointer is NONE: None
[INFO] [stdout] 	Object_differences after inserting i Object({"array": Null})
[INFO] [stdout] 	Pointer collect iterate:
[INFO] [stdout]                     iter_pointer: "array"
[INFO] [stdout]                     index: 5 
[INFO] [stdout] 	Current pointer inside loop: "/"
[INFO] [stdout] 	Iterator length is greater than 0: "array"
[INFO] [stdout] 	Current object_differences Object({"array": Null})
[INFO] [stdout] 		Current pointer inside loop after pushing i: "/array" 
[INFO] [stdout] 
[INFO] [stdout] 
[INFO] [stdout] 		current_value_in_tmp_differences_pointer: None
[INFO] [stdout] 
[INFO] [stdout] 
[INFO] [stdout] 		previous_pointer: "/"
[INFO] [stdout] 
[INFO] [stdout] 
[INFO] [stdout] 		current_value_in_tmp_differences_pointer is NONE: None
[INFO] [stdout] 	Object_differences after inserting i Object({"array": Object({})})
[INFO] [stdout] Object({"array": Object({})}), Object({"array": Array([Number(4), Number(1)])})
[INFO] [stdout] 
[INFO] [stdout] thread 'is_different::should_error_array_with_different_values_of_same_type' panicked at src/is_different.rs:301:5:
[INFO] [stdout] assertion `left == right` failed
[INFO] [stdout]   left: Object({"array": Object({})})
[INFO] [stdout]  right: Object({"array": Array([Number(4), Number(1)])})
[INFO] [stdout] stack backtrace:
[INFO] [stdout]    0:     0x5fa9e35f764a - std::backtrace_rs::backtrace::libunwind::trace::hb059275cfc8d6126
[INFO] [stdout]                                at /rustc/6067b36314ab5eb2eb47cecc464545ba58e1ad24/library/std/src/../../backtrace/src/backtrace/libunwind.rs:116:5
[INFO] [stdout]    1:     0x5fa9e35f764a - std::backtrace_rs::backtrace::trace_unsynchronized::h2da071e4327ce3ee
[INFO] [stdout]                                at /rustc/6067b36314ab5eb2eb47cecc464545ba58e1ad24/library/std/src/../../backtrace/src/backtrace/mod.rs:66:5
[INFO] [stdout]    2:     0x5fa9e35f764a - std::sys::backtrace::_print_fmt::h842a1474e6f8d23f
[INFO] [stdout]                                at /rustc/6067b36314ab5eb2eb47cecc464545ba58e1ad24/library/std/src/sys/backtrace.rs:66:9
[INFO] [stdout]    3:     0x5fa9e35f764a - <std::sys::backtrace::BacktraceLock::print::DisplayBacktrace as core::fmt::Display>::fmt::h71a62eb3b9696b12
[INFO] [stdout]                                at /rustc/6067b36314ab5eb2eb47cecc464545ba58e1ad24/library/std/src/sys/backtrace.rs:39:26
[INFO] [stdout]    4:     0x5fa9e361f423 - core::fmt::rt::Argument::fmt::hdb6b616786b41dc1
[INFO] [stdout]                                at /rustc/6067b36314ab5eb2eb47cecc464545ba58e1ad24/library/core/src/fmt/rt.rs:177:76
[INFO] [stdout]    5:     0x5fa9e361f423 - core::fmt::write::h2cc1698af7e2d686
[INFO] [stdout]                                at /rustc/6067b36314ab5eb2eb47cecc464545ba58e1ad24/library/core/src/fmt/mod.rs:1440:21
[INFO] [stdout]    6:     0x5fa9e35f41a3 - std::io::Write::write_fmt::hab1b4cd059a79022
[INFO] [stdout]                                at /rustc/6067b36314ab5eb2eb47cecc464545ba58e1ad24/library/std/src/io/mod.rs:1887:15
[INFO] [stdout]    7:     0x5fa9e35f7492 - std::sys::backtrace::BacktraceLock::print::h147fe35b4ea13b08
[INFO] [stdout]                                at /rustc/6067b36314ab5eb2eb47cecc464545ba58e1ad24/library/std/src/sys/backtrace.rs:42:9
[INFO] [stdout]    8:     0x5fa9e35f8a6f - std::panicking::default_hook::{{closure}}::hbd44223dbdc0d208
[INFO] [stdout]                                at /rustc/6067b36314ab5eb2eb47cecc464545ba58e1ad24/library/std/src/panicking.rs:298:22
[INFO] [stdout]    9:     0x5fa9e35f8888 - std::panicking::default_hook::h20f81eb0576efcec
[INFO] [stdout]                                at /rustc/6067b36314ab5eb2eb47cecc464545ba58e1ad24/library/std/src/panicking.rs:322:9
[INFO] [stdout]   10:     0x5fa9e35a33c3 - <alloc::boxed::Box<F,A> as core::ops::function::Fn<Args>>::call::hdb53814c496a4d34
[INFO] [stdout]                                at /rustc/6067b36314ab5eb2eb47cecc464545ba58e1ad24/library/alloc/src/boxed.rs:2027:9
[INFO] [stdout]   11:     0x5fa9e35a33c3 - test::test_main::{{closure}}::hc0a4963c59427c24
[INFO] [stdout]                                at /rustc/6067b36314ab5eb2eb47cecc464545ba58e1ad24/library/test/src/lib.rs:134:21
[INFO] [stdout]   12:     0x5fa9e35f9563 - <alloc::boxed::Box<F,A> as core::ops::function::Fn<Args>>::call::h591b2225413a77e9
[INFO] [stdout]                                at /rustc/6067b36314ab5eb2eb47cecc464545ba58e1ad24/library/alloc/src/boxed.rs:2027:9
[INFO] [stdout]   13:     0x5fa9e35f9563 - std::panicking::rust_panic_with_hook::h625eea43051b2edc
[INFO] [stdout]                                at /rustc/6067b36314ab5eb2eb47cecc464545ba58e1ad24/library/std/src/panicking.rs:839:13
[INFO] [stdout]   14:     0x5fa9e35f921a - std::panicking::begin_panic_handler::{{closure}}::h4f9159cfbc3f6bd3
[INFO] [stdout]                                at /rustc/6067b36314ab5eb2eb47cecc464545ba58e1ad24/library/std/src/panicking.rs:704:13
[INFO] [stdout]   15:     0x5fa9e35f7b49 - std::sys::backtrace::__rust_end_short_backtrace::h0390abce48353151
[INFO] [stdout]                                at /rustc/6067b36314ab5eb2eb47cecc464545ba58e1ad24/library/std/src/sys/backtrace.rs:168:18
[INFO] [stdout]   16:     0x5fa9e35f8ead - rust_begin_unwind
[INFO] [stdout]                                at /rustc/6067b36314ab5eb2eb47cecc464545ba58e1ad24/library/std/src/panicking.rs:695:5
[INFO] [stdout]   17:     0x5fa9e361d770 - core::panicking::panic_fmt::h9e7c637e9e5f29c9
[INFO] [stdout]                                at /rustc/6067b36314ab5eb2eb47cecc464545ba58e1ad24/library/core/src/panicking.rs:75:14
[INFO] [stdout]   18:     0x5fa9e361db32 - core::panicking::assert_failed_inner::h538bec7c1374cd9c
[INFO] [stdout]   19:     0x5fa9e355f21c - core::panicking::assert_failed::hfc265bc3079b018b
[INFO] [stdout]                                at /rustc/6067b36314ab5eb2eb47cecc464545ba58e1ad24/library/core/src/panicking.rs:364:5
[INFO] [stdout]   20:     0x5fa9e3564e3b - data_utility_belt::is_different::should_error_array_with_different_values_of_same_type::h2890a81dc927181c
[INFO] [stdout]                                at /opt/rustwide/workdir/src/is_different.rs:301:5
[INFO] [stdout]   21:     0x5fa9e3563ff7 - data_utility_belt::is_different::should_error_array_with_different_values_of_same_type::{{closure}}::h659b0ec74900e79a
[INFO] [stdout]                                at /opt/rustwide/workdir/src/is_different.rs:277:63
[INFO] [stdout]   22:     0x5fa9e355e4f6 - core::ops::function::FnOnce::call_once::hbae8d7f6bf4d1305
[INFO] [stdout]                                at /rustc/6067b36314ab5eb2eb47cecc464545ba58e1ad24/library/core/src/ops/function.rs:250:5
[INFO] [stdout]   23:     0x5fa9e35a8b1b - core::ops::function::FnOnce::call_once::he27718dfdd183f43
[INFO] [stdout]                                at /rustc/6067b36314ab5eb2eb47cecc464545ba58e1ad24/library/core/src/ops/function.rs:250:5
[INFO] [stdout]   24:     0x5fa9e35a8b1b - test::__rust_begin_short_backtrace::h4e84902998457a5d
[INFO] [stdout]                                at /rustc/6067b36314ab5eb2eb47cecc464545ba58e1ad24/library/test/src/lib.rs:632:18
[INFO] [stdout]   25:     0x5fa9e35a7a53 - test::run_test_in_process::{{closure}}::h7176fd18fc1feca0
[INFO] [stdout]                                at /rustc/6067b36314ab5eb2eb47cecc464545ba58e1ad24/library/test/src/lib.rs:655:60
[INFO] [stdout]   26:     0x5fa9e35a7a53 - <core::panic::unwind_safe::AssertUnwindSafe<F> as core::ops::function::FnOnce<()>>::call_once::hf79cff2a624d8cf7
[INFO] [stdout]                                at /rustc/6067b36314ab5eb2eb47cecc464545ba58e1ad24/library/core/src/panic/unwind_safe.rs:272:9
[INFO] [stdout]   27:     0x5fa9e35a7a53 - std::panicking::try::do_call::h3da0561d9ab99c25
[INFO] [stdout]                                at /rustc/6067b36314ab5eb2eb47cecc464545ba58e1ad24/library/std/src/panicking.rs:587:40
[INFO] [stdout]   28:     0x5fa9e35a7a53 - std::panicking::try::h41c9fa508bc61df6
[INFO] [stdout]                                at /rustc/6067b36314ab5eb2eb47cecc464545ba58e1ad24/library/std/src/panicking.rs:550:19
[INFO] [stdout]   29:     0x5fa9e35a7a53 - std::panic::catch_unwind::h6b3ff07bb5afad93
[INFO] [stdout]                                at /rustc/6067b36314ab5eb2eb47cecc464545ba58e1ad24/library/std/src/panic.rs:358:14
[INFO] [stdout]   30:     0x5fa9e35a7a53 - test::run_test_in_process::hc7253dd11b39b9f4
[INFO] [stdout]                                at /rustc/6067b36314ab5eb2eb47cecc464545ba58e1ad24/library/test/src/lib.rs:655:27
[INFO] [stdout]   31:     0x5fa9e35a7a53 - test::run_test::{{closure}}::hfb2007f8649c30bb
[INFO] [stdout]                                at /rustc/6067b36314ab5eb2eb47cecc464545ba58e1ad24/library/test/src/lib.rs:576:43
[INFO] [stdout]   32:     0x5fa9e356ab35 - test::run_test::{{closure}}::h56a17aa7a282a9f4
[INFO] [stdout]                                at /rustc/6067b36314ab5eb2eb47cecc464545ba58e1ad24/library/test/src/lib.rs:606:41
[INFO] [stdout]   33:     0x5fa9e356ab35 - std::sys::backtrace::__rust_begin_short_backtrace::hd2d2d2fb8e8c6aac
[INFO] [stdout]                                at /rustc/6067b36314ab5eb2eb47cecc464545ba58e1ad24/library/std/src/sys/backtrace.rs:152:18
[INFO] [stdout]   34:     0x5fa9e356e41a - std::thread::Builder::spawn_unchecked_::{{closure}}::{{closure}}::h4faa3f9db6133423
[INFO] [stdout]                                at /rustc/6067b36314ab5eb2eb47cecc464545ba58e1ad24/library/std/src/thread/mod.rs:559:17
[INFO] [stdout]   35:     0x5fa9e356e41a - <core::panic::unwind_safe::AssertUnwindSafe<F> as core::ops::function::FnOnce<()>>::call_once::hf2e855a36a4ea846
[INFO] [stdout]                                at /rustc/6067b36314ab5eb2eb47cecc464545ba58e1ad24/library/core/src/panic/unwind_safe.rs:272:9
[INFO] [stdout]   36:     0x5fa9e356e41a - std::panicking::try::do_call::h2f73af3616c35465
[INFO] [stdout]                                at /rustc/6067b36314ab5eb2eb47cecc464545ba58e1ad24/library/std/src/panicking.rs:587:40
[INFO] [stdout]   37:     0x5fa9e356e41a - std::panicking::try::hd1660ce9efadef5a
[INFO] [stdout]                                at /rustc/6067b36314ab5eb2eb47cecc464545ba58e1ad24/library/std/src/panicking.rs:550:19
[INFO] [stdout]   38:     0x5fa9e356e41a - std::panic::catch_unwind::h5ee8d7823b8ca744
[INFO] [stdout]                                at /rustc/6067b36314ab5eb2eb47cecc464545ba58e1ad24/library/std/src/panic.rs:358:14
[INFO] [stdout]   39:     0x5fa9e356e41a - std::thread::Builder::spawn_unchecked_::{{closure}}::h53c3a1894dce8407
[INFO] [stdout]                                at /rustc/6067b36314ab5eb2eb47cecc464545ba58e1ad24/library/std/src/thread/mod.rs:557:30
[INFO] [stdout]   40:     0x5fa9e356e41a - core::ops::function::FnOnce::call_once{{vtable.shim}}::h048ce291ad4f62bf
[INFO] [stdout]                                at /rustc/6067b36314ab5eb2eb47cecc464545ba58e1ad24/library/core/src/ops/function.rs:250:5
[INFO] [stdout]   41:     0x5fa9e35fd49b - <alloc::boxed::Box<F,A> as core::ops::function::FnOnce<Args>>::call_once::ha52bedf99a3b4981
[INFO] [stdout]                                at /rustc/6067b36314ab5eb2eb47cecc464545ba58e1ad24/library/alloc/src/boxed.rs:2013:9
[INFO] [stdout]   42:     0x5fa9e35fd49b - <alloc::boxed::Box<F,A> as core::ops::function::FnOnce<Args>>::call_once::h567748934d80ccf8
[INFO] [stdout]                                at /rustc/6067b36314ab5eb2eb47cecc464545ba58e1ad24/library/alloc/src/boxed.rs:2013:9
[INFO] [stdout]   43:     0x5fa9e35fd49b - std::sys::pal::unix::thread::Thread::new::thread_start::h2d970728ae887adc
[INFO] [stdout]                                at /rustc/6067b36314ab5eb2eb47cecc464545ba58e1ad24/library/std/src/sys/pal/unix/thread.rs:106:17
[INFO] [stdout]   44:     0x76568b2ecac3 - <unknown>
[INFO] [stdout]   45:     0x76568b37da04 - clone
[INFO] [stdout]   46:                0x0 - <unknown>
[INFO] [stdout] 
[INFO] [stdout] 
[INFO] [stdout] failures:
[INFO] [stdout]     is_different::should_error_array_with_different_values_of_same_type
[INFO] [stdout] 
[INFO] [stdout] test result: FAILED. 0 passed; 1 failed; 0 ignored; 0 measured; 0 filtered out; finished in 0.04s
[INFO] [stdout] 
[INFO] running `Command { std: "docker" "inspect" "c3d51e4651957c0e41656d9abe48bbdd3c8bdc6bde8cfae8e7b23d999b3ecfee", kill_on_drop: false }`
[INFO] running `Command { std: "docker" "rm" "-f" "c3d51e4651957c0e41656d9abe48bbdd3c8bdc6bde8cfae8e7b23d999b3ecfee", kill_on_drop: false }`
[INFO] [stdout] c3d51e4651957c0e41656d9abe48bbdd3c8bdc6bde8cfae8e7b23d999b3ecfee
