[INFO] cloning repository https://github.com/abss-witch/winit-input-map
[INFO] running `Command { std: "git" "-c" "credential.helper=" "-c" "credential.helper=/workspace/cargo-home/bin/git-credential-null" "clone" "--bare" "https://github.com/abss-witch/winit-input-map" "/workspace/cache/git-repos/https%3A%2F%2Fgithub.com%2Fabss-witch%2Fwinit-input-map", kill_on_drop: false }`
[INFO] [stderr] Cloning into bare repository '/workspace/cache/git-repos/https%3A%2F%2Fgithub.com%2Fabss-witch%2Fwinit-input-map'...
[INFO] running `Command { std: "git" "rev-parse" "HEAD", kill_on_drop: false }`
[INFO] [stdout] 49017e7866ebcc7328212cf721dc253727cfde4b
[INFO] testing abss-witch/winit-input-map against nightly-2025-01-18 for randomize-layout-2
[INFO] running `Command { std: "git" "clone" "/workspace/cache/git-repos/https%3A%2F%2Fgithub.com%2Fabss-witch%2Fwinit-input-map" "/workspace/builds/worker-6-tc1/source", kill_on_drop: false }`
[INFO] [stderr] Cloning into '/workspace/builds/worker-6-tc1/source'...
[INFO] [stderr] done.
[INFO] validating manifest of git repo https://github.com/abss-witch/winit-input-map on toolchain nightly-2025-01-18
[INFO] running `Command { std: CARGO_HOME="/workspace/cargo-home" RUSTUP_HOME="/workspace/rustup-home" "/workspace/cargo-home/bin/cargo" "+nightly-2025-01-18" "metadata" "--manifest-path" "Cargo.toml" "--no-deps", kill_on_drop: false }`
[INFO] started tweaking git repo https://github.com/abss-witch/winit-input-map
[INFO] removed 0 missing examples
[INFO] finished tweaking git repo https://github.com/abss-witch/winit-input-map
[INFO] tweaked toml for git repo https://github.com/abss-witch/winit-input-map written to /workspace/builds/worker-6-tc1/source/Cargo.toml
[INFO] crate git repo https://github.com/abss-witch/winit-input-map already has a lockfile, it will not be regenerated
[INFO] running `Command { std: CARGO_HOME="/workspace/cargo-home" RUSTUP_HOME="/workspace/rustup-home" "/workspace/cargo-home/bin/cargo" "+nightly-2025-01-18" "fetch" "--manifest-path" "Cargo.toml", kill_on_drop: false }`
[INFO] [stderr]     Blocking waiting for file lock on package cache
[INFO] [stderr]     Updating crates.io index
[INFO] [stderr]     Blocking waiting for file lock on package cache
[INFO] [stderr]  Downloading crates ...
[INFO] [stderr]   Downloaded derive-cmp-ops v0.1.0
[INFO] [stderr]   Downloaded glium-types v0.6.1
[INFO] [stderr]   Downloaded glium v0.36.0
[INFO] running `Command { std: "docker" "create" "-v" "/var/lib/crater-agent-workspace/builds/worker-6-tc1/target:/opt/rustwide/target:rw,Z" "-v" "/var/lib/crater-agent-workspace/builds/worker-6-tc1/source:/opt/rustwide/workdir:ro,Z" "-v" "/var/lib/crater-agent-workspace/cargo-home:/opt/rustwide/cargo-home:ro,Z" "-v" "/var/lib/crater-agent-workspace/rustup-home:/opt/rustwide/rustup-home:ro,Z" "-e" "SOURCE_DIR=/opt/rustwide/workdir" "-e" "CARGO_TARGET_DIR=/opt/rustwide/target" "-e" "CARGO_HOME=/opt/rustwide/cargo-home" "-e" "RUSTUP_HOME=/opt/rustwide/rustup-home" "-w" "/opt/rustwide/workdir" "-m" "1610612736" "--user" "0:0" "--network" "none" "ghcr.io/rust-lang/crates-build-env/linux@sha256:819108c5571ea2e421544af4d832f968d213c87fbe3707a016657f43d2f853bc" "/opt/rustwide/cargo-home/bin/cargo" "+nightly-2025-01-18" "metadata" "--no-deps" "--format-version=1", kill_on_drop: false }`
[INFO] [stdout] 48f07df190102d754efc5fa3f3c5769d806c79fd411aa992486a63eff498bdab
[INFO] running `Command { std: "docker" "start" "-a" "48f07df190102d754efc5fa3f3c5769d806c79fd411aa992486a63eff498bdab", kill_on_drop: false }`
[INFO] running `Command { std: "docker" "inspect" "48f07df190102d754efc5fa3f3c5769d806c79fd411aa992486a63eff498bdab", kill_on_drop: false }`
[INFO] running `Command { std: "docker" "rm" "-f" "48f07df190102d754efc5fa3f3c5769d806c79fd411aa992486a63eff498bdab", kill_on_drop: false }`
[INFO] [stdout] 48f07df190102d754efc5fa3f3c5769d806c79fd411aa992486a63eff498bdab
[INFO] running `Command { std: "docker" "create" "-v" "/var/lib/crater-agent-workspace/builds/worker-6-tc1/target:/opt/rustwide/target:rw,Z" "-v" "/var/lib/crater-agent-workspace/builds/worker-6-tc1/source:/opt/rustwide/workdir:ro,Z" "-v" "/var/lib/crater-agent-workspace/cargo-home:/opt/rustwide/cargo-home:ro,Z" "-v" "/var/lib/crater-agent-workspace/rustup-home:/opt/rustwide/rustup-home:ro,Z" "-e" "SOURCE_DIR=/opt/rustwide/workdir" "-e" "CARGO_TARGET_DIR=/opt/rustwide/target" "-e" "CARGO_INCREMENTAL=0" "-e" "RUST_BACKTRACE=full" "-e" "RUSTFLAGS=--cap-lints=forbid" "-e" "RUSTDOCFLAGS=--cap-lints=forbid" "-e" "CARGO_HOME=/opt/rustwide/cargo-home" "-e" "RUSTUP_HOME=/opt/rustwide/rustup-home" "-w" "/opt/rustwide/workdir" "-m" "1610612736" "--user" "0:0" "--network" "none" "ghcr.io/rust-lang/crates-build-env/linux@sha256:819108c5571ea2e421544af4d832f968d213c87fbe3707a016657f43d2f853bc" "/opt/rustwide/cargo-home/bin/cargo" "+nightly-2025-01-18" "build" "--frozen" "--message-format=json", kill_on_drop: false }`
[INFO] [stdout] 0c2b7aac73804c29f235a71e30b33fc84a35dcf8b39e5e0f8bb23da2fbb424c9
[INFO] running `Command { std: "docker" "start" "-a" "0c2b7aac73804c29f235a71e30b33fc84a35dcf8b39e5e0f8bb23da2fbb424c9", kill_on_drop: false }`
[INFO] [stderr]    Compiling cfg-if v1.0.0
[INFO] [stderr]    Compiling pkg-config v0.3.30
[INFO] [stderr]    Compiling bitflags v2.5.0
[INFO] [stderr]    Compiling log v0.4.21
[INFO] [stderr]    Compiling proc-macro2 v1.0.86
[INFO] [stderr]    Compiling unicode-ident v1.0.12
[INFO] [stderr]    Compiling once_cell v1.19.0
[INFO] [stderr]    Compiling libc v0.2.159
[INFO] [stderr]    Compiling rustix v0.38.34
[INFO] [stderr]    Compiling libloading v0.8.3
[INFO] [stderr]    Compiling linux-raw-sys v0.4.13
[INFO] [stderr]    Compiling dlib v0.5.2
[INFO] [stderr]    Compiling cc v1.0.95
[INFO] [stderr]    Compiling scoped-tls v1.0.1
[INFO] [stderr]    Compiling memchr v2.7.2
[INFO] [stderr]    Compiling downcast-rs v1.2.1
[INFO] [stderr]    Compiling smallvec v1.13.2
[INFO] [stderr]    Compiling wayland-client v0.31.6
[INFO] [stderr]    Compiling autocfg v1.2.0
[INFO] [stderr]    Compiling cfg_aliases v0.2.1
[INFO] [stderr]    Compiling pin-project-lite v0.2.14
[INFO] [stderr]    Compiling wayland-sys v0.31.5
[INFO] [stderr]    Compiling thiserror v1.0.59
[INFO] [stderr]    Compiling quote v1.0.36
[INFO] [stderr]    Compiling quick-xml v0.36.2
[INFO] [stderr]    Compiling syn v2.0.68
[INFO] [stderr]    Compiling slab v0.4.9
[INFO] [stderr]    Compiling tracing-core v0.1.32
[INFO] [stderr]    Compiling libudev-sys v0.1.4
[INFO] [stderr]    Compiling wayland-scanner v0.31.5
[INFO] [stderr]    Compiling nix v0.29.0
[INFO] [stderr]    Compiling smithay-client-toolkit v0.19.2
[INFO] [stderr]    Compiling tracing v0.1.40
[INFO] [stderr]    Compiling wayland-backend v0.3.7
[INFO] [stderr]    Compiling ttf-parser v0.20.0
[INFO] [stderr]    Compiling strict-num v0.1.1
[INFO] [stderr]    Compiling cursor-icon v1.1.0
[INFO] [stderr]    Compiling xkeysym v0.2.0
[INFO] [stderr]    Compiling xcursor v0.3.5
[INFO] [stderr]    Compiling arrayref v0.3.7
[INFO] [stderr]    Compiling bytemuck v1.15.0
[INFO] [stderr]    Compiling version_check v0.9.4
[INFO] [stderr]    Compiling tiny-skia-path v0.11.4
[INFO] [stderr]    Compiling inotify-sys v0.1.5
[INFO] [stderr]    Compiling memmap2 v0.9.4
[INFO] [stderr]    Compiling ahash v0.8.11
[INFO] [stderr]    Compiling x11-dl v2.21.0
[INFO] [stderr]    Compiling ab_glyph_rasterizer v0.1.8
[INFO] [stderr]    Compiling arrayvec v0.7.4
[INFO] [stderr]    Compiling tiny-skia v0.11.4
[INFO] [stderr]    Compiling inotify v0.11.0
[INFO] [stderr]    Compiling getrandom v0.2.14
[INFO] [stderr]    Compiling winit v0.30.8
[INFO] [stderr]    Compiling x11rb-protocol v0.13.0
[INFO] [stderr]    Compiling gilrs v0.11.0
[INFO] [stderr]    Compiling vec_map v0.8.2
[INFO] [stderr]    Compiling zerocopy v0.7.32
[INFO] [stderr]    Compiling as-raw-xcb-connection v1.0.1
[INFO] [stderr]    Compiling uuid v1.10.0
[INFO] [stderr]    Compiling gilrs-core v0.6.0
[INFO] [stderr]    Compiling owned_ttf_parser v0.20.0
[INFO] [stderr]    Compiling ab_glyph v0.2.25
[INFO] [stderr]    Compiling thiserror-impl v1.0.59
[INFO] [stderr]    Compiling xkbcommon-dl v0.4.2
[INFO] [stderr]    Compiling dpi v0.1.1
[INFO] [stderr]    Compiling fnv v1.0.7
[INFO] [stderr]    Compiling raw-window-handle v0.6.1
[INFO] [stderr]    Compiling smol_str v0.2.1
[INFO] [stderr]    Compiling percent-encoding v2.3.1
[INFO] [stderr]    Compiling polling v3.7.0
[INFO] [stderr]    Compiling calloop v0.13.0
[INFO] [stderr]    Compiling wayland-csd-frame v0.3.0
[INFO] [stderr]    Compiling wayland-protocols v0.32.4
[INFO] [stderr]    Compiling wayland-cursor v0.31.1
[INFO] [stderr]    Compiling calloop-wayland-source v0.3.0
[INFO] [stderr]    Compiling wayland-protocols-wlr v0.3.4
[INFO] [stderr]    Compiling wayland-protocols-plasma v0.3.4
[INFO] [stderr]    Compiling x11rb v0.13.0
[INFO] [stderr]    Compiling sctk-adwaita v0.10.1
[INFO] [stderr]    Compiling winit-input-map v0.5.0 (/opt/rustwide/workdir)
[INFO] [stderr]     Finished `dev` profile [unoptimized + debuginfo] target(s) in 1m 22s
[INFO] running `Command { std: "docker" "inspect" "0c2b7aac73804c29f235a71e30b33fc84a35dcf8b39e5e0f8bb23da2fbb424c9", kill_on_drop: false }`
[INFO] running `Command { std: "docker" "rm" "-f" "0c2b7aac73804c29f235a71e30b33fc84a35dcf8b39e5e0f8bb23da2fbb424c9", kill_on_drop: false }`
[INFO] [stdout] 0c2b7aac73804c29f235a71e30b33fc84a35dcf8b39e5e0f8bb23da2fbb424c9
[INFO] running `Command { std: "docker" "create" "-v" "/var/lib/crater-agent-workspace/builds/worker-6-tc1/target:/opt/rustwide/target:rw,Z" "-v" "/var/lib/crater-agent-workspace/builds/worker-6-tc1/source:/opt/rustwide/workdir:ro,Z" "-v" "/var/lib/crater-agent-workspace/cargo-home:/opt/rustwide/cargo-home:ro,Z" "-v" "/var/lib/crater-agent-workspace/rustup-home:/opt/rustwide/rustup-home:ro,Z" "-e" "SOURCE_DIR=/opt/rustwide/workdir" "-e" "CARGO_TARGET_DIR=/opt/rustwide/target" "-e" "CARGO_INCREMENTAL=0" "-e" "RUST_BACKTRACE=full" "-e" "RUSTFLAGS=--cap-lints=forbid" "-e" "RUSTDOCFLAGS=--cap-lints=forbid" "-e" "CARGO_HOME=/opt/rustwide/cargo-home" "-e" "RUSTUP_HOME=/opt/rustwide/rustup-home" "-w" "/opt/rustwide/workdir" "-m" "1610612736" "--user" "0:0" "--network" "none" "ghcr.io/rust-lang/crates-build-env/linux@sha256:819108c5571ea2e421544af4d832f968d213c87fbe3707a016657f43d2f853bc" "/opt/rustwide/cargo-home/bin/cargo" "+nightly-2025-01-18" "test" "--frozen" "--no-run" "--message-format=json", kill_on_drop: false }`
[INFO] [stdout] 5e43a6b509107c25ce38ce0ef7d411993852af0c0e9ff701fed16d213538aa3b
[INFO] running `Command { std: "docker" "start" "-a" "5e43a6b509107c25ce38ce0ef7d411993852af0c0e9ff701fed16d213538aa3b", kill_on_drop: false }`
[INFO] [stderr]    Compiling winit-input-map v0.5.0 (/opt/rustwide/workdir)
[INFO] [stderr]     Finished `test` profile [unoptimized + debuginfo] target(s) in 9.26s
[INFO] running `Command { std: "docker" "inspect" "5e43a6b509107c25ce38ce0ef7d411993852af0c0e9ff701fed16d213538aa3b", kill_on_drop: false }`
[INFO] running `Command { std: "docker" "rm" "-f" "5e43a6b509107c25ce38ce0ef7d411993852af0c0e9ff701fed16d213538aa3b", kill_on_drop: false }`
[INFO] [stdout] 5e43a6b509107c25ce38ce0ef7d411993852af0c0e9ff701fed16d213538aa3b
[INFO] running `Command { std: "docker" "create" "-v" "/var/lib/crater-agent-workspace/builds/worker-6-tc1/target:/opt/rustwide/target:rw,Z" "-v" "/var/lib/crater-agent-workspace/builds/worker-6-tc1/source:/opt/rustwide/workdir:ro,Z" "-v" "/var/lib/crater-agent-workspace/cargo-home:/opt/rustwide/cargo-home:ro,Z" "-v" "/var/lib/crater-agent-workspace/rustup-home:/opt/rustwide/rustup-home:ro,Z" "-e" "SOURCE_DIR=/opt/rustwide/workdir" "-e" "CARGO_TARGET_DIR=/opt/rustwide/target" "-e" "CARGO_INCREMENTAL=0" "-e" "RUST_BACKTRACE=full" "-e" "RUSTFLAGS=--cap-lints=forbid" "-e" "RUSTDOCFLAGS=--cap-lints=forbid" "-e" "CARGO_HOME=/opt/rustwide/cargo-home" "-e" "RUSTUP_HOME=/opt/rustwide/rustup-home" "-w" "/opt/rustwide/workdir" "-m" "1610612736" "--user" "0:0" "--network" "none" "ghcr.io/rust-lang/crates-build-env/linux@sha256:819108c5571ea2e421544af4d832f968d213c87fbe3707a016657f43d2f853bc" "/opt/rustwide/cargo-home/bin/cargo" "+nightly-2025-01-18" "test" "--frozen", kill_on_drop: false }`
[INFO] [stdout] 31fcb663cc9d5cbbf58d3fe573fab36b9fc7e3ba601737b604206ebbb8dc6645
[INFO] running `Command { std: "docker" "start" "-a" "31fcb663cc9d5cbbf58d3fe573fab36b9fc7e3ba601737b604206ebbb8dc6645", kill_on_drop: false }`
[INFO] [stderr]     Finished `test` profile [unoptimized + debuginfo] target(s) in 0.17s
[INFO] [stderr]      Running unittests src/lib.rs (/opt/rustwide/target/debug/deps/winit_input_map-a23a2cf5c131288a)
[INFO] [stderr]    Doc-tests winit_input_map
[INFO] [stdout] 
[INFO] [stdout] running 0 tests
[INFO] [stdout] 
[INFO] [stdout] test result: ok. 0 passed; 0 failed; 0 ignored; 0 measured; 0 filtered out; finished in 0.00s
[INFO] [stdout] 
[INFO] [stdout] 
[INFO] [stdout] running 6 tests
[INFO] [stdout] test src/input.rs - input::InputMap<F>::axis (line 395) - compile ... FAILED
[INFO] [stdout] test src/input.rs - input::InputMap<F>::update_with_winit (line 136) ... FAILED
[INFO] [stdout] test src/input.rs - input::InputMap (line 20) ... ok
[INFO] [stdout] test src/input.rs - input::InputMap<F>::new (line 93) ... ok
[INFO] [stdout] test src/lib.rs - input_map (line 71) ... ok
[INFO] [stdout] test src/lib.rs - (line 11) ... FAILED
[INFO] [stdout] 
[INFO] [stdout] failures:
[INFO] [stdout] 
[INFO] [stdout] ---- src/input.rs - input::InputMap<F>::axis (line 395) stdout ----
[INFO] [stdout] error[E0425]: cannot find value `input` in this scope
[INFO] [stdout]  --> src/input.rs:396:16
[INFO] [stdout]   |
[INFO] [stdout] 3 | let move_dir = input.axis(Neg, Pos);
[INFO] [stdout]   |                ^^^^^ not found in this scope
[INFO] [stdout] 
[INFO] [stdout] error[E0425]: cannot find value `Neg` in this scope
[INFO] [stdout]  --> src/input.rs:396:27
[INFO] [stdout]   |
[INFO] [stdout] 3 | let move_dir = input.axis(Neg, Pos);
[INFO] [stdout]   |                           ^^^ not found in this scope
[INFO] [stdout]   |
[INFO] [stdout] help: consider importing this unit variant
[INFO] [stdout]   |
[INFO] [stdout] 2 + use winit_input_map::AxisSign::Neg;
[INFO] [stdout]   |
[INFO] [stdout] 
[INFO] [stdout] error[E0425]: cannot find value `Pos` in this scope
[INFO] [stdout]  --> src/input.rs:396:32
[INFO] [stdout]   |
[INFO] [stdout] 3 | let move_dir = input.axis(Neg, Pos);
[INFO] [stdout]   |                                ^^^ not found in this scope
[INFO] [stdout]   |
[INFO] [stdout] help: consider importing this unit variant
[INFO] [stdout]   |
[INFO] [stdout] 2 + use winit_input_map::AxisSign::Pos;
[INFO] [stdout]   |
[INFO] [stdout] 
[INFO] [stdout] error: aborting due to 3 previous errors
[INFO] [stdout] 
[INFO] [stdout] For more information about this error, try `rustc --explain E0425`.
[INFO] [stdout] Couldn't compile the test.
[INFO] [stdout] ---- src/input.rs - input::InputMap<F>::update_with_winit (line 136) stdout ----
[INFO] [stdout] error: cannot find macro `input_map` in this scope
[INFO] [stdout]   --> src/input.rs:145:17
[INFO] [stdout]    |
[INFO] [stdout] 12 | let mut input = input_map!();
[INFO] [stdout]    |                 ^^^^^^^^^
[INFO] [stdout]    |
[INFO] [stdout] help: consider importing this macro
[INFO] [stdout]    |
[INFO] [stdout] 2  + use winit_input_map::input_map;
[INFO] [stdout]    |
[INFO] [stdout] 
[INFO] [stdout] error[E0599]: no function or associated item named `new` found for struct `Window` in the current scope
[INFO] [stdout]   --> src/input.rs:143:23
[INFO] [stdout]    |
[INFO] [stdout] 10 | let _window = Window::new(&event_loop).unwrap();
[INFO] [stdout]    |                       ^^^ function or associated item not found in `Window`
[INFO] [stdout] 
[INFO] [stdout] warning: use of deprecated method `winit::event_loop::EventLoop::<T>::run`: use `EventLoop::run_app` instead
[INFO] [stdout]   --> src/input.rs:147:12
[INFO] [stdout]    |
[INFO] [stdout] 14 | event_loop.run(|event, target|{
[INFO] [stdout]    |            ^^^
[INFO] [stdout]    |
[INFO] [stdout]    = note: `#[warn(deprecated)]` on by default
[INFO] [stdout] 
[INFO] [stdout] error: aborting due to 2 previous errors; 1 warning emitted
[INFO] [stdout] 
[INFO] [stdout] For more information about this error, try `rustc --explain E0599`.
[INFO] [stdout] Couldn't compile the test.
[INFO] [stdout] ---- src/lib.rs - (line 11) stdout ----
[INFO] [stdout] Test executable failed (exit status: 101).
[INFO] [stdout] 
[INFO] [stdout] stderr:
[INFO] [stdout] 
[INFO] [stdout] thread 'main' panicked at src/lib.rs:19:27:
[INFO] [stdout] called `Result::unwrap()` on an `Err` value: Os(OsError { line: 764, file: "/opt/rustwide/cargo-home/registry/src/index.crates.io-1949cf8c6b5b557f/winit-0.30.8/src/platform_impl/linux/mod.rs", error: Misc("neither WAYLAND_DISPLAY nor WAYLAND_SOCKET nor DISPLAY is set.") })
[INFO] [stdout] stack backtrace:
[INFO] [stdout]    0:     0x5fcc40c1754a - std::backtrace_rs::backtrace::libunwind::trace::hb059275cfc8d6126
[INFO] [stdout]                                at /rustc/6067b36314ab5eb2eb47cecc464545ba58e1ad24/library/std/src/../../backtrace/src/backtrace/libunwind.rs:116:5
[INFO] [stdout]    1:     0x5fcc40c1754a - std::backtrace_rs::backtrace::trace_unsynchronized::h2da071e4327ce3ee
[INFO] [stdout]                                at /rustc/6067b36314ab5eb2eb47cecc464545ba58e1ad24/library/std/src/../../backtrace/src/backtrace/mod.rs:66:5
[INFO] [stdout]    2:     0x5fcc40c1754a - std::sys::backtrace::_print_fmt::h842a1474e6f8d23f
[INFO] [stdout]                                at /rustc/6067b36314ab5eb2eb47cecc464545ba58e1ad24/library/std/src/sys/backtrace.rs:66:9
[INFO] [stdout]    3:     0x5fcc40c1754a - <std::sys::backtrace::BacktraceLock::print::DisplayBacktrace as core::fmt::Display>::fmt::h71a62eb3b9696b12
[INFO] [stdout]                                at /rustc/6067b36314ab5eb2eb47cecc464545ba58e1ad24/library/std/src/sys/backtrace.rs:39:26
[INFO] [stdout]    4:     0x5fcc40c41cd3 - core::fmt::rt::Argument::fmt::hdb6b616786b41dc1
[INFO] [stdout]                                at /rustc/6067b36314ab5eb2eb47cecc464545ba58e1ad24/library/core/src/fmt/rt.rs:177:76
[INFO] [stdout]    5:     0x5fcc40c41cd3 - core::fmt::write::h2cc1698af7e2d686
[INFO] [stdout]                                at /rustc/6067b36314ab5eb2eb47cecc464545ba58e1ad24/library/core/src/fmt/mod.rs:1440:21
[INFO] [stdout]    6:     0x5fcc40c13833 - std::io::Write::write_fmt::h00c8700df393f328
[INFO] [stdout]                                at /rustc/6067b36314ab5eb2eb47cecc464545ba58e1ad24/library/std/src/io/mod.rs:1887:15
[INFO] [stdout]    7:     0x5fcc40c17392 - std::sys::backtrace::BacktraceLock::print::h147fe35b4ea13b08
[INFO] [stdout]                                at /rustc/6067b36314ab5eb2eb47cecc464545ba58e1ad24/library/std/src/sys/backtrace.rs:42:9
[INFO] [stdout]    8:     0x5fcc40c182ef - std::panicking::default_hook::{{closure}}::hbd44223dbdc0d208
[INFO] [stdout]                                at /rustc/6067b36314ab5eb2eb47cecc464545ba58e1ad24/library/std/src/panicking.rs:298:22
[INFO] [stdout]    9:     0x5fcc40c1815a - std::panicking::default_hook::h20f81eb0576efcec
[INFO] [stdout]                                at /rustc/6067b36314ab5eb2eb47cecc464545ba58e1ad24/library/std/src/panicking.rs:325:9
[INFO] [stdout]   10:     0x5fcc40c18d12 - std::panicking::rust_panic_with_hook::h625eea43051b2edc
[INFO] [stdout]                                at /rustc/6067b36314ab5eb2eb47cecc464545ba58e1ad24/library/std/src/panicking.rs:831:13
[INFO] [stdout]   11:     0x5fcc40c18a9a - std::panicking::begin_panic_handler::{{closure}}::h4f9159cfbc3f6bd3
[INFO] [stdout]                                at /rustc/6067b36314ab5eb2eb47cecc464545ba58e1ad24/library/std/src/panicking.rs:704:13
[INFO] [stdout]   12:     0x5fcc40c17a49 - std::sys::backtrace::__rust_end_short_backtrace::h0390abce48353151
[INFO] [stdout]                                at /rustc/6067b36314ab5eb2eb47cecc464545ba58e1ad24/library/std/src/sys/backtrace.rs:168:18
[INFO] [stdout]   13:     0x5fcc40c1872d - rust_begin_unwind
[INFO] [stdout]                                at /rustc/6067b36314ab5eb2eb47cecc464545ba58e1ad24/library/std/src/panicking.rs:695:5
[INFO] [stdout]   14:     0x5fcc40c3f570 - core::panicking::panic_fmt::h9e7c637e9e5f29c9
[INFO] [stdout]                                at /rustc/6067b36314ab5eb2eb47cecc464545ba58e1ad24/library/core/src/panicking.rs:75:14
[INFO] [stdout]   15:     0x5fcc40c3f9e6 - core::result::unwrap_failed::h7979f09313fe1849
[INFO] [stdout]                                at /rustc/6067b36314ab5eb2eb47cecc464545ba58e1ad24/library/core/src/result.rs:1704:5
[INFO] [stdout]   16:     0x5fcc406cd104 - rust_out::main::_doctest_main_src_lib_rs_11_0::h1751df758ae30577
[INFO] [stdout]   17:     0x5fcc406cce46 - rust_out::main::he88f0b9b281d54e0
[INFO] [stdout]   18:     0x5fcc40663cd3 - core::ops::function::FnOnce::call_once::hcf3829d8b58d0254
[INFO] [stdout]   19:     0x5fcc406530a6 - std::sys::backtrace::__rust_begin_short_backtrace::h5e1527399e8d5bd4
[INFO] [stdout]   20:     0x5fcc40652ef9 - std::rt::lang_start::{{closure}}::h2c234101ed7b1b74
[INFO] [stdout]   21:     0x5fcc40c0dcc0 - core::ops::function::impls::<impl core::ops::function::FnOnce<A> for &F>::call_once::h1b085b6c1d2518b2
[INFO] [stdout]                                at /rustc/6067b36314ab5eb2eb47cecc464545ba58e1ad24/library/core/src/ops/function.rs:284:13
[INFO] [stdout]   22:     0x5fcc40c0dcc0 - std::panicking::try::do_call::h382f964a5a23b565
[INFO] [stdout]                                at /rustc/6067b36314ab5eb2eb47cecc464545ba58e1ad24/library/std/src/panicking.rs:587:40
[INFO] [stdout]   23:     0x5fcc40c0dcc0 - std::panicking::try::h57f991055eb622f9
[INFO] [stdout]                                at /rustc/6067b36314ab5eb2eb47cecc464545ba58e1ad24/library/std/src/panicking.rs:550:19
[INFO] [stdout]   24:     0x5fcc40c0dcc0 - std::panic::catch_unwind::h4d9a74ef04456343
[INFO] [stdout]                                at /rustc/6067b36314ab5eb2eb47cecc464545ba58e1ad24/library/std/src/panic.rs:358:14
[INFO] [stdout]   25:     0x5fcc40c0dcc0 - std::rt::lang_start_internal::{{closure}}::h2faa8ae84a93f314
[INFO] [stdout]                                at /rustc/6067b36314ab5eb2eb47cecc464545ba58e1ad24/library/std/src/rt.rs:163:24
[INFO] [stdout]   26:     0x5fcc40c0dcc0 - std::panicking::try::do_call::h0f8932bf638a9bf5
[INFO] [stdout]                                at /rustc/6067b36314ab5eb2eb47cecc464545ba58e1ad24/library/std/src/panicking.rs:587:40
[INFO] [stdout]   27:     0x5fcc40c0dcc0 - std::panicking::try::h683416ea756b175d
[INFO] [stdout]                                at /rustc/6067b36314ab5eb2eb47cecc464545ba58e1ad24/library/std/src/panicking.rs:550:19
[INFO] [stdout]   28:     0x5fcc40c0dcc0 - std::panic::catch_unwind::h56189fac8994979f
[INFO] [stdout]                                at /rustc/6067b36314ab5eb2eb47cecc464545ba58e1ad24/library/std/src/panic.rs:358:14
[INFO] [stdout]   29:     0x5fcc40c0dcc0 - std::rt::lang_start_internal::h8bbc1061691274fe
[INFO] [stdout]                                at /rustc/6067b36314ab5eb2eb47cecc464545ba58e1ad24/library/std/src/rt.rs:159:5
[INFO] [stdout]   30:     0x5fcc40652ee1 - std::rt::lang_start::h601b10a269c70ef7
[INFO] [stdout]   31:     0x5fcc406cd805 - main
[INFO] [stdout]   32:     0x7246c1178d90 - <unknown>
[INFO] [stdout]   33:     0x7246c1178e40 - __libc_start_main
[INFO] [stdout]   34:     0x5fcc4063e0d5 - _start
[INFO] [stdout]   35:                0x0 - <unknown>
[INFO] [stdout] 
[INFO] [stdout] 
[INFO] [stdout] 
[INFO] [stdout] failures:
[INFO] [stdout]     src/input.rs - input::InputMap<F>::axis (line 395)
[INFO] [stdout]     src/input.rs - input::InputMap<F>::update_with_winit (line 136)
[INFO] [stdout]     src/lib.rs - (line 11)
[INFO] [stdout] 
[INFO] [stdout] test result: FAILED. 3 passed; 3 failed; 0 ignored; 0 measured; 0 filtered out; finished in 4.07s
[INFO] [stdout] 
[INFO] [stderr] error: doctest failed, to rerun pass `--doc`
[INFO] running `Command { std: "docker" "inspect" "31fcb663cc9d5cbbf58d3fe573fab36b9fc7e3ba601737b604206ebbb8dc6645", kill_on_drop: false }`
[INFO] running `Command { std: "docker" "rm" "-f" "31fcb663cc9d5cbbf58d3fe573fab36b9fc7e3ba601737b604206ebbb8dc6645", kill_on_drop: false }`
[INFO] [stdout] 31fcb663cc9d5cbbf58d3fe573fab36b9fc7e3ba601737b604206ebbb8dc6645
