[INFO] cloning repository https://github.com/abbas-14/rust_FFI
[INFO] running `Command { std: "git" "-c" "credential.helper=" "-c" "credential.helper=/workspace/cargo-home/bin/git-credential-null" "clone" "--bare" "https://github.com/abbas-14/rust_FFI" "/workspace/cache/git-repos/https%3A%2F%2Fgithub.com%2Fabbas-14%2Frust_FFI", kill_on_drop: false }`
[INFO] [stderr] Cloning into bare repository '/workspace/cache/git-repos/https%3A%2F%2Fgithub.com%2Fabbas-14%2Frust_FFI'...
[INFO] running `Command { std: "git" "rev-parse" "HEAD", kill_on_drop: false }`
[INFO] [stdout] 1e1ffeadc432a2329cd8bed7ef4c4e510b8ac8d3
[INFO] testing abbas-14/rust_FFI against nightly-2025-01-18 for randomize-layout-2
[INFO] running `Command { std: "git" "clone" "/workspace/cache/git-repos/https%3A%2F%2Fgithub.com%2Fabbas-14%2Frust_FFI" "/workspace/builds/worker-3-tc1/source", kill_on_drop: false }`
[INFO] [stderr] Cloning into '/workspace/builds/worker-3-tc1/source'...
[INFO] [stderr] done.
[INFO] validating manifest of git repo https://github.com/abbas-14/rust_FFI on toolchain nightly-2025-01-18
[INFO] running `Command { std: CARGO_HOME="/workspace/cargo-home" RUSTUP_HOME="/workspace/rustup-home" "/workspace/cargo-home/bin/cargo" "+nightly-2025-01-18" "metadata" "--manifest-path" "Cargo.toml" "--no-deps", kill_on_drop: false }`
[INFO] started tweaking git repo https://github.com/abbas-14/rust_FFI
[INFO] finished tweaking git repo https://github.com/abbas-14/rust_FFI
[INFO] tweaked toml for git repo https://github.com/abbas-14/rust_FFI written to /workspace/builds/worker-3-tc1/source/Cargo.toml
[INFO] crate git repo https://github.com/abbas-14/rust_FFI already has a lockfile, it will not be regenerated
[INFO] running `Command { std: CARGO_HOME="/workspace/cargo-home" RUSTUP_HOME="/workspace/rustup-home" "/workspace/cargo-home/bin/cargo" "+nightly-2025-01-18" "fetch" "--manifest-path" "Cargo.toml", kill_on_drop: false }`
[INFO] running `Command { std: "docker" "create" "-v" "/var/lib/crater-agent-workspace/builds/worker-3-tc1/target:/opt/rustwide/target:rw,Z" "-v" "/var/lib/crater-agent-workspace/builds/worker-3-tc1/source:/opt/rustwide/workdir:ro,Z" "-v" "/var/lib/crater-agent-workspace/cargo-home:/opt/rustwide/cargo-home:ro,Z" "-v" "/var/lib/crater-agent-workspace/rustup-home:/opt/rustwide/rustup-home:ro,Z" "-e" "SOURCE_DIR=/opt/rustwide/workdir" "-e" "CARGO_TARGET_DIR=/opt/rustwide/target" "-e" "CARGO_HOME=/opt/rustwide/cargo-home" "-e" "RUSTUP_HOME=/opt/rustwide/rustup-home" "-w" "/opt/rustwide/workdir" "-m" "1610612736" "--user" "0:0" "--network" "none" "ghcr.io/rust-lang/crates-build-env/linux@sha256:819108c5571ea2e421544af4d832f968d213c87fbe3707a016657f43d2f853bc" "/opt/rustwide/cargo-home/bin/cargo" "+nightly-2025-01-18" "metadata" "--no-deps" "--format-version=1", kill_on_drop: false }`
[INFO] [stdout] e4006886c594cbc52d6ea821d9dd57287561f3b3dd42d1471d1ede1c4998da60
[INFO] running `Command { std: "docker" "start" "-a" "e4006886c594cbc52d6ea821d9dd57287561f3b3dd42d1471d1ede1c4998da60", kill_on_drop: false }`
[INFO] running `Command { std: "docker" "inspect" "e4006886c594cbc52d6ea821d9dd57287561f3b3dd42d1471d1ede1c4998da60", kill_on_drop: false }`
[INFO] running `Command { std: "docker" "rm" "-f" "e4006886c594cbc52d6ea821d9dd57287561f3b3dd42d1471d1ede1c4998da60", kill_on_drop: false }`
[INFO] [stdout] e4006886c594cbc52d6ea821d9dd57287561f3b3dd42d1471d1ede1c4998da60
[INFO] running `Command { std: "docker" "create" "-v" "/var/lib/crater-agent-workspace/builds/worker-3-tc1/target:/opt/rustwide/target:rw,Z" "-v" "/var/lib/crater-agent-workspace/builds/worker-3-tc1/source:/opt/rustwide/workdir:ro,Z" "-v" "/var/lib/crater-agent-workspace/cargo-home:/opt/rustwide/cargo-home:ro,Z" "-v" "/var/lib/crater-agent-workspace/rustup-home:/opt/rustwide/rustup-home:ro,Z" "-e" "SOURCE_DIR=/opt/rustwide/workdir" "-e" "CARGO_TARGET_DIR=/opt/rustwide/target" "-e" "CARGO_INCREMENTAL=0" "-e" "RUST_BACKTRACE=full" "-e" "RUSTFLAGS=--cap-lints=forbid" "-e" "RUSTDOCFLAGS=--cap-lints=forbid" "-e" "CARGO_HOME=/opt/rustwide/cargo-home" "-e" "RUSTUP_HOME=/opt/rustwide/rustup-home" "-w" "/opt/rustwide/workdir" "-m" "1610612736" "--user" "0:0" "--network" "none" "ghcr.io/rust-lang/crates-build-env/linux@sha256:819108c5571ea2e421544af4d832f968d213c87fbe3707a016657f43d2f853bc" "/opt/rustwide/cargo-home/bin/cargo" "+nightly-2025-01-18" "build" "--frozen" "--message-format=json", kill_on_drop: false }`
[INFO] [stdout] 746a60d5cf633334a7586a1e8977e713e7ad00844f41d75389eb8fd3af806a13
[INFO] running `Command { std: "docker" "start" "-a" "746a60d5cf633334a7586a1e8977e713e7ad00844f41d75389eb8fd3af806a13", kill_on_drop: false }`
[INFO] [stderr]    Compiling libc v0.2.144
[INFO] [stderr]    Compiling cfg-if v1.0.0
[INFO] [stderr]    Compiling libloading v0.8.0
[INFO] [stderr]    Compiling FFI v0.1.0 (/opt/rustwide/workdir)
[INFO] [stdout] warning: attribute should be applied to a free function, impl method or static
[INFO] [stdout]   --> src/ints/mod.rs:3:1
[INFO] [stdout]    |
[INFO] [stdout] 3  |   #[no_mangle]
[INFO] [stdout]    |   ^^^^^^^^^^^^
[INFO] [stdout] 4  | / extern "C" {
[INFO] [stdout] 5  | |     fn add(a: c_int, b: c_int) -> c_int;
[INFO] [stdout] 6  | |     fn sub(a: c_int, b: c_int) -> c_int;
[INFO] [stdout] 7  | |     fn mul(a: c_int, b: c_int) -> c_int;
[INFO] [stdout] 8  | |     fn div(a: c_int, b: c_int) -> c_int;
[INFO] [stdout] 9  | |     fn modulo(a: c_int, b: c_int) -> c_int;
[INFO] [stdout] 10 | | }
[INFO] [stdout]    | |_- not a free function, impl method or static
[INFO] [stdout]    |
[INFO] [stdout]    = warning: this was previously accepted by the compiler but is being phased out; it will become a hard error in a future release!
[INFO] [stdout]    = note: `#[warn(unused_attributes)]` on by default
[INFO] [stdout] 
[INFO] [stdout] 
[INFO] [stdout] warning: attribute should be applied to a free function, impl method or static
[INFO] [stdout]  --> src/floats/mod.rs:3:1
[INFO] [stdout]   |
[INFO] [stdout] 3 |   #[no_mangle]
[INFO] [stdout]   |   ^^^^^^^^^^^^
[INFO] [stdout] 4 | / extern "C" {
[INFO] [stdout] 5 | |     fn add(a: c_float, b: c_float) -> c_float;
[INFO] [stdout] 6 | |     fn sub(a: c_float, b: c_float) -> c_float;
[INFO] [stdout] 7 | |     fn mul(a: c_float, b: c_float) -> c_float;
[INFO] [stdout] 8 | |     fn div(a: c_float, b: c_float) -> c_float;
[INFO] [stdout] 9 | | }
[INFO] [stdout]   | |_- not a free function, impl method or static
[INFO] [stdout]   |
[INFO] [stdout]   = warning: this was previously accepted by the compiler but is being phased out; it will become a hard error in a future release!
[INFO] [stdout] 
[INFO] [stdout] 
[INFO] [stdout] warning: attribute should be applied to a free function, impl method or static
[INFO] [stdout]  --> src/strings/mod.rs:4:1
[INFO] [stdout]   |
[INFO] [stdout] 4 |   #[no_mangle]
[INFO] [stdout]   |   ^^^^^^^^^^^^
[INFO] [stdout] 5 | / extern "C" {
[INFO] [stdout] 6 | |     fn str_rev(s: *const c_char) -> *mut c_char;
[INFO] [stdout] 7 | |     fn str_cmp(s1: *const c_char, s2: *const c_char) -> c_short;
[INFO] [stdout] 8 | | }
[INFO] [stdout]   | |_- not a free function, impl method or static
[INFO] [stdout]   |
[INFO] [stdout]   = warning: this was previously accepted by the compiler but is being phased out; it will become a hard error in a future release!
[INFO] [stdout] 
[INFO] [stdout] 
[INFO] [stdout] warning: constant `paths` is never used
[INFO] [stdout]  --> src/common.rs:3:11
[INFO] [stdout]   |
[INFO] [stdout] 3 | pub const paths: [&str; 3] = [
[INFO] [stdout]   |           ^^^^^
[INFO] [stdout]   |
[INFO] [stdout]   = note: `#[warn(dead_code)]` on by default
[INFO] [stdout] 
[INFO] [stdout] 
[INFO] [stdout] warning: function `test` is never used
[INFO] [stdout]   --> src/common.rs:12:12
[INFO] [stdout]    |
[INFO] [stdout] 12 |     pub fn test<T>(func: &str, x: T, y: T, i: usize) -> T {
[INFO] [stdout]    |            ^^^^
[INFO] [stdout] 
[INFO] [stdout] 
[INFO] [stdout] warning: function `add` is never used
[INFO] [stdout]  --> src/ints/mod.rs:5:8
[INFO] [stdout]   |
[INFO] [stdout] 5 |     fn add(a: c_int, b: c_int) -> c_int;
[INFO] [stdout]   |        ^^^
[INFO] [stdout] 
[INFO] [stdout] 
[INFO] [stdout] warning: function `sub` is never used
[INFO] [stdout]  --> src/ints/mod.rs:6:8
[INFO] [stdout]   |
[INFO] [stdout] 6 |     fn sub(a: c_int, b: c_int) -> c_int;
[INFO] [stdout]   |        ^^^
[INFO] [stdout] 
[INFO] [stdout] 
[INFO] [stdout] warning: function `mul` is never used
[INFO] [stdout]  --> src/ints/mod.rs:7:8
[INFO] [stdout]   |
[INFO] [stdout] 7 |     fn mul(a: c_int, b: c_int) -> c_int;
[INFO] [stdout]   |        ^^^
[INFO] [stdout] 
[INFO] [stdout] 
[INFO] [stdout] warning: function `div` is never used
[INFO] [stdout]  --> src/ints/mod.rs:8:8
[INFO] [stdout]   |
[INFO] [stdout] 8 |     fn div(a: c_int, b: c_int) -> c_int;
[INFO] [stdout]   |        ^^^
[INFO] [stdout] 
[INFO] [stdout] 
[INFO] [stdout] warning: function `modulo` is never used
[INFO] [stdout]  --> src/ints/mod.rs:9:8
[INFO] [stdout]   |
[INFO] [stdout] 9 |     fn modulo(a: c_int, b: c_int) -> c_int;
[INFO] [stdout]   |        ^^^^^^
[INFO] [stdout] 
[INFO] [stdout] 
[INFO] [stdout] warning: function `add` is never used
[INFO] [stdout]  --> src/floats/mod.rs:5:8
[INFO] [stdout]   |
[INFO] [stdout] 5 |     fn add(a: c_float, b: c_float) -> c_float;
[INFO] [stdout]   |        ^^^
[INFO] [stdout] 
[INFO] [stdout] 
[INFO] [stdout] warning: function `sub` is never used
[INFO] [stdout]  --> src/floats/mod.rs:6:8
[INFO] [stdout]   |
[INFO] [stdout] 6 |     fn sub(a: c_float, b: c_float) -> c_float;
[INFO] [stdout]   |        ^^^
[INFO] [stdout] 
[INFO] [stdout] 
[INFO] [stdout] warning: function `mul` is never used
[INFO] [stdout]  --> src/floats/mod.rs:7:8
[INFO] [stdout]   |
[INFO] [stdout] 7 |     fn mul(a: c_float, b: c_float) -> c_float;
[INFO] [stdout]   |        ^^^
[INFO] [stdout] 
[INFO] [stdout] 
[INFO] [stdout] warning: function `div` is never used
[INFO] [stdout]  --> src/floats/mod.rs:8:8
[INFO] [stdout]   |
[INFO] [stdout] 8 |     fn div(a: c_float, b: c_float) -> c_float;
[INFO] [stdout]   |        ^^^
[INFO] [stdout] 
[INFO] [stdout] 
[INFO] [stdout] warning: function `str_rev` is never used
[INFO] [stdout]  --> src/strings/mod.rs:6:8
[INFO] [stdout]   |
[INFO] [stdout] 6 |     fn str_rev(s: *const c_char) -> *mut c_char;
[INFO] [stdout]   |        ^^^^^^^
[INFO] [stdout] 
[INFO] [stdout] 
[INFO] [stdout] warning: function `str_cmp` is never used
[INFO] [stdout]  --> src/strings/mod.rs:7:8
[INFO] [stdout]   |
[INFO] [stdout] 7 |     fn str_cmp(s1: *const c_char, s2: *const c_char) -> c_short;
[INFO] [stdout]   |        ^^^^^^^
[INFO] [stdout] 
[INFO] [stdout] 
[INFO] [stdout] warning: crate `FFI` should have a snake case name
[INFO] [stdout]   |
[INFO] [stdout]   = help: convert the identifier to snake case: `ffi`
[INFO] [stdout]   = note: `#[warn(non_snake_case)]` on by default
[INFO] [stdout] 
[INFO] [stdout] 
[INFO] [stdout] warning: constant `paths` should have an upper case name
[INFO] [stdout]  --> src/common.rs:3:11
[INFO] [stdout]   |
[INFO] [stdout] 3 | pub const paths: [&str; 3] = [
[INFO] [stdout]   |           ^^^^^ help: convert the identifier to upper case: `PATHS`
[INFO] [stdout]   |
[INFO] [stdout]   = note: `#[warn(non_upper_case_globals)]` on by default
[INFO] [stdout] 
[INFO] [stdout] 
[INFO] [stdout] warning: module `Numerics` should have a snake case name
[INFO] [stdout]  --> src/common.rs:9:9
[INFO] [stdout]   |
[INFO] [stdout] 9 | pub mod Numerics {
[INFO] [stdout]   |         ^^^^^^^^ help: convert the identifier to snake case: `numerics`
[INFO] [stdout] 
[INFO] [stdout] 
[INFO] [stdout] warning: `add` redeclared with a different signature
[INFO] [stdout]  --> src/floats/mod.rs:5:5
[INFO] [stdout]   |
[INFO] [stdout] 5 |     fn add(a: c_float, b: c_float) -> c_float;
[INFO] [stdout]   |     ^^^^^^^^^^^^^^^^^^^^^^^^^^^^^^^^^^^^^^^^^^ this signature doesn't match the previous declaration
[INFO] [stdout]   |
[INFO] [stdout]  ::: src/ints/mod.rs:5:5
[INFO] [stdout]   |
[INFO] [stdout] 5 |     fn add(a: c_int, b: c_int) -> c_int;
[INFO] [stdout]   |     ------------------------------------ `add` previously declared here
[INFO] [stdout]   |
[INFO] [stdout]   = note: expected `unsafe extern "C" fn(i32, i32) -> i32`
[INFO] [stdout]              found `unsafe extern "C" fn(f32, f32) -> f32`
[INFO] [stdout]   = note: `#[warn(clashing_extern_declarations)]` on by default
[INFO] [stdout] 
[INFO] [stdout] 
[INFO] [stdout] warning: `sub` redeclared with a different signature
[INFO] [stdout]  --> src/floats/mod.rs:6:5
[INFO] [stdout]   |
[INFO] [stdout] 6 |     fn sub(a: c_float, b: c_float) -> c_float;
[INFO] [stdout]   |     ^^^^^^^^^^^^^^^^^^^^^^^^^^^^^^^^^^^^^^^^^^ this signature doesn't match the previous declaration
[INFO] [stdout]   |
[INFO] [stdout]  ::: src/ints/mod.rs:6:5
[INFO] [stdout]   |
[INFO] [stdout] 6 |     fn sub(a: c_int, b: c_int) -> c_int;
[INFO] [stdout]   |     ------------------------------------ `sub` previously declared here
[INFO] [stdout]   |
[INFO] [stdout]   = note: expected `unsafe extern "C" fn(i32, i32) -> i32`
[INFO] [stdout]              found `unsafe extern "C" fn(f32, f32) -> f32`
[INFO] [stdout] 
[INFO] [stdout] 
[INFO] [stdout] warning: `mul` redeclared with a different signature
[INFO] [stdout]  --> src/floats/mod.rs:7:5
[INFO] [stdout]   |
[INFO] [stdout] 7 |     fn mul(a: c_float, b: c_float) -> c_float;
[INFO] [stdout]   |     ^^^^^^^^^^^^^^^^^^^^^^^^^^^^^^^^^^^^^^^^^^ this signature doesn't match the previous declaration
[INFO] [stdout]   |
[INFO] [stdout]  ::: src/ints/mod.rs:7:5
[INFO] [stdout]   |
[INFO] [stdout] 7 |     fn mul(a: c_int, b: c_int) -> c_int;
[INFO] [stdout]   |     ------------------------------------ `mul` previously declared here
[INFO] [stdout]   |
[INFO] [stdout]   = note: expected `unsafe extern "C" fn(i32, i32) -> i32`
[INFO] [stdout]              found `unsafe extern "C" fn(f32, f32) -> f32`
[INFO] [stdout] 
[INFO] [stdout] 
[INFO] [stdout] warning: `div` redeclared with a different signature
[INFO] [stdout]  --> src/floats/mod.rs:8:5
[INFO] [stdout]   |
[INFO] [stdout] 8 |     fn div(a: c_float, b: c_float) -> c_float;
[INFO] [stdout]   |     ^^^^^^^^^^^^^^^^^^^^^^^^^^^^^^^^^^^^^^^^^^ this signature doesn't match the previous declaration
[INFO] [stdout]   |
[INFO] [stdout]  ::: src/ints/mod.rs:8:5
[INFO] [stdout]   |
[INFO] [stdout] 8 |     fn div(a: c_int, b: c_int) -> c_int;
[INFO] [stdout]   |     ------------------------------------ `div` previously declared here
[INFO] [stdout]   |
[INFO] [stdout]   = note: expected `unsafe extern "C" fn(i32, i32) -> i32`
[INFO] [stdout]              found `unsafe extern "C" fn(f32, f32) -> f32`
[INFO] [stdout] 
[INFO] [stdout] 
[INFO] [stderr]     Finished `dev` profile [unoptimized + debuginfo] target(s) in 1.28s
[INFO] running `Command { std: "docker" "inspect" "746a60d5cf633334a7586a1e8977e713e7ad00844f41d75389eb8fd3af806a13", kill_on_drop: false }`
[INFO] running `Command { std: "docker" "rm" "-f" "746a60d5cf633334a7586a1e8977e713e7ad00844f41d75389eb8fd3af806a13", kill_on_drop: false }`
[INFO] [stdout] 746a60d5cf633334a7586a1e8977e713e7ad00844f41d75389eb8fd3af806a13
[INFO] running `Command { std: "docker" "create" "-v" "/var/lib/crater-agent-workspace/builds/worker-3-tc1/target:/opt/rustwide/target:rw,Z" "-v" "/var/lib/crater-agent-workspace/builds/worker-3-tc1/source:/opt/rustwide/workdir:ro,Z" "-v" "/var/lib/crater-agent-workspace/cargo-home:/opt/rustwide/cargo-home:ro,Z" "-v" "/var/lib/crater-agent-workspace/rustup-home:/opt/rustwide/rustup-home:ro,Z" "-e" "SOURCE_DIR=/opt/rustwide/workdir" "-e" "CARGO_TARGET_DIR=/opt/rustwide/target" "-e" "CARGO_INCREMENTAL=0" "-e" "RUST_BACKTRACE=full" "-e" "RUSTFLAGS=--cap-lints=forbid" "-e" "RUSTDOCFLAGS=--cap-lints=forbid" "-e" "CARGO_HOME=/opt/rustwide/cargo-home" "-e" "RUSTUP_HOME=/opt/rustwide/rustup-home" "-w" "/opt/rustwide/workdir" "-m" "1610612736" "--user" "0:0" "--network" "none" "ghcr.io/rust-lang/crates-build-env/linux@sha256:819108c5571ea2e421544af4d832f968d213c87fbe3707a016657f43d2f853bc" "/opt/rustwide/cargo-home/bin/cargo" "+nightly-2025-01-18" "test" "--frozen" "--no-run" "--message-format=json", kill_on_drop: false }`
[INFO] [stdout] f27369ebe32bc560774b06103f822d369277c2790dd527fa5eb488641a8985ee
[INFO] running `Command { std: "docker" "start" "-a" "f27369ebe32bc560774b06103f822d369277c2790dd527fa5eb488641a8985ee", kill_on_drop: false }`
[INFO] [stderr]    Compiling FFI v0.1.0 (/opt/rustwide/workdir)
[INFO] [stdout] warning: attribute should be applied to a free function, impl method or static
[INFO] [stdout]   --> src/ints/mod.rs:3:1
[INFO] [stdout]    |
[INFO] [stdout] 3  |   #[no_mangle]
[INFO] [stdout]    |   ^^^^^^^^^^^^
[INFO] [stdout] 4  | / extern "C" {
[INFO] [stdout] 5  | |     fn add(a: c_int, b: c_int) -> c_int;
[INFO] [stdout] 6  | |     fn sub(a: c_int, b: c_int) -> c_int;
[INFO] [stdout] 7  | |     fn mul(a: c_int, b: c_int) -> c_int;
[INFO] [stdout] 8  | |     fn div(a: c_int, b: c_int) -> c_int;
[INFO] [stdout] 9  | |     fn modulo(a: c_int, b: c_int) -> c_int;
[INFO] [stdout] 10 | | }
[INFO] [stdout]    | |_- not a free function, impl method or static
[INFO] [stdout]    |
[INFO] [stdout]    = warning: this was previously accepted by the compiler but is being phased out; it will become a hard error in a future release!
[INFO] [stdout]    = note: `#[warn(unused_attributes)]` on by default
[INFO] [stdout] 
[INFO] [stdout] 
[INFO] [stdout] warning: attribute should be applied to a free function, impl method or static
[INFO] [stdout]  --> src/floats/mod.rs:3:1
[INFO] [stdout]   |
[INFO] [stdout] 3 |   #[no_mangle]
[INFO] [stdout]   |   ^^^^^^^^^^^^
[INFO] [stdout] 4 | / extern "C" {
[INFO] [stdout] 5 | |     fn add(a: c_float, b: c_float) -> c_float;
[INFO] [stdout] 6 | |     fn sub(a: c_float, b: c_float) -> c_float;
[INFO] [stdout] 7 | |     fn mul(a: c_float, b: c_float) -> c_float;
[INFO] [stdout] 8 | |     fn div(a: c_float, b: c_float) -> c_float;
[INFO] [stdout] 9 | | }
[INFO] [stdout]   | |_- not a free function, impl method or static
[INFO] [stdout]   |
[INFO] [stdout]   = warning: this was previously accepted by the compiler but is being phased out; it will become a hard error in a future release!
[INFO] [stdout] 
[INFO] [stdout] 
[INFO] [stdout] warning: attribute should be applied to a free function, impl method or static
[INFO] [stdout]  --> src/strings/mod.rs:4:1
[INFO] [stdout]   |
[INFO] [stdout] 4 |   #[no_mangle]
[INFO] [stdout]   |   ^^^^^^^^^^^^
[INFO] [stdout] 5 | / extern "C" {
[INFO] [stdout] 6 | |     fn str_rev(s: *const c_char) -> *mut c_char;
[INFO] [stdout] 7 | |     fn str_cmp(s1: *const c_char, s2: *const c_char) -> c_short;
[INFO] [stdout] 8 | | }
[INFO] [stdout]   | |_- not a free function, impl method or static
[INFO] [stdout]   |
[INFO] [stdout]   = warning: this was previously accepted by the compiler but is being phased out; it will become a hard error in a future release!
[INFO] [stdout] 
[INFO] [stdout] 
[INFO] [stdout] warning: constant `paths` is never used
[INFO] [stdout]  --> src/common.rs:3:11
[INFO] [stdout]   |
[INFO] [stdout] 3 | pub const paths: [&str; 3] = [
[INFO] [stdout]   |           ^^^^^
[INFO] [stdout]   |
[INFO] [stdout]   = note: `#[warn(dead_code)]` on by default
[INFO] [stdout] 
[INFO] [stdout] 
[INFO] [stdout] warning: function `test` is never used
[INFO] [stdout]   --> src/common.rs:12:12
[INFO] [stdout]    |
[INFO] [stdout] 12 |     pub fn test<T>(func: &str, x: T, y: T, i: usize) -> T {
[INFO] [stdout]    |            ^^^^
[INFO] [stdout] 
[INFO] [stdout] 
[INFO] [stdout] warning: function `add` is never used
[INFO] [stdout]  --> src/ints/mod.rs:5:8
[INFO] [stdout]   |
[INFO] [stdout] 5 |     fn add(a: c_int, b: c_int) -> c_int;
[INFO] [stdout]   |        ^^^
[INFO] [stdout] 
[INFO] [stdout] 
[INFO] [stdout] warning: function `sub` is never used
[INFO] [stdout]  --> src/ints/mod.rs:6:8
[INFO] [stdout]   |
[INFO] [stdout] 6 |     fn sub(a: c_int, b: c_int) -> c_int;
[INFO] [stdout]   |        ^^^
[INFO] [stdout] 
[INFO] [stdout] 
[INFO] [stdout] warning: function `mul` is never used
[INFO] [stdout]  --> src/ints/mod.rs:7:8
[INFO] [stdout]   |
[INFO] [stdout] 7 |     fn mul(a: c_int, b: c_int) -> c_int;
[INFO] [stdout]   |        ^^^
[INFO] [stdout] 
[INFO] [stdout] 
[INFO] [stdout] warning: function `div` is never used
[INFO] [stdout]  --> src/ints/mod.rs:8:8
[INFO] [stdout]   |
[INFO] [stdout] 8 |     fn div(a: c_int, b: c_int) -> c_int;
[INFO] [stdout]   |        ^^^
[INFO] [stdout] 
[INFO] [stdout] 
[INFO] [stdout] warning: function `modulo` is never used
[INFO] [stdout]  --> src/ints/mod.rs:9:8
[INFO] [stdout]   |
[INFO] [stdout] 9 |     fn modulo(a: c_int, b: c_int) -> c_int;
[INFO] [stdout]   |        ^^^^^^
[INFO] [stdout] 
[INFO] [stdout] 
[INFO] [stdout] warning: function `add` is never used
[INFO] [stdout]  --> src/floats/mod.rs:5:8
[INFO] [stdout]   |
[INFO] [stdout] 5 |     fn add(a: c_float, b: c_float) -> c_float;
[INFO] [stdout]   |        ^^^
[INFO] [stdout] 
[INFO] [stdout] 
[INFO] [stdout] warning: function `sub` is never used
[INFO] [stdout]  --> src/floats/mod.rs:6:8
[INFO] [stdout]   |
[INFO] [stdout] 6 |     fn sub(a: c_float, b: c_float) -> c_float;
[INFO] [stdout]   |        ^^^
[INFO] [stdout] 
[INFO] [stdout] 
[INFO] [stdout] warning: function `mul` is never used
[INFO] [stdout]  --> src/floats/mod.rs:7:8
[INFO] [stdout]   |
[INFO] [stdout] 7 |     fn mul(a: c_float, b: c_float) -> c_float;
[INFO] [stdout]   |        ^^^
[INFO] [stdout] 
[INFO] [stdout] 
[INFO] [stdout] warning: function `div` is never used
[INFO] [stdout]  --> src/floats/mod.rs:8:8
[INFO] [stdout]   |
[INFO] [stdout] 8 |     fn div(a: c_float, b: c_float) -> c_float;
[INFO] [stdout]   |        ^^^
[INFO] [stdout] 
[INFO] [stdout] 
[INFO] [stdout] warning: function `str_rev` is never used
[INFO] [stdout]  --> src/strings/mod.rs:6:8
[INFO] [stdout]   |
[INFO] [stdout] 6 |     fn str_rev(s: *const c_char) -> *mut c_char;
[INFO] [stdout]   |        ^^^^^^^
[INFO] [stdout] 
[INFO] [stdout] 
[INFO] [stdout] warning: function `str_cmp` is never used
[INFO] [stdout]  --> src/strings/mod.rs:7:8
[INFO] [stdout]   |
[INFO] [stdout] 7 |     fn str_cmp(s1: *const c_char, s2: *const c_char) -> c_short;
[INFO] [stdout]   |        ^^^^^^^
[INFO] [stdout] 
[INFO] [stdout] 
[INFO] [stdout] warning: crate `FFI` should have a snake case name
[INFO] [stdout]   |
[INFO] [stdout]   = help: convert the identifier to snake case: `ffi`
[INFO] [stdout]   = note: `#[warn(non_snake_case)]` on by default
[INFO] [stdout] 
[INFO] [stdout] 
[INFO] [stdout] warning: constant `paths` should have an upper case name
[INFO] [stdout]  --> src/common.rs:3:11
[INFO] [stdout]   |
[INFO] [stdout] 3 | pub const paths: [&str; 3] = [
[INFO] [stdout]   |           ^^^^^ help: convert the identifier to upper case: `PATHS`
[INFO] [stdout]   |
[INFO] [stdout]   = note: `#[warn(non_upper_case_globals)]` on by default
[INFO] [stdout] 
[INFO] [stdout] 
[INFO] [stdout] warning: module `Numerics` should have a snake case name
[INFO] [stdout]  --> src/common.rs:9:9
[INFO] [stdout]   |
[INFO] [stdout] 9 | pub mod Numerics {
[INFO] [stdout]   |         ^^^^^^^^ help: convert the identifier to snake case: `numerics`
[INFO] [stdout] 
[INFO] [stdout] 
[INFO] [stdout] warning: `add` redeclared with a different signature
[INFO] [stdout]  --> src/floats/mod.rs:5:5
[INFO] [stdout]   |
[INFO] [stdout] 5 |     fn add(a: c_float, b: c_float) -> c_float;
[INFO] [stdout]   |     ^^^^^^^^^^^^^^^^^^^^^^^^^^^^^^^^^^^^^^^^^^ this signature doesn't match the previous declaration
[INFO] [stdout]   |
[INFO] [stdout]  ::: src/ints/mod.rs:5:5
[INFO] [stdout]   |
[INFO] [stdout] 5 |     fn add(a: c_int, b: c_int) -> c_int;
[INFO] [stdout]   |     ------------------------------------ `add` previously declared here
[INFO] [stdout]   |
[INFO] [stdout]   = note: expected `unsafe extern "C" fn(i32, i32) -> i32`
[INFO] [stdout]              found `unsafe extern "C" fn(f32, f32) -> f32`
[INFO] [stdout]   = note: `#[warn(clashing_extern_declarations)]` on by default
[INFO] [stdout] 
[INFO] [stdout] 
[INFO] [stdout] warning: `sub` redeclared with a different signature
[INFO] [stdout]  --> src/floats/mod.rs:6:5
[INFO] [stdout]   |
[INFO] [stdout] 6 |     fn sub(a: c_float, b: c_float) -> c_float;
[INFO] [stdout]   |     ^^^^^^^^^^^^^^^^^^^^^^^^^^^^^^^^^^^^^^^^^^ this signature doesn't match the previous declaration
[INFO] [stdout]   |
[INFO] [stdout]  ::: src/ints/mod.rs:6:5
[INFO] [stdout]   |
[INFO] [stdout] 6 |     fn sub(a: c_int, b: c_int) -> c_int;
[INFO] [stdout]   |     ------------------------------------ `sub` previously declared here
[INFO] [stdout]   |
[INFO] [stdout]   = note: expected `unsafe extern "C" fn(i32, i32) -> i32`
[INFO] [stdout]              found `unsafe extern "C" fn(f32, f32) -> f32`
[INFO] [stdout] 
[INFO] [stdout] 
[INFO] [stdout] warning: `mul` redeclared with a different signature
[INFO] [stdout]  --> src/floats/mod.rs:7:5
[INFO] [stdout]   |
[INFO] [stdout] 7 |     fn mul(a: c_float, b: c_float) -> c_float;
[INFO] [stdout]   |     ^^^^^^^^^^^^^^^^^^^^^^^^^^^^^^^^^^^^^^^^^^ this signature doesn't match the previous declaration
[INFO] [stdout]   |
[INFO] [stdout]  ::: src/ints/mod.rs:7:5
[INFO] [stdout]   |
[INFO] [stdout] 7 |     fn mul(a: c_int, b: c_int) -> c_int;
[INFO] [stdout]   |     ------------------------------------ `mul` previously declared here
[INFO] [stdout]   |
[INFO] [stdout]   = note: expected `unsafe extern "C" fn(i32, i32) -> i32`
[INFO] [stdout]              found `unsafe extern "C" fn(f32, f32) -> f32`
[INFO] [stdout] 
[INFO] [stdout] 
[INFO] [stdout] warning: `div` redeclared with a different signature
[INFO] [stdout]  --> src/floats/mod.rs:8:5
[INFO] [stdout]   |
[INFO] [stdout] 8 |     fn div(a: c_float, b: c_float) -> c_float;
[INFO] [stdout]   |     ^^^^^^^^^^^^^^^^^^^^^^^^^^^^^^^^^^^^^^^^^^ this signature doesn't match the previous declaration
[INFO] [stdout]   |
[INFO] [stdout]  ::: src/ints/mod.rs:8:5
[INFO] [stdout]   |
[INFO] [stdout] 8 |     fn div(a: c_int, b: c_int) -> c_int;
[INFO] [stdout]   |     ------------------------------------ `div` previously declared here
[INFO] [stdout]   |
[INFO] [stdout]   = note: expected `unsafe extern "C" fn(i32, i32) -> i32`
[INFO] [stdout]              found `unsafe extern "C" fn(f32, f32) -> f32`
[INFO] [stdout] 
[INFO] [stdout] 
[INFO] [stdout] warning: attribute should be applied to a free function, impl method or static
[INFO] [stdout]   --> src/ints/mod.rs:3:1
[INFO] [stdout]    |
[INFO] [stdout] 3  |   #[no_mangle]
[INFO] [stdout]    |   ^^^^^^^^^^^^
[INFO] [stdout] 4  | / extern "C" {
[INFO] [stdout] 5  | |     fn add(a: c_int, b: c_int) -> c_int;
[INFO] [stdout] 6  | |     fn sub(a: c_int, b: c_int) -> c_int;
[INFO] [stdout] 7  | |     fn mul(a: c_int, b: c_int) -> c_int;
[INFO] [stdout] 8  | |     fn div(a: c_int, b: c_int) -> c_int;
[INFO] [stdout] 9  | |     fn modulo(a: c_int, b: c_int) -> c_int;
[INFO] [stdout] 10 | | }
[INFO] [stdout]    | |_- not a free function, impl method or static
[INFO] [stdout]    |
[INFO] [stdout]    = warning: this was previously accepted by the compiler but is being phased out; it will become a hard error in a future release!
[INFO] [stdout]    = note: `#[warn(unused_attributes)]` on by default
[INFO] [stdout] 
[INFO] [stdout] 
[INFO] [stdout] warning: attribute should be applied to a free function, impl method or static
[INFO] [stdout]  --> src/floats/mod.rs:3:1
[INFO] [stdout]   |
[INFO] [stdout] 3 |   #[no_mangle]
[INFO] [stdout]   |   ^^^^^^^^^^^^
[INFO] [stdout] 4 | / extern "C" {
[INFO] [stdout] 5 | |     fn add(a: c_float, b: c_float) -> c_float;
[INFO] [stdout] 6 | |     fn sub(a: c_float, b: c_float) -> c_float;
[INFO] [stdout] 7 | |     fn mul(a: c_float, b: c_float) -> c_float;
[INFO] [stdout] 8 | |     fn div(a: c_float, b: c_float) -> c_float;
[INFO] [stdout] 9 | | }
[INFO] [stdout]   | |_- not a free function, impl method or static
[INFO] [stdout]   |
[INFO] [stdout]   = warning: this was previously accepted by the compiler but is being phased out; it will become a hard error in a future release!
[INFO] [stdout] 
[INFO] [stdout] 
[INFO] [stdout] warning: attribute should be applied to a free function, impl method or static
[INFO] [stdout]  --> src/strings/mod.rs:4:1
[INFO] [stdout]   |
[INFO] [stdout] 4 |   #[no_mangle]
[INFO] [stdout]   |   ^^^^^^^^^^^^
[INFO] [stdout] 5 | / extern "C" {
[INFO] [stdout] 6 | |     fn str_rev(s: *const c_char) -> *mut c_char;
[INFO] [stdout] 7 | |     fn str_cmp(s1: *const c_char, s2: *const c_char) -> c_short;
[INFO] [stdout] 8 | | }
[INFO] [stdout]   | |_- not a free function, impl method or static
[INFO] [stdout]   |
[INFO] [stdout]   = warning: this was previously accepted by the compiler but is being phased out; it will become a hard error in a future release!
[INFO] [stdout] 
[INFO] [stdout] 
[INFO] [stdout] warning: unnecessary `unsafe` block
[INFO] [stdout]   --> src/ints/mod.rs:22:17
[INFO] [stdout]    |
[INFO] [stdout] 22 |         let r = unsafe { test::<c_int>("add", x, y, 0) };
[INFO] [stdout]    |                 ^^^^^^ unnecessary `unsafe` block
[INFO] [stdout]    |
[INFO] [stdout]    = note: `#[warn(unused_unsafe)]` on by default
[INFO] [stdout] 
[INFO] [stdout] 
[INFO] [stdout] warning: unnecessary `unsafe` block
[INFO] [stdout]   --> src/ints/mod.rs:25:17
[INFO] [stdout]    |
[INFO] [stdout] 25 |         let r = unsafe { test::<c_int>("sub", x, y, 0) };
[INFO] [stdout]    |                 ^^^^^^ unnecessary `unsafe` block
[INFO] [stdout] 
[INFO] [stdout] 
[INFO] [stdout] warning: unnecessary `unsafe` block
[INFO] [stdout]   --> src/ints/mod.rs:28:17
[INFO] [stdout]    |
[INFO] [stdout] 28 |         let r = unsafe { test::<c_int>("mul", x, y, 0) };
[INFO] [stdout]    |                 ^^^^^^ unnecessary `unsafe` block
[INFO] [stdout] 
[INFO] [stdout] 
[INFO] [stdout] warning: unnecessary `unsafe` block
[INFO] [stdout]   --> src/ints/mod.rs:31:17
[INFO] [stdout]    |
[INFO] [stdout] 31 |         let r = unsafe { test::<c_int>("div", x, y, 0) };
[INFO] [stdout]    |                 ^^^^^^ unnecessary `unsafe` block
[INFO] [stdout] 
[INFO] [stdout] 
[INFO] [stdout] warning: unnecessary `unsafe` block
[INFO] [stdout]   --> src/ints/mod.rs:34:17
[INFO] [stdout]    |
[INFO] [stdout] 34 |         let r = unsafe { test::<c_int>("modulo", x, y, 0) };
[INFO] [stdout]    |                 ^^^^^^ unnecessary `unsafe` block
[INFO] [stdout] 
[INFO] [stdout] 
[INFO] [stdout] warning: unnecessary `unsafe` block
[INFO] [stdout]   --> src/floats/mod.rs:21:17
[INFO] [stdout]    |
[INFO] [stdout] 21 |         let r = unsafe { test::<c_float>("add", x, y, 1) };
[INFO] [stdout]    |                 ^^^^^^ unnecessary `unsafe` block
[INFO] [stdout] 
[INFO] [stdout] 
[INFO] [stdout] warning: unnecessary `unsafe` block
[INFO] [stdout]   --> src/floats/mod.rs:24:17
[INFO] [stdout]    |
[INFO] [stdout] 24 |         let r = unsafe { test::<c_float>("sub", x, y, 1) };
[INFO] [stdout]    |                 ^^^^^^ unnecessary `unsafe` block
[INFO] [stdout] 
[INFO] [stdout] 
[INFO] [stdout] warning: unnecessary `unsafe` block
[INFO] [stdout]   --> src/floats/mod.rs:27:17
[INFO] [stdout]    |
[INFO] [stdout] 27 |         let r = unsafe { test::<c_float>("mul", x, y, 1) };
[INFO] [stdout]    |                 ^^^^^^ unnecessary `unsafe` block
[INFO] [stdout] 
[INFO] [stdout] 
[INFO] [stdout] warning: unnecessary `unsafe` block
[INFO] [stdout]   --> src/floats/mod.rs:30:17
[INFO] [stdout]    |
[INFO] [stdout] 30 |         let r = unsafe { test::<c_float>("div", x, y, 1) };
[INFO] [stdout]    |                 ^^^^^^ unnecessary `unsafe` block
[INFO] [stdout] 
[INFO] [stdout] 
[INFO] [stdout] warning: function `add` is never used
[INFO] [stdout]  --> src/ints/mod.rs:5:8
[INFO] [stdout]   |
[INFO] [stdout] 5 |     fn add(a: c_int, b: c_int) -> c_int;
[INFO] [stdout]   |        ^^^
[INFO] [stdout]   |
[INFO] [stdout]   = note: `#[warn(dead_code)]` on by default
[INFO] [stdout] 
[INFO] [stdout] 
[INFO] [stdout] warning: function `sub` is never used
[INFO] [stdout]  --> src/ints/mod.rs:6:8
[INFO] [stdout]   |
[INFO] [stdout] 6 |     fn sub(a: c_int, b: c_int) -> c_int;
[INFO] [stdout]   |        ^^^
[INFO] [stdout] 
[INFO] [stdout] 
[INFO] [stdout] warning: function `mul` is never used
[INFO] [stdout]  --> src/ints/mod.rs:7:8
[INFO] [stdout]   |
[INFO] [stdout] 7 |     fn mul(a: c_int, b: c_int) -> c_int;
[INFO] [stdout]   |        ^^^
[INFO] [stdout] 
[INFO] [stdout] 
[INFO] [stdout] warning: function `div` is never used
[INFO] [stdout]  --> src/ints/mod.rs:8:8
[INFO] [stdout]   |
[INFO] [stdout] 8 |     fn div(a: c_int, b: c_int) -> c_int;
[INFO] [stdout]   |        ^^^
[INFO] [stdout] 
[INFO] [stdout] 
[INFO] [stdout] warning: function `modulo` is never used
[INFO] [stdout]  --> src/ints/mod.rs:9:8
[INFO] [stdout]   |
[INFO] [stdout] 9 |     fn modulo(a: c_int, b: c_int) -> c_int;
[INFO] [stdout]   |        ^^^^^^
[INFO] [stdout] 
[INFO] [stdout] 
[INFO] [stdout] warning: function `add` is never used
[INFO] [stdout]  --> src/floats/mod.rs:5:8
[INFO] [stdout]   |
[INFO] [stdout] 5 |     fn add(a: c_float, b: c_float) -> c_float;
[INFO] [stdout]   |        ^^^
[INFO] [stdout] 
[INFO] [stdout] 
[INFO] [stdout] warning: function `sub` is never used
[INFO] [stdout]  --> src/floats/mod.rs:6:8
[INFO] [stdout]   |
[INFO] [stdout] 6 |     fn sub(a: c_float, b: c_float) -> c_float;
[INFO] [stdout]   |        ^^^
[INFO] [stdout] 
[INFO] [stdout] 
[INFO] [stdout] warning: function `mul` is never used
[INFO] [stdout]  --> src/floats/mod.rs:7:8
[INFO] [stdout]   |
[INFO] [stdout] 7 |     fn mul(a: c_float, b: c_float) -> c_float;
[INFO] [stdout]   |        ^^^
[INFO] [stdout] 
[INFO] [stdout] 
[INFO] [stdout] warning: function `div` is never used
[INFO] [stdout]  --> src/floats/mod.rs:8:8
[INFO] [stdout]   |
[INFO] [stdout] 8 |     fn div(a: c_float, b: c_float) -> c_float;
[INFO] [stdout]   |        ^^^
[INFO] [stdout] 
[INFO] [stdout] 
[INFO] [stdout] warning: function `str_rev` is never used
[INFO] [stdout]  --> src/strings/mod.rs:6:8
[INFO] [stdout]   |
[INFO] [stdout] 6 |     fn str_rev(s: *const c_char) -> *mut c_char;
[INFO] [stdout]   |        ^^^^^^^
[INFO] [stdout] 
[INFO] [stdout] 
[INFO] [stdout] warning: function `str_cmp` is never used
[INFO] [stdout]  --> src/strings/mod.rs:7:8
[INFO] [stdout]   |
[INFO] [stdout] 7 |     fn str_cmp(s1: *const c_char, s2: *const c_char) -> c_short;
[INFO] [stdout]   |        ^^^^^^^
[INFO] [stdout] 
[INFO] [stdout] 
[INFO] [stdout] warning: constant `paths` should have an upper case name
[INFO] [stdout]  --> src/common.rs:3:11
[INFO] [stdout]   |
[INFO] [stdout] 3 | pub const paths: [&str; 3] = [
[INFO] [stdout]   |           ^^^^^ help: convert the identifier to upper case: `PATHS`
[INFO] [stdout]   |
[INFO] [stdout]   = note: `#[warn(non_upper_case_globals)]` on by default
[INFO] [stdout] 
[INFO] [stdout] 
[INFO] [stdout] warning: module `Numerics` should have a snake case name
[INFO] [stdout]  --> src/common.rs:9:9
[INFO] [stdout]   |
[INFO] [stdout] 9 | pub mod Numerics {
[INFO] [stdout]   |         ^^^^^^^^ help: convert the identifier to snake case: `numerics`
[INFO] [stdout]   |
[INFO] [stdout]   = note: `#[warn(non_snake_case)]` on by default
[INFO] [stdout] 
[INFO] [stdout] 
[INFO] [stdout] warning: `add` redeclared with a different signature
[INFO] [stdout]  --> src/floats/mod.rs:5:5
[INFO] [stdout]   |
[INFO] [stdout] 5 |     fn add(a: c_float, b: c_float) -> c_float;
[INFO] [stdout]   |     ^^^^^^^^^^^^^^^^^^^^^^^^^^^^^^^^^^^^^^^^^^ this signature doesn't match the previous declaration
[INFO] [stdout]   |
[INFO] [stdout]  ::: src/ints/mod.rs:5:5
[INFO] [stdout]   |
[INFO] [stdout] 5 |     fn add(a: c_int, b: c_int) -> c_int;
[INFO] [stdout]   |     ------------------------------------ `add` previously declared here
[INFO] [stdout]   |
[INFO] [stdout]   = note: expected `unsafe extern "C" fn(i32, i32) -> i32`
[INFO] [stdout]              found `unsafe extern "C" fn(f32, f32) -> f32`
[INFO] [stdout]   = note: `#[warn(clashing_extern_declarations)]` on by default
[INFO] [stdout] 
[INFO] [stdout] 
[INFO] [stdout] warning: `sub` redeclared with a different signature
[INFO] [stdout]  --> src/floats/mod.rs:6:5
[INFO] [stdout]   |
[INFO] [stdout] 6 |     fn sub(a: c_float, b: c_float) -> c_float;
[INFO] [stdout]   |     ^^^^^^^^^^^^^^^^^^^^^^^^^^^^^^^^^^^^^^^^^^ this signature doesn't match the previous declaration
[INFO] [stdout]   |
[INFO] [stdout]  ::: src/ints/mod.rs:6:5
[INFO] [stdout]   |
[INFO] [stdout] 6 |     fn sub(a: c_int, b: c_int) -> c_int;
[INFO] [stdout]   |     ------------------------------------ `sub` previously declared here
[INFO] [stdout]   |
[INFO] [stdout]   = note: expected `unsafe extern "C" fn(i32, i32) -> i32`
[INFO] [stdout]              found `unsafe extern "C" fn(f32, f32) -> f32`
[INFO] [stdout] 
[INFO] [stdout] 
[INFO] [stdout] warning: `mul` redeclared with a different signature
[INFO] [stdout]  --> src/floats/mod.rs:7:5
[INFO] [stdout]   |
[INFO] [stdout] 7 |     fn mul(a: c_float, b: c_float) -> c_float;
[INFO] [stdout]   |     ^^^^^^^^^^^^^^^^^^^^^^^^^^^^^^^^^^^^^^^^^^ this signature doesn't match the previous declaration
[INFO] [stdout]   |
[INFO] [stdout]  ::: src/ints/mod.rs:7:5
[INFO] [stdout]   |
[INFO] [stdout] 7 |     fn mul(a: c_int, b: c_int) -> c_int;
[INFO] [stdout]   |     ------------------------------------ `mul` previously declared here
[INFO] [stdout]   |
[INFO] [stdout]   = note: expected `unsafe extern "C" fn(i32, i32) -> i32`
[INFO] [stdout]              found `unsafe extern "C" fn(f32, f32) -> f32`
[INFO] [stdout] 
[INFO] [stdout] 
[INFO] [stdout] warning: `div` redeclared with a different signature
[INFO] [stdout]  --> src/floats/mod.rs:8:5
[INFO] [stdout]   |
[INFO] [stdout] 8 |     fn div(a: c_float, b: c_float) -> c_float;
[INFO] [stdout]   |     ^^^^^^^^^^^^^^^^^^^^^^^^^^^^^^^^^^^^^^^^^^ this signature doesn't match the previous declaration
[INFO] [stdout]   |
[INFO] [stdout]  ::: src/ints/mod.rs:8:5
[INFO] [stdout]   |
[INFO] [stdout] 8 |     fn div(a: c_int, b: c_int) -> c_int;
[INFO] [stdout]   |     ------------------------------------ `div` previously declared here
[INFO] [stdout]   |
[INFO] [stdout]   = note: expected `unsafe extern "C" fn(i32, i32) -> i32`
[INFO] [stdout]              found `unsafe extern "C" fn(f32, f32) -> f32`
[INFO] [stdout] 
[INFO] [stdout] 
[INFO] [stderr]     Finished `test` profile [unoptimized + debuginfo] target(s) in 0.47s
[INFO] running `Command { std: "docker" "inspect" "f27369ebe32bc560774b06103f822d369277c2790dd527fa5eb488641a8985ee", kill_on_drop: false }`
[INFO] running `Command { std: "docker" "rm" "-f" "f27369ebe32bc560774b06103f822d369277c2790dd527fa5eb488641a8985ee", kill_on_drop: false }`
[INFO] [stdout] f27369ebe32bc560774b06103f822d369277c2790dd527fa5eb488641a8985ee
[INFO] running `Command { std: "docker" "create" "-v" "/var/lib/crater-agent-workspace/builds/worker-3-tc1/target:/opt/rustwide/target:rw,Z" "-v" "/var/lib/crater-agent-workspace/builds/worker-3-tc1/source:/opt/rustwide/workdir:ro,Z" "-v" "/var/lib/crater-agent-workspace/cargo-home:/opt/rustwide/cargo-home:ro,Z" "-v" "/var/lib/crater-agent-workspace/rustup-home:/opt/rustwide/rustup-home:ro,Z" "-e" "SOURCE_DIR=/opt/rustwide/workdir" "-e" "CARGO_TARGET_DIR=/opt/rustwide/target" "-e" "CARGO_INCREMENTAL=0" "-e" "RUST_BACKTRACE=full" "-e" "RUSTFLAGS=--cap-lints=forbid" "-e" "RUSTDOCFLAGS=--cap-lints=forbid" "-e" "CARGO_HOME=/opt/rustwide/cargo-home" "-e" "RUSTUP_HOME=/opt/rustwide/rustup-home" "-w" "/opt/rustwide/workdir" "-m" "1610612736" "--user" "0:0" "--network" "none" "ghcr.io/rust-lang/crates-build-env/linux@sha256:819108c5571ea2e421544af4d832f968d213c87fbe3707a016657f43d2f853bc" "/opt/rustwide/cargo-home/bin/cargo" "+nightly-2025-01-18" "test" "--frozen", kill_on_drop: false }`
[INFO] [stdout] b724f929b9d7c98868680dc38046154e868a718c979214f1d382a51d9f9d5981
[INFO] running `Command { std: "docker" "start" "-a" "b724f929b9d7c98868680dc38046154e868a718c979214f1d382a51d9f9d5981", kill_on_drop: false }`
[INFO] [stderr] warning: attribute should be applied to a free function, impl method or static
[INFO] [stderr]   --> src/ints/mod.rs:3:1
[INFO] [stderr]    |
[INFO] [stderr] 3  |   #[no_mangle]
[INFO] [stderr]    |   ^^^^^^^^^^^^
[INFO] [stderr] 4  | / extern "C" {
[INFO] [stderr] 5  | |     fn add(a: c_int, b: c_int) -> c_int;
[INFO] [stderr] 6  | |     fn sub(a: c_int, b: c_int) -> c_int;
[INFO] [stderr] 7  | |     fn mul(a: c_int, b: c_int) -> c_int;
[INFO] [stderr] 8  | |     fn div(a: c_int, b: c_int) -> c_int;
[INFO] [stderr] 9  | |     fn modulo(a: c_int, b: c_int) -> c_int;
[INFO] [stderr] 10 | | }
[INFO] [stderr]    | |_- not a free function, impl method or static
[INFO] [stderr]    |
[INFO] [stderr]    = warning: this was previously accepted by the compiler but is being phased out; it will become a hard error in a future release!
[INFO] [stderr]    = note: `#[warn(unused_attributes)]` on by default
[INFO] [stderr] 
[INFO] [stderr] warning: attribute should be applied to a free function, impl method or static
[INFO] [stderr]  --> src/floats/mod.rs:3:1
[INFO] [stderr]   |
[INFO] [stderr] 3 |   #[no_mangle]
[INFO] [stderr]   |   ^^^^^^^^^^^^
[INFO] [stderr] 4 | / extern "C" {
[INFO] [stderr] 5 | |     fn add(a: c_float, b: c_float) -> c_float;
[INFO] [stderr] 6 | |     fn sub(a: c_float, b: c_float) -> c_float;
[INFO] [stderr] 7 | |     fn mul(a: c_float, b: c_float) -> c_float;
[INFO] [stderr] 8 | |     fn div(a: c_float, b: c_float) -> c_float;
[INFO] [stderr] 9 | | }
[INFO] [stderr]   | |_- not a free function, impl method or static
[INFO] [stderr]   |
[INFO] [stderr]   = warning: this was previously accepted by the compiler but is being phased out; it will become a hard error in a future release!
[INFO] [stderr] 
[INFO] [stderr] warning: attribute should be applied to a free function, impl method or static
[INFO] [stderr]  --> src/strings/mod.rs:4:1
[INFO] [stderr]   |
[INFO] [stderr] 4 |   #[no_mangle]
[INFO] [stderr]   |   ^^^^^^^^^^^^
[INFO] [stderr] 5 | / extern "C" {
[INFO] [stderr] 6 | |     fn str_rev(s: *const c_char) -> *mut c_char;
[INFO] [stderr] 7 | |     fn str_cmp(s1: *const c_char, s2: *const c_char) -> c_short;
[INFO] [stderr] 8 | | }
[INFO] [stderr]   | |_- not a free function, impl method or static
[INFO] [stderr]   |
[INFO] [stderr]   = warning: this was previously accepted by the compiler but is being phased out; it will become a hard error in a future release!
[INFO] [stderr] 
[INFO] [stderr] warning: constant `paths` is never used
[INFO] [stderr]  --> src/common.rs:3:11
[INFO] [stderr]   |
[INFO] [stderr] 3 | pub const paths: [&str; 3] = [
[INFO] [stderr]   |           ^^^^^
[INFO] [stderr]   |
[INFO] [stderr]   = note: `#[warn(dead_code)]` on by default
[INFO] [stderr] 
[INFO] [stderr] warning: function `test` is never used
[INFO] [stderr]   --> src/common.rs:12:12
[INFO] [stderr]    |
[INFO] [stderr] 12 |     pub fn test<T>(func: &str, x: T, y: T, i: usize) -> T {
[INFO] [stderr]    |            ^^^^
[INFO] [stderr] 
[INFO] [stderr] warning: function `add` is never used
[INFO] [stderr]  --> src/ints/mod.rs:5:8
[INFO] [stderr]   |
[INFO] [stderr] 5 |     fn add(a: c_int, b: c_int) -> c_int;
[INFO] [stderr]   |        ^^^
[INFO] [stderr] 
[INFO] [stderr] warning: function `sub` is never used
[INFO] [stderr]  --> src/ints/mod.rs:6:8
[INFO] [stderr]   |
[INFO] [stderr] 6 |     fn sub(a: c_int, b: c_int) -> c_int;
[INFO] [stderr]   |        ^^^
[INFO] [stderr] 
[INFO] [stderr] warning: function `mul` is never used
[INFO] [stderr]  --> src/ints/mod.rs:7:8
[INFO] [stderr]   |
[INFO] [stderr] 7 |     fn mul(a: c_int, b: c_int) -> c_int;
[INFO] [stderr]   |        ^^^
[INFO] [stderr] 
[INFO] [stderr] warning: function `div` is never used
[INFO] [stderr]  --> src/ints/mod.rs:8:8
[INFO] [stderr]   |
[INFO] [stderr] 8 |     fn div(a: c_int, b: c_int) -> c_int;
[INFO] [stderr]   |        ^^^
[INFO] [stderr] 
[INFO] [stderr] warning: function `modulo` is never used
[INFO] [stderr]  --> src/ints/mod.rs:9:8
[INFO] [stderr]   |
[INFO] [stderr] 9 |     fn modulo(a: c_int, b: c_int) -> c_int;
[INFO] [stderr]   |        ^^^^^^
[INFO] [stderr] 
[INFO] [stderr] warning: function `add` is never used
[INFO] [stderr]  --> src/floats/mod.rs:5:8
[INFO] [stderr]   |
[INFO] [stderr] 5 |     fn add(a: c_float, b: c_float) -> c_float;
[INFO] [stderr]   |        ^^^
[INFO] [stderr] 
[INFO] [stderr] warning: function `sub` is never used
[INFO] [stderr]  --> src/floats/mod.rs:6:8
[INFO] [stderr]   |
[INFO] [stderr] 6 |     fn sub(a: c_float, b: c_float) -> c_float;
[INFO] [stderr]   |        ^^^
[INFO] [stderr] 
[INFO] [stderr] warning: function `mul` is never used
[INFO] [stderr]  --> src/floats/mod.rs:7:8
[INFO] [stderr]   |
[INFO] [stderr] 7 |     fn mul(a: c_float, b: c_float) -> c_float;
[INFO] [stderr]   |        ^^^
[INFO] [stderr] 
[INFO] [stderr] warning: function `div` is never used
[INFO] [stderr]  --> src/floats/mod.rs:8:8
[INFO] [stderr]   |
[INFO] [stderr] 8 |     fn div(a: c_float, b: c_float) -> c_float;
[INFO] [stderr]   |        ^^^
[INFO] [stderr] 
[INFO] [stderr] warning: function `str_rev` is never used
[INFO] [stderr]  --> src/strings/mod.rs:6:8
[INFO] [stderr]   |
[INFO] [stderr] 6 |     fn str_rev(s: *const c_char) -> *mut c_char;
[INFO] [stderr]   |        ^^^^^^^
[INFO] [stderr] 
[INFO] [stderr] warning: function `str_cmp` is never used
[INFO] [stderr]  --> src/strings/mod.rs:7:8
[INFO] [stderr]   |
[INFO] [stderr] 7 |     fn str_cmp(s1: *const c_char, s2: *const c_char) -> c_short;
[INFO] [stderr]   |        ^^^^^^^
[INFO] [stderr] 
[INFO] [stderr] warning: crate `FFI` should have a snake case name
[INFO] [stderr]   |
[INFO] [stderr]   = help: convert the identifier to snake case: `ffi`
[INFO] [stderr]   = note: `#[warn(non_snake_case)]` on by default
[INFO] [stderr] 
[INFO] [stderr] warning: constant `paths` should have an upper case name
[INFO] [stderr]  --> src/common.rs:3:11
[INFO] [stderr]   |
[INFO] [stderr] 3 | pub const paths: [&str; 3] = [
[INFO] [stderr]   |           ^^^^^ help: convert the identifier to upper case: `PATHS`
[INFO] [stderr]   |
[INFO] [stderr]   = note: `#[warn(non_upper_case_globals)]` on by default
[INFO] [stderr] 
[INFO] [stderr] warning: module `Numerics` should have a snake case name
[INFO] [stderr]  --> src/common.rs:9:9
[INFO] [stderr]   |
[INFO] [stderr] 9 | pub mod Numerics {
[INFO] [stderr]   |         ^^^^^^^^ help: convert the identifier to snake case: `numerics`
[INFO] [stderr] 
[INFO] [stderr] warning: `add` redeclared with a different signature
[INFO] [stderr]  --> src/floats/mod.rs:5:5
[INFO] [stderr]   |
[INFO] [stderr] 5 |     fn add(a: c_float, b: c_float) -> c_float;
[INFO] [stderr]   |     ^^^^^^^^^^^^^^^^^^^^^^^^^^^^^^^^^^^^^^^^^^ this signature doesn't match the previous declaration
[INFO] [stderr]   |
[INFO] [stderr]  ::: src/ints/mod.rs:5:5
[INFO] [stderr]   |
[INFO] [stderr] 5 |     fn add(a: c_int, b: c_int) -> c_int;
[INFO] [stderr]   |     ------------------------------------ `add` previously declared here
[INFO] [stderr]   |
[INFO] [stderr]   = note: expected `unsafe extern "C" fn(i32, i32) -> i32`
[INFO] [stderr]              found `unsafe extern "C" fn(f32, f32) -> f32`
[INFO] [stderr]   = note: `#[warn(clashing_extern_declarations)]` on by default
[INFO] [stderr] 
[INFO] [stderr] warning: `sub` redeclared with a different signature
[INFO] [stderr]  --> src/floats/mod.rs:6:5
[INFO] [stderr]   |
[INFO] [stderr] 6 |     fn sub(a: c_float, b: c_float) -> c_float;
[INFO] [stderr]   |     ^^^^^^^^^^^^^^^^^^^^^^^^^^^^^^^^^^^^^^^^^^ this signature doesn't match the previous declaration
[INFO] [stderr]   |
[INFO] [stderr]  ::: src/ints/mod.rs:6:5
[INFO] [stderr]   |
[INFO] [stderr] 6 |     fn sub(a: c_int, b: c_int) -> c_int;
[INFO] [stderr]   |     ------------------------------------ `sub` previously declared here
[INFO] [stderr]   |
[INFO] [stderr]   = note: expected `unsafe extern "C" fn(i32, i32) -> i32`
[INFO] [stderr]              found `unsafe extern "C" fn(f32, f32) -> f32`
[INFO] [stderr] 
[INFO] [stderr] warning: `mul` redeclared with a different signature
[INFO] [stderr]  --> src/floats/mod.rs:7:5
[INFO] [stderr]   |
[INFO] [stderr] 7 |     fn mul(a: c_float, b: c_float) -> c_float;
[INFO] [stderr]   |     ^^^^^^^^^^^^^^^^^^^^^^^^^^^^^^^^^^^^^^^^^^ this signature doesn't match the previous declaration
[INFO] [stderr]   |
[INFO] [stderr]  ::: src/ints/mod.rs:7:5
[INFO] [stderr]   |
[INFO] [stderr] 7 |     fn mul(a: c_int, b: c_int) -> c_int;
[INFO] [stderr]   |     ------------------------------------ `mul` previously declared here
[INFO] [stderr]   |
[INFO] [stderr]   = note: expected `unsafe extern "C" fn(i32, i32) -> i32`
[INFO] [stderr]              found `unsafe extern "C" fn(f32, f32) -> f32`
[INFO] [stderr] 
[INFO] [stderr] warning: `div` redeclared with a different signature
[INFO] [stderr]  --> src/floats/mod.rs:8:5
[INFO] [stderr]   |
[INFO] [stderr] 8 |     fn div(a: c_float, b: c_float) -> c_float;
[INFO] [stderr]   |     ^^^^^^^^^^^^^^^^^^^^^^^^^^^^^^^^^^^^^^^^^^ this signature doesn't match the previous declaration
[INFO] [stderr]   |
[INFO] [stderr]  ::: src/ints/mod.rs:8:5
[INFO] [stderr]   |
[INFO] [stderr] 8 |     fn div(a: c_int, b: c_int) -> c_int;
[INFO] [stderr]   |     ------------------------------------ `div` previously declared here
[INFO] [stderr]   |
[INFO] [stderr]   = note: expected `unsafe extern "C" fn(i32, i32) -> i32`
[INFO] [stderr]              found `unsafe extern "C" fn(f32, f32) -> f32`
[INFO] [stderr] 
[INFO] [stderr] warning: unnecessary `unsafe` block
[INFO] [stderr]   --> src/ints/mod.rs:22:17
[INFO] [stderr]    |
[INFO] [stderr] 22 |         let r = unsafe { test::<c_int>("add", x, y, 0) };
[INFO] [stderr]    |                 ^^^^^^ unnecessary `unsafe` block
[INFO] [stderr]    |
[INFO] [stderr]    = note: `#[warn(unused_unsafe)]` on by default
[INFO] [stderr] 
[INFO] [stderr] warning: unnecessary `unsafe` block
[INFO] [stderr]   --> src/ints/mod.rs:25:17
[INFO] [stderr]    |
[INFO] [stderr] 25 |         let r = unsafe { test::<c_int>("sub", x, y, 0) };
[INFO] [stderr]    |                 ^^^^^^ unnecessary `unsafe` block
[INFO] [stderr] 
[INFO] [stderr] warning: unnecessary `unsafe` block
[INFO] [stderr]   --> src/ints/mod.rs:28:17
[INFO] [stderr]    |
[INFO] [stderr] 28 |         let r = unsafe { test::<c_int>("mul", x, y, 0) };
[INFO] [stderr]    |                 ^^^^^^ unnecessary `unsafe` block
[INFO] [stderr] 
[INFO] [stderr] warning: unnecessary `unsafe` block
[INFO] [stderr]   --> src/ints/mod.rs:31:17
[INFO] [stderr]    |
[INFO] [stderr] 31 |         let r = unsafe { test::<c_int>("div", x, y, 0) };
[INFO] [stderr]    |                 ^^^^^^ unnecessary `unsafe` block
[INFO] [stderr] 
[INFO] [stderr] warning: unnecessary `unsafe` block
[INFO] [stderr]   --> src/ints/mod.rs:34:17
[INFO] [stderr]    |
[INFO] [stderr] 34 |         let r = unsafe { test::<c_int>("modulo", x, y, 0) };
[INFO] [stderr]    |                 ^^^^^^ unnecessary `unsafe` block
[INFO] [stderr] 
[INFO] [stderr] warning: unnecessary `unsafe` block
[INFO] [stderr]   --> src/floats/mod.rs:21:17
[INFO] [stderr]    |
[INFO] [stderr] 21 |         let r = unsafe { test::<c_float>("add", x, y, 1) };
[INFO] [stderr]    |                 ^^^^^^ unnecessary `unsafe` block
[INFO] [stderr] 
[INFO] [stderr] warning: unnecessary `unsafe` block
[INFO] [stderr]   --> src/floats/mod.rs:24:17
[INFO] [stderr]    |
[INFO] [stderr] 24 |         let r = unsafe { test::<c_float>("sub", x, y, 1) };
[INFO] [stderr]    |                 ^^^^^^ unnecessary `unsafe` block
[INFO] [stderr] 
[INFO] [stderr] warning: unnecessary `unsafe` block
[INFO] [stderr]   --> src/floats/mod.rs:27:17
[INFO] [stderr]    |
[INFO] [stderr] 27 |         let r = unsafe { test::<c_float>("mul", x, y, 1) };
[INFO] [stderr]    |                 ^^^^^^ unnecessary `unsafe` block
[INFO] [stderr] 
[INFO] [stderr] warning: unnecessary `unsafe` block
[INFO] [stderr]   --> src/floats/mod.rs:30:17
[INFO] [stderr]    |
[INFO] [stderr] 30 |         let r = unsafe { test::<c_float>("div", x, y, 1) };
[INFO] [stderr]    |                 ^^^^^^ unnecessary `unsafe` block
[INFO] [stderr] 
[INFO] [stderr] warning: function `add` is never used
[INFO] [stderr]  --> src/ints/mod.rs:5:8
[INFO] [stderr]   |
[INFO] [stderr] 5 |     fn add(a: c_int, b: c_int) -> c_int;
[INFO] [stderr]   |        ^^^
[INFO] [stderr]   |
[INFO] [stderr]   = note: `#[warn(dead_code)]` on by default
[INFO] [stderr] 
[INFO] [stderr] warning: module `Numerics` should have a snake case name
[INFO] [stderr]  --> src/common.rs:9:9
[INFO] [stderr]   |
[INFO] [stderr] 9 | pub mod Numerics {
[INFO] [stderr]   |         ^^^^^^^^ help: convert the identifier to snake case: `numerics`
[INFO] [stderr]   |
[INFO] [stderr]   = note: `#[warn(non_snake_case)]` on by default
[INFO] [stderr] 
[INFO] [stderr] warning: `FFI` (lib) generated 23 warnings
[INFO] [stderr] warning: `FFI` (lib test) generated 29 warnings (18 duplicates)
[INFO] [stderr]     Finished `test` profile [unoptimized + debuginfo] target(s) in 0.03s
[INFO] [stderr]      Running unittests src/lib.rs (/opt/rustwide/target/debug/deps/FFI-206dab8baf2a9ba0)
[INFO] [stdout] 
[INFO] [stdout] running 4 tests
[INFO] [stdout] test ints::tests::it_works ... FAILED
[INFO] [stderr] error: test failed, to rerun pass `--lib`
[INFO] [stdout] test floats::tests::it_works ... FAILED
[INFO] [stdout] test strings::tests::string_reversal_works ... FAILED
[INFO] [stdout] test strings::tests::string_comparision_works ... FAILED
[INFO] [stdout] 
[INFO] [stdout] failures:
[INFO] [stdout] 
[INFO] [stdout] ---- ints::tests::it_works stdout ----
[INFO] [stdout] 
[INFO] [stdout] thread 'ints::tests::it_works' panicked at src/common.rs:14:46:
[INFO] [stdout] called `Result::unwrap()` on an `Err` value: DlOpen { desc: "./src/ints/ints.dylib: invalid ELF header" }
[INFO] [stdout] stack backtrace:
[INFO] [stdout]    0:     0x6484fcb039aa - std::backtrace_rs::backtrace::libunwind::trace::hb059275cfc8d6126
[INFO] [stdout]                                at /rustc/6067b36314ab5eb2eb47cecc464545ba58e1ad24/library/std/src/../../backtrace/src/backtrace/libunwind.rs:116:5
[INFO] [stdout]    1:     0x6484fcb039aa - std::backtrace_rs::backtrace::trace_unsynchronized::h2da071e4327ce3ee
[INFO] [stdout]                                at /rustc/6067b36314ab5eb2eb47cecc464545ba58e1ad24/library/std/src/../../backtrace/src/backtrace/mod.rs:66:5
[INFO] [stdout]    2:     0x6484fcb039aa - std::sys::backtrace::_print_fmt::h842a1474e6f8d23f
[INFO] [stdout]                                at /rustc/6067b36314ab5eb2eb47cecc464545ba58e1ad24/library/std/src/sys/backtrace.rs:66:9
[INFO] [stdout]    3:     0x6484fcb039aa - <std::sys::backtrace::BacktraceLock::print::DisplayBacktrace as core::fmt::Display>::fmt::h71a62eb3b9696b12
[INFO] [stdout]                                at /rustc/6067b36314ab5eb2eb47cecc464545ba58e1ad24/library/std/src/sys/backtrace.rs:39:26
[INFO] [stdout]    4:     0x6484fcb2ba93 - core::fmt::rt::Argument::fmt::hdb6b616786b41dc1
[INFO] [stdout]                                at /rustc/6067b36314ab5eb2eb47cecc464545ba58e1ad24/library/core/src/fmt/rt.rs:177:76
[INFO] [stdout]    5:     0x6484fcb2ba93 - core::fmt::write::h2cc1698af7e2d686
[INFO] [stdout]                                at /rustc/6067b36314ab5eb2eb47cecc464545ba58e1ad24/library/core/src/fmt/mod.rs:1440:21
[INFO] [stdout]    6:     0x6484fcb00503 - std::io::Write::write_fmt::hab1b4cd059a79022
[INFO] [stdout]                                at /rustc/6067b36314ab5eb2eb47cecc464545ba58e1ad24/library/std/src/io/mod.rs:1887:15
[INFO] [stdout]    7:     0x6484fcb037f2 - std::sys::backtrace::BacktraceLock::print::h147fe35b4ea13b08
[INFO] [stdout]                                at /rustc/6067b36314ab5eb2eb47cecc464545ba58e1ad24/library/std/src/sys/backtrace.rs:42:9
[INFO] [stdout]    8:     0x6484fcb04dcf - std::panicking::default_hook::{{closure}}::hbd44223dbdc0d208
[INFO] [stdout]                                at /rustc/6067b36314ab5eb2eb47cecc464545ba58e1ad24/library/std/src/panicking.rs:298:22
[INFO] [stdout]    9:     0x6484fcb04be8 - std::panicking::default_hook::h20f81eb0576efcec
[INFO] [stdout]                                at /rustc/6067b36314ab5eb2eb47cecc464545ba58e1ad24/library/std/src/panicking.rs:322:9
[INFO] [stdout]   10:     0x6484fcacb263 - <alloc::boxed::Box<F,A> as core::ops::function::Fn<Args>>::call::hdb53814c496a4d34
[INFO] [stdout]                                at /rustc/6067b36314ab5eb2eb47cecc464545ba58e1ad24/library/alloc/src/boxed.rs:2027:9
[INFO] [stdout]   11:     0x6484fcacb263 - test::test_main::{{closure}}::hc0a4963c59427c24
[INFO] [stdout]                                at /rustc/6067b36314ab5eb2eb47cecc464545ba58e1ad24/library/test/src/lib.rs:134:21
[INFO] [stdout]   12:     0x6484fcb058c3 - <alloc::boxed::Box<F,A> as core::ops::function::Fn<Args>>::call::h591b2225413a77e9
[INFO] [stdout]                                at /rustc/6067b36314ab5eb2eb47cecc464545ba58e1ad24/library/alloc/src/boxed.rs:2027:9
[INFO] [stdout]   13:     0x6484fcb058c3 - std::panicking::rust_panic_with_hook::h625eea43051b2edc
[INFO] [stdout]                                at /rustc/6067b36314ab5eb2eb47cecc464545ba58e1ad24/library/std/src/panicking.rs:839:13
[INFO] [stdout]   14:     0x6484fcb0557a - std::panicking::begin_panic_handler::{{closure}}::h4f9159cfbc3f6bd3
[INFO] [stdout]                                at /rustc/6067b36314ab5eb2eb47cecc464545ba58e1ad24/library/std/src/panicking.rs:704:13
[INFO] [stdout]   15:     0x6484fcb03ea9 - std::sys::backtrace::__rust_end_short_backtrace::h0390abce48353151
[INFO] [stdout]                                at /rustc/6067b36314ab5eb2eb47cecc464545ba58e1ad24/library/std/src/sys/backtrace.rs:168:18
[INFO] [stdout]   16:     0x6484fcb0520d - rust_begin_unwind
[INFO] [stdout]                                at /rustc/6067b36314ab5eb2eb47cecc464545ba58e1ad24/library/std/src/panicking.rs:695:5
[INFO] [stdout]   17:     0x6484fcb29ae0 - core::panicking::panic_fmt::h9e7c637e9e5f29c9
[INFO] [stdout]                                at /rustc/6067b36314ab5eb2eb47cecc464545ba58e1ad24/library/core/src/panicking.rs:75:14
[INFO] [stdout]   18:     0x6484fcb29e86 - core::result::unwrap_failed::h7979f09313fe1849
[INFO] [stdout]                                at /rustc/6067b36314ab5eb2eb47cecc464545ba58e1ad24/library/core/src/result.rs:1704:5
[INFO] [stdout]   19:     0x6484fca8eca3 - core::result::Result<T,E>::unwrap::h655e0f3deb4b88c0
[INFO] [stdout]                                at /rustc/6067b36314ab5eb2eb47cecc464545ba58e1ad24/library/core/src/result.rs:1109:23
[INFO] [stdout]   20:     0x6484fca8eca3 - FFI::common::Numerics::test::ha5d044596315fb7a
[INFO] [stdout]                                at /opt/rustwide/workdir/src/common.rs:14:23
[INFO] [stdout]   21:     0x6484fca8ef5d - FFI::ints::tests::it_works::h4159e2008ed99870
[INFO] [stdout]                                at /opt/rustwide/workdir/src/ints/mod.rs:22:26
[INFO] [stdout]   22:     0x6484fca8ef07 - FFI::ints::tests::it_works::{{closure}}::h19845aad95ead9fa
[INFO] [stdout]                                at /opt/rustwide/workdir/src/ints/mod.rs:18:18
[INFO] [stdout]   23:     0x6484fca8cf36 - core::ops::function::FnOnce::call_once::h0d08e7a1aa0f0479
[INFO] [stdout]                                at /rustc/6067b36314ab5eb2eb47cecc464545ba58e1ad24/library/core/src/ops/function.rs:250:5
[INFO] [stdout]   24:     0x6484fcad09bb - core::ops::function::FnOnce::call_once::he27718dfdd183f43
[INFO] [stdout]                                at /rustc/6067b36314ab5eb2eb47cecc464545ba58e1ad24/library/core/src/ops/function.rs:250:5
[INFO] [stdout]   25:     0x6484fcad09bb - test::__rust_begin_short_backtrace::h4e84902998457a5d
[INFO] [stdout]                                at /rustc/6067b36314ab5eb2eb47cecc464545ba58e1ad24/library/test/src/lib.rs:632:18
[INFO] [stdout]   26:     0x6484fcacf8f3 - test::run_test_in_process::{{closure}}::h7176fd18fc1feca0
[INFO] [stdout]                                at /rustc/6067b36314ab5eb2eb47cecc464545ba58e1ad24/library/test/src/lib.rs:655:60
[INFO] [stdout]   27:     0x6484fcacf8f3 - <core::panic::unwind_safe::AssertUnwindSafe<F> as core::ops::function::FnOnce<()>>::call_once::hf79cff2a624d8cf7
[INFO] [stdout]                                at /rustc/6067b36314ab5eb2eb47cecc464545ba58e1ad24/library/core/src/panic/unwind_safe.rs:272:9
[INFO] [stdout]   28:     0x6484fcacf8f3 - std::panicking::try::do_call::h3da0561d9ab99c25
[INFO] [stdout]                                at /rustc/6067b36314ab5eb2eb47cecc464545ba58e1ad24/library/std/src/panicking.rs:587:40
[INFO] [stdout]   29:     0x6484fcacf8f3 - std::panicking::try::h41c9fa508bc61df6
[INFO] [stdout]                                at /rustc/6067b36314ab5eb2eb47cecc464545ba58e1ad24/library/std/src/panicking.rs:550:19
[INFO] [stdout]   30:     0x6484fcacf8f3 - std::panic::catch_unwind::h6b3ff07bb5afad93
[INFO] [stdout]                                at /rustc/6067b36314ab5eb2eb47cecc464545ba58e1ad24/library/std/src/panic.rs:358:14
[INFO] [stdout]   31:     0x6484fcacf8f3 - test::run_test_in_process::hc7253dd11b39b9f4
[INFO] [stdout]                                at /rustc/6067b36314ab5eb2eb47cecc464545ba58e1ad24/library/test/src/lib.rs:655:27
[INFO] [stdout]   32:     0x6484fcacf8f3 - test::run_test::{{closure}}::hfb2007f8649c30bb
[INFO] [stdout]                                at /rustc/6067b36314ab5eb2eb47cecc464545ba58e1ad24/library/test/src/lib.rs:576:43
[INFO] [stdout]   33:     0x6484fca929d5 - test::run_test::{{closure}}::h56a17aa7a282a9f4
[INFO] [stdout]                                at /rustc/6067b36314ab5eb2eb47cecc464545ba58e1ad24/library/test/src/lib.rs:606:41
[INFO] [stdout]   34:     0x6484fca929d5 - std::sys::backtrace::__rust_begin_short_backtrace::hd2d2d2fb8e8c6aac
[INFO] [stdout]                                at /rustc/6067b36314ab5eb2eb47cecc464545ba58e1ad24/library/std/src/sys/backtrace.rs:152:18
[INFO] [stdout]   35:     0x6484fca962ba - std::thread::Builder::spawn_unchecked_::{{closure}}::{{closure}}::h4faa3f9db6133423
[INFO] [stdout]                                at /rustc/6067b36314ab5eb2eb47cecc464545ba58e1ad24/library/std/src/thread/mod.rs:559:17
[INFO] [stdout]   36:     0x6484fca962ba - <core::panic::unwind_safe::AssertUnwindSafe<F> as core::ops::function::FnOnce<()>>::call_once::hf2e855a36a4ea846
[INFO] [stdout]                                at /rustc/6067b36314ab5eb2eb47cecc464545ba58e1ad24/library/core/src/panic/unwind_safe.rs:272:9
[INFO] [stdout]   37:     0x6484fca962ba - std::panicking::try::do_call::h2f73af3616c35465
[INFO] [stdout]                                at /rustc/6067b36314ab5eb2eb47cecc464545ba58e1ad24/library/std/src/panicking.rs:587:40
[INFO] [stdout]   38:     0x6484fca962ba - std::panicking::try::hd1660ce9efadef5a
[INFO] [stdout]                                at /rustc/6067b36314ab5eb2eb47cecc464545ba58e1ad24/library/std/src/panicking.rs:550:19
[INFO] [stdout]   39:     0x6484fca962ba - std::panic::catch_unwind::h5ee8d7823b8ca744
[INFO] [stdout]                                at /rustc/6067b36314ab5eb2eb47cecc464545ba58e1ad24/library/std/src/panic.rs:358:14
[INFO] [stdout]   40:     0x6484fca962ba - std::thread::Builder::spawn_unchecked_::{{closure}}::h53c3a1894dce8407
[INFO] [stdout]                                at /rustc/6067b36314ab5eb2eb47cecc464545ba58e1ad24/library/std/src/thread/mod.rs:557:30
[INFO] [stdout]   41:     0x6484fca962ba - core::ops::function::FnOnce::call_once{{vtable.shim}}::h048ce291ad4f62bf
[INFO] [stdout]                                at /rustc/6067b36314ab5eb2eb47cecc464545ba58e1ad24/library/core/src/ops/function.rs:250:5
[INFO] [stdout]   42:     0x6484fcb097fb - <alloc::boxed::Box<F,A> as core::ops::function::FnOnce<Args>>::call_once::ha52bedf99a3b4981
[INFO] [stdout]                                at /rustc/6067b36314ab5eb2eb47cecc464545ba58e1ad24/library/alloc/src/boxed.rs:2013:9
[INFO] [stdout]   43:     0x6484fcb097fb - <alloc::boxed::Box<F,A> as core::ops::function::FnOnce<Args>>::call_once::h567748934d80ccf8
[INFO] [stdout]                                at /rustc/6067b36314ab5eb2eb47cecc464545ba58e1ad24/library/alloc/src/boxed.rs:2013:9
[INFO] [stdout]   44:     0x6484fcb097fb - std::sys::pal::unix::thread::Thread::new::thread_start::h2d970728ae887adc
[INFO] [stdout]                                at /rustc/6067b36314ab5eb2eb47cecc464545ba58e1ad24/library/std/src/sys/pal/unix/thread.rs:106:17
[INFO] [stdout]   45:     0x7315eb2ebac3 - <unknown>
[INFO] [stdout]   46:     0x7315eb37ca04 - clone
[INFO] [stdout]   47:                0x0 - <unknown>
[INFO] [stdout] 
[INFO] [stdout] ---- floats::tests::it_works stdout ----
[INFO] [stdout] 
[INFO] [stdout] thread 'floats::tests::it_works' panicked at src/common.rs:14:46:
[INFO] [stdout] called `Result::unwrap()` on an `Err` value: DlOpen { desc: "./src/floats/floats.dylib: invalid ELF header" }
[INFO] [stdout] stack backtrace:
[INFO] [stdout]    0:     0x6484fcb039aa - std::backtrace_rs::backtrace::libunwind::trace::hb059275cfc8d6126
[INFO] [stdout]                                at /rustc/6067b36314ab5eb2eb47cecc464545ba58e1ad24/library/std/src/../../backtrace/src/backtrace/libunwind.rs:116:5
[INFO] [stdout]    1:     0x6484fcb039aa - std::backtrace_rs::backtrace::trace_unsynchronized::h2da071e4327ce3ee
[INFO] [stdout]                                at /rustc/6067b36314ab5eb2eb47cecc464545ba58e1ad24/library/std/src/../../backtrace/src/backtrace/mod.rs:66:5
[INFO] [stdout]    2:     0x6484fcb039aa - std::sys::backtrace::_print_fmt::h842a1474e6f8d23f
[INFO] [stdout]                                at /rustc/6067b36314ab5eb2eb47cecc464545ba58e1ad24/library/std/src/sys/backtrace.rs:66:9
[INFO] [stdout]    3:     0x6484fcb039aa - <std::sys::backtrace::BacktraceLock::print::DisplayBacktrace as core::fmt::Display>::fmt::h71a62eb3b9696b12
[INFO] [stdout]                                at /rustc/6067b36314ab5eb2eb47cecc464545ba58e1ad24/library/std/src/sys/backtrace.rs:39:26
[INFO] [stdout]    4:     0x6484fcb2ba93 - core::fmt::rt::Argument::fmt::hdb6b616786b41dc1
[INFO] [stdout]                                at /rustc/6067b36314ab5eb2eb47cecc464545ba58e1ad24/library/core/src/fmt/rt.rs:177:76
[INFO] [stdout]    5:     0x6484fcb2ba93 - core::fmt::write::h2cc1698af7e2d686
[INFO] [stdout]                                at /rustc/6067b36314ab5eb2eb47cecc464545ba58e1ad24/library/core/src/fmt/mod.rs:1440:21
[INFO] [stdout]    6:     0x6484fcb00503 - std::io::Write::write_fmt::hab1b4cd059a79022
[INFO] [stdout]                                at /rustc/6067b36314ab5eb2eb47cecc464545ba58e1ad24/library/std/src/io/mod.rs:1887:15
[INFO] [stdout]    7:     0x6484fcb037f2 - std::sys::backtrace::BacktraceLock::print::h147fe35b4ea13b08
[INFO] [stdout]                                at /rustc/6067b36314ab5eb2eb47cecc464545ba58e1ad24/library/std/src/sys/backtrace.rs:42:9
[INFO] [stdout]    8:     0x6484fcb04dcf - std::panicking::default_hook::{{closure}}::hbd44223dbdc0d208
[INFO] [stdout]                                at /rustc/6067b36314ab5eb2eb47cecc464545ba58e1ad24/library/std/src/panicking.rs:298:22
[INFO] [stdout]    9:     0x6484fcb04be8 - std::panicking::default_hook::h20f81eb0576efcec
[INFO] [stdout]                                at /rustc/6067b36314ab5eb2eb47cecc464545ba58e1ad24/library/std/src/panicking.rs:322:9
[INFO] [stdout]   10:     0x6484fcacb263 - <alloc::boxed::Box<F,A> as core::ops::function::Fn<Args>>::call::hdb53814c496a4d34
[INFO] [stdout]                                at /rustc/6067b36314ab5eb2eb47cecc464545ba58e1ad24/library/alloc/src/boxed.rs:2027:9
[INFO] [stdout]   11:     0x6484fcacb263 - test::test_main::{{closure}}::hc0a4963c59427c24
[INFO] [stdout]                                at /rustc/6067b36314ab5eb2eb47cecc464545ba58e1ad24/library/test/src/lib.rs:134:21
[INFO] [stdout]   12:     0x6484fcb058c3 - <alloc::boxed::Box<F,A> as core::ops::function::Fn<Args>>::call::h591b2225413a77e9
[INFO] [stdout]                                at /rustc/6067b36314ab5eb2eb47cecc464545ba58e1ad24/library/alloc/src/boxed.rs:2027:9
[INFO] [stdout]   13:     0x6484fcb058c3 - std::panicking::rust_panic_with_hook::h625eea43051b2edc
[INFO] [stdout]                                at /rustc/6067b36314ab5eb2eb47cecc464545ba58e1ad24/library/std/src/panicking.rs:839:13
[INFO] [stdout]   14:     0x6484fcb0557a - std::panicking::begin_panic_handler::{{closure}}::h4f9159cfbc3f6bd3
[INFO] [stdout]                                at /rustc/6067b36314ab5eb2eb47cecc464545ba58e1ad24/library/std/src/panicking.rs:704:13
[INFO] [stdout]   15:     0x6484fcb03ea9 - std::sys::backtrace::__rust_end_short_backtrace::h0390abce48353151
[INFO] [stdout]                                at /rustc/6067b36314ab5eb2eb47cecc464545ba58e1ad24/library/std/src/sys/backtrace.rs:168:18
[INFO] [stdout]   16:     0x6484fcb0520d - rust_begin_unwind
[INFO] [stdout]                                at /rustc/6067b36314ab5eb2eb47cecc464545ba58e1ad24/library/std/src/panicking.rs:695:5
[INFO] [stdout]   17:     0x6484fcb29ae0 - core::panicking::panic_fmt::h9e7c637e9e5f29c9
[INFO] [stdout]                                at /rustc/6067b36314ab5eb2eb47cecc464545ba58e1ad24/library/core/src/panicking.rs:75:14
[INFO] [stdout]   18:     0x6484fcb29e86 - core::result::unwrap_failed::h7979f09313fe1849
[INFO] [stdout]                                at /rustc/6067b36314ab5eb2eb47cecc464545ba58e1ad24/library/core/src/result.rs:1704:5
[INFO] [stdout]   19:     0x6484fca8e8db - core::result::Result<T,E>::unwrap::h655e0f3deb4b88c0
[INFO] [stdout]                                at /rustc/6067b36314ab5eb2eb47cecc464545ba58e1ad24/library/core/src/result.rs:1109:23
[INFO] [stdout]   20:     0x6484fca8e8db - FFI::common::Numerics::test::h08feb8828040a9ed
[INFO] [stdout]                                at /opt/rustwide/workdir/src/common.rs:14:23
[INFO] [stdout]   21:     0x6484fca8f27f - FFI::floats::tests::it_works::h2fd5ab527ca8396b
[INFO] [stdout]                                at /opt/rustwide/workdir/src/floats/mod.rs:21:26
[INFO] [stdout]   22:     0x6484fca8f217 - FFI::floats::tests::it_works::{{closure}}::h630b4c8fb860f9dc
[INFO] [stdout]                                at /opt/rustwide/workdir/src/floats/mod.rs:17:18
[INFO] [stdout]   23:     0x6484fca8cfd6 - core::ops::function::FnOnce::call_once::h653a364c62823170
[INFO] [stdout]                                at /rustc/6067b36314ab5eb2eb47cecc464545ba58e1ad24/library/core/src/ops/function.rs:250:5
[INFO] [stdout]   24:     0x6484fcad09bb - core::ops::function::FnOnce::call_once::he27718dfdd183f43
[INFO] [stdout]                                at /rustc/6067b36314ab5eb2eb47cecc464545ba58e1ad24/library/core/src/ops/function.rs:250:5
[INFO] [stdout]   25:     0x6484fcad09bb - test::__rust_begin_short_backtrace::h4e84902998457a5d
[INFO] [stdout]                                at /rustc/6067b36314ab5eb2eb47cecc464545ba58e1ad24/library/test/src/lib.rs:632:18
[INFO] [stdout]   26:     0x6484fcacf8f3 - test::run_test_in_process::{{closure}}::h7176fd18fc1feca0
[INFO] [stdout]                                at /rustc/6067b36314ab5eb2eb47cecc464545ba58e1ad24/library/test/src/lib.rs:655:60
[INFO] [stdout]   27:     0x6484fcacf8f3 - <core::panic::unwind_safe::AssertUnwindSafe<F> as core::ops::function::FnOnce<()>>::call_once::hf79cff2a624d8cf7
[INFO] [stdout]                                at /rustc/6067b36314ab5eb2eb47cecc464545ba58e1ad24/library/core/src/panic/unwind_safe.rs:272:9
[INFO] [stdout]   28:     0x6484fcacf8f3 - std::panicking::try::do_call::h3da0561d9ab99c25
[INFO] [stdout]                                at /rustc/6067b36314ab5eb2eb47cecc464545ba58e1ad24/library/std/src/panicking.rs:587:40
[INFO] [stdout]   29:     0x6484fcacf8f3 - std::panicking::try::h41c9fa508bc61df6
[INFO] [stdout]                                at /rustc/6067b36314ab5eb2eb47cecc464545ba58e1ad24/library/std/src/panicking.rs:550:19
[INFO] [stdout]   30:     0x6484fcacf8f3 - std::panic::catch_unwind::h6b3ff07bb5afad93
[INFO] [stdout]                                at /rustc/6067b36314ab5eb2eb47cecc464545ba58e1ad24/library/std/src/panic.rs:358:14
[INFO] [stdout]   31:     0x6484fcacf8f3 - test::run_test_in_process::hc7253dd11b39b9f4
[INFO] [stdout]                                at /rustc/6067b36314ab5eb2eb47cecc464545ba58e1ad24/library/test/src/lib.rs:655:27
[INFO] [stdout]   32:     0x6484fcacf8f3 - test::run_test::{{closure}}::hfb2007f8649c30bb
[INFO] [stdout]                                at /rustc/6067b36314ab5eb2eb47cecc464545ba58e1ad24/library/test/src/lib.rs:576:43
[INFO] [stdout]   33:     0x6484fca929d5 - test::run_test::{{closure}}::h56a17aa7a282a9f4
[INFO] [stdout]                                at /rustc/6067b36314ab5eb2eb47cecc464545ba58e1ad24/library/test/src/lib.rs:606:41
[INFO] [stdout]   34:     0x6484fca929d5 - std::sys::backtrace::__rust_begin_short_backtrace::hd2d2d2fb8e8c6aac
[INFO] [stdout]                                at /rustc/6067b36314ab5eb2eb47cecc464545ba58e1ad24/library/std/src/sys/backtrace.rs:152:18
[INFO] [stdout]   35:     0x6484fca962ba - std::thread::Builder::spawn_unchecked_::{{closure}}::{{closure}}::h4faa3f9db6133423
[INFO] [stdout]                                at /rustc/6067b36314ab5eb2eb47cecc464545ba58e1ad24/library/std/src/thread/mod.rs:559:17
[INFO] [stdout]   36:     0x6484fca962ba - <core::panic::unwind_safe::AssertUnwindSafe<F> as core::ops::function::FnOnce<()>>::call_once::hf2e855a36a4ea846
[INFO] [stdout]                                at /rustc/6067b36314ab5eb2eb47cecc464545ba58e1ad24/library/core/src/panic/unwind_safe.rs:272:9
[INFO] [stdout]   37:     0x6484fca962ba - std::panicking::try::do_call::h2f73af3616c35465
[INFO] [stdout]                                at /rustc/6067b36314ab5eb2eb47cecc464545ba58e1ad24/library/std/src/panicking.rs:587:40
[INFO] [stdout]   38:     0x6484fca962ba - std::panicking::try::hd1660ce9efadef5a
[INFO] [stdout]                                at /rustc/6067b36314ab5eb2eb47cecc464545ba58e1ad24/library/std/src/panicking.rs:550:19
[INFO] [stdout]   39:     0x6484fca962ba - std::panic::catch_unwind::h5ee8d7823b8ca744
[INFO] [stdout]                                at /rustc/6067b36314ab5eb2eb47cecc464545ba58e1ad24/library/std/src/panic.rs:358:14
[INFO] [stdout]   40:     0x6484fca962ba - std::thread::Builder::spawn_unchecked_::{{closure}}::h53c3a1894dce8407
[INFO] [stdout]                                at /rustc/6067b36314ab5eb2eb47cecc464545ba58e1ad24/library/std/src/thread/mod.rs:557:30
[INFO] [stdout]   41:     0x6484fca962ba - core::ops::function::FnOnce::call_once{{vtable.shim}}::h048ce291ad4f62bf
[INFO] [stdout]                                at /rustc/6067b36314ab5eb2eb47cecc464545ba58e1ad24/library/core/src/ops/function.rs:250:5
[INFO] [stdout]   42:     0x6484fcb097fb - <alloc::boxed::Box<F,A> as core::ops::function::FnOnce<Args>>::call_once::ha52bedf99a3b4981
[INFO] [stdout]                                at /rustc/6067b36314ab5eb2eb47cecc464545ba58e1ad24/library/alloc/src/boxed.rs:2013:9
[INFO] [stdout]   43:     0x6484fcb097fb - <alloc::boxed::Box<F,A> as core::ops::function::FnOnce<Args>>::call_once::h567748934d80ccf8
[INFO] [stdout]                                at /rustc/6067b36314ab5eb2eb47cecc464545ba58e1ad24/library/alloc/src/boxed.rs:2013:9
[INFO] [stdout]   44:     0x6484fcb097fb - std::sys::pal::unix::thread::Thread::new::thread_start::h2d970728ae887adc
[INFO] [stdout]                                at /rustc/6067b36314ab5eb2eb47cecc464545ba58e1ad24/library/std/src/sys/pal/unix/thread.rs:106:17
[INFO] [stdout]   45:     0x7315eb2ebac3 - <unknown>
[INFO] [stdout]   46:     0x7315eb37ca04 - clone
[INFO] [stdout]   47:                0x0 - <unknown>
[INFO] [stdout] 
[INFO] [stdout] ---- strings::tests::string_reversal_works stdout ----
[INFO] [stdout] 
[INFO] [stdout] thread 'strings::tests::string_reversal_works' panicked at src/strings/mod.rs:20:46:
[INFO] [stdout] called `Result::unwrap()` on an `Err` value: DlOpen { desc: "./src/strings/strings.dylib: invalid ELF header" }
[INFO] [stdout] stack backtrace:
[INFO] [stdout]    0:     0x6484fcb039aa - std::backtrace_rs::backtrace::libunwind::trace::hb059275cfc8d6126
[INFO] [stdout]                                at /rustc/6067b36314ab5eb2eb47cecc464545ba58e1ad24/library/std/src/../../backtrace/src/backtrace/libunwind.rs:116:5
[INFO] [stdout]    1:     0x6484fcb039aa - std::backtrace_rs::backtrace::trace_unsynchronized::h2da071e4327ce3ee
[INFO] [stdout]                                at /rustc/6067b36314ab5eb2eb47cecc464545ba58e1ad24/library/std/src/../../backtrace/src/backtrace/mod.rs:66:5
[INFO] [stdout]    2:     0x6484fcb039aa - std::sys::backtrace::_print_fmt::h842a1474e6f8d23f
[INFO] [stdout]                                at /rustc/6067b36314ab5eb2eb47cecc464545ba58e1ad24/library/std/src/sys/backtrace.rs:66:9
[INFO] [stdout]    3:     0x6484fcb039aa - <std::sys::backtrace::BacktraceLock::print::DisplayBacktrace as core::fmt::Display>::fmt::h71a62eb3b9696b12
[INFO] [stdout]                                at /rustc/6067b36314ab5eb2eb47cecc464545ba58e1ad24/library/std/src/sys/backtrace.rs:39:26
[INFO] [stdout]    4:     0x6484fcb2ba93 - core::fmt::rt::Argument::fmt::hdb6b616786b41dc1
[INFO] [stdout]                                at /rustc/6067b36314ab5eb2eb47cecc464545ba58e1ad24/library/core/src/fmt/rt.rs:177:76
[INFO] [stdout]    5:     0x6484fcb2ba93 - core::fmt::write::h2cc1698af7e2d686
[INFO] [stdout]                                at /rustc/6067b36314ab5eb2eb47cecc464545ba58e1ad24/library/core/src/fmt/mod.rs:1440:21
[INFO] [stdout]    6:     0x6484fcb00503 - std::io::Write::write_fmt::hab1b4cd059a79022
[INFO] [stdout]                                at /rustc/6067b36314ab5eb2eb47cecc464545ba58e1ad24/library/std/src/io/mod.rs:1887:15
[INFO] [stdout]    7:     0x6484fcb037f2 - std::sys::backtrace::BacktraceLock::print::h147fe35b4ea13b08
[INFO] [stdout]                                at /rustc/6067b36314ab5eb2eb47cecc464545ba58e1ad24/library/std/src/sys/backtrace.rs:42:9
[INFO] [stdout]    8:     0x6484fcb04dcf - std::panicking::default_hook::{{closure}}::hbd44223dbdc0d208
[INFO] [stdout]                                at /rustc/6067b36314ab5eb2eb47cecc464545ba58e1ad24/library/std/src/panicking.rs:298:22
[INFO] [stdout]    9:     0x6484fcb04be8 - std::panicking::default_hook::h20f81eb0576efcec
[INFO] [stdout]                                at /rustc/6067b36314ab5eb2eb47cecc464545ba58e1ad24/library/std/src/panicking.rs:322:9
[INFO] [stdout]   10:     0x6484fcacb263 - <alloc::boxed::Box<F,A> as core::ops::function::Fn<Args>>::call::hdb53814c496a4d34
[INFO] [stdout]                                at /rustc/6067b36314ab5eb2eb47cecc464545ba58e1ad24/library/alloc/src/boxed.rs:2027:9
[INFO] [stdout]   11:     0x6484fcacb263 - test::test_main::{{closure}}::hc0a4963c59427c24
[INFO] [stdout]                                at /rustc/6067b36314ab5eb2eb47cecc464545ba58e1ad24/library/test/src/lib.rs:134:21
[INFO] [stdout]   12:     0x6484fcb058c3 - <alloc::boxed::Box<F,A> as core::ops::function::Fn<Args>>::call::h591b2225413a77e9
[INFO] [stdout]                                at /rustc/6067b36314ab5eb2eb47cecc464545ba58e1ad24/library/alloc/src/boxed.rs:2027:9
[INFO] [stdout]   13:     0x6484fcb058c3 - std::panicking::rust_panic_with_hook::h625eea43051b2edc
[INFO] [stdout]                                at /rustc/6067b36314ab5eb2eb47cecc464545ba58e1ad24/library/std/src/panicking.rs:839:13
[INFO] [stdout]   14:     0x6484fcb0557a - std::panicking::begin_panic_handler::{{closure}}::h4f9159cfbc3f6bd3
[INFO] [stdout]                                at /rustc/6067b36314ab5eb2eb47cecc464545ba58e1ad24/library/std/src/panicking.rs:704:13
[INFO] [stdout]   15:     0x6484fcb03ea9 - std::sys::backtrace::__rust_end_short_backtrace::h0390abce48353151
[INFO] [stdout]                                at /rustc/6067b36314ab5eb2eb47cecc464545ba58e1ad24/library/std/src/sys/backtrace.rs:168:18
[INFO] [stdout]   16:     0x6484fcb0520d - rust_begin_unwind
[INFO] [stdout]                                at /rustc/6067b36314ab5eb2eb47cecc464545ba58e1ad24/library/std/src/panicking.rs:695:5
[INFO] [stdout]   17:     0x6484fcb29ae0 - core::panicking::panic_fmt::h9e7c637e9e5f29c9
[INFO] [stdout]                                at /rustc/6067b36314ab5eb2eb47cecc464545ba58e1ad24/library/core/src/panicking.rs:75:14
[INFO] [stdout]   18:     0x6484fcb29e86 - core::result::unwrap_failed::h7979f09313fe1849
[INFO] [stdout]                                at /rustc/6067b36314ab5eb2eb47cecc464545ba58e1ad24/library/core/src/result.rs:1704:5
[INFO] [stdout]   19:     0x6484fca8f5d5 - core::result::Result<T,E>::unwrap::h655e0f3deb4b88c0
[INFO] [stdout]                                at /rustc/6067b36314ab5eb2eb47cecc464545ba58e1ad24/library/core/src/result.rs:1109:23
[INFO] [stdout]   20:     0x6484fca8f5d5 - FFI::strings::tests::string_reversal_works::hf61c10b716dd054d
[INFO] [stdout]                                at /opt/rustwide/workdir/src/strings/mod.rs:20:23
[INFO] [stdout]   21:     0x6484fca8f517 - FFI::strings::tests::string_reversal_works::{{closure}}::h49aa069b7d61c6cd
[INFO] [stdout]                                at /opt/rustwide/workdir/src/strings/mod.rs:18:31
[INFO] [stdout]   22:     0x6484fca8d1f6 - core::ops::function::FnOnce::call_once::hd316f6adb34a8774
[INFO] [stdout]                                at /rustc/6067b36314ab5eb2eb47cecc464545ba58e1ad24/library/core/src/ops/function.rs:250:5
[INFO] [stdout]   23:     0x6484fcad09bb - core::ops::function::FnOnce::call_once::he27718dfdd183f43
[INFO] [stdout]                                at /rustc/6067b36314ab5eb2eb47cecc464545ba58e1ad24/library/core/src/ops/function.rs:250:5
[INFO] [stdout]   24:     0x6484fcad09bb - test::__rust_begin_short_backtrace::h4e84902998457a5d
[INFO] [stdout]                                at /rustc/6067b36314ab5eb2eb47cecc464545ba58e1ad24/library/test/src/lib.rs:632:18
[INFO] [stdout]   25:     0x6484fcacf8f3 - test::run_test_in_process::{{closure}}::h7176fd18fc1feca0
[INFO] [stdout]                                at /rustc/6067b36314ab5eb2eb47cecc464545ba58e1ad24/library/test/src/lib.rs:655:60
[INFO] [stdout]   26:     0x6484fcacf8f3 - <core::panic::unwind_safe::AssertUnwindSafe<F> as core::ops::function::FnOnce<()>>::call_once::hf79cff2a624d8cf7
[INFO] [stdout]                                at /rustc/6067b36314ab5eb2eb47cecc464545ba58e1ad24/library/core/src/panic/unwind_safe.rs:272:9
[INFO] [stdout]   27:     0x6484fcacf8f3 - std::panicking::try::do_call::h3da0561d9ab99c25
[INFO] [stdout]                                at /rustc/6067b36314ab5eb2eb47cecc464545ba58e1ad24/library/std/src/panicking.rs:587:40
[INFO] [stdout]   28:     0x6484fcacf8f3 - std::panicking::try::h41c9fa508bc61df6
[INFO] [stdout]                                at /rustc/6067b36314ab5eb2eb47cecc464545ba58e1ad24/library/std/src/panicking.rs:550:19
[INFO] [stdout]   29:     0x6484fcacf8f3 - std::panic::catch_unwind::h6b3ff07bb5afad93
[INFO] [stdout]                                at /rustc/6067b36314ab5eb2eb47cecc464545ba58e1ad24/library/std/src/panic.rs:358:14
[INFO] [stdout]   30:     0x6484fcacf8f3 - test::run_test_in_process::hc7253dd11b39b9f4
[INFO] [stdout]                                at /rustc/6067b36314ab5eb2eb47cecc464545ba58e1ad24/library/test/src/lib.rs:655:27
[INFO] [stdout]   31:     0x6484fcacf8f3 - test::run_test::{{closure}}::hfb2007f8649c30bb
[INFO] [stdout]                                at /rustc/6067b36314ab5eb2eb47cecc464545ba58e1ad24/library/test/src/lib.rs:576:43
[INFO] [stdout]   32:     0x6484fca929d5 - test::run_test::{{closure}}::h56a17aa7a282a9f4
[INFO] [stdout]                                at /rustc/6067b36314ab5eb2eb47cecc464545ba58e1ad24/library/test/src/lib.rs:606:41
[INFO] [stdout]   33:     0x6484fca929d5 - std::sys::backtrace::__rust_begin_short_backtrace::hd2d2d2fb8e8c6aac
[INFO] [stdout]                                at /rustc/6067b36314ab5eb2eb47cecc464545ba58e1ad24/library/std/src/sys/backtrace.rs:152:18
[INFO] [stdout]   34:     0x6484fca962ba - std::thread::Builder::spawn_unchecked_::{{closure}}::{{closure}}::h4faa3f9db6133423
[INFO] [stdout]                                at /rustc/6067b36314ab5eb2eb47cecc464545ba58e1ad24/library/std/src/thread/mod.rs:559:17
[INFO] [stdout]   35:     0x6484fca962ba - <core::panic::unwind_safe::AssertUnwindSafe<F> as core::ops::function::FnOnce<()>>::call_once::hf2e855a36a4ea846
[INFO] [stdout]                                at /rustc/6067b36314ab5eb2eb47cecc464545ba58e1ad24/library/core/src/panic/unwind_safe.rs:272:9
[INFO] [stdout]   36:     0x6484fca962ba - std::panicking::try::do_call::h2f73af3616c35465
[INFO] [stdout]                                at /rustc/6067b36314ab5eb2eb47cecc464545ba58e1ad24/library/std/src/panicking.rs:587:40
[INFO] [stdout]   37:     0x6484fca962ba - std::panicking::try::hd1660ce9efadef5a
[INFO] [stdout]                                at /rustc/6067b36314ab5eb2eb47cecc464545ba58e1ad24/library/std/src/panicking.rs:550:19
[INFO] [stdout]   38:     0x6484fca962ba - std::panic::catch_unwind::h5ee8d7823b8ca744
[INFO] [stdout]                                at /rustc/6067b36314ab5eb2eb47cecc464545ba58e1ad24/library/std/src/panic.rs:358:14
[INFO] [stdout]   39:     0x6484fca962ba - std::thread::Builder::spawn_unchecked_::{{closure}}::h53c3a1894dce8407
[INFO] [stdout]                                at /rustc/6067b36314ab5eb2eb47cecc464545ba58e1ad24/library/std/src/thread/mod.rs:557:30
[INFO] [stdout]   40:     0x6484fca962ba - core::ops::function::FnOnce::call_once{{vtable.shim}}::h048ce291ad4f62bf
[INFO] [stdout]                                at /rustc/6067b36314ab5eb2eb47cecc464545ba58e1ad24/library/core/src/ops/function.rs:250:5
[INFO] [stdout]   41:     0x6484fcb097fb - <alloc::boxed::Box<F,A> as core::ops::function::FnOnce<Args>>::call_once::ha52bedf99a3b4981
[INFO] [stdout]                                at /rustc/6067b36314ab5eb2eb47cecc464545ba58e1ad24/library/alloc/src/boxed.rs:2013:9
[INFO] [stdout]   42:     0x6484fcb097fb - <alloc::boxed::Box<F,A> as core::ops::function::FnOnce<Args>>::call_once::h567748934d80ccf8
[INFO] [stdout]                                at /rustc/6067b36314ab5eb2eb47cecc464545ba58e1ad24/library/alloc/src/boxed.rs:2013:9
[INFO] [stdout]   43:     0x6484fcb097fb - std::sys::pal::unix::thread::Thread::new::thread_start::h2d970728ae887adc
[INFO] [stdout]                                at /rustc/6067b36314ab5eb2eb47cecc464545ba58e1ad24/library/std/src/sys/pal/unix/thread.rs:106:17
[INFO] [stdout]   44:     0x7315eb2ebac3 - <unknown>
[INFO] [stdout]   45:     0x7315eb37ca04 - clone
[INFO] [stdout]   46:                0x0 - <unknown>
[INFO] [stdout] 
[INFO] [stdout] ---- strings::tests::string_comparision_works stdout ----
[INFO] [stdout] 
[INFO] [stdout] thread 'strings::tests::string_comparision_works' panicked at src/strings/mod.rs:39:46:
[INFO] [stdout] called `Result::unwrap()` on an `Err` value: DlOpen { desc: "./src/strings/strings.dylib: invalid ELF header" }
[INFO] [stdout] stack backtrace:
[INFO] [stdout]    0:     0x6484fcb039aa - std::backtrace_rs::backtrace::libunwind::trace::hb059275cfc8d6126
[INFO] [stdout]                                at /rustc/6067b36314ab5eb2eb47cecc464545ba58e1ad24/library/std/src/../../backtrace/src/backtrace/libunwind.rs:116:5
[INFO] [stdout]    1:     0x6484fcb039aa - std::backtrace_rs::backtrace::trace_unsynchronized::h2da071e4327ce3ee
[INFO] [stdout]                                at /rustc/6067b36314ab5eb2eb47cecc464545ba58e1ad24/library/std/src/../../backtrace/src/backtrace/mod.rs:66:5
[INFO] [stdout]    2:     0x6484fcb039aa - std::sys::backtrace::_print_fmt::h842a1474e6f8d23f
[INFO] [stdout]                                at /rustc/6067b36314ab5eb2eb47cecc464545ba58e1ad24/library/std/src/sys/backtrace.rs:66:9
[INFO] [stdout]    3:     0x6484fcb039aa - <std::sys::backtrace::BacktraceLock::print::DisplayBacktrace as core::fmt::Display>::fmt::h71a62eb3b9696b12
[INFO] [stdout]                                at /rustc/6067b36314ab5eb2eb47cecc464545ba58e1ad24/library/std/src/sys/backtrace.rs:39:26
[INFO] [stdout]    4:     0x6484fcb2ba93 - core::fmt::rt::Argument::fmt::hdb6b616786b41dc1
[INFO] [stdout]                                at /rustc/6067b36314ab5eb2eb47cecc464545ba58e1ad24/library/core/src/fmt/rt.rs:177:76
[INFO] [stdout]    5:     0x6484fcb2ba93 - core::fmt::write::h2cc1698af7e2d686
[INFO] [stdout]                                at /rustc/6067b36314ab5eb2eb47cecc464545ba58e1ad24/library/core/src/fmt/mod.rs:1440:21
[INFO] [stdout]    6:     0x6484fcb00503 - std::io::Write::write_fmt::hab1b4cd059a79022
[INFO] [stdout]                                at /rustc/6067b36314ab5eb2eb47cecc464545ba58e1ad24/library/std/src/io/mod.rs:1887:15
[INFO] [stdout]    7:     0x6484fcb037f2 - std::sys::backtrace::BacktraceLock::print::h147fe35b4ea13b08
[INFO] [stdout]                                at /rustc/6067b36314ab5eb2eb47cecc464545ba58e1ad24/library/std/src/sys/backtrace.rs:42:9
[INFO] [stdout]    8:     0x6484fcb04dcf - std::panicking::default_hook::{{closure}}::hbd44223dbdc0d208
[INFO] [stdout]                                at /rustc/6067b36314ab5eb2eb47cecc464545ba58e1ad24/library/std/src/panicking.rs:298:22
[INFO] [stdout]    9:     0x6484fcb04be8 - std::panicking::default_hook::h20f81eb0576efcec
[INFO] [stdout]                                at /rustc/6067b36314ab5eb2eb47cecc464545ba58e1ad24/library/std/src/panicking.rs:322:9
[INFO] [stdout]   10:     0x6484fcacb263 - <alloc::boxed::Box<F,A> as core::ops::function::Fn<Args>>::call::hdb53814c496a4d34
[INFO] [stdout]                                at /rustc/6067b36314ab5eb2eb47cecc464545ba58e1ad24/library/alloc/src/boxed.rs:2027:9
[INFO] [stdout]   11:     0x6484fcacb263 - test::test_main::{{closure}}::hc0a4963c59427c24
[INFO] [stdout]                                at /rustc/6067b36314ab5eb2eb47cecc464545ba58e1ad24/library/test/src/lib.rs:134:21
[INFO] [stdout]   12:     0x6484fcb058c3 - <alloc::boxed::Box<F,A> as core::ops::function::Fn<Args>>::call::h591b2225413a77e9
[INFO] [stdout]                                at /rustc/6067b36314ab5eb2eb47cecc464545ba58e1ad24/library/alloc/src/boxed.rs:2027:9
[INFO] [stdout]   13:     0x6484fcb058c3 - std::panicking::rust_panic_with_hook::h625eea43051b2edc
[INFO] [stdout]                                at /rustc/6067b36314ab5eb2eb47cecc464545ba58e1ad24/library/std/src/panicking.rs:839:13
[INFO] [stdout]   14:     0x6484fcb0557a - std::panicking::begin_panic_handler::{{closure}}::h4f9159cfbc3f6bd3
[INFO] [stdout]                                at /rustc/6067b36314ab5eb2eb47cecc464545ba58e1ad24/library/std/src/panicking.rs:704:13
[INFO] [stdout]   15:     0x6484fcb03ea9 - std::sys::backtrace::__rust_end_short_backtrace::h0390abce48353151
[INFO] [stdout]                                at /rustc/6067b36314ab5eb2eb47cecc464545ba58e1ad24/library/std/src/sys/backtrace.rs:168:18
[INFO] [stdout]   16:     0x6484fcb0520d - rust_begin_unwind
[INFO] [stdout]                                at /rustc/6067b36314ab5eb2eb47cecc464545ba58e1ad24/library/std/src/panicking.rs:695:5
[INFO] [stdout]   17:     0x6484fcb29ae0 - core::panicking::panic_fmt::h9e7c637e9e5f29c9
[INFO] [stdout]                                at /rustc/6067b36314ab5eb2eb47cecc464545ba58e1ad24/library/core/src/panicking.rs:75:14
[INFO] [stdout]   18:     0x6484fcb29e86 - core::result::unwrap_failed::h7979f09313fe1849
[INFO] [stdout]                                at /rustc/6067b36314ab5eb2eb47cecc464545ba58e1ad24/library/core/src/result.rs:1704:5
[INFO] [stdout]   19:     0x6484fca8fcc5 - core::result::Result<T,E>::unwrap::h655e0f3deb4b88c0
[INFO] [stdout]                                at /rustc/6067b36314ab5eb2eb47cecc464545ba58e1ad24/library/core/src/result.rs:1109:23
[INFO] [stdout]   20:     0x6484fca8fcc5 - FFI::strings::tests::string_comparision_works::hb7239e2c80d9b19e
[INFO] [stdout]                                at /opt/rustwide/workdir/src/strings/mod.rs:39:23
[INFO] [stdout]   21:     0x6484fca8fc07 - FFI::strings::tests::string_comparision_works::{{closure}}::h054fc9ad21e6e2c0
[INFO] [stdout]                                at /opt/rustwide/workdir/src/strings/mod.rs:37:34
[INFO] [stdout]   22:     0x6484fca8cf96 - core::ops::function::FnOnce::call_once::h4a995c410cf5a12c
[INFO] [stdout]                                at /rustc/6067b36314ab5eb2eb47cecc464545ba58e1ad24/library/core/src/ops/function.rs:250:5
[INFO] [stdout]   23:     0x6484fcad09bb - core::ops::function::FnOnce::call_once::he27718dfdd183f43
[INFO] [stdout]                                at /rustc/6067b36314ab5eb2eb47cecc464545ba58e1ad24/library/core/src/ops/function.rs:250:5
[INFO] [stdout]   24:     0x6484fcad09bb - test::__rust_begin_short_backtrace::h4e84902998457a5d
[INFO] [stdout]                                at /rustc/6067b36314ab5eb2eb47cecc464545ba58e1ad24/library/test/src/lib.rs:632:18
[INFO] [stdout]   25:     0x6484fcacf8f3 - test::run_test_in_process::{{closure}}::h7176fd18fc1feca0
[INFO] [stdout]                                at /rustc/6067b36314ab5eb2eb47cecc464545ba58e1ad24/library/test/src/lib.rs:655:60
[INFO] [stdout]   26:     0x6484fcacf8f3 - <core::panic::unwind_safe::AssertUnwindSafe<F> as core::ops::function::FnOnce<()>>::call_once::hf79cff2a624d8cf7
[INFO] [stdout]                                at /rustc/6067b36314ab5eb2eb47cecc464545ba58e1ad24/library/core/src/panic/unwind_safe.rs:272:9
[INFO] [stdout]   27:     0x6484fcacf8f3 - std::panicking::try::do_call::h3da0561d9ab99c25
[INFO] [stdout]                                at /rustc/6067b36314ab5eb2eb47cecc464545ba58e1ad24/library/std/src/panicking.rs:587:40
[INFO] [stdout]   28:     0x6484fcacf8f3 - std::panicking::try::h41c9fa508bc61df6
[INFO] [stdout]                                at /rustc/6067b36314ab5eb2eb47cecc464545ba58e1ad24/library/std/src/panicking.rs:550:19
[INFO] [stdout]   29:     0x6484fcacf8f3 - std::panic::catch_unwind::h6b3ff07bb5afad93
[INFO] [stdout]                                at /rustc/6067b36314ab5eb2eb47cecc464545ba58e1ad24/library/std/src/panic.rs:358:14
[INFO] [stdout]   30:     0x6484fcacf8f3 - test::run_test_in_process::hc7253dd11b39b9f4
[INFO] [stdout]                                at /rustc/6067b36314ab5eb2eb47cecc464545ba58e1ad24/library/test/src/lib.rs:655:27
[INFO] [stdout]   31:     0x6484fcacf8f3 - test::run_test::{{closure}}::hfb2007f8649c30bb
[INFO] [stdout]                                at /rustc/6067b36314ab5eb2eb47cecc464545ba58e1ad24/library/test/src/lib.rs:576:43
[INFO] [stdout]   32:     0x6484fca929d5 - test::run_test::{{closure}}::h56a17aa7a282a9f4
[INFO] [stdout]                                at /rustc/6067b36314ab5eb2eb47cecc464545ba58e1ad24/library/test/src/lib.rs:606:41
[INFO] [stdout]   33:     0x6484fca929d5 - std::sys::backtrace::__rust_begin_short_backtrace::hd2d2d2fb8e8c6aac
[INFO] [stdout]                                at /rustc/6067b36314ab5eb2eb47cecc464545ba58e1ad24/library/std/src/sys/backtrace.rs:152:18
[INFO] [stdout]   34:     0x6484fca962ba - std::thread::Builder::spawn_unchecked_::{{closure}}::{{closure}}::h4faa3f9db6133423
[INFO] [stdout]                                at /rustc/6067b36314ab5eb2eb47cecc464545ba58e1ad24/library/std/src/thread/mod.rs:559:17
[INFO] [stdout]   35:     0x6484fca962ba - <core::panic::unwind_safe::AssertUnwindSafe<F> as core::ops::function::FnOnce<()>>::call_once::hf2e855a36a4ea846
[INFO] [stdout]                                at /rustc/6067b36314ab5eb2eb47cecc464545ba58e1ad24/library/core/src/panic/unwind_safe.rs:272:9
[INFO] [stdout]   36:     0x6484fca962ba - std::panicking::try::do_call::h2f73af3616c35465
[INFO] [stdout]                                at /rustc/6067b36314ab5eb2eb47cecc464545ba58e1ad24/library/std/src/panicking.rs:587:40
[INFO] [stdout]   37:     0x6484fca962ba - std::panicking::try::hd1660ce9efadef5a
[INFO] [stdout]                                at /rustc/6067b36314ab5eb2eb47cecc464545ba58e1ad24/library/std/src/panicking.rs:550:19
[INFO] [stdout]   38:     0x6484fca962ba - std::panic::catch_unwind::h5ee8d7823b8ca744
[INFO] [stdout]                                at /rustc/6067b36314ab5eb2eb47cecc464545ba58e1ad24/library/std/src/panic.rs:358:14
[INFO] [stdout]   39:     0x6484fca962ba - std::thread::Builder::spawn_unchecked_::{{closure}}::h53c3a1894dce8407
[INFO] [stdout]                                at /rustc/6067b36314ab5eb2eb47cecc464545ba58e1ad24/library/std/src/thread/mod.rs:557:30
[INFO] [stdout]   40:     0x6484fca962ba - core::ops::function::FnOnce::call_once{{vtable.shim}}::h048ce291ad4f62bf
[INFO] [stdout]                                at /rustc/6067b36314ab5eb2eb47cecc464545ba58e1ad24/library/core/src/ops/function.rs:250:5
[INFO] [stdout]   41:     0x6484fcb097fb - <alloc::boxed::Box<F,A> as core::ops::function::FnOnce<Args>>::call_once::ha52bedf99a3b4981
[INFO] [stdout]                                at /rustc/6067b36314ab5eb2eb47cecc464545ba58e1ad24/library/alloc/src/boxed.rs:2013:9
[INFO] [stdout]   42:     0x6484fcb097fb - <alloc::boxed::Box<F,A> as core::ops::function::FnOnce<Args>>::call_once::h567748934d80ccf8
[INFO] [stdout]                                at /rustc/6067b36314ab5eb2eb47cecc464545ba58e1ad24/library/alloc/src/boxed.rs:2013:9
[INFO] [stdout]   43:     0x6484fcb097fb - std::sys::pal::unix::thread::Thread::new::thread_start::h2d970728ae887adc
[INFO] [stdout]                                at /rustc/6067b36314ab5eb2eb47cecc464545ba58e1ad24/library/std/src/sys/pal/unix/thread.rs:106:17
[INFO] [stdout]   44:     0x7315eb2ebac3 - <unknown>
[INFO] [stdout]   45:     0x7315eb37ca04 - clone
[INFO] [stdout]   46:                0x0 - <unknown>
[INFO] [stdout] 
[INFO] [stdout] 
[INFO] [stdout] failures:
[INFO] [stdout]     floats::tests::it_works
[INFO] [stdout]     ints::tests::it_works
[INFO] [stdout]     strings::tests::string_comparision_works
[INFO] [stdout]     strings::tests::string_reversal_works
[INFO] [stdout] 
[INFO] [stdout] test result: FAILED. 0 passed; 4 failed; 0 ignored; 0 measured; 0 filtered out; finished in 0.04s
[INFO] [stdout] 
[INFO] running `Command { std: "docker" "inspect" "b724f929b9d7c98868680dc38046154e868a718c979214f1d382a51d9f9d5981", kill_on_drop: false }`
[INFO] running `Command { std: "docker" "rm" "-f" "b724f929b9d7c98868680dc38046154e868a718c979214f1d382a51d9f9d5981", kill_on_drop: false }`
[INFO] [stdout] b724f929b9d7c98868680dc38046154e868a718c979214f1d382a51d9f9d5981
