[INFO] cloning repository https://github.com/aaronaskew/aoc2022
[INFO] running `Command { std: "git" "-c" "credential.helper=" "-c" "credential.helper=/workspace/cargo-home/bin/git-credential-null" "clone" "--bare" "https://github.com/aaronaskew/aoc2022" "/workspace/cache/git-repos/https%3A%2F%2Fgithub.com%2Faaronaskew%2Faoc2022", kill_on_drop: false }`
[INFO] [stderr] Cloning into bare repository '/workspace/cache/git-repos/https%3A%2F%2Fgithub.com%2Faaronaskew%2Faoc2022'...
[INFO] running `Command { std: "git" "rev-parse" "HEAD", kill_on_drop: false }`
[INFO] [stdout] fb8e9e2eca094d21ad97bb8efc46d078eec590b3
[INFO] testing aaronaskew/aoc2022 against nightly-2025-01-18 for randomize-layout-2
[INFO] running `Command { std: "git" "clone" "/workspace/cache/git-repos/https%3A%2F%2Fgithub.com%2Faaronaskew%2Faoc2022" "/workspace/builds/worker-1-tc1/source", kill_on_drop: false }`
[INFO] [stderr] Cloning into '/workspace/builds/worker-1-tc1/source'...
[INFO] [stderr] done.
[INFO] validating manifest of git repo https://github.com/aaronaskew/aoc2022 on toolchain nightly-2025-01-18
[INFO] running `Command { std: CARGO_HOME="/workspace/cargo-home" RUSTUP_HOME="/workspace/rustup-home" "/workspace/cargo-home/bin/cargo" "+nightly-2025-01-18" "metadata" "--manifest-path" "Cargo.toml" "--no-deps", kill_on_drop: false }`
[INFO] started tweaking git repo https://github.com/aaronaskew/aoc2022
[INFO] finished tweaking git repo https://github.com/aaronaskew/aoc2022
[INFO] tweaked toml for git repo https://github.com/aaronaskew/aoc2022 written to /workspace/builds/worker-1-tc1/source/Cargo.toml
[INFO] crate git repo https://github.com/aaronaskew/aoc2022 already has a lockfile, it will not be regenerated
[INFO] running `Command { std: CARGO_HOME="/workspace/cargo-home" RUSTUP_HOME="/workspace/rustup-home" "/workspace/cargo-home/bin/cargo" "+nightly-2025-01-18" "fetch" "--manifest-path" "Cargo.toml", kill_on_drop: false }`
[INFO] [stderr]  Downloading crates ...
[INFO] [stderr]   Downloaded pathfinding v4.10.0
[INFO] [stderr]   Downloaded glam v0.28.0
[INFO] running `Command { std: "docker" "create" "-v" "/var/lib/crater-agent-workspace/builds/worker-1-tc1/target:/opt/rustwide/target:rw,Z" "-v" "/var/lib/crater-agent-workspace/builds/worker-1-tc1/source:/opt/rustwide/workdir:ro,Z" "-v" "/var/lib/crater-agent-workspace/cargo-home:/opt/rustwide/cargo-home:ro,Z" "-v" "/var/lib/crater-agent-workspace/rustup-home:/opt/rustwide/rustup-home:ro,Z" "-e" "SOURCE_DIR=/opt/rustwide/workdir" "-e" "CARGO_TARGET_DIR=/opt/rustwide/target" "-e" "CARGO_HOME=/opt/rustwide/cargo-home" "-e" "RUSTUP_HOME=/opt/rustwide/rustup-home" "-w" "/opt/rustwide/workdir" "-m" "1610612736" "--user" "0:0" "--network" "none" "ghcr.io/rust-lang/crates-build-env/linux@sha256:819108c5571ea2e421544af4d832f968d213c87fbe3707a016657f43d2f853bc" "/opt/rustwide/cargo-home/bin/cargo" "+nightly-2025-01-18" "metadata" "--no-deps" "--format-version=1", kill_on_drop: false }`
[INFO] [stdout] 94bfe04b58836046178554e9ba22d7fddbba6a219ee270e28799f2014b75438c
[INFO] running `Command { std: "docker" "start" "-a" "94bfe04b58836046178554e9ba22d7fddbba6a219ee270e28799f2014b75438c", kill_on_drop: false }`
[INFO] running `Command { std: "docker" "inspect" "94bfe04b58836046178554e9ba22d7fddbba6a219ee270e28799f2014b75438c", kill_on_drop: false }`
[INFO] running `Command { std: "docker" "rm" "-f" "94bfe04b58836046178554e9ba22d7fddbba6a219ee270e28799f2014b75438c", kill_on_drop: false }`
[INFO] [stdout] 94bfe04b58836046178554e9ba22d7fddbba6a219ee270e28799f2014b75438c
[INFO] running `Command { std: "docker" "create" "-v" "/var/lib/crater-agent-workspace/builds/worker-1-tc1/target:/opt/rustwide/target:rw,Z" "-v" "/var/lib/crater-agent-workspace/builds/worker-1-tc1/source:/opt/rustwide/workdir:ro,Z" "-v" "/var/lib/crater-agent-workspace/cargo-home:/opt/rustwide/cargo-home:ro,Z" "-v" "/var/lib/crater-agent-workspace/rustup-home:/opt/rustwide/rustup-home:ro,Z" "-e" "SOURCE_DIR=/opt/rustwide/workdir" "-e" "CARGO_TARGET_DIR=/opt/rustwide/target" "-e" "CARGO_INCREMENTAL=0" "-e" "RUST_BACKTRACE=full" "-e" "RUSTFLAGS=--cap-lints=forbid" "-e" "RUSTDOCFLAGS=--cap-lints=forbid" "-e" "CARGO_HOME=/opt/rustwide/cargo-home" "-e" "RUSTUP_HOME=/opt/rustwide/rustup-home" "-w" "/opt/rustwide/workdir" "-m" "1610612736" "--user" "0:0" "--network" "none" "ghcr.io/rust-lang/crates-build-env/linux@sha256:819108c5571ea2e421544af4d832f968d213c87fbe3707a016657f43d2f853bc" "/opt/rustwide/cargo-home/bin/cargo" "+nightly-2025-01-18" "build" "--frozen" "--message-format=json", kill_on_drop: false }`
[INFO] [stdout] fb17079634623ebe691ac858b1e1c1c5424bc55da94ad28683da10936e795365
[INFO] running `Command { std: "docker" "start" "-a" "fb17079634623ebe691ac858b1e1c1c5424bc55da94ad28683da10936e795365", kill_on_drop: false }`
[INFO] [stderr] warning: output filename collision.
[INFO] [stderr] The bin target `part1` in package `day-02 v0.1.0 (/opt/rustwide/workdir/day-02)` has the same output filename as the bin target `part1` in package `day-01 v0.1.0 (/opt/rustwide/workdir/day-01)`.
[INFO] [stderr] Colliding filename is: /opt/rustwide/target/debug/part1
[INFO] [stderr] The targets should have unique names.
[INFO] [stderr] Consider changing their names to be unique or compiling them separately.
[INFO] [stderr] This may become a hard error in the future; see <https://github.com/rust-lang/cargo/issues/6313>.
[INFO] [stderr] warning: output filename collision.
[INFO] [stderr] The bin target `part1` in package `day-02 v0.1.0 (/opt/rustwide/workdir/day-02)` has the same output filename as the bin target `part1` in package `day-01 v0.1.0 (/opt/rustwide/workdir/day-01)`.
[INFO] [stderr] Colliding filename is: /opt/rustwide/target/debug/part1.dwp
[INFO] [stderr] The targets should have unique names.
[INFO] [stderr] Consider changing their names to be unique or compiling them separately.
[INFO] [stderr] This may become a hard error in the future; see <https://github.com/rust-lang/cargo/issues/6313>.
[INFO] [stderr] warning: output filename collision.
[INFO] [stderr] The bin target `part2` in package `day-02 v0.1.0 (/opt/rustwide/workdir/day-02)` has the same output filename as the bin target `part2` in package `day-01 v0.1.0 (/opt/rustwide/workdir/day-01)`.
[INFO] [stderr] Colliding filename is: /opt/rustwide/target/debug/part2
[INFO] [stderr] The targets should have unique names.
[INFO] [stderr] Consider changing their names to be unique or compiling them separately.
[INFO] [stderr] This may become a hard error in the future; see <https://github.com/rust-lang/cargo/issues/6313>.
[INFO] [stderr] warning: output filename collision.
[INFO] [stderr] The bin target `part2` in package `day-02 v0.1.0 (/opt/rustwide/workdir/day-02)` has the same output filename as the bin target `part2` in package `day-01 v0.1.0 (/opt/rustwide/workdir/day-01)`.
[INFO] [stderr] Colliding filename is: /opt/rustwide/target/debug/part2.dwp
[INFO] [stderr] The targets should have unique names.
[INFO] [stderr] Consider changing their names to be unique or compiling them separately.
[INFO] [stderr] This may become a hard error in the future; see <https://github.com/rust-lang/cargo/issues/6313>.
[INFO] [stderr] warning: output filename collision.
[INFO] [stderr] The bin target `part1` in package `day-03 v0.1.0 (/opt/rustwide/workdir/day-03)` has the same output filename as the bin target `part1` in package `day-02 v0.1.0 (/opt/rustwide/workdir/day-02)`.
[INFO] [stderr] Colliding filename is: /opt/rustwide/target/debug/part1
[INFO] [stderr] The targets should have unique names.
[INFO] [stderr] Consider changing their names to be unique or compiling them separately.
[INFO] [stderr] This may become a hard error in the future; see <https://github.com/rust-lang/cargo/issues/6313>.
[INFO] [stderr] warning: output filename collision.
[INFO] [stderr] The bin target `part1` in package `day-03 v0.1.0 (/opt/rustwide/workdir/day-03)` has the same output filename as the bin target `part1` in package `day-02 v0.1.0 (/opt/rustwide/workdir/day-02)`.
[INFO] [stderr] Colliding filename is: /opt/rustwide/target/debug/part1.dwp
[INFO] [stderr] The targets should have unique names.
[INFO] [stderr] Consider changing their names to be unique or compiling them separately.
[INFO] [stderr] This may become a hard error in the future; see <https://github.com/rust-lang/cargo/issues/6313>.
[INFO] [stderr] warning: output filename collision.
[INFO] [stderr] The bin target `part2` in package `day-03 v0.1.0 (/opt/rustwide/workdir/day-03)` has the same output filename as the bin target `part2` in package `day-02 v0.1.0 (/opt/rustwide/workdir/day-02)`.
[INFO] [stderr] Colliding filename is: /opt/rustwide/target/debug/part2
[INFO] [stderr] The targets should have unique names.
[INFO] [stderr] Consider changing their names to be unique or compiling them separately.
[INFO] [stderr] This may become a hard error in the future; see <https://github.com/rust-lang/cargo/issues/6313>.
[INFO] [stderr] warning: output filename collision.
[INFO] [stderr] The bin target `part2` in package `day-03 v0.1.0 (/opt/rustwide/workdir/day-03)` has the same output filename as the bin target `part2` in package `day-02 v0.1.0 (/opt/rustwide/workdir/day-02)`.
[INFO] [stderr] Colliding filename is: /opt/rustwide/target/debug/part2.dwp
[INFO] [stderr] The targets should have unique names.
[INFO] [stderr] Consider changing their names to be unique or compiling them separately.
[INFO] [stderr] This may become a hard error in the future; see <https://github.com/rust-lang/cargo/issues/6313>.
[INFO] [stderr] warning: output filename collision.
[INFO] [stderr] The bin target `part1` in package `day-04 v0.1.0 (/opt/rustwide/workdir/day-04)` has the same output filename as the bin target `part1` in package `day-03 v0.1.0 (/opt/rustwide/workdir/day-03)`.
[INFO] [stderr] Colliding filename is: /opt/rustwide/target/debug/part1
[INFO] [stderr] The targets should have unique names.
[INFO] [stderr] Consider changing their names to be unique or compiling them separately.
[INFO] [stderr] This may become a hard error in the future; see <https://github.com/rust-lang/cargo/issues/6313>.
[INFO] [stderr] warning: output filename collision.
[INFO] [stderr] The bin target `part1` in package `day-04 v0.1.0 (/opt/rustwide/workdir/day-04)` has the same output filename as the bin target `part1` in package `day-03 v0.1.0 (/opt/rustwide/workdir/day-03)`.
[INFO] [stderr] Colliding filename is: /opt/rustwide/target/debug/part1.dwp
[INFO] [stderr] The targets should have unique names.
[INFO] [stderr] Consider changing their names to be unique or compiling them separately.
[INFO] [stderr] This may become a hard error in the future; see <https://github.com/rust-lang/cargo/issues/6313>.
[INFO] [stderr] warning: output filename collision.
[INFO] [stderr] The bin target `part2` in package `day-04 v0.1.0 (/opt/rustwide/workdir/day-04)` has the same output filename as the bin target `part2` in package `day-03 v0.1.0 (/opt/rustwide/workdir/day-03)`.
[INFO] [stderr] Colliding filename is: /opt/rustwide/target/debug/part2
[INFO] [stderr] The targets should have unique names.
[INFO] [stderr] Consider changing their names to be unique or compiling them separately.
[INFO] [stderr] This may become a hard error in the future; see <https://github.com/rust-lang/cargo/issues/6313>.
[INFO] [stderr] warning: output filename collision.
[INFO] [stderr] The bin target `part2` in package `day-04 v0.1.0 (/opt/rustwide/workdir/day-04)` has the same output filename as the bin target `part2` in package `day-03 v0.1.0 (/opt/rustwide/workdir/day-03)`.
[INFO] [stderr] Colliding filename is: /opt/rustwide/target/debug/part2.dwp
[INFO] [stderr] The targets should have unique names.
[INFO] [stderr] Consider changing their names to be unique or compiling them separately.
[INFO] [stderr] This may become a hard error in the future; see <https://github.com/rust-lang/cargo/issues/6313>.
[INFO] [stderr] warning: output filename collision.
[INFO] [stderr] The bin target `part1` in package `day-05 v0.1.0 (/opt/rustwide/workdir/day-05)` has the same output filename as the bin target `part1` in package `day-04 v0.1.0 (/opt/rustwide/workdir/day-04)`.
[INFO] [stderr] Colliding filename is: /opt/rustwide/target/debug/part1
[INFO] [stderr] The targets should have unique names.
[INFO] [stderr] Consider changing their names to be unique or compiling them separately.
[INFO] [stderr] This may become a hard error in the future; see <https://github.com/rust-lang/cargo/issues/6313>.
[INFO] [stderr] warning: output filename collision.
[INFO] [stderr] The bin target `part1` in package `day-05 v0.1.0 (/opt/rustwide/workdir/day-05)` has the same output filename as the bin target `part1` in package `day-04 v0.1.0 (/opt/rustwide/workdir/day-04)`.
[INFO] [stderr] Colliding filename is: /opt/rustwide/target/debug/part1.dwp
[INFO] [stderr] The targets should have unique names.
[INFO] [stderr] Consider changing their names to be unique or compiling them separately.
[INFO] [stderr] This may become a hard error in the future; see <https://github.com/rust-lang/cargo/issues/6313>.
[INFO] [stderr] warning: output filename collision.
[INFO] [stderr] The bin target `part2` in package `day-05 v0.1.0 (/opt/rustwide/workdir/day-05)` has the same output filename as the bin target `part2` in package `day-04 v0.1.0 (/opt/rustwide/workdir/day-04)`.
[INFO] [stderr] Colliding filename is: /opt/rustwide/target/debug/part2
[INFO] [stderr] The targets should have unique names.
[INFO] [stderr] Consider changing their names to be unique or compiling them separately.
[INFO] [stderr] This may become a hard error in the future; see <https://github.com/rust-lang/cargo/issues/6313>.
[INFO] [stderr] warning: output filename collision.
[INFO] [stderr] The bin target `part2` in package `day-05 v0.1.0 (/opt/rustwide/workdir/day-05)` has the same output filename as the bin target `part2` in package `day-04 v0.1.0 (/opt/rustwide/workdir/day-04)`.
[INFO] [stderr] Colliding filename is: /opt/rustwide/target/debug/part2.dwp
[INFO] [stderr] The targets should have unique names.
[INFO] [stderr] Consider changing their names to be unique or compiling them separately.
[INFO] [stderr] This may become a hard error in the future; see <https://github.com/rust-lang/cargo/issues/6313>.
[INFO] [stderr] warning: output filename collision.
[INFO] [stderr] The bin target `part1` in package `day-06 v0.1.0 (/opt/rustwide/workdir/day-06)` has the same output filename as the bin target `part1` in package `day-05 v0.1.0 (/opt/rustwide/workdir/day-05)`.
[INFO] [stderr] Colliding filename is: /opt/rustwide/target/debug/part1
[INFO] [stderr] The targets should have unique names.
[INFO] [stderr] Consider changing their names to be unique or compiling them separately.
[INFO] [stderr] This may become a hard error in the future; see <https://github.com/rust-lang/cargo/issues/6313>.
[INFO] [stderr] warning: output filename collision.
[INFO] [stderr] The bin target `part1` in package `day-06 v0.1.0 (/opt/rustwide/workdir/day-06)` has the same output filename as the bin target `part1` in package `day-05 v0.1.0 (/opt/rustwide/workdir/day-05)`.
[INFO] [stderr] Colliding filename is: /opt/rustwide/target/debug/part1.dwp
[INFO] [stderr] The targets should have unique names.
[INFO] [stderr] Consider changing their names to be unique or compiling them separately.
[INFO] [stderr] This may become a hard error in the future; see <https://github.com/rust-lang/cargo/issues/6313>.
[INFO] [stderr] warning: output filename collision.
[INFO] [stderr] The bin target `part2` in package `day-06 v0.1.0 (/opt/rustwide/workdir/day-06)` has the same output filename as the bin target `part2` in package `day-05 v0.1.0 (/opt/rustwide/workdir/day-05)`.
[INFO] [stderr] Colliding filename is: /opt/rustwide/target/debug/part2
[INFO] [stderr] The targets should have unique names.
[INFO] [stderr] Consider changing their names to be unique or compiling them separately.
[INFO] [stderr] This may become a hard error in the future; see <https://github.com/rust-lang/cargo/issues/6313>.
[INFO] [stderr] warning: output filename collision.
[INFO] [stderr] The bin target `part2` in package `day-06 v0.1.0 (/opt/rustwide/workdir/day-06)` has the same output filename as the bin target `part2` in package `day-05 v0.1.0 (/opt/rustwide/workdir/day-05)`.
[INFO] [stderr] Colliding filename is: /opt/rustwide/target/debug/part2.dwp
[INFO] [stderr] The targets should have unique names.
[INFO] [stderr] Consider changing their names to be unique or compiling them separately.
[INFO] [stderr] This may become a hard error in the future; see <https://github.com/rust-lang/cargo/issues/6313>.
[INFO] [stderr] warning: output filename collision.
[INFO] [stderr] The bin target `part1` in package `day-07 v0.1.0 (/opt/rustwide/workdir/day-07)` has the same output filename as the bin target `part1` in package `day-06 v0.1.0 (/opt/rustwide/workdir/day-06)`.
[INFO] [stderr] Colliding filename is: /opt/rustwide/target/debug/part1
[INFO] [stderr] The targets should have unique names.
[INFO] [stderr] Consider changing their names to be unique or compiling them separately.
[INFO] [stderr] This may become a hard error in the future; see <https://github.com/rust-lang/cargo/issues/6313>.
[INFO] [stderr] warning: output filename collision.
[INFO] [stderr] The bin target `part1` in package `day-07 v0.1.0 (/opt/rustwide/workdir/day-07)` has the same output filename as the bin target `part1` in package `day-06 v0.1.0 (/opt/rustwide/workdir/day-06)`.
[INFO] [stderr] Colliding filename is: /opt/rustwide/target/debug/part1.dwp
[INFO] [stderr] The targets should have unique names.
[INFO] [stderr] Consider changing their names to be unique or compiling them separately.
[INFO] [stderr] This may become a hard error in the future; see <https://github.com/rust-lang/cargo/issues/6313>.
[INFO] [stderr] warning: output filename collision.
[INFO] [stderr] The bin target `part2` in package `day-07 v0.1.0 (/opt/rustwide/workdir/day-07)` has the same output filename as the bin target `part2` in package `day-06 v0.1.0 (/opt/rustwide/workdir/day-06)`.
[INFO] [stderr] Colliding filename is: /opt/rustwide/target/debug/part2
[INFO] [stderr] The targets should have unique names.
[INFO] [stderr] Consider changing their names to be unique or compiling them separately.
[INFO] [stderr] This may become a hard error in the future; see <https://github.com/rust-lang/cargo/issues/6313>.
[INFO] [stderr] warning: output filename collision.
[INFO] [stderr] The bin target `part2` in package `day-07 v0.1.0 (/opt/rustwide/workdir/day-07)` has the same output filename as the bin target `part2` in package `day-06 v0.1.0 (/opt/rustwide/workdir/day-06)`.
[INFO] [stderr] Colliding filename is: /opt/rustwide/target/debug/part2.dwp
[INFO] [stderr] The targets should have unique names.
[INFO] [stderr] Consider changing their names to be unique or compiling them separately.
[INFO] [stderr] This may become a hard error in the future; see <https://github.com/rust-lang/cargo/issues/6313>.
[INFO] [stderr] warning: output filename collision.
[INFO] [stderr] The bin target `part1` in package `day-08 v0.1.0 (/opt/rustwide/workdir/day-08)` has the same output filename as the bin target `part1` in package `day-07 v0.1.0 (/opt/rustwide/workdir/day-07)`.
[INFO] [stderr] Colliding filename is: /opt/rustwide/target/debug/part1
[INFO] [stderr] The targets should have unique names.
[INFO] [stderr] Consider changing their names to be unique or compiling them separately.
[INFO] [stderr] This may become a hard error in the future; see <https://github.com/rust-lang/cargo/issues/6313>.
[INFO] [stderr] warning: output filename collision.
[INFO] [stderr] The bin target `part1` in package `day-08 v0.1.0 (/opt/rustwide/workdir/day-08)` has the same output filename as the bin target `part1` in package `day-07 v0.1.0 (/opt/rustwide/workdir/day-07)`.
[INFO] [stderr] Colliding filename is: /opt/rustwide/target/debug/part1.dwp
[INFO] [stderr] The targets should have unique names.
[INFO] [stderr] Consider changing their names to be unique or compiling them separately.
[INFO] [stderr] This may become a hard error in the future; see <https://github.com/rust-lang/cargo/issues/6313>.
[INFO] [stderr] warning: output filename collision.
[INFO] [stderr] The bin target `part2` in package `day-08 v0.1.0 (/opt/rustwide/workdir/day-08)` has the same output filename as the bin target `part2` in package `day-07 v0.1.0 (/opt/rustwide/workdir/day-07)`.
[INFO] [stderr] Colliding filename is: /opt/rustwide/target/debug/part2
[INFO] [stderr] The targets should have unique names.
[INFO] [stderr] Consider changing their names to be unique or compiling them separately.
[INFO] [stderr] This may become a hard error in the future; see <https://github.com/rust-lang/cargo/issues/6313>.
[INFO] [stderr] warning: output filename collision.
[INFO] [stderr] The bin target `part2` in package `day-08 v0.1.0 (/opt/rustwide/workdir/day-08)` has the same output filename as the bin target `part2` in package `day-07 v0.1.0 (/opt/rustwide/workdir/day-07)`.
[INFO] [stderr] Colliding filename is: /opt/rustwide/target/debug/part2.dwp
[INFO] [stderr] The targets should have unique names.
[INFO] [stderr] Consider changing their names to be unique or compiling them separately.
[INFO] [stderr] This may become a hard error in the future; see <https://github.com/rust-lang/cargo/issues/6313>.
[INFO] [stderr] warning: output filename collision.
[INFO] [stderr] The bin target `part1` in package `day-09 v0.1.0 (/opt/rustwide/workdir/day-09)` has the same output filename as the bin target `part1` in package `day-08 v0.1.0 (/opt/rustwide/workdir/day-08)`.
[INFO] [stderr] Colliding filename is: /opt/rustwide/target/debug/part1
[INFO] [stderr] The targets should have unique names.
[INFO] [stderr] Consider changing their names to be unique or compiling them separately.
[INFO] [stderr] This may become a hard error in the future; see <https://github.com/rust-lang/cargo/issues/6313>.
[INFO] [stderr] warning: output filename collision.
[INFO] [stderr] The bin target `part1` in package `day-09 v0.1.0 (/opt/rustwide/workdir/day-09)` has the same output filename as the bin target `part1` in package `day-08 v0.1.0 (/opt/rustwide/workdir/day-08)`.
[INFO] [stderr] Colliding filename is: /opt/rustwide/target/debug/part1.dwp
[INFO] [stderr] The targets should have unique names.
[INFO] [stderr] Consider changing their names to be unique or compiling them separately.
[INFO] [stderr] This may become a hard error in the future; see <https://github.com/rust-lang/cargo/issues/6313>.
[INFO] [stderr] warning: output filename collision.
[INFO] [stderr] The bin target `part2` in package `day-09 v0.1.0 (/opt/rustwide/workdir/day-09)` has the same output filename as the bin target `part2` in package `day-08 v0.1.0 (/opt/rustwide/workdir/day-08)`.
[INFO] [stderr] Colliding filename is: /opt/rustwide/target/debug/part2
[INFO] [stderr] The targets should have unique names.
[INFO] [stderr] Consider changing their names to be unique or compiling them separately.
[INFO] [stderr] This may become a hard error in the future; see <https://github.com/rust-lang/cargo/issues/6313>.
[INFO] [stderr] warning: output filename collision.
[INFO] [stderr] The bin target `part2` in package `day-09 v0.1.0 (/opt/rustwide/workdir/day-09)` has the same output filename as the bin target `part2` in package `day-08 v0.1.0 (/opt/rustwide/workdir/day-08)`.
[INFO] [stderr] Colliding filename is: /opt/rustwide/target/debug/part2.dwp
[INFO] [stderr] The targets should have unique names.
[INFO] [stderr] Consider changing their names to be unique or compiling them separately.
[INFO] [stderr] This may become a hard error in the future; see <https://github.com/rust-lang/cargo/issues/6313>.
[INFO] [stderr] warning: output filename collision.
[INFO] [stderr] The bin target `part1` in package `day-10 v0.1.0 (/opt/rustwide/workdir/day-10)` has the same output filename as the bin target `part1` in package `day-09 v0.1.0 (/opt/rustwide/workdir/day-09)`.
[INFO] [stderr] Colliding filename is: /opt/rustwide/target/debug/part1
[INFO] [stderr] The targets should have unique names.
[INFO] [stderr] Consider changing their names to be unique or compiling them separately.
[INFO] [stderr] This may become a hard error in the future; see <https://github.com/rust-lang/cargo/issues/6313>.
[INFO] [stderr] warning: output filename collision.
[INFO] [stderr] The bin target `part1` in package `day-10 v0.1.0 (/opt/rustwide/workdir/day-10)` has the same output filename as the bin target `part1` in package `day-09 v0.1.0 (/opt/rustwide/workdir/day-09)`.
[INFO] [stderr] Colliding filename is: /opt/rustwide/target/debug/part1.dwp
[INFO] [stderr] The targets should have unique names.
[INFO] [stderr] Consider changing their names to be unique or compiling them separately.
[INFO] [stderr] This may become a hard error in the future; see <https://github.com/rust-lang/cargo/issues/6313>.
[INFO] [stderr] warning: output filename collision.
[INFO] [stderr] The bin target `part2` in package `day-10 v0.1.0 (/opt/rustwide/workdir/day-10)` has the same output filename as the bin target `part2` in package `day-09 v0.1.0 (/opt/rustwide/workdir/day-09)`.
[INFO] [stderr] Colliding filename is: /opt/rustwide/target/debug/part2
[INFO] [stderr] The targets should have unique names.
[INFO] [stderr] Consider changing their names to be unique or compiling them separately.
[INFO] [stderr] This may become a hard error in the future; see <https://github.com/rust-lang/cargo/issues/6313>.
[INFO] [stderr] warning: output filename collision.
[INFO] [stderr] The bin target `part2` in package `day-10 v0.1.0 (/opt/rustwide/workdir/day-10)` has the same output filename as the bin target `part2` in package `day-09 v0.1.0 (/opt/rustwide/workdir/day-09)`.
[INFO] [stderr] Colliding filename is: /opt/rustwide/target/debug/part2.dwp
[INFO] [stderr] The targets should have unique names.
[INFO] [stderr] Consider changing their names to be unique or compiling them separately.
[INFO] [stderr] This may become a hard error in the future; see <https://github.com/rust-lang/cargo/issues/6313>.
[INFO] [stderr] warning: output filename collision.
[INFO] [stderr] The bin target `part1` in package `day-11 v0.1.0 (/opt/rustwide/workdir/day-11)` has the same output filename as the bin target `part1` in package `day-10 v0.1.0 (/opt/rustwide/workdir/day-10)`.
[INFO] [stderr] Colliding filename is: /opt/rustwide/target/debug/part1
[INFO] [stderr] The targets should have unique names.
[INFO] [stderr] Consider changing their names to be unique or compiling them separately.
[INFO] [stderr] This may become a hard error in the future; see <https://github.com/rust-lang/cargo/issues/6313>.
[INFO] [stderr] warning: output filename collision.
[INFO] [stderr] The bin target `part1` in package `day-11 v0.1.0 (/opt/rustwide/workdir/day-11)` has the same output filename as the bin target `part1` in package `day-10 v0.1.0 (/opt/rustwide/workdir/day-10)`.
[INFO] [stderr] Colliding filename is: /opt/rustwide/target/debug/part1.dwp
[INFO] [stderr] The targets should have unique names.
[INFO] [stderr] Consider changing their names to be unique or compiling them separately.
[INFO] [stderr] This may become a hard error in the future; see <https://github.com/rust-lang/cargo/issues/6313>.
[INFO] [stderr] warning: output filename collision.
[INFO] [stderr] The bin target `part2` in package `day-11 v0.1.0 (/opt/rustwide/workdir/day-11)` has the same output filename as the bin target `part2` in package `day-10 v0.1.0 (/opt/rustwide/workdir/day-10)`.
[INFO] [stderr] Colliding filename is: /opt/rustwide/target/debug/part2
[INFO] [stderr] The targets should have unique names.
[INFO] [stderr] Consider changing their names to be unique or compiling them separately.
[INFO] [stderr] This may become a hard error in the future; see <https://github.com/rust-lang/cargo/issues/6313>.
[INFO] [stderr] warning: output filename collision.
[INFO] [stderr] The bin target `part2` in package `day-11 v0.1.0 (/opt/rustwide/workdir/day-11)` has the same output filename as the bin target `part2` in package `day-10 v0.1.0 (/opt/rustwide/workdir/day-10)`.
[INFO] [stderr] Colliding filename is: /opt/rustwide/target/debug/part2.dwp
[INFO] [stderr] The targets should have unique names.
[INFO] [stderr] Consider changing their names to be unique or compiling them separately.
[INFO] [stderr] This may become a hard error in the future; see <https://github.com/rust-lang/cargo/issues/6313>.
[INFO] [stderr] warning: output filename collision.
[INFO] [stderr] The bin target `part1` in package `day-12 v0.1.0 (/opt/rustwide/workdir/day-12)` has the same output filename as the bin target `part1` in package `day-11 v0.1.0 (/opt/rustwide/workdir/day-11)`.
[INFO] [stderr] Colliding filename is: /opt/rustwide/target/debug/part1
[INFO] [stderr] The targets should have unique names.
[INFO] [stderr] Consider changing their names to be unique or compiling them separately.
[INFO] [stderr] This may become a hard error in the future; see <https://github.com/rust-lang/cargo/issues/6313>.
[INFO] [stderr] warning: output filename collision.
[INFO] [stderr] The bin target `part1` in package `day-12 v0.1.0 (/opt/rustwide/workdir/day-12)` has the same output filename as the bin target `part1` in package `day-11 v0.1.0 (/opt/rustwide/workdir/day-11)`.
[INFO] [stderr] Colliding filename is: /opt/rustwide/target/debug/part1.dwp
[INFO] [stderr] The targets should have unique names.
[INFO] [stderr] Consider changing their names to be unique or compiling them separately.
[INFO] [stderr] This may become a hard error in the future; see <https://github.com/rust-lang/cargo/issues/6313>.
[INFO] [stderr] warning: output filename collision.
[INFO] [stderr] The bin target `part2` in package `day-12 v0.1.0 (/opt/rustwide/workdir/day-12)` has the same output filename as the bin target `part2` in package `day-11 v0.1.0 (/opt/rustwide/workdir/day-11)`.
[INFO] [stderr] Colliding filename is: /opt/rustwide/target/debug/part2
[INFO] [stderr] The targets should have unique names.
[INFO] [stderr] Consider changing their names to be unique or compiling them separately.
[INFO] [stderr] This may become a hard error in the future; see <https://github.com/rust-lang/cargo/issues/6313>.
[INFO] [stderr] warning: output filename collision.
[INFO] [stderr] The bin target `part2` in package `day-12 v0.1.0 (/opt/rustwide/workdir/day-12)` has the same output filename as the bin target `part2` in package `day-11 v0.1.0 (/opt/rustwide/workdir/day-11)`.
[INFO] [stderr] Colliding filename is: /opt/rustwide/target/debug/part2.dwp
[INFO] [stderr] The targets should have unique names.
[INFO] [stderr] Consider changing their names to be unique or compiling them separately.
[INFO] [stderr] This may become a hard error in the future; see <https://github.com/rust-lang/cargo/issues/6313>.
[INFO] [stderr] warning: output filename collision.
[INFO] [stderr] The bin target `part1` in package `day-13 v0.1.0 (/opt/rustwide/workdir/day-13)` has the same output filename as the bin target `part1` in package `day-12 v0.1.0 (/opt/rustwide/workdir/day-12)`.
[INFO] [stderr] Colliding filename is: /opt/rustwide/target/debug/part1
[INFO] [stderr] The targets should have unique names.
[INFO] [stderr] Consider changing their names to be unique or compiling them separately.
[INFO] [stderr] This may become a hard error in the future; see <https://github.com/rust-lang/cargo/issues/6313>.
[INFO] [stderr] warning: output filename collision.
[INFO] [stderr] The bin target `part1` in package `day-13 v0.1.0 (/opt/rustwide/workdir/day-13)` has the same output filename as the bin target `part1` in package `day-12 v0.1.0 (/opt/rustwide/workdir/day-12)`.
[INFO] [stderr] Colliding filename is: /opt/rustwide/target/debug/part1.dwp
[INFO] [stderr] The targets should have unique names.
[INFO] [stderr] Consider changing their names to be unique or compiling them separately.
[INFO] [stderr] This may become a hard error in the future; see <https://github.com/rust-lang/cargo/issues/6313>.
[INFO] [stderr] warning: output filename collision.
[INFO] [stderr] The bin target `part2` in package `day-13 v0.1.0 (/opt/rustwide/workdir/day-13)` has the same output filename as the bin target `part2` in package `day-12 v0.1.0 (/opt/rustwide/workdir/day-12)`.
[INFO] [stderr] Colliding filename is: /opt/rustwide/target/debug/part2
[INFO] [stderr] The targets should have unique names.
[INFO] [stderr] Consider changing their names to be unique or compiling them separately.
[INFO] [stderr] This may become a hard error in the future; see <https://github.com/rust-lang/cargo/issues/6313>.
[INFO] [stderr] warning: output filename collision.
[INFO] [stderr] The bin target `part2` in package `day-13 v0.1.0 (/opt/rustwide/workdir/day-13)` has the same output filename as the bin target `part2` in package `day-12 v0.1.0 (/opt/rustwide/workdir/day-12)`.
[INFO] [stderr] Colliding filename is: /opt/rustwide/target/debug/part2.dwp
[INFO] [stderr] The targets should have unique names.
[INFO] [stderr] Consider changing their names to be unique or compiling them separately.
[INFO] [stderr] This may become a hard error in the future; see <https://github.com/rust-lang/cargo/issues/6313>.
[INFO] [stderr] warning: output filename collision.
[INFO] [stderr] The bin target `part1` in package `day-14 v0.1.0 (/opt/rustwide/workdir/day-14)` has the same output filename as the bin target `part1` in package `day-13 v0.1.0 (/opt/rustwide/workdir/day-13)`.
[INFO] [stderr] Colliding filename is: /opt/rustwide/target/debug/part1
[INFO] [stderr] The targets should have unique names.
[INFO] [stderr] Consider changing their names to be unique or compiling them separately.
[INFO] [stderr] This may become a hard error in the future; see <https://github.com/rust-lang/cargo/issues/6313>.
[INFO] [stderr] warning: output filename collision.
[INFO] [stderr] The bin target `part1` in package `day-14 v0.1.0 (/opt/rustwide/workdir/day-14)` has the same output filename as the bin target `part1` in package `day-13 v0.1.0 (/opt/rustwide/workdir/day-13)`.
[INFO] [stderr] Colliding filename is: /opt/rustwide/target/debug/part1.dwp
[INFO] [stderr] The targets should have unique names.
[INFO] [stderr] Consider changing their names to be unique or compiling them separately.
[INFO] [stderr] This may become a hard error in the future; see <https://github.com/rust-lang/cargo/issues/6313>.
[INFO] [stderr] warning: output filename collision.
[INFO] [stderr] The bin target `part2` in package `day-14 v0.1.0 (/opt/rustwide/workdir/day-14)` has the same output filename as the bin target `part2` in package `day-13 v0.1.0 (/opt/rustwide/workdir/day-13)`.
[INFO] [stderr] Colliding filename is: /opt/rustwide/target/debug/part2
[INFO] [stderr] The targets should have unique names.
[INFO] [stderr] Consider changing their names to be unique or compiling them separately.
[INFO] [stderr] This may become a hard error in the future; see <https://github.com/rust-lang/cargo/issues/6313>.
[INFO] [stderr] warning: output filename collision.
[INFO] [stderr] The bin target `part2` in package `day-14 v0.1.0 (/opt/rustwide/workdir/day-14)` has the same output filename as the bin target `part2` in package `day-13 v0.1.0 (/opt/rustwide/workdir/day-13)`.
[INFO] [stderr] Colliding filename is: /opt/rustwide/target/debug/part2.dwp
[INFO] [stderr] The targets should have unique names.
[INFO] [stderr] Consider changing their names to be unique or compiling them separately.
[INFO] [stderr] This may become a hard error in the future; see <https://github.com/rust-lang/cargo/issues/6313>.
[INFO] [stderr] warning: output filename collision.
[INFO] [stderr] The bin target `part1` in package `day-15 v0.1.0 (/opt/rustwide/workdir/day-15)` has the same output filename as the bin target `part1` in package `day-14 v0.1.0 (/opt/rustwide/workdir/day-14)`.
[INFO] [stderr] Colliding filename is: /opt/rustwide/target/debug/part1
[INFO] [stderr] The targets should have unique names.
[INFO] [stderr] Consider changing their names to be unique or compiling them separately.
[INFO] [stderr] This may become a hard error in the future; see <https://github.com/rust-lang/cargo/issues/6313>.
[INFO] [stderr] warning: output filename collision.
[INFO] [stderr] The bin target `part1` in package `day-15 v0.1.0 (/opt/rustwide/workdir/day-15)` has the same output filename as the bin target `part1` in package `day-14 v0.1.0 (/opt/rustwide/workdir/day-14)`.
[INFO] [stderr] Colliding filename is: /opt/rustwide/target/debug/part1.dwp
[INFO] [stderr] The targets should have unique names.
[INFO] [stderr] Consider changing their names to be unique or compiling them separately.
[INFO] [stderr] This may become a hard error in the future; see <https://github.com/rust-lang/cargo/issues/6313>.
[INFO] [stderr] warning: output filename collision.
[INFO] [stderr] The bin target `part1` in package `day-_ v0.1.0 (/opt/rustwide/workdir/day-_)` has the same output filename as the bin target `part1` in package `day-15 v0.1.0 (/opt/rustwide/workdir/day-15)`.
[INFO] [stderr] Colliding filename is: /opt/rustwide/target/debug/part1
[INFO] [stderr] The targets should have unique names.
[INFO] [stderr] Consider changing their names to be unique or compiling them separately.
[INFO] [stderr] This may become a hard error in the future; see <https://github.com/rust-lang/cargo/issues/6313>.
[INFO] [stderr] warning: output filename collision.
[INFO] [stderr] The bin target `part1` in package `day-_ v0.1.0 (/opt/rustwide/workdir/day-_)` has the same output filename as the bin target `part1` in package `day-15 v0.1.0 (/opt/rustwide/workdir/day-15)`.
[INFO] [stderr] Colliding filename is: /opt/rustwide/target/debug/part1.dwp
[INFO] [stderr] The targets should have unique names.
[INFO] [stderr] Consider changing their names to be unique or compiling them separately.
[INFO] [stderr] This may become a hard error in the future; see <https://github.com/rust-lang/cargo/issues/6313>.
[INFO] [stderr]    Compiling minimal-lexical v0.2.1
[INFO] [stderr]    Compiling memchr v2.7.1
[INFO] [stderr]    Compiling proc-macro2 v1.0.86
[INFO] [stderr]    Compiling glam v0.28.0
[INFO] [stderr]    Compiling unicode-ident v1.0.12
[INFO] [stderr]    Compiling autocfg v1.3.0
[INFO] [stderr]    Compiling semver v1.0.23
[INFO] [stderr]    Compiling either v1.13.0
[INFO] [stderr]    Compiling bytecount v0.6.7
[INFO] [stderr]    Compiling thiserror v1.0.61
[INFO] [stderr]    Compiling equivalent v1.0.1
[INFO] [stderr]    Compiling hashbrown v0.14.5
[INFO] [stderr]    Compiling rustc-hash v2.0.0
[INFO] [stderr]    Compiling day-01 v0.1.0 (/opt/rustwide/workdir/day-01)
[INFO] [stderr]    Compiling day-03 v0.1.0 (/opt/rustwide/workdir/day-03)
[INFO] [stderr]    Compiling day-02 v0.1.0 (/opt/rustwide/workdir/day-02)
[INFO] [stderr]    Compiling day-_ v0.1.0 (/opt/rustwide/workdir/day-_)
[INFO] [stdout] warning: unused variable: `input`
[INFO] [stdout]  --> day-_/src/bin/part1.rs:7:12
[INFO] [stdout]   |
[INFO] [stdout] 7 | fn process(input: &str) -> String {
[INFO] [stdout]   |            ^^^^^ help: if this is intentional, prefix it with an underscore: `_input`
[INFO] [stdout]   |
[INFO] [stdout]   = note: `#[warn(unused_variables)]` on by default
[INFO] [stdout] 
[INFO] [stdout] 
[INFO] [stderr]    Compiling itertools v0.13.0
[INFO] [stderr]    Compiling num-traits v0.2.19
[INFO] [stderr]    Compiling indexmap v2.2.6
[INFO] [stderr]    Compiling quote v1.0.36
[INFO] [stderr]    Compiling nom v7.1.3
[INFO] [stderr]    Compiling syn v2.0.68
[INFO] [stderr]    Compiling integer-sqrt v0.1.5
[INFO] [stderr]    Compiling nom_locate v4.2.0
[INFO] [stderr]    Compiling day-07 v0.1.0 (/opt/rustwide/workdir/day-07)
[INFO] [stderr]    Compiling day-04 v0.1.0 (/opt/rustwide/workdir/day-04)
[INFO] [stderr]    Compiling day-13 v0.1.0 (/opt/rustwide/workdir/day-13)
[INFO] [stderr]    Compiling day-11 v0.1.0 (/opt/rustwide/workdir/day-11)
[INFO] [stderr]    Compiling day-10 v0.1.0 (/opt/rustwide/workdir/day-10)
[INFO] [stdout] warning: unused import: `Parser`
[INFO] [stdout]  --> day-10/src/bin/part1.rs:7:14
[INFO] [stdout]   |
[INFO] [stdout] 7 |     IResult, Parser,
[INFO] [stdout]   |              ^^^^^^
[INFO] [stdout]   |
[INFO] [stdout]   = note: `#[warn(unused_imports)]` on by default
[INFO] [stdout] 
[INFO] [stdout] 
[INFO] [stdout] warning: unused import: `Parser`
[INFO] [stdout]  --> day-10/src/bin/part2.rs:7:14
[INFO] [stdout]   |
[INFO] [stdout] 7 |     IResult, Parser,
[INFO] [stdout]   |              ^^^^^^
[INFO] [stdout]   |
[INFO] [stdout]   = note: `#[warn(unused_imports)]` on by default
[INFO] [stdout] 
[INFO] [stdout] 
[INFO] [stdout] warning: unused imports: `anychar` and `take`
[INFO] [stdout]  --> day-11/src/bin/part1.rs:5:28
[INFO] [stdout]   |
[INFO] [stdout] 5 |     bytes::complete::{tag, take, take_until},
[INFO] [stdout]   |                            ^^^^
[INFO] [stdout] 6 |     character::complete::{self, anychar, newline},
[INFO] [stdout]   |                                 ^^^^^^^
[INFO] [stdout]   |
[INFO] [stdout]   = note: `#[warn(unused_imports)]` on by default
[INFO] [stdout] 
[INFO] [stdout] 
[INFO] [stdout] warning: unused imports: `anychar` and `take`
[INFO] [stdout]  --> day-11/src/bin/part2.rs:5:28
[INFO] [stdout]   |
[INFO] [stdout] 5 |     bytes::complete::{tag, take, take_until},
[INFO] [stdout]   |                            ^^^^
[INFO] [stdout] 6 |     character::complete::{self, anychar, newline},
[INFO] [stdout]   |                                 ^^^^^^^
[INFO] [stdout]   |
[INFO] [stdout]   = note: `#[warn(unused_imports)]` on by default
[INFO] [stdout] 
[INFO] [stdout] 
[INFO] [stderr]    Compiling day-05 v0.1.0 (/opt/rustwide/workdir/day-05)
[INFO] [stderr]    Compiling day-06 v0.1.0 (/opt/rustwide/workdir/day-06)
[INFO] [stdout] warning: variable does not need to be mutable
[INFO] [stdout]   --> day-10/src/bin/part2.rs:55:9
[INFO] [stdout]    |
[INFO] [stdout] 55 |     let mut signal_strengths = vec![];
[INFO] [stdout]    |         ----^^^^^^^^^^^^^^^^
[INFO] [stdout]    |         |
[INFO] [stdout]    |         help: remove this `mut`
[INFO] [stdout]    |
[INFO] [stdout]    = note: `#[warn(unused_mut)]` on by default
[INFO] [stdout] 
[INFO] [stdout] 
[INFO] [stderr]    Compiling day-08 v0.1.0 (/opt/rustwide/workdir/day-08)
[INFO] [stderr]    Compiling day-09 v0.1.0 (/opt/rustwide/workdir/day-09)
[INFO] [stdout] warning: function `is_visible` is never used
[INFO] [stdout]  --> day-08/src/bin/part1.rs:7:4
[INFO] [stdout]   |
[INFO] [stdout] 7 | fn is_visible(grid: &[Vec<u8>], tree_x: usize, tree_y: usize) -> bool {
[INFO] [stdout]   |    ^^^^^^^^^^
[INFO] [stdout]   |
[INFO] [stdout]   = note: `#[warn(dead_code)]` on by default
[INFO] [stdout] 
[INFO] [stdout] 
[INFO] [stderr]    Compiling day-14 v0.1.0 (/opt/rustwide/workdir/day-14)
[INFO] [stderr]    Compiling day-15 v0.1.0 (/opt/rustwide/workdir/day-15)
[INFO] [stdout] warning: unused import: `std::collections::HashSet`
[INFO] [stdout]  --> day-15/src/bin/part1.rs:1:5
[INFO] [stdout]   |
[INFO] [stdout] 1 | use std::collections::HashSet;
[INFO] [stdout]   |     ^^^^^^^^^^^^^^^^^^^^^^^^^
[INFO] [stdout]   |
[INFO] [stdout]   = note: `#[warn(unused_imports)]` on by default
[INFO] [stdout] 
[INFO] [stdout] 
[INFO] [stdout] warning: function `is_visible` is never used
[INFO] [stdout]  --> day-08/src/bin/part2.rs:7:4
[INFO] [stdout]   |
[INFO] [stdout] 7 | fn is_visible(grid: &[Vec<u8>], tree_x: usize, tree_y: usize) -> bool {
[INFO] [stdout]   |    ^^^^^^^^^^
[INFO] [stdout]   |
[INFO] [stdout]   = note: `#[warn(dead_code)]` on by default
[INFO] [stdout] 
[INFO] [stdout] 
[INFO] [stdout] warning: unused variable: `lowest_y`
[INFO] [stdout]   --> day-14/src/bin/part2.rs:88:13
[INFO] [stdout]    |
[INFO] [stdout] 88 |         let lowest_y = self.grid.keys().map(|position| position.y).max().unwrap();
[INFO] [stdout]    |             ^^^^^^^^ help: if this is intentional, prefix it with an underscore: `_lowest_y`
[INFO] [stdout]    |
[INFO] [stdout]    = note: `#[warn(unused_variables)]` on by default
[INFO] [stdout] 
[INFO] [stdout] 
[INFO] [stdout] warning: unused variable: `y_min`
[INFO] [stdout]    --> day-14/src/bin/part2.rs:126:13
[INFO] [stdout]     |
[INFO] [stdout] 126 |         let y_min = self.grid.keys().map(|point| point.y).min().unwrap();
[INFO] [stdout]     |             ^^^^^ help: if this is intentional, prefix it with an underscore: `_y_min`
[INFO] [stdout] 
[INFO] [stdout] 
[INFO] [stdout] warning: unused variable: `input`
[INFO] [stdout]    --> day-14/src/bin/part2.rs:156:10
[INFO] [stdout]     |
[INFO] [stdout] 156 |     let (input, path_points) = parse(input).expect("should parse");
[INFO] [stdout]     |          ^^^^^ help: if this is intentional, prefix it with an underscore: `_input`
[INFO] [stdout] 
[INFO] [stdout] 
[INFO] [stdout] warning: unused variable: `input`
[INFO] [stdout]   --> day-15/src/bin/part1.rs:51:10
[INFO] [stdout]    |
[INFO] [stdout] 51 |     let (input, sensors) = parse(input).expect("should parse");
[INFO] [stdout]    |          ^^^^^ help: if this is intentional, prefix it with an underscore: `_input`
[INFO] [stdout]    |
[INFO] [stdout]    = note: `#[warn(unused_variables)]` on by default
[INFO] [stdout] 
[INFO] [stdout] 
[INFO] [stdout] warning: unused variable: `input`
[INFO] [stdout]    --> day-14/src/bin/part1.rs:145:10
[INFO] [stdout]     |
[INFO] [stdout] 145 |     let (input, path_points) = parse(input).expect("should parse");
[INFO] [stdout]     |          ^^^^^ help: if this is intentional, prefix it with an underscore: `_input`
[INFO] [stdout]     |
[INFO] [stdout]     = note: `#[warn(unused_variables)]` on by default
[INFO] [stdout] 
[INFO] [stdout] 
[INFO] [stderr]    Compiling thiserror-impl v1.0.61
[INFO] [stderr]    Compiling deprecate-until v0.1.1
[INFO] [stderr]    Compiling pathfinding v4.10.0
[INFO] [stderr]    Compiling day-12 v0.1.0 (/opt/rustwide/workdir/day-12)
[INFO] [stdout] warning: struct `Puzzle` is never constructed
[INFO] [stdout]   --> day-12/src/bin/part1.rs:10:8
[INFO] [stdout]    |
[INFO] [stdout] 10 | struct Puzzle {
[INFO] [stdout]    |        ^^^^^^
[INFO] [stdout]    |
[INFO] [stdout]    = note: `#[warn(dead_code)]` on by default
[INFO] [stdout] 
[INFO] [stdout] 
[INFO] [stdout] warning: struct `Puzzle` is never constructed
[INFO] [stdout]   --> day-12/src/bin/part2.rs:10:8
[INFO] [stdout]    |
[INFO] [stdout] 10 | struct Puzzle {
[INFO] [stdout]    |        ^^^^^^
[INFO] [stdout]    |
[INFO] [stdout]    = note: `#[warn(dead_code)]` on by default
[INFO] [stdout] 
[INFO] [stdout] 
[INFO] [stderr]     Finished `dev` profile [unoptimized + debuginfo] target(s) in 12.21s
[INFO] running `Command { std: "docker" "inspect" "fb17079634623ebe691ac858b1e1c1c5424bc55da94ad28683da10936e795365", kill_on_drop: false }`
[INFO] running `Command { std: "docker" "rm" "-f" "fb17079634623ebe691ac858b1e1c1c5424bc55da94ad28683da10936e795365", kill_on_drop: false }`
[INFO] [stdout] fb17079634623ebe691ac858b1e1c1c5424bc55da94ad28683da10936e795365
[INFO] running `Command { std: "docker" "create" "-v" "/var/lib/crater-agent-workspace/builds/worker-1-tc1/target:/opt/rustwide/target:rw,Z" "-v" "/var/lib/crater-agent-workspace/builds/worker-1-tc1/source:/opt/rustwide/workdir:ro,Z" "-v" "/var/lib/crater-agent-workspace/cargo-home:/opt/rustwide/cargo-home:ro,Z" "-v" "/var/lib/crater-agent-workspace/rustup-home:/opt/rustwide/rustup-home:ro,Z" "-e" "SOURCE_DIR=/opt/rustwide/workdir" "-e" "CARGO_TARGET_DIR=/opt/rustwide/target" "-e" "CARGO_INCREMENTAL=0" "-e" "RUST_BACKTRACE=full" "-e" "RUSTFLAGS=--cap-lints=forbid" "-e" "RUSTDOCFLAGS=--cap-lints=forbid" "-e" "CARGO_HOME=/opt/rustwide/cargo-home" "-e" "RUSTUP_HOME=/opt/rustwide/rustup-home" "-w" "/opt/rustwide/workdir" "-m" "1610612736" "--user" "0:0" "--network" "none" "ghcr.io/rust-lang/crates-build-env/linux@sha256:819108c5571ea2e421544af4d832f968d213c87fbe3707a016657f43d2f853bc" "/opt/rustwide/cargo-home/bin/cargo" "+nightly-2025-01-18" "test" "--frozen" "--no-run" "--message-format=json", kill_on_drop: false }`
[INFO] [stdout] b5925f468b99f26d08f3b94436be939bc84c482141375f647d3bb71396d3bb35
[INFO] running `Command { std: "docker" "start" "-a" "b5925f468b99f26d08f3b94436be939bc84c482141375f647d3bb71396d3bb35", kill_on_drop: false }`
[INFO] [stderr]    Compiling day-12 v0.1.0 (/opt/rustwide/workdir/day-12)
[INFO] [stderr]    Compiling day-06 v0.1.0 (/opt/rustwide/workdir/day-06)
[INFO] [stderr]    Compiling day-05 v0.1.0 (/opt/rustwide/workdir/day-05)
[INFO] [stderr]    Compiling day-07 v0.1.0 (/opt/rustwide/workdir/day-07)
[INFO] [stderr]    Compiling day-14 v0.1.0 (/opt/rustwide/workdir/day-14)
[INFO] [stderr]    Compiling day-15 v0.1.0 (/opt/rustwide/workdir/day-15)
[INFO] [stderr]    Compiling day-08 v0.1.0 (/opt/rustwide/workdir/day-08)
[INFO] [stderr]    Compiling day-09 v0.1.0 (/opt/rustwide/workdir/day-09)
[INFO] [stderr]    Compiling day-11 v0.1.0 (/opt/rustwide/workdir/day-11)
[INFO] [stdout] warning: unused import: `std::collections::HashSet`
[INFO] [stdout]  --> day-15/src/bin/part1.rs:1:5
[INFO] [stdout]   |
[INFO] [stdout] 1 | use std::collections::HashSet;
[INFO] [stdout]   |     ^^^^^^^^^^^^^^^^^^^^^^^^^
[INFO] [stdout]   |
[INFO] [stdout]   = note: `#[warn(unused_imports)]` on by default
[INFO] [stdout] 
[INFO] [stdout] 
[INFO] [stdout] warning: struct `Puzzle` is never constructed
[INFO] [stdout]   --> day-12/src/bin/part1.rs:10:8
[INFO] [stdout]    |
[INFO] [stdout] 10 | struct Puzzle {
[INFO] [stdout]    |        ^^^^^^
[INFO] [stdout]    |
[INFO] [stdout]    = note: `#[warn(dead_code)]` on by default
[INFO] [stdout] 
[INFO] [stdout] 
[INFO] [stdout] warning: unused imports: `anychar` and `take`
[INFO] [stdout]  --> day-11/src/bin/part1.rs:5:28
[INFO] [stdout]   |
[INFO] [stdout] 5 |     bytes::complete::{tag, take, take_until},
[INFO] [stdout]   |                            ^^^^
[INFO] [stdout] 6 |     character::complete::{self, anychar, newline},
[INFO] [stdout]   |                                 ^^^^^^^
[INFO] [stdout]   |
[INFO] [stdout]   = note: `#[warn(unused_imports)]` on by default
[INFO] [stdout] 
[INFO] [stdout] 
[INFO] [stdout] warning: function `is_visible` is never used
[INFO] [stdout]  --> day-08/src/bin/part1.rs:7:4
[INFO] [stdout]   |
[INFO] [stdout] 7 | fn is_visible(grid: &[Vec<u8>], tree_x: usize, tree_y: usize) -> bool {
[INFO] [stdout]   |    ^^^^^^^^^^
[INFO] [stdout]   |
[INFO] [stdout]   = note: `#[warn(dead_code)]` on by default
[INFO] [stdout] 
[INFO] [stdout] 
[INFO] [stdout] warning: function `is_visible` is never used
[INFO] [stdout]  --> day-08/src/bin/part2.rs:7:4
[INFO] [stdout]   |
[INFO] [stdout] 7 | fn is_visible(grid: &[Vec<u8>], tree_x: usize, tree_y: usize) -> bool {
[INFO] [stdout]   |    ^^^^^^^^^^
[INFO] [stdout]   |
[INFO] [stdout]   = note: `#[warn(dead_code)]` on by default
[INFO] [stdout] 
[INFO] [stdout] 
[INFO] [stdout] warning: struct `Puzzle` is never constructed
[INFO] [stdout]   --> day-12/src/bin/part2.rs:10:8
[INFO] [stdout]    |
[INFO] [stdout] 10 | struct Puzzle {
[INFO] [stdout]    |        ^^^^^^
[INFO] [stdout]    |
[INFO] [stdout]    = note: `#[warn(dead_code)]` on by default
[INFO] [stdout] 
[INFO] [stdout] 
[INFO] [stdout] warning: unused variable: `input`
[INFO] [stdout]    --> day-14/src/bin/part1.rs:145:10
[INFO] [stdout]     |
[INFO] [stdout] 145 |     let (input, path_points) = parse(input).expect("should parse");
[INFO] [stdout]     |          ^^^^^ help: if this is intentional, prefix it with an underscore: `_input`
[INFO] [stdout]     |
[INFO] [stdout]     = note: `#[warn(unused_variables)]` on by default
[INFO] [stdout] 
[INFO] [stdout] 
[INFO] [stdout] warning: unused variable: `input`
[INFO] [stdout]   --> day-15/src/bin/part1.rs:51:10
[INFO] [stdout]    |
[INFO] [stdout] 51 |     let (input, sensors) = parse(input).expect("should parse");
[INFO] [stdout]    |          ^^^^^ help: if this is intentional, prefix it with an underscore: `_input`
[INFO] [stdout]    |
[INFO] [stdout]    = note: `#[warn(unused_variables)]` on by default
[INFO] [stdout] 
[INFO] [stdout] 
[INFO] [stdout] warning: unused variable: `lowest_y`
[INFO] [stdout]   --> day-14/src/bin/part2.rs:88:13
[INFO] [stdout]    |
[INFO] [stdout] 88 |         let lowest_y = self.grid.keys().map(|position| position.y).max().unwrap();
[INFO] [stdout]    |             ^^^^^^^^ help: if this is intentional, prefix it with an underscore: `_lowest_y`
[INFO] [stdout]    |
[INFO] [stdout]    = note: `#[warn(unused_variables)]` on by default
[INFO] [stdout] 
[INFO] [stdout] 
[INFO] [stdout] warning: unused variable: `y_min`
[INFO] [stdout]    --> day-14/src/bin/part2.rs:126:13
[INFO] [stdout]     |
[INFO] [stdout] 126 |         let y_min = self.grid.keys().map(|point| point.y).min().unwrap();
[INFO] [stdout]     |             ^^^^^ help: if this is intentional, prefix it with an underscore: `_y_min`
[INFO] [stdout] 
[INFO] [stdout] 
[INFO] [stdout] warning: unused variable: `input`
[INFO] [stdout]    --> day-14/src/bin/part2.rs:156:10
[INFO] [stdout]     |
[INFO] [stdout] 156 |     let (input, path_points) = parse(input).expect("should parse");
[INFO] [stdout]     |          ^^^^^ help: if this is intentional, prefix it with an underscore: `_input`
[INFO] [stdout] 
[INFO] [stdout] 
[INFO] [stderr]    Compiling day-10 v0.1.0 (/opt/rustwide/workdir/day-10)
[INFO] [stdout] warning: unused import: `Parser`
[INFO] [stdout]  --> day-10/src/bin/part1.rs:7:14
[INFO] [stdout]   |
[INFO] [stdout] 7 |     IResult, Parser,
[INFO] [stdout]   |              ^^^^^^
[INFO] [stdout]   |
[INFO] [stdout]   = note: `#[warn(unused_imports)]` on by default
[INFO] [stdout] 
[INFO] [stdout] 
[INFO] [stdout] warning: unused import: `Parser`
[INFO] [stdout]  --> day-10/src/bin/part2.rs:7:14
[INFO] [stdout]   |
[INFO] [stdout] 7 |     IResult, Parser,
[INFO] [stdout]   |              ^^^^^^
[INFO] [stdout]   |
[INFO] [stdout]   = note: `#[warn(unused_imports)]` on by default
[INFO] [stdout] 
[INFO] [stdout] 
[INFO] [stderr]    Compiling day-04 v0.1.0 (/opt/rustwide/workdir/day-04)
[INFO] [stderr]    Compiling day-13 v0.1.0 (/opt/rustwide/workdir/day-13)
[INFO] [stdout] warning: variable does not need to be mutable
[INFO] [stdout]   --> day-10/src/bin/part2.rs:55:9
[INFO] [stdout]    |
[INFO] [stdout] 55 |     let mut signal_strengths = vec![];
[INFO] [stdout]    |         ----^^^^^^^^^^^^^^^^
[INFO] [stdout]    |         |
[INFO] [stdout]    |         help: remove this `mut`
[INFO] [stdout]    |
[INFO] [stdout]    = note: `#[warn(unused_mut)]` on by default
[INFO] [stdout] 
[INFO] [stdout] 
[INFO] [stderr]    Compiling day-03 v0.1.0 (/opt/rustwide/workdir/day-03)
[INFO] [stdout] warning: unused imports: `anychar` and `take`
[INFO] [stdout]  --> day-11/src/bin/part2.rs:5:28
[INFO] [stdout]   |
[INFO] [stdout] 5 |     bytes::complete::{tag, take, take_until},
[INFO] [stdout]   |                            ^^^^
[INFO] [stdout] 6 |     character::complete::{self, anychar, newline},
[INFO] [stdout]   |                                 ^^^^^^^
[INFO] [stdout]   |
[INFO] [stdout]   = note: `#[warn(unused_imports)]` on by default
[INFO] [stdout] 
[INFO] [stdout] 
[INFO] [stderr]    Compiling day-02 v0.1.0 (/opt/rustwide/workdir/day-02)
[INFO] [stderr]    Compiling day-01 v0.1.0 (/opt/rustwide/workdir/day-01)
[INFO] [stderr]    Compiling day-_ v0.1.0 (/opt/rustwide/workdir/day-_)
[INFO] [stdout] warning: unused variable: `input`
[INFO] [stdout]  --> day-_/src/bin/part1.rs:7:12
[INFO] [stdout]   |
[INFO] [stdout] 7 | fn process(input: &str) -> String {
[INFO] [stdout]   |            ^^^^^ help: if this is intentional, prefix it with an underscore: `_input`
[INFO] [stdout]   |
[INFO] [stdout]   = note: `#[warn(unused_variables)]` on by default
[INFO] [stdout] 
[INFO] [stdout] 
[INFO] [stderr]     Finished `test` profile [unoptimized + debuginfo] target(s) in 5.03s
[INFO] running `Command { std: "docker" "inspect" "b5925f468b99f26d08f3b94436be939bc84c482141375f647d3bb71396d3bb35", kill_on_drop: false }`
[INFO] running `Command { std: "docker" "rm" "-f" "b5925f468b99f26d08f3b94436be939bc84c482141375f647d3bb71396d3bb35", kill_on_drop: false }`
[INFO] [stdout] b5925f468b99f26d08f3b94436be939bc84c482141375f647d3bb71396d3bb35
[INFO] running `Command { std: "docker" "create" "-v" "/var/lib/crater-agent-workspace/builds/worker-1-tc1/target:/opt/rustwide/target:rw,Z" "-v" "/var/lib/crater-agent-workspace/builds/worker-1-tc1/source:/opt/rustwide/workdir:ro,Z" "-v" "/var/lib/crater-agent-workspace/cargo-home:/opt/rustwide/cargo-home:ro,Z" "-v" "/var/lib/crater-agent-workspace/rustup-home:/opt/rustwide/rustup-home:ro,Z" "-e" "SOURCE_DIR=/opt/rustwide/workdir" "-e" "CARGO_TARGET_DIR=/opt/rustwide/target" "-e" "CARGO_INCREMENTAL=0" "-e" "RUST_BACKTRACE=full" "-e" "RUSTFLAGS=--cap-lints=forbid" "-e" "RUSTDOCFLAGS=--cap-lints=forbid" "-e" "CARGO_HOME=/opt/rustwide/cargo-home" "-e" "RUSTUP_HOME=/opt/rustwide/rustup-home" "-w" "/opt/rustwide/workdir" "-m" "1610612736" "--user" "0:0" "--network" "none" "ghcr.io/rust-lang/crates-build-env/linux@sha256:819108c5571ea2e421544af4d832f968d213c87fbe3707a016657f43d2f853bc" "/opt/rustwide/cargo-home/bin/cargo" "+nightly-2025-01-18" "test" "--frozen", kill_on_drop: false }`
[INFO] [stdout] 8709f937ee8ba0cd3fb6f274b0262b9337bc5ec36aae8fea9d5872067c13779b
[INFO] running `Command { std: "docker" "start" "-a" "8709f937ee8ba0cd3fb6f274b0262b9337bc5ec36aae8fea9d5872067c13779b", kill_on_drop: false }`
[INFO] [stderr] warning: unused imports: `anychar` and `take`
[INFO] [stderr]  --> day-11/src/bin/part2.rs:5:28
[INFO] [stderr]   |
[INFO] [stderr] 5 |     bytes::complete::{tag, take, take_until},
[INFO] [stderr]   |                            ^^^^
[INFO] [stderr] 6 |     character::complete::{self, anychar, newline},
[INFO] [stderr]   |                                 ^^^^^^^
[INFO] [stderr]   |
[INFO] [stderr]   = note: `#[warn(unused_imports)]` on by default
[INFO] [stderr] 
[INFO] [stderr] warning: unused imports: `anychar` and `take`
[INFO] [stderr]  --> day-11/src/bin/part1.rs:5:28
[INFO] [stderr]   |
[INFO] [stderr] 5 |     bytes::complete::{tag, take, take_until},
[INFO] [stderr]   |                            ^^^^
[INFO] [stderr] 6 |     character::complete::{self, anychar, newline},
[INFO] [stderr]   |                                 ^^^^^^^
[INFO] [stderr]   |
[INFO] [stderr]   = note: `#[warn(unused_imports)]` on by default
[INFO] [stderr] 
[INFO] [stderr] warning: `day-11` (bin "part2" test) generated 1 warning (run `cargo fix --bin "part2" --tests` to apply 1 suggestion)
[INFO] [stderr] warning: `day-11` (bin "part1" test) generated 1 warning (run `cargo fix --bin "part1" --tests` to apply 1 suggestion)
[INFO] [stderr] warning: function `is_visible` is never used
[INFO] [stderr]  --> day-08/src/bin/part2.rs:7:4
[INFO] [stderr]   |
[INFO] [stderr] 7 | fn is_visible(grid: &[Vec<u8>], tree_x: usize, tree_y: usize) -> bool {
[INFO] [stderr]   |    ^^^^^^^^^^
[INFO] [stderr]   |
[INFO] [stderr]   = note: `#[warn(dead_code)]` on by default
[INFO] [stderr] 
[INFO] [stderr] warning: function `is_visible` is never used
[INFO] [stderr]  --> day-08/src/bin/part1.rs:7:4
[INFO] [stderr]   |
[INFO] [stderr] 7 | fn is_visible(grid: &[Vec<u8>], tree_x: usize, tree_y: usize) -> bool {
[INFO] [stderr]   |    ^^^^^^^^^^
[INFO] [stderr]   |
[INFO] [stderr]   = note: `#[warn(dead_code)]` on by default
[INFO] [stderr] 
[INFO] [stderr] warning: unused import: `Parser`
[INFO] [stderr]  --> day-10/src/bin/part2.rs:7:14
[INFO] [stderr]   |
[INFO] [stderr] 7 |     IResult, Parser,
[INFO] [stderr]   |              ^^^^^^
[INFO] [stderr]   |
[INFO] [stderr]   = note: `#[warn(unused_imports)]` on by default
[INFO] [stderr] 
[INFO] [stderr] warning: variable does not need to be mutable
[INFO] [stderr]   --> day-10/src/bin/part2.rs:55:9
[INFO] [stderr]    |
[INFO] [stderr] 55 |     let mut signal_strengths = vec![];
[INFO] [stderr]    |         ----^^^^^^^^^^^^^^^^
[INFO] [stderr]    |         |
[INFO] [stderr]    |         help: remove this `mut`
[INFO] [stderr]    |
[INFO] [stderr]    = note: `#[warn(unused_mut)]` on by default
[INFO] [stderr] 
[INFO] [stderr] warning: unused import: `Parser`
[INFO] [stderr]  --> day-10/src/bin/part1.rs:7:14
[INFO] [stderr]   |
[INFO] [stderr] 7 |     IResult, Parser,
[INFO] [stderr]   |              ^^^^^^
[INFO] [stderr]   |
[INFO] [stderr]   = note: `#[warn(unused_imports)]` on by default
[INFO] [stderr] 
[INFO] [stderr] warning: `day-08` (bin "part2" test) generated 1 warning
[INFO] [stderr] warning: `day-08` (bin "part1" test) generated 1 warning
[INFO] [stderr] warning: `day-10` (bin "part2" test) generated 2 warnings (run `cargo fix --bin "part2" --tests` to apply 2 suggestions)
[INFO] [stderr] warning: `day-10` (bin "part1" test) generated 1 warning (run `cargo fix --bin "part1" --tests` to apply 1 suggestion)
[INFO] [stderr] warning: unused variable: `input`
[INFO] [stderr]    --> day-14/src/bin/part1.rs:145:10
[INFO] [stderr]     |
[INFO] [stderr] 145 |     let (input, path_points) = parse(input).expect("should parse");
[INFO] [stderr]     |          ^^^^^ help: if this is intentional, prefix it with an underscore: `_input`
[INFO] [stderr]     |
[INFO] [stderr]     = note: `#[warn(unused_variables)]` on by default
[INFO] [stderr] 
[INFO] [stderr] warning: unused import: `std::collections::HashSet`
[INFO] [stderr]  --> day-15/src/bin/part1.rs:1:5
[INFO] [stderr]   |
[INFO] [stderr] 1 | use std::collections::HashSet;
[INFO] [stderr]   |     ^^^^^^^^^^^^^^^^^^^^^^^^^
[INFO] [stderr]   |
[INFO] [stderr]   = note: `#[warn(unused_imports)]` on by default
[INFO] [stderr] 
[INFO] [stderr] warning: unused variable: `input`
[INFO] [stderr]   --> day-15/src/bin/part1.rs:51:10
[INFO] [stderr]    |
[INFO] [stderr] 51 |     let (input, sensors) = parse(input).expect("should parse");
[INFO] [stderr]    |          ^^^^^ help: if this is intentional, prefix it with an underscore: `_input`
[INFO] [stderr]    |
[INFO] [stderr]    = note: `#[warn(unused_variables)]` on by default
[INFO] [stderr] 
[INFO] [stderr] warning: unused variable: `lowest_y`
[INFO] [stderr]   --> day-14/src/bin/part2.rs:88:13
[INFO] [stderr]    |
[INFO] [stderr] 88 |         let lowest_y = self.grid.keys().map(|position| position.y).max().unwrap();
[INFO] [stderr]    |             ^^^^^^^^ help: if this is intentional, prefix it with an underscore: `_lowest_y`
[INFO] [stderr]    |
[INFO] [stderr]    = note: `#[warn(unused_variables)]` on by default
[INFO] [stderr] 
[INFO] [stderr] warning: unused variable: `y_min`
[INFO] [stderr]    --> day-14/src/bin/part2.rs:126:13
[INFO] [stderr]     |
[INFO] [stderr] 126 |         let y_min = self.grid.keys().map(|point| point.y).min().unwrap();
[INFO] [stderr]     |             ^^^^^ help: if this is intentional, prefix it with an underscore: `_y_min`
[INFO] [stderr] 
[INFO] [stderr] warning: unused variable: `input`
[INFO] [stderr]    --> day-14/src/bin/part2.rs:156:10
[INFO] [stderr]     |
[INFO] [stderr] 156 |     let (input, path_points) = parse(input).expect("should parse");
[INFO] [stderr]     |          ^^^^^ help: if this is intentional, prefix it with an underscore: `_input`
[INFO] [stderr] 
[INFO] [stderr] warning: `day-14` (bin "part1" test) generated 1 warning
[INFO] [stderr] warning: `day-15` (bin "part1" test) generated 2 warnings (run `cargo fix --bin "part1" --tests` to apply 1 suggestion)
[INFO] [stderr] warning: `day-14` (bin "part2" test) generated 3 warnings
[INFO] [stderr] warning: unused variable: `input`
[INFO] [stderr]  --> day-_/src/bin/part1.rs:7:12
[INFO] [stderr]   |
[INFO] [stderr] 7 | fn process(input: &str) -> String {
[INFO] [stderr]   |            ^^^^^ help: if this is intentional, prefix it with an underscore: `_input`
[INFO] [stderr]   |
[INFO] [stderr]   = note: `#[warn(unused_variables)]` on by default
[INFO] [stderr] 
[INFO] [stderr] warning: `day-_` (bin "part1" test) generated 1 warning
[INFO] [stderr] warning: struct `Puzzle` is never constructed
[INFO] [stderr]   --> day-12/src/bin/part2.rs:10:8
[INFO] [stderr]    |
[INFO] [stderr] 10 | struct Puzzle {
[INFO] [stderr]    |        ^^^^^^
[INFO] [stderr]    |
[INFO] [stderr]    = note: `#[warn(dead_code)]` on by default
[INFO] [stderr] 
[INFO] [stderr] warning: struct `Puzzle` is never constructed
[INFO] [stderr]   --> day-12/src/bin/part1.rs:10:8
[INFO] [stderr]    |
[INFO] [stderr] 10 | struct Puzzle {
[INFO] [stderr]    |        ^^^^^^
[INFO] [stderr]    |
[INFO] [stderr]    = note: `#[warn(dead_code)]` on by default
[INFO] [stderr] 
[INFO] [stderr] warning: `day-12` (bin "part2" test) generated 1 warning
[INFO] [stderr] warning: `day-12` (bin "part1" test) generated 1 warning
[INFO] [stderr]     Finished `test` profile [unoptimized + debuginfo] target(s) in 0.11s
[INFO] [stderr]      Running unittests src/bin/part1.rs (/opt/rustwide/target/debug/deps/part1-47c7cf2242cf52fc)
[INFO] [stdout] 
[INFO] [stdout] running 1 test
[INFO] [stdout] test tests::example ... ok
[INFO] [stdout] 
[INFO] [stdout] test result: ok. 1 passed; 0 failed; 0 ignored; 0 measured; 0 filtered out; finished in 0.00s
[INFO] [stdout] 
[INFO] [stderr]      Running unittests src/bin/part2.rs (/opt/rustwide/target/debug/deps/part2-b72347578767d5f4)
[INFO] [stdout] 
[INFO] [stdout] running 1 test
[INFO] [stdout] test tests::example ... ok
[INFO] [stdout] 
[INFO] [stdout] test result: ok. 1 passed; 0 failed; 0 ignored; 0 measured; 0 filtered out; finished in 0.00s
[INFO] [stdout] 
[INFO] [stderr]      Running unittests src/bin/part1.rs (/opt/rustwide/target/debug/deps/part1-e04ab0f9afe2232e)
[INFO] [stdout] 
[INFO] [stdout] running 1 test
[INFO] [stdout] test tests::example ... ok
[INFO] [stdout] 
[INFO] [stdout] test result: ok. 1 passed; 0 failed; 0 ignored; 0 measured; 0 filtered out; finished in 0.00s
[INFO] [stdout] 
[INFO] [stderr]      Running unittests src/bin/part2.rs (/opt/rustwide/target/debug/deps/part2-53b479940bf8c13c)
[INFO] [stdout] 
[INFO] [stdout] running 1 test
[INFO] [stderr]      Running unittests src/bin/part1.rs (/opt/rustwide/target/debug/deps/part1-8fc04f4d45dddfc4)
[INFO] [stdout] test tests::example ... ok
[INFO] [stdout] 
[INFO] [stdout] test result: ok. 1 passed; 0 failed; 0 ignored; 0 measured; 0 filtered out; finished in 0.00s
[INFO] [stdout] 
[INFO] [stdout] 
[INFO] [stdout] running 1 test
[INFO] [stdout] test tests::example ... ok
[INFO] [stdout] 
[INFO] [stdout] test result: ok. 1 passed; 0 failed; 0 ignored; 0 measured; 0 filtered out; finished in 0.00s
[INFO] [stdout] 
[INFO] [stdout] 
[INFO] [stderr]      Running unittests src/bin/part2.rs (/opt/rustwide/target/debug/deps/part2-9829576d5b29d9dd)
[INFO] [stdout] running 1 test
[INFO] [stdout] test tests::example ... ok
[INFO] [stdout] 
[INFO] [stderr]      Running unittests src/bin/part1.rs (/opt/rustwide/target/debug/deps/part1-1a17ee84950b4024)
[INFO] [stdout] test result: ok. 1 passed; 0 failed; 0 ignored; 0 measured; 0 filtered out; finished in 0.01s
[INFO] [stdout] 
[INFO] [stdout] 
[INFO] [stdout] running 1 test
[INFO] [stderr]      Running unittests src/bin/part2.rs (/opt/rustwide/target/debug/deps/part2-fbd8ba622ffddf59)
[INFO] [stdout] test tests::example ... ok
[INFO] [stdout] 
[INFO] [stdout] test result: ok. 1 passed; 0 failed; 0 ignored; 0 measured; 0 filtered out; finished in 0.00s
[INFO] [stdout] 
[INFO] [stdout] 
[INFO] [stdout] running 1 test
[INFO] [stdout] test tests::example ... ok
[INFO] [stdout] 
[INFO] [stdout] test result: ok. 1 passed; 0 failed; 0 ignored; 0 measured; 0 filtered out; finished in 0.00s
[INFO] [stdout] 
[INFO] [stderr]      Running unittests src/bin/part1.rs (/opt/rustwide/target/debug/deps/part1-aaee31f7ac15826f)
[INFO] [stdout] 
[INFO] [stdout] running 1 test
[INFO] [stdout] test tests::example ... ok
[INFO] [stderr]      Running unittests src/bin/part2.rs (/opt/rustwide/target/debug/deps/part2-ac780ff34a4f2746)
[INFO] [stdout] 
[INFO] [stdout] test result: ok. 1 passed; 0 failed; 0 ignored; 0 measured; 0 filtered out; finished in 0.01s
[INFO] [stdout] 
[INFO] [stdout] 
[INFO] [stdout] running 1 test
[INFO] [stdout] test tests::example ... ok
[INFO] [stdout] 
[INFO] [stdout] test result: ok. 1 passed; 0 failed; 0 ignored; 0 measured; 0 filtered out; finished in 0.00s
[INFO] [stdout] 
[INFO] [stderr]      Running unittests src/bin/part1.rs (/opt/rustwide/target/debug/deps/part1-d98d7df7eddc57a5)
[INFO] [stdout] 
[INFO] [stdout] running 1 test
[INFO] [stdout] test tests::example ... ok
[INFO] [stdout] 
[INFO] [stdout] test result: ok. 1 passed; 0 failed; 0 ignored; 0 measured; 0 filtered out; finished in 0.00s
[INFO] [stdout] 
[INFO] [stderr]      Running unittests src/bin/part2.rs (/opt/rustwide/target/debug/deps/part2-ec2bacf8927f1b9b)
[INFO] [stdout] 
[INFO] [stdout] running 1 test
[INFO] [stdout] test tests::example ... ok
[INFO] [stdout] 
[INFO] [stdout] test result: ok. 1 passed; 0 failed; 0 ignored; 0 measured; 0 filtered out; finished in 0.01s
[INFO] [stdout] 
[INFO] [stderr]      Running unittests src/bin/part1.rs (/opt/rustwide/target/debug/deps/part1-4b8621f1299d3376)
[INFO] [stdout] 
[INFO] [stdout] running 1 test
[INFO] [stdout] test tests::example ... ok
[INFO] [stderr]      Running unittests src/bin/part2.rs (/opt/rustwide/target/debug/deps/part2-7e46051eb2d5e591)
[INFO] [stdout] 
[INFO] [stdout] test result: ok. 1 passed; 0 failed; 0 ignored; 0 measured; 0 filtered out; finished in 0.01s
[INFO] [stdout] 
[INFO] [stdout] 
[INFO] [stdout] running 1 test
[INFO] [stdout] test tests::example ... ok
[INFO] [stdout] 
[INFO] [stdout] test result: ok. 1 passed; 0 failed; 0 ignored; 0 measured; 0 filtered out; finished in 0.00s
[INFO] [stdout] 
[INFO] [stderr]      Running unittests src/bin/part1.rs (/opt/rustwide/target/debug/deps/part1-5fa371c8c9836fdc)
[INFO] [stdout] 
[INFO] [stdout] running 1 test
[INFO] [stdout] test tests::example ... FAILED
[INFO] [stdout] 
[INFO] [stdout] failures:
[INFO] [stdout] 
[INFO] [stdout] ---- tests::example stdout ----
[INFO] [stdout] 
[INFO] [stdout] thread 'tests::example' panicked at day-08/src/bin/part1.rs:132:9:
[INFO] [stdout] assertion `left == right` failed
[INFO] [stdout]   left: "8"
[INFO] [stdout]  right: "21"
[INFO] [stdout] stack backtrace:
[INFO] [stdout]    0:     0x62c1e03cd27a - std::backtrace_rs::backtrace::libunwind::trace::hb059275cfc8d6126
[INFO] [stdout]                                at /rustc/6067b36314ab5eb2eb47cecc464545ba58e1ad24/library/std/src/../../backtrace/src/backtrace/libunwind.rs:116:5
[INFO] [stdout]    1:     0x62c1e03cd27a - std::backtrace_rs::backtrace::trace_unsynchronized::h2da071e4327ce3ee
[INFO] [stdout]                                at /rustc/6067b36314ab5eb2eb47cecc464545ba58e1ad24/library/std/src/../../backtrace/src/backtrace/mod.rs:66:5
[INFO] [stdout]    2:     0x62c1e03cd27a - std::sys::backtrace::_print_fmt::h842a1474e6f8d23f
[INFO] [stdout]                                at /rustc/6067b36314ab5eb2eb47cecc464545ba58e1ad24/library/std/src/sys/backtrace.rs:66:9
[INFO] [stdout]    3:     0x62c1e03cd27a - <std::sys::backtrace::BacktraceLock::print::DisplayBacktrace as core::fmt::Display>::fmt::h71a62eb3b9696b12
[INFO] [stdout]                                at /rustc/6067b36314ab5eb2eb47cecc464545ba58e1ad24/library/std/src/sys/backtrace.rs:39:26
[INFO] [stdout]    4:     0x62c1e03f4833 - core::fmt::rt::Argument::fmt::hdb6b616786b41dc1
[INFO] [stdout]                                at /rustc/6067b36314ab5eb2eb47cecc464545ba58e1ad24/library/core/src/fmt/rt.rs:177:76
[INFO] [stdout]    5:     0x62c1e03f4833 - core::fmt::write::h2cc1698af7e2d686
[INFO] [stdout]                                at /rustc/6067b36314ab5eb2eb47cecc464545ba58e1ad24/library/core/src/fmt/mod.rs:1440:21
[INFO] [stdout]    6:     0x62c1e03c9dd3 - std::io::Write::write_fmt::hab1b4cd059a79022
[INFO] [stdout]                                at /rustc/6067b36314ab5eb2eb47cecc464545ba58e1ad24/library/std/src/io/mod.rs:1887:15
[INFO] [stdout]    7:     0x62c1e03cd0c2 - std::sys::backtrace::BacktraceLock::print::h147fe35b4ea13b08
[INFO] [stdout]                                at /rustc/6067b36314ab5eb2eb47cecc464545ba58e1ad24/library/std/src/sys/backtrace.rs:42:9
[INFO] [stdout]    8:     0x62c1e03ce69f - std::panicking::default_hook::{{closure}}::hbd44223dbdc0d208
[INFO] [stdout]                                at /rustc/6067b36314ab5eb2eb47cecc464545ba58e1ad24/library/std/src/panicking.rs:298:22
[INFO] [stdout]    9:     0x62c1e03ce4b8 - std::panicking::default_hook::h20f81eb0576efcec
[INFO] [stdout]                                at /rustc/6067b36314ab5eb2eb47cecc464545ba58e1ad24/library/std/src/panicking.rs:322:9
[INFO] [stdout]   10:     0x62c1e03972d3 - <alloc::boxed::Box<F,A> as core::ops::function::Fn<Args>>::call::hdb53814c496a4d34
[INFO] [stdout]                                at /rustc/6067b36314ab5eb2eb47cecc464545ba58e1ad24/library/alloc/src/boxed.rs:2027:9
[INFO] [stdout]   11:     0x62c1e03972d3 - test::test_main::{{closure}}::hc0a4963c59427c24
[INFO] [stdout]                                at /rustc/6067b36314ab5eb2eb47cecc464545ba58e1ad24/library/test/src/lib.rs:134:21
[INFO] [stdout]   12:     0x62c1e03cf193 - <alloc::boxed::Box<F,A> as core::ops::function::Fn<Args>>::call::h591b2225413a77e9
[INFO] [stdout]                                at /rustc/6067b36314ab5eb2eb47cecc464545ba58e1ad24/library/alloc/src/boxed.rs:2027:9
[INFO] [stdout]   13:     0x62c1e03cf193 - std::panicking::rust_panic_with_hook::h625eea43051b2edc
[INFO] [stdout]                                at /rustc/6067b36314ab5eb2eb47cecc464545ba58e1ad24/library/std/src/panicking.rs:839:13
[INFO] [stdout]   14:     0x62c1e03cee4a - std::panicking::begin_panic_handler::{{closure}}::h4f9159cfbc3f6bd3
[INFO] [stdout]                                at /rustc/6067b36314ab5eb2eb47cecc464545ba58e1ad24/library/std/src/panicking.rs:704:13
[INFO] [stdout]   15:     0x62c1e03cd779 - std::sys::backtrace::__rust_end_short_backtrace::h0390abce48353151
[INFO] [stdout]                                at /rustc/6067b36314ab5eb2eb47cecc464545ba58e1ad24/library/std/src/sys/backtrace.rs:168:18
[INFO] [stdout]   16:     0x62c1e03ceadd - rust_begin_unwind
[INFO] [stdout]                                at /rustc/6067b36314ab5eb2eb47cecc464545ba58e1ad24/library/std/src/panicking.rs:695:5
[INFO] [stdout]   17:     0x62c1e03f32e0 - core::panicking::panic_fmt::h9e7c637e9e5f29c9
[INFO] [stdout]                                at /rustc/6067b36314ab5eb2eb47cecc464545ba58e1ad24/library/core/src/panicking.rs:75:14
[INFO] [stdout]   18:     0x62c1e03f3602 - core::panicking::assert_failed_inner::h538bec7c1374cd9c
[INFO] [stdout]   19:     0x62c1e0359ebe - core::panicking::assert_failed::hf9cd629877df5feb
[INFO] [stdout]                                at /rustc/6067b36314ab5eb2eb47cecc464545ba58e1ad24/library/core/src/panicking.rs:364:5
[INFO] [stdout]   20:     0x62c1e035d19c - part1::tests::example::h802d91a740e6f87b
[INFO] [stdout]                                at /opt/rustwide/workdir/day-08/src/bin/part1.rs:132:9
[INFO] [stdout]   21:     0x62c1e035d0e7 - part1::tests::example::{{closure}}::h13867c0a9d68503e
[INFO] [stdout]                                at /opt/rustwide/workdir/day-08/src/bin/part1.rs:124:17
[INFO] [stdout]   22:     0x62c1e0358756 - core::ops::function::FnOnce::call_once::ha17591a499a06000
[INFO] [stdout]                                at /rustc/6067b36314ab5eb2eb47cecc464545ba58e1ad24/library/core/src/ops/function.rs:250:5
[INFO] [stdout]   23:     0x62c1e039ca2b - core::ops::function::FnOnce::call_once::he27718dfdd183f43
[INFO] [stdout]                                at /rustc/6067b36314ab5eb2eb47cecc464545ba58e1ad24/library/core/src/ops/function.rs:250:5
[INFO] [stdout]   24:     0x62c1e039ca2b - test::__rust_begin_short_backtrace::h4e84902998457a5d
[INFO] [stdout]                                at /rustc/6067b36314ab5eb2eb47cecc464545ba58e1ad24/library/test/src/lib.rs:632:18
[INFO] [stdout]   25:     0x62c1e039b963 - test::run_test_in_process::{{closure}}::h7176fd18fc1feca0
[INFO] [stdout]                                at /rustc/6067b36314ab5eb2eb47cecc464545ba58e1ad24/library/test/src/lib.rs:655:60
[INFO] [stdout]   26:     0x62c1e039b963 - <core::panic::unwind_safe::AssertUnwindSafe<F> as core::ops::function::FnOnce<()>>::call_once::hf79cff2a624d8cf7
[INFO] [stdout]                                at /rustc/6067b36314ab5eb2eb47cecc464545ba58e1ad24/library/core/src/panic/unwind_safe.rs:272:9
[INFO] [stdout]   27:     0x62c1e039b963 - std::panicking::try::do_call::h3da0561d9ab99c25
[INFO] [stdout]                                at /rustc/6067b36314ab5eb2eb47cecc464545ba58e1ad24/library/std/src/panicking.rs:587:40
[INFO] [stdout]   28:     0x62c1e039b963 - std::panicking::try::h41c9fa508bc61df6
[INFO] [stdout]                                at /rustc/6067b36314ab5eb2eb47cecc464545ba58e1ad24/library/std/src/panicking.rs:550:19
[INFO] [stdout]   29:     0x62c1e039b963 - std::panic::catch_unwind::h6b3ff07bb5afad93
[INFO] [stdout]                                at /rustc/6067b36314ab5eb2eb47cecc464545ba58e1ad24/library/std/src/panic.rs:358:14
[INFO] [stdout]   30:     0x62c1e039b963 - test::run_test_in_process::hc7253dd11b39b9f4
[INFO] [stdout]                                at /rustc/6067b36314ab5eb2eb47cecc464545ba58e1ad24/library/test/src/lib.rs:655:27
[INFO] [stdout]   31:     0x62c1e039b963 - test::run_test::{{closure}}::hfb2007f8649c30bb
[INFO] [stdout]                                at /rustc/6067b36314ab5eb2eb47cecc464545ba58e1ad24/library/test/src/lib.rs:576:43
[INFO] [stdout]   32:     0x62c1e035ea45 - test::run_test::{{closure}}::h56a17aa7a282a9f4
[INFO] [stdout]                                at /rustc/6067b36314ab5eb2eb47cecc464545ba58e1ad24/library/test/src/lib.rs:606:41
[INFO] [stdout]   33:     0x62c1e035ea45 - std::sys::backtrace::__rust_begin_short_backtrace::hd2d2d2fb8e8c6aac
[INFO] [stdout]                                at /rustc/6067b36314ab5eb2eb47cecc464545ba58e1ad24/library/std/src/sys/backtrace.rs:152:18
[INFO] [stdout]   34:     0x62c1e036232a - std::thread::Builder::spawn_unchecked_::{{closure}}::{{closure}}::h4faa3f9db6133423
[INFO] [stdout]                                at /rustc/6067b36314ab5eb2eb47cecc464545ba58e1ad24/library/std/src/thread/mod.rs:559:17
[INFO] [stdout]   35:     0x62c1e036232a - <core::panic::unwind_safe::AssertUnwindSafe<F> as core::ops::function::FnOnce<()>>::call_once::hf2e855a36a4ea846
[INFO] [stdout]                                at /rustc/6067b36314ab5eb2eb47cecc464545ba58e1ad24/library/core/src/panic/unwind_safe.rs:272:9
[INFO] [stdout]   36:     0x62c1e036232a - std::panicking::try::do_call::h2f73af3616c35465
[INFO] [stdout]                                at /rustc/6067b36314ab5eb2eb47cecc464545ba58e1ad24/library/std/src/panicking.rs:587:40
[INFO] [stdout]   37:     0x62c1e036232a - std::panicking::try::hd1660ce9efadef5a
[INFO] [stdout]                                at /rustc/6067b36314ab5eb2eb47cecc464545ba58e1ad24/library/std/src/panicking.rs:550:19
[INFO] [stdout]   38:     0x62c1e036232a - std::panic::catch_unwind::h5ee8d7823b8ca744
[INFO] [stdout]                                at /rustc/6067b36314ab5eb2eb47cecc464545ba58e1ad24/library/std/src/panic.rs:358:14
[INFO] [stdout]   39:     0x62c1e036232a - std::thread::Builder::spawn_unchecked_::{{closure}}::h53c3a1894dce8407
[INFO] [stdout]                                at /rustc/6067b36314ab5eb2eb47cecc464545ba58e1ad24/library/std/src/thread/mod.rs:557:30
[INFO] [stdout]   40:     0x62c1e036232a - core::ops::function::FnOnce::call_once{{vtable.shim}}::h048ce291ad4f62bf
[INFO] [stdout]                                at /rustc/6067b36314ab5eb2eb47cecc464545ba58e1ad24/library/core/src/ops/function.rs:250:5
[INFO] [stdout]   41:     0x62c1e03d30cb - <alloc::boxed::Box<F,A> as core::ops::function::FnOnce<Args>>::call_once::ha52bedf99a3b4981
[INFO] [stdout]                                at /rustc/6067b36314ab5eb2eb47cecc464545ba58e1ad24/library/alloc/src/boxed.rs:2013:9
[INFO] [stdout]   42:     0x62c1e03d30cb - <alloc::boxed::Box<F,A> as core::ops::function::FnOnce<Args>>::call_once::h567748934d80ccf8
[INFO] [stdout]                                at /rustc/6067b36314ab5eb2eb47cecc464545ba58e1ad24/library/alloc/src/boxed.rs:2013:9
[INFO] [stdout]   43:     0x62c1e03d30cb - std::sys::pal::unix::thread::Thread::new::thread_start::h2d970728ae887adc
[INFO] [stdout]                                at /rustc/6067b36314ab5eb2eb47cecc464545ba58e1ad24/library/std/src/sys/pal/unix/thread.rs:106:17
[INFO] [stdout]   44:     0x76e16d6acac3 - <unknown>
[INFO] [stdout]   45:     0x76e16d73da04 - clone
[INFO] [stdout]   46:                0x0 - <unknown>
[INFO] [stdout] 
[INFO] [stdout] 
[INFO] [stdout] failures:
[INFO] [stdout]     tests::example
[INFO] [stdout] 
[INFO] [stdout] test result: FAILED. 0 passed; 1 failed; 0 ignored; 0 measured; 0 filtered out; finished in 0.03s
[INFO] [stdout] 
[INFO] [stderr] error: test failed, to rerun pass `-p day-08 --bin part1`
[INFO] running `Command { std: "docker" "inspect" "8709f937ee8ba0cd3fb6f274b0262b9337bc5ec36aae8fea9d5872067c13779b", kill_on_drop: false }`
[INFO] running `Command { std: "docker" "rm" "-f" "8709f937ee8ba0cd3fb6f274b0262b9337bc5ec36aae8fea9d5872067c13779b", kill_on_drop: false }`
[INFO] [stdout] 8709f937ee8ba0cd3fb6f274b0262b9337bc5ec36aae8fea9d5872067c13779b
