[INFO] cloning repository https://github.com/ZoukiLi/inflate-toy
[INFO] running `Command { std: "git" "-c" "credential.helper=" "-c" "credential.helper=/workspace/cargo-home/bin/git-credential-null" "clone" "--bare" "https://github.com/ZoukiLi/inflate-toy" "/workspace/cache/git-repos/https%3A%2F%2Fgithub.com%2FZoukiLi%2Finflate-toy", kill_on_drop: false }`
[INFO] [stderr] Cloning into bare repository '/workspace/cache/git-repos/https%3A%2F%2Fgithub.com%2FZoukiLi%2Finflate-toy'...
[INFO] running `Command { std: "git" "rev-parse" "HEAD", kill_on_drop: false }`
[INFO] [stdout] 8a767214d3d95175507fd9d30493c120b3680c52
[INFO] testing ZoukiLi/inflate-toy against nightly-2025-01-18 for randomize-layout-2
[INFO] running `Command { std: "git" "clone" "/workspace/cache/git-repos/https%3A%2F%2Fgithub.com%2FZoukiLi%2Finflate-toy" "/workspace/builds/worker-1-tc1/source", kill_on_drop: false }`
[INFO] [stderr] Cloning into '/workspace/builds/worker-1-tc1/source'...
[INFO] [stderr] done.
[INFO] validating manifest of git repo https://github.com/ZoukiLi/inflate-toy on toolchain nightly-2025-01-18
[INFO] running `Command { std: CARGO_HOME="/workspace/cargo-home" RUSTUP_HOME="/workspace/rustup-home" "/workspace/cargo-home/bin/cargo" "+nightly-2025-01-18" "metadata" "--manifest-path" "Cargo.toml" "--no-deps", kill_on_drop: false }`
[INFO] started tweaking git repo https://github.com/ZoukiLi/inflate-toy
[INFO] finished tweaking git repo https://github.com/ZoukiLi/inflate-toy
[INFO] tweaked toml for git repo https://github.com/ZoukiLi/inflate-toy written to /workspace/builds/worker-1-tc1/source/Cargo.toml
[INFO] crate git repo https://github.com/ZoukiLi/inflate-toy already has a lockfile, it will not be regenerated
[INFO] running `Command { std: CARGO_HOME="/workspace/cargo-home" RUSTUP_HOME="/workspace/rustup-home" "/workspace/cargo-home/bin/cargo" "+nightly-2025-01-18" "fetch" "--manifest-path" "Cargo.toml", kill_on_drop: false }`
[INFO] running `Command { std: "docker" "create" "-v" "/var/lib/crater-agent-workspace/builds/worker-1-tc1/target:/opt/rustwide/target:rw,Z" "-v" "/var/lib/crater-agent-workspace/builds/worker-1-tc1/source:/opt/rustwide/workdir:ro,Z" "-v" "/var/lib/crater-agent-workspace/cargo-home:/opt/rustwide/cargo-home:ro,Z" "-v" "/var/lib/crater-agent-workspace/rustup-home:/opt/rustwide/rustup-home:ro,Z" "-e" "SOURCE_DIR=/opt/rustwide/workdir" "-e" "CARGO_TARGET_DIR=/opt/rustwide/target" "-e" "CARGO_HOME=/opt/rustwide/cargo-home" "-e" "RUSTUP_HOME=/opt/rustwide/rustup-home" "-w" "/opt/rustwide/workdir" "-m" "1610612736" "--user" "0:0" "--network" "none" "ghcr.io/rust-lang/crates-build-env/linux@sha256:819108c5571ea2e421544af4d832f968d213c87fbe3707a016657f43d2f853bc" "/opt/rustwide/cargo-home/bin/cargo" "+nightly-2025-01-18" "metadata" "--no-deps" "--format-version=1", kill_on_drop: false }`
[INFO] [stdout] fda519ac9cc665fa08d6f7b1ffe5bb161d4022186d3f01cbc6b36a0945c933f2
[INFO] running `Command { std: "docker" "start" "-a" "fda519ac9cc665fa08d6f7b1ffe5bb161d4022186d3f01cbc6b36a0945c933f2", kill_on_drop: false }`
[INFO] running `Command { std: "docker" "inspect" "fda519ac9cc665fa08d6f7b1ffe5bb161d4022186d3f01cbc6b36a0945c933f2", kill_on_drop: false }`
[INFO] running `Command { std: "docker" "rm" "-f" "fda519ac9cc665fa08d6f7b1ffe5bb161d4022186d3f01cbc6b36a0945c933f2", kill_on_drop: false }`
[INFO] [stdout] fda519ac9cc665fa08d6f7b1ffe5bb161d4022186d3f01cbc6b36a0945c933f2
[INFO] running `Command { std: "docker" "create" "-v" "/var/lib/crater-agent-workspace/builds/worker-1-tc1/target:/opt/rustwide/target:rw,Z" "-v" "/var/lib/crater-agent-workspace/builds/worker-1-tc1/source:/opt/rustwide/workdir:ro,Z" "-v" "/var/lib/crater-agent-workspace/cargo-home:/opt/rustwide/cargo-home:ro,Z" "-v" "/var/lib/crater-agent-workspace/rustup-home:/opt/rustwide/rustup-home:ro,Z" "-e" "SOURCE_DIR=/opt/rustwide/workdir" "-e" "CARGO_TARGET_DIR=/opt/rustwide/target" "-e" "CARGO_INCREMENTAL=0" "-e" "RUST_BACKTRACE=full" "-e" "RUSTFLAGS=--cap-lints=forbid" "-e" "RUSTDOCFLAGS=--cap-lints=forbid" "-e" "CARGO_HOME=/opt/rustwide/cargo-home" "-e" "RUSTUP_HOME=/opt/rustwide/rustup-home" "-w" "/opt/rustwide/workdir" "-m" "1610612736" "--user" "0:0" "--network" "none" "ghcr.io/rust-lang/crates-build-env/linux@sha256:819108c5571ea2e421544af4d832f968d213c87fbe3707a016657f43d2f853bc" "/opt/rustwide/cargo-home/bin/cargo" "+nightly-2025-01-18" "build" "--frozen" "--message-format=json", kill_on_drop: false }`
[INFO] [stdout] aa191be5e50b59a391bfcef5a9ad3b5537d5be7908d041b9eab48e1f04c6ed04
[INFO] running `Command { std: "docker" "start" "-a" "aa191be5e50b59a391bfcef5a9ad3b5537d5be7908d041b9eab48e1f04c6ed04", kill_on_drop: false }`
[INFO] [stderr]    Compiling proc-macro2 v1.0.86
[INFO] [stderr]    Compiling unicode-ident v1.0.12
[INFO] [stderr]    Compiling serde v1.0.204
[INFO] [stderr]    Compiling serde_json v1.0.121
[INFO] [stderr]    Compiling memchr v2.7.4
[INFO] [stderr]    Compiling ryu v1.0.18
[INFO] [stderr]    Compiling itoa v1.0.11
[INFO] [stderr]    Compiling miniz_oxide v0.7.4
[INFO] [stderr]    Compiling quote v1.0.36
[INFO] [stderr]    Compiling syn v2.0.72
[INFO] [stderr]    Compiling serde_derive v1.0.204
[INFO] [stderr]    Compiling inflate-toy v0.1.0 (/opt/rustwide/workdir)
[INFO] [stderr]     Finished `dev` profile [unoptimized + debuginfo] target(s) in 12.46s
[INFO] running `Command { std: "docker" "inspect" "aa191be5e50b59a391bfcef5a9ad3b5537d5be7908d041b9eab48e1f04c6ed04", kill_on_drop: false }`
[INFO] running `Command { std: "docker" "rm" "-f" "aa191be5e50b59a391bfcef5a9ad3b5537d5be7908d041b9eab48e1f04c6ed04", kill_on_drop: false }`
[INFO] [stdout] aa191be5e50b59a391bfcef5a9ad3b5537d5be7908d041b9eab48e1f04c6ed04
[INFO] running `Command { std: "docker" "create" "-v" "/var/lib/crater-agent-workspace/builds/worker-1-tc1/target:/opt/rustwide/target:rw,Z" "-v" "/var/lib/crater-agent-workspace/builds/worker-1-tc1/source:/opt/rustwide/workdir:ro,Z" "-v" "/var/lib/crater-agent-workspace/cargo-home:/opt/rustwide/cargo-home:ro,Z" "-v" "/var/lib/crater-agent-workspace/rustup-home:/opt/rustwide/rustup-home:ro,Z" "-e" "SOURCE_DIR=/opt/rustwide/workdir" "-e" "CARGO_TARGET_DIR=/opt/rustwide/target" "-e" "CARGO_INCREMENTAL=0" "-e" "RUST_BACKTRACE=full" "-e" "RUSTFLAGS=--cap-lints=forbid" "-e" "RUSTDOCFLAGS=--cap-lints=forbid" "-e" "CARGO_HOME=/opt/rustwide/cargo-home" "-e" "RUSTUP_HOME=/opt/rustwide/rustup-home" "-w" "/opt/rustwide/workdir" "-m" "1610612736" "--user" "0:0" "--network" "none" "ghcr.io/rust-lang/crates-build-env/linux@sha256:819108c5571ea2e421544af4d832f968d213c87fbe3707a016657f43d2f853bc" "/opt/rustwide/cargo-home/bin/cargo" "+nightly-2025-01-18" "test" "--frozen" "--no-run" "--message-format=json", kill_on_drop: false }`
[INFO] [stdout] f965ab8b8e3dbff77a9c5089ced67b52f952f713122ec6786e3db50b9217bdd1
[INFO] running `Command { std: "docker" "start" "-a" "f965ab8b8e3dbff77a9c5089ced67b52f952f713122ec6786e3db50b9217bdd1", kill_on_drop: false }`
[INFO] [stderr]    Compiling inflate-toy v0.1.0 (/opt/rustwide/workdir)
[INFO] [stderr]     Finished `test` profile [unoptimized + debuginfo] target(s) in 0.40s
[INFO] running `Command { std: "docker" "inspect" "f965ab8b8e3dbff77a9c5089ced67b52f952f713122ec6786e3db50b9217bdd1", kill_on_drop: false }`
[INFO] running `Command { std: "docker" "rm" "-f" "f965ab8b8e3dbff77a9c5089ced67b52f952f713122ec6786e3db50b9217bdd1", kill_on_drop: false }`
[INFO] [stdout] f965ab8b8e3dbff77a9c5089ced67b52f952f713122ec6786e3db50b9217bdd1
[INFO] running `Command { std: "docker" "create" "-v" "/var/lib/crater-agent-workspace/builds/worker-1-tc1/target:/opt/rustwide/target:rw,Z" "-v" "/var/lib/crater-agent-workspace/builds/worker-1-tc1/source:/opt/rustwide/workdir:ro,Z" "-v" "/var/lib/crater-agent-workspace/cargo-home:/opt/rustwide/cargo-home:ro,Z" "-v" "/var/lib/crater-agent-workspace/rustup-home:/opt/rustwide/rustup-home:ro,Z" "-e" "SOURCE_DIR=/opt/rustwide/workdir" "-e" "CARGO_TARGET_DIR=/opt/rustwide/target" "-e" "CARGO_INCREMENTAL=0" "-e" "RUST_BACKTRACE=full" "-e" "RUSTFLAGS=--cap-lints=forbid" "-e" "RUSTDOCFLAGS=--cap-lints=forbid" "-e" "CARGO_HOME=/opt/rustwide/cargo-home" "-e" "RUSTUP_HOME=/opt/rustwide/rustup-home" "-w" "/opt/rustwide/workdir" "-m" "1610612736" "--user" "0:0" "--network" "none" "ghcr.io/rust-lang/crates-build-env/linux@sha256:819108c5571ea2e421544af4d832f968d213c87fbe3707a016657f43d2f853bc" "/opt/rustwide/cargo-home/bin/cargo" "+nightly-2025-01-18" "test" "--frozen", kill_on_drop: false }`
[INFO] [stdout] 7c1348f8fda7da3f472a4a75aad134877d133906a9d4f86d4269afdfbcffc82d
[INFO] running `Command { std: "docker" "start" "-a" "7c1348f8fda7da3f472a4a75aad134877d133906a9d4f86d4269afdfbcffc82d", kill_on_drop: false }`
[INFO] [stderr]     Finished `test` profile [unoptimized + debuginfo] target(s) in 0.02s
[INFO] [stderr]      Running unittests src/lib.rs (/opt/rustwide/target/debug/deps/inflate_toy-cd010de5fd7133b5)
[INFO] [stdout] 
[INFO] [stdout] running 17 tests
[INFO] [stdout] test bit_stream::tests::test_bit_position_add_inner ... ok
[INFO] [stdout] test bit_stream::tests::test_bit_position_add_bits ... ok
[INFO] [stdout] test bit_stream::tests::test_bit_position_new ... ok
[INFO] [stdout] test bit_stream::tests::test_bit_position_try_add_bits_overflow ... ok
[INFO] [stdout] test bit_stream::tests::test_bit_reader_eof ... ok
[INFO] [stdout] test bit_stream::tests::test_bit_reader_peek_bits ... ok
[INFO] [stdout] test bit_stream::tests::test_bit_reader_new ... ok
[INFO] [stdout] test bit_stream::tests::test_bit_reader_peek_bits_not_enough_data ... ok
[INFO] [stdout] test bit_stream::tests::test_bit_reader_read_bits ... ok
[INFO] [stdout] test bit_stream::tests::test_bit_reader_read_bits_across_bytes ... ok
[INFO] [stdout] test bit_stream::tests::test_bit_reader_read_bits_not_enough_data ... ok
[INFO] [stdout] test huffman::tests::test_huffman_lookup_table ... ok
[INFO] [stdout] test inflate::tests::test_fixed_distance_table ... ok
[INFO] [stdout] test inflate::tests::test_fixed_literal_table ... ok
[INFO] [stdout] test inflate::tests::test_huffman_lookup_table ... ok
[INFO] [stdout] test bit_stream::tests::test_bit_reader_peek_bits_panic - should panic ... ok
[INFO] [stdout] test bit_stream::tests::test_bit_reader_read_bits_panic - should panic ... ok
[INFO] [stdout] 
[INFO] [stdout] test result: ok. 17 passed; 0 failed; 0 ignored; 0 measured; 0 filtered out; finished in 0.02s
[INFO] [stdout] 
[INFO] [stderr]      Running unittests src/main.rs (/opt/rustwide/target/debug/deps/inflate_toy-577e705073d6abb7)
[INFO] [stdout] 
[INFO] [stdout] running 0 tests
[INFO] [stdout] 
[INFO] [stdout] test result: ok. 0 passed; 0 failed; 0 ignored; 0 measured; 0 filtered out; finished in 0.00s
[INFO] [stdout] 
[INFO] [stderr]      Running tests/files_test.rs (/opt/rustwide/target/debug/deps/files_test-73e9eb668f2931e5)
[INFO] [stdout] 
[INFO] [stdout] running 2 tests
[INFO] [stdout] test example_test ... FAILED
[INFO] [stdout] test deflate_test_smoke ... FAILED
[INFO] [stdout] 
[INFO] [stdout] failures:
[INFO] [stdout] 
[INFO] [stdout] ---- example_test stdout ----
[INFO] [stdout] Error: Os { code: 30, kind: ReadOnlyFilesystem, message: "Read-only file system" }
[INFO] [stdout] 
[INFO] [stdout] ---- deflate_test_smoke stdout ----
[INFO] [stdout] Error: Os { code: 30, kind: ReadOnlyFilesystem, message: "Read-only file system" }
[INFO] [stdout] 
[INFO] [stdout] 
[INFO] [stdout] failures:
[INFO] [stdout]     deflate_test_smoke
[INFO] [stdout]     example_test
[INFO] [stdout] 
[INFO] [stdout] test result: FAILED. 0 passed; 2 failed; 0 ignored; 0 measured; 0 filtered out; finished in 0.00s
[INFO] [stdout] 
[INFO] [stderr] error: test failed, to rerun pass `--test files_test`
[INFO] running `Command { std: "docker" "inspect" "7c1348f8fda7da3f472a4a75aad134877d133906a9d4f86d4269afdfbcffc82d", kill_on_drop: false }`
[INFO] running `Command { std: "docker" "rm" "-f" "7c1348f8fda7da3f472a4a75aad134877d133906a9d4f86d4269afdfbcffc82d", kill_on_drop: false }`
[INFO] [stdout] 7c1348f8fda7da3f472a4a75aad134877d133906a9d4f86d4269afdfbcffc82d
