[INFO] cloning repository https://github.com/Zhou-jw/mini-lsm
[INFO] running `Command { std: "git" "-c" "credential.helper=" "-c" "credential.helper=/workspace/cargo-home/bin/git-credential-null" "clone" "--bare" "https://github.com/Zhou-jw/mini-lsm" "/workspace/cache/git-repos/https%3A%2F%2Fgithub.com%2FZhou-jw%2Fmini-lsm", kill_on_drop: false }`
[INFO] [stderr] Cloning into bare repository '/workspace/cache/git-repos/https%3A%2F%2Fgithub.com%2FZhou-jw%2Fmini-lsm'...
[INFO] running `Command { std: "git" "rev-parse" "HEAD", kill_on_drop: false }`
[INFO] [stdout] fef0ba904b9009cb30170273ffaee60aaff960fe
[INFO] testing Zhou-jw/mini-lsm against nightly-2025-01-18 for randomize-layout-2
[INFO] running `Command { std: "git" "clone" "/workspace/cache/git-repos/https%3A%2F%2Fgithub.com%2FZhou-jw%2Fmini-lsm" "/workspace/builds/worker-6-tc1/source", kill_on_drop: false }`
[INFO] [stderr] Cloning into '/workspace/builds/worker-6-tc1/source'...
[INFO] [stderr] done.
[INFO] validating manifest of git repo https://github.com/Zhou-jw/mini-lsm on toolchain nightly-2025-01-18
[INFO] running `Command { std: CARGO_HOME="/workspace/cargo-home" RUSTUP_HOME="/workspace/rustup-home" "/workspace/cargo-home/bin/cargo" "+nightly-2025-01-18" "metadata" "--manifest-path" "Cargo.toml" "--no-deps", kill_on_drop: false }`
[INFO] removed /workspace/builds/worker-6-tc1/source/.cargo/config.toml
[INFO] removed /workspace/builds/worker-6-tc1/source/rust-toolchain.toml
[INFO] started tweaking git repo https://github.com/Zhou-jw/mini-lsm
[INFO] finished tweaking git repo https://github.com/Zhou-jw/mini-lsm
[INFO] tweaked toml for git repo https://github.com/Zhou-jw/mini-lsm written to /workspace/builds/worker-6-tc1/source/Cargo.toml
[INFO] crate git repo https://github.com/Zhou-jw/mini-lsm already has a lockfile, it will not be regenerated
[INFO] running `Command { std: CARGO_HOME="/workspace/cargo-home" RUSTUP_HOME="/workspace/rustup-home" "/workspace/cargo-home/bin/cargo" "+nightly-2025-01-18" "fetch" "--manifest-path" "Cargo.toml", kill_on_drop: false }`
[INFO] [stderr]     Updating crates.io index
[INFO] [stderr]  Downloading crates ...
[INFO] [stderr]   Downloaded quanta v0.11.1
[INFO] [stderr]   Downloaded crossbeam-skiplist v0.1.3
[INFO] [stderr]   Downloaded rustyline v13.0.0
[INFO] [stderr]   Downloaded raw-cpuid v10.7.0
[INFO] [stderr]   Downloaded moka v0.9.9
[INFO] [stderr]   Downloaded farmhash v1.1.5
[INFO] running `Command { std: "docker" "create" "-v" "/var/lib/crater-agent-workspace/builds/worker-6-tc1/target:/opt/rustwide/target:rw,Z" "-v" "/var/lib/crater-agent-workspace/builds/worker-6-tc1/source:/opt/rustwide/workdir:ro,Z" "-v" "/var/lib/crater-agent-workspace/cargo-home:/opt/rustwide/cargo-home:ro,Z" "-v" "/var/lib/crater-agent-workspace/rustup-home:/opt/rustwide/rustup-home:ro,Z" "-e" "SOURCE_DIR=/opt/rustwide/workdir" "-e" "CARGO_TARGET_DIR=/opt/rustwide/target" "-e" "CARGO_HOME=/opt/rustwide/cargo-home" "-e" "RUSTUP_HOME=/opt/rustwide/rustup-home" "-w" "/opt/rustwide/workdir" "-m" "1610612736" "--user" "0:0" "--network" "none" "ghcr.io/rust-lang/crates-build-env/linux@sha256:819108c5571ea2e421544af4d832f968d213c87fbe3707a016657f43d2f853bc" "/opt/rustwide/cargo-home/bin/cargo" "+nightly-2025-01-18" "metadata" "--no-deps" "--format-version=1", kill_on_drop: false }`
[INFO] [stdout] 2b6a69b89f3d37539222d2a029d65ce519265269cd3a9eeb0e1e2730b182cac1
[INFO] running `Command { std: "docker" "start" "-a" "2b6a69b89f3d37539222d2a029d65ce519265269cd3a9eeb0e1e2730b182cac1", kill_on_drop: false }`
[INFO] running `Command { std: "docker" "inspect" "2b6a69b89f3d37539222d2a029d65ce519265269cd3a9eeb0e1e2730b182cac1", kill_on_drop: false }`
[INFO] running `Command { std: "docker" "rm" "-f" "2b6a69b89f3d37539222d2a029d65ce519265269cd3a9eeb0e1e2730b182cac1", kill_on_drop: false }`
[INFO] [stdout] 2b6a69b89f3d37539222d2a029d65ce519265269cd3a9eeb0e1e2730b182cac1
[INFO] running `Command { std: "docker" "create" "-v" "/var/lib/crater-agent-workspace/builds/worker-6-tc1/target:/opt/rustwide/target:rw,Z" "-v" "/var/lib/crater-agent-workspace/builds/worker-6-tc1/source:/opt/rustwide/workdir:ro,Z" "-v" "/var/lib/crater-agent-workspace/cargo-home:/opt/rustwide/cargo-home:ro,Z" "-v" "/var/lib/crater-agent-workspace/rustup-home:/opt/rustwide/rustup-home:ro,Z" "-e" "SOURCE_DIR=/opt/rustwide/workdir" "-e" "CARGO_TARGET_DIR=/opt/rustwide/target" "-e" "CARGO_INCREMENTAL=0" "-e" "RUST_BACKTRACE=full" "-e" "RUSTFLAGS=--cap-lints=forbid" "-e" "RUSTDOCFLAGS=--cap-lints=forbid" "-e" "CARGO_HOME=/opt/rustwide/cargo-home" "-e" "RUSTUP_HOME=/opt/rustwide/rustup-home" "-w" "/opt/rustwide/workdir" "-m" "1610612736" "--user" "0:0" "--network" "none" "ghcr.io/rust-lang/crates-build-env/linux@sha256:819108c5571ea2e421544af4d832f968d213c87fbe3707a016657f43d2f853bc" "/opt/rustwide/cargo-home/bin/cargo" "+nightly-2025-01-18" "build" "--frozen" "--message-format=json", kill_on_drop: false }`
[INFO] [stdout] 261dc0ca68e71cf131379f19f2e61d56426e43047ea3d0bb2fe83f6db70a46fb
[INFO] running `Command { std: "docker" "start" "-a" "261dc0ca68e71cf131379f19f2e61d56426e43047ea3d0bb2fe83f6db70a46fb", kill_on_drop: false }`
[INFO] [stderr]    Compiling libc v0.2.155
[INFO] [stderr]    Compiling crossbeam-utils v0.8.20
[INFO] [stderr]    Compiling smallvec v1.13.2
[INFO] [stderr]    Compiling utf8parse v0.2.2
[INFO] [stderr]    Compiling lock_api v0.4.12
[INFO] [stderr]    Compiling parking_lot_core v0.9.10
[INFO] [stderr]    Compiling version_check v0.9.4
[INFO] [stderr]    Compiling quote v1.0.36
[INFO] [stderr]    Compiling anstyle-parse v0.2.4
[INFO] [stderr]    Compiling syn v2.0.67
[INFO] [stderr]    Compiling anstyle v1.0.7
[INFO] [stderr]    Compiling colorchoice v1.0.1
[INFO] [stderr]    Compiling bitflags v2.5.0
[INFO] [stderr]    Compiling is_terminal_polyfill v1.70.0
[INFO] [stderr]    Compiling scopeguard v1.2.0
[INFO] [stderr]    Compiling once_cell v1.19.0
[INFO] [stderr]    Compiling rustix v0.38.34
[INFO] [stderr]    Compiling proc-macro2-diagnostics v0.10.1
[INFO] [stderr]    Compiling anstyle-query v1.1.0
[INFO] [stderr]    Compiling anstream v0.6.14
[INFO] [stderr]    Compiling linux-raw-sys v0.4.14
[INFO] [stderr]    Compiling clap_lex v0.7.1
[INFO] [stderr]    Compiling thiserror v1.0.61
[INFO] [stderr]    Compiling bitflags v1.3.2
[INFO] [stderr]    Compiling anyhow v1.0.86
[INFO] [stderr]    Compiling heck v0.5.0
[INFO] [stderr]    Compiling unicode-width v0.1.13
[INFO] [stderr]    Compiling either v1.12.0
[INFO] [stderr]    Compiling serde v1.0.203
[INFO] [stderr]    Compiling strsim v0.11.1
[INFO] [stderr]    Compiling yansi v1.0.1
[INFO] [stderr]    Compiling itertools v0.12.1
[INFO] [stderr]    Compiling crossbeam-epoch v0.9.18
[INFO] [stderr]    Compiling clap_builder v4.5.7
[INFO] [stderr]    Compiling raw-cpuid v10.7.0
[INFO] [stderr]    Compiling nibble_vec v0.1.0
[INFO] [stderr]    Compiling endian-type v0.1.2
[INFO] [stderr]    Compiling heck v0.4.1
[INFO] [stderr]    Compiling getrandom v0.2.15
[INFO] [stderr]    Compiling memchr v2.7.4
[INFO] [stderr]    Compiling rand_core v0.6.4
[INFO] [stderr]    Compiling parking_lot v0.12.3
[INFO] [stderr]    Compiling serde_json v1.0.117
[INFO] [stderr]    Compiling ppv-lite86 v0.2.17
[INFO] [stderr]    Compiling moka v0.9.9
[INFO] [stderr]    Compiling scheduled-thread-pool v0.2.7
[INFO] [stderr]    Compiling uuid v1.8.0
[INFO] [stderr]    Compiling rand_chacha v0.3.1
[INFO] [stderr]    Compiling quanta v0.11.1
[INFO] [stderr]    Compiling nix v0.27.1
[INFO] [stderr]    Compiling num_cpus v1.16.0
[INFO] [stderr]    Compiling fd-lock v4.0.2
[INFO] [stderr]    Compiling radix_trie v0.2.1
[INFO] [stderr]    Compiling crossbeam-channel v0.5.13
[INFO] [stderr]    Compiling aliasable v0.1.3
[INFO] [stderr]    Compiling home v0.5.9
[INFO] [stderr]    Compiling log v0.4.21
[INFO] [stderr]    Compiling triomphe v0.1.13
[INFO] [stderr]    Compiling minimal-lexical v0.2.1
[INFO] [stderr]    Compiling tagptr v0.2.0
[INFO] [stderr]    Compiling unicode-segmentation v1.11.0
[INFO] [stderr]    Compiling static_assertions v1.1.0
[INFO] [stderr]    Compiling nom v7.1.3
[INFO] [stderr]    Compiling rand v0.8.5
[INFO] [stderr]    Compiling crossbeam-skiplist v0.1.3
[INFO] [stderr]    Compiling crc32fast v1.4.2
[INFO] [stderr]    Compiling bytes v1.6.0
[INFO] [stderr]    Compiling rustyline v13.0.0
[INFO] [stderr]    Compiling arc-swap v1.7.1
[INFO] [stderr]    Compiling farmhash v1.1.5
[INFO] [stderr]    Compiling os_pipe v1.2.0
[INFO] [stderr]    Compiling clap_derive v4.5.5
[INFO] [stderr]    Compiling serde_derive v1.0.203
[INFO] [stderr]    Compiling thiserror-impl v1.0.61
[INFO] [stderr]    Compiling ouroboros_macro v0.18.4
[INFO] [stderr]    Compiling shared_child v1.0.0
[INFO] [stderr]    Compiling lazy_static v1.5.0
[INFO] [stderr]    Compiling duct v0.13.7
[INFO] [stderr]    Compiling console v0.15.8
[INFO] [stderr]    Compiling clap v4.5.7
[INFO] [stderr]    Compiling mini-lsm-xtask v0.2.0 (/opt/rustwide/workdir/xtask)
[INFO] [stderr]    Compiling ouroboros v0.18.4
[INFO] [stderr]    Compiling mini-lsm-mvcc v0.2.0 (/opt/rustwide/workdir/mini-lsm-mvcc)
[INFO] [stderr]    Compiling mini-lsm-starter v0.2.0 (/opt/rustwide/workdir/mini-lsm-starter)
[INFO] [stderr]    Compiling mini-lsm v0.2.0 (/opt/rustwide/workdir/mini-lsm)
[INFO] [stderr]     Finished `dev` profile [unoptimized + debuginfo] target(s) in 1m 03s
[INFO] running `Command { std: "docker" "inspect" "261dc0ca68e71cf131379f19f2e61d56426e43047ea3d0bb2fe83f6db70a46fb", kill_on_drop: false }`
[INFO] running `Command { std: "docker" "rm" "-f" "261dc0ca68e71cf131379f19f2e61d56426e43047ea3d0bb2fe83f6db70a46fb", kill_on_drop: false }`
[INFO] [stdout] 261dc0ca68e71cf131379f19f2e61d56426e43047ea3d0bb2fe83f6db70a46fb
[INFO] running `Command { std: "docker" "create" "-v" "/var/lib/crater-agent-workspace/builds/worker-6-tc1/target:/opt/rustwide/target:rw,Z" "-v" "/var/lib/crater-agent-workspace/builds/worker-6-tc1/source:/opt/rustwide/workdir:ro,Z" "-v" "/var/lib/crater-agent-workspace/cargo-home:/opt/rustwide/cargo-home:ro,Z" "-v" "/var/lib/crater-agent-workspace/rustup-home:/opt/rustwide/rustup-home:ro,Z" "-e" "SOURCE_DIR=/opt/rustwide/workdir" "-e" "CARGO_TARGET_DIR=/opt/rustwide/target" "-e" "CARGO_INCREMENTAL=0" "-e" "RUST_BACKTRACE=full" "-e" "RUSTFLAGS=--cap-lints=forbid" "-e" "RUSTDOCFLAGS=--cap-lints=forbid" "-e" "CARGO_HOME=/opt/rustwide/cargo-home" "-e" "RUSTUP_HOME=/opt/rustwide/rustup-home" "-w" "/opt/rustwide/workdir" "-m" "1610612736" "--user" "0:0" "--network" "none" "ghcr.io/rust-lang/crates-build-env/linux@sha256:819108c5571ea2e421544af4d832f968d213c87fbe3707a016657f43d2f853bc" "/opt/rustwide/cargo-home/bin/cargo" "+nightly-2025-01-18" "test" "--frozen" "--no-run" "--message-format=json", kill_on_drop: false }`
[INFO] [stdout] 93de900c0abf4af2839be55a3d4ceb2c96a9aebb37a386a8c18b759eefc702f0
[INFO] running `Command { std: "docker" "start" "-a" "93de900c0abf4af2839be55a3d4ceb2c96a9aebb37a386a8c18b759eefc702f0", kill_on_drop: false }`
[INFO] [stderr]    Compiling fastrand v2.1.0
[INFO] [stderr]    Compiling mini-lsm-xtask v0.2.0 (/opt/rustwide/workdir/xtask)
[INFO] [stderr]    Compiling tempfile v3.10.1
[INFO] [stderr]    Compiling mini-lsm v0.2.0 (/opt/rustwide/workdir/mini-lsm)
[INFO] [stderr]    Compiling mini-lsm-starter v0.2.0 (/opt/rustwide/workdir/mini-lsm-starter)
[INFO] [stderr]    Compiling mini-lsm-mvcc v0.2.0 (/opt/rustwide/workdir/mini-lsm-mvcc)
[INFO] [stderr]     Finished `test` profile [unoptimized + debuginfo] target(s) in 22.31s
[INFO] running `Command { std: "docker" "inspect" "93de900c0abf4af2839be55a3d4ceb2c96a9aebb37a386a8c18b759eefc702f0", kill_on_drop: false }`
[INFO] running `Command { std: "docker" "rm" "-f" "93de900c0abf4af2839be55a3d4ceb2c96a9aebb37a386a8c18b759eefc702f0", kill_on_drop: false }`
[INFO] [stdout] 93de900c0abf4af2839be55a3d4ceb2c96a9aebb37a386a8c18b759eefc702f0
[INFO] running `Command { std: "docker" "create" "-v" "/var/lib/crater-agent-workspace/builds/worker-6-tc1/target:/opt/rustwide/target:rw,Z" "-v" "/var/lib/crater-agent-workspace/builds/worker-6-tc1/source:/opt/rustwide/workdir:ro,Z" "-v" "/var/lib/crater-agent-workspace/cargo-home:/opt/rustwide/cargo-home:ro,Z" "-v" "/var/lib/crater-agent-workspace/rustup-home:/opt/rustwide/rustup-home:ro,Z" "-e" "SOURCE_DIR=/opt/rustwide/workdir" "-e" "CARGO_TARGET_DIR=/opt/rustwide/target" "-e" "CARGO_INCREMENTAL=0" "-e" "RUST_BACKTRACE=full" "-e" "RUSTFLAGS=--cap-lints=forbid" "-e" "RUSTDOCFLAGS=--cap-lints=forbid" "-e" "CARGO_HOME=/opt/rustwide/cargo-home" "-e" "RUSTUP_HOME=/opt/rustwide/rustup-home" "-w" "/opt/rustwide/workdir" "-m" "1610612736" "--user" "0:0" "--network" "none" "ghcr.io/rust-lang/crates-build-env/linux@sha256:819108c5571ea2e421544af4d832f968d213c87fbe3707a016657f43d2f853bc" "/opt/rustwide/cargo-home/bin/cargo" "+nightly-2025-01-18" "test" "--frozen", kill_on_drop: false }`
[INFO] [stdout] c5b0be3abde8b9132a993daf8a21c1b41448cb987d13dc0323a4a77e2ca6d315
[INFO] running `Command { std: "docker" "start" "-a" "c5b0be3abde8b9132a993daf8a21c1b41448cb987d13dc0323a4a77e2ca6d315", kill_on_drop: false }`
[INFO] [stderr]     Finished `test` profile [unoptimized + debuginfo] target(s) in 0.27s
[INFO] [stderr]      Running unittests src/lib.rs (/opt/rustwide/target/debug/deps/mini_lsm-c81816b32bfdb9a8)
[INFO] [stdout] 
[INFO] [stdout] running 56 tests
[INFO] [stdout] test tests::week1_day1::test_task1_memtable_get ... ok
[INFO] [stdout] test tests::week1_day2::test_task1_empty_memtable_iter ... ok
[INFO] [stdout] test tests::week1_day2::test_task1_memtable_iter ... ok
[INFO] [stdout] test tests::week1_day2::test_task2_merge_2 ... ok
[INFO] [stdout] test tests::week1_day2::test_task2_merge_error ... ok
[INFO] [stdout] test tests::week1_day1::test_task1_memtable_overwrite ... ok
[INFO] [stdout] test tests::week1_day2::test_task3_fused_iterator ... ok
[INFO] [stdout] test tests::week1_day3::test_block_build_all ... ok
[INFO] [stdout] test tests::week1_day1::test_task2_storage_integration ... ok
[INFO] [stdout] test tests::week1_day3::test_block_build_full ... ok
[INFO] [stdout] test tests::week1_day3::test_block_build_large_2 ... ok
[INFO] [stdout] test tests::week1_day3::test_block_build_single_key ... ok
[INFO] [stdout] test tests::week1_day3::test_block_decode ... ok
[INFO] [stdout] test tests::week1_day3::test_block_encode ... ok
[INFO] [stdout] test tests::week1_day2::test_task2_merge_1 ... ok
[INFO] [stdout] test tests::week1_day2::test_task2_merge_empty ... ok
[INFO] [stdout] test tests::week1_day3::test_block_build_large_1 ... ok
[INFO] [stdout] test tests::week1_day3::test_block_iterator ... ok
[INFO] [stdout] test tests::week1_day4::test_sst_build_all ... ok
[INFO] [stdout] test tests::week1_day4::test_sst_build_single_key ... ok
[INFO] [stdout] test tests::week1_day2::test_task4_integration ... ok
[INFO] [stdout] test tests::week1_day4::test_sst_build_two_blocks ... ok
[INFO] [stdout] test tests::week1_day4::test_sst_decode ... ok
[INFO] [stdout] test tests::week1_day5::test_task1_merge_2 ... ok
[INFO] [stdout] test tests::week1_day3::test_block_seek_key ... ok
[INFO] [stdout] test tests::week1_day5::test_task1_merge_1 ... ok
[INFO] [stdout] test tests::week1_day5::test_task1_merge_4 ... ok
[INFO] [stdout] test tests::week1_day5::test_task1_merge_5 ... ok
[INFO] [stdout] test tests::week1_day5::test_task1_merge_3 ... ok
[INFO] [stdout] test tests::week1_day1::test_task3_storage_integration ... ok
[INFO] [stdout] test tests::week1_day4::test_sst_iterator ... ok
[INFO] [stdout] test tests::week1_day1::test_task4_storage_integration ... ok
[INFO] [stdout] test tests::week1_day4::test_sst_seek_key ... ok
[INFO] [stdout] test tests::week1_day7::test_task1_bloom_filter ... ok
[INFO] [stdout] test tests::week1_day7::test_task2_sst_decode ... ok
[INFO] [stdout] test tests::week1_day5::test_task3_storage_get ... ok
[INFO] [stdout] test tests::week1_day7::test_task3_block_key_compression ... ok
[INFO] [stdout] test tests::week1_day5::test_task2_storage_scan ... ok
[INFO] [stdout] test tests::week1_day1::test_task3_freeze_on_capacity ... ok
[INFO] [stdout] test tests::week1_day6::test_task1_storage_scan ... ok
[INFO] [stdout] test tests::week1_day6::test_task1_storage_get ... ok
[INFO] [stdout] test tests::week2_day1::test_task2_concat_iterator ... ok
[INFO] [stdout] test tests::week2_day1::test_task3_integration ... ok
[INFO] [stdout] test tests::week2_day1::test_task1_full_compaction ... ok
[INFO] [stdout] test tests::week1_day6::test_task3_sst_filter ... ok
[INFO] [stdout] test tests::week2_day5::test_integration_leveled ... ok
[INFO] [stdout] test tests::week2_day5::test_integration_simple ... ok
[INFO] [stdout] test tests::week2_day5::test_integration_tiered ... ok
[INFO] [stdout] test tests::week2_day6::test_integration_leveled ... ok
[INFO] [stdout] test tests::week2_day6::test_integration_simple ... ok
[INFO] [stdout] test tests::week1_day6::test_task2_auto_flush ... FAILED
[INFO] [stdout] test tests::week2_day6::test_integration_tiered ... ok
[INFO] [stdout] test tests::week2_day5::test_multiple_compacted_ssts_leveled ... ok
[INFO] [stdout] test tests::week2_day4::test_integration ... ok
[INFO] [stdout] test tests::week2_day3::test_integration ... ok
[INFO] [stdout] test tests::week2_day2::test_integration ... FAILED
[INFO] [stdout] 
[INFO] [stdout] failures:
[INFO] [stdout] 
[INFO] [stdout] ---- tests::week1_day6::test_task2_auto_flush stdout ----
[INFO] [stdout] 
[INFO] [stdout] thread 'tests::week1_day6::test_task2_auto_flush' panicked at mini-lsm/src/tests/week1_day6.rs:136:5:
[INFO] [stdout] assertion failed: !storage.inner.state.read().l0_sstables.is_empty()
[INFO] [stdout] stack backtrace:
[INFO] [stdout]    0:     0x5ccfcac7942a - std::backtrace_rs::backtrace::libunwind::trace::hb059275cfc8d6126
[INFO] [stdout]                                at /rustc/6067b36314ab5eb2eb47cecc464545ba58e1ad24/library/std/src/../../backtrace/src/backtrace/libunwind.rs:116:5
[INFO] [stdout]    1:     0x5ccfcac7942a - std::backtrace_rs::backtrace::trace_unsynchronized::h2da071e4327ce3ee
[INFO] [stdout]                                at /rustc/6067b36314ab5eb2eb47cecc464545ba58e1ad24/library/std/src/../../backtrace/src/backtrace/mod.rs:66:5
[INFO] [stdout]    2:     0x5ccfcac7942a - std::sys::backtrace::_print_fmt::h842a1474e6f8d23f
[INFO] [stdout]                                at /rustc/6067b36314ab5eb2eb47cecc464545ba58e1ad24/library/std/src/sys/backtrace.rs:66:9
[INFO] [stdout]    3:     0x5ccfcac7942a - <std::sys::backtrace::BacktraceLock::print::DisplayBacktrace as core::fmt::Display>::fmt::h71a62eb3b9696b12
[INFO] [stdout]                                at /rustc/6067b36314ab5eb2eb47cecc464545ba58e1ad24/library/std/src/sys/backtrace.rs:39:26
[INFO] [stdout]    4:     0x5ccfcaca26d3 - core::fmt::rt::Argument::fmt::hdb6b616786b41dc1
[INFO] [stdout]                                at /rustc/6067b36314ab5eb2eb47cecc464545ba58e1ad24/library/core/src/fmt/rt.rs:177:76
[INFO] [stdout]    5:     0x5ccfcaca26d3 - core::fmt::write::h2cc1698af7e2d686
[INFO] [stdout]                                at /rustc/6067b36314ab5eb2eb47cecc464545ba58e1ad24/library/core/src/fmt/mod.rs:1440:21
[INFO] [stdout]    6:     0x5ccfcac75a13 - std::io::Write::write_fmt::hab1b4cd059a79022
[INFO] [stdout]                                at /rustc/6067b36314ab5eb2eb47cecc464545ba58e1ad24/library/std/src/io/mod.rs:1887:15
[INFO] [stdout]    7:     0x5ccfcac79272 - std::sys::backtrace::BacktraceLock::print::h147fe35b4ea13b08
[INFO] [stdout]                                at /rustc/6067b36314ab5eb2eb47cecc464545ba58e1ad24/library/std/src/sys/backtrace.rs:42:9
[INFO] [stdout]    8:     0x5ccfcac7a84f - std::panicking::default_hook::{{closure}}::hbd44223dbdc0d208
[INFO] [stdout]                                at /rustc/6067b36314ab5eb2eb47cecc464545ba58e1ad24/library/std/src/panicking.rs:298:22
[INFO] [stdout]    9:     0x5ccfcac7a668 - std::panicking::default_hook::h20f81eb0576efcec
[INFO] [stdout]                                at /rustc/6067b36314ab5eb2eb47cecc464545ba58e1ad24/library/std/src/panicking.rs:322:9
[INFO] [stdout]   10:     0x5ccfcabf3e23 - <alloc::boxed::Box<F,A> as core::ops::function::Fn<Args>>::call::hdb53814c496a4d34
[INFO] [stdout]                                at /rustc/6067b36314ab5eb2eb47cecc464545ba58e1ad24/library/alloc/src/boxed.rs:2027:9
[INFO] [stdout]   11:     0x5ccfcabf3e23 - test::test_main::{{closure}}::hc0a4963c59427c24
[INFO] [stdout]                                at /rustc/6067b36314ab5eb2eb47cecc464545ba58e1ad24/library/test/src/lib.rs:134:21
[INFO] [stdout]   12:     0x5ccfcac7b343 - <alloc::boxed::Box<F,A> as core::ops::function::Fn<Args>>::call::h591b2225413a77e9
[INFO] [stdout]                                at /rustc/6067b36314ab5eb2eb47cecc464545ba58e1ad24/library/alloc/src/boxed.rs:2027:9
[INFO] [stdout]   13:     0x5ccfcac7b343 - std::panicking::rust_panic_with_hook::h625eea43051b2edc
[INFO] [stdout]                                at /rustc/6067b36314ab5eb2eb47cecc464545ba58e1ad24/library/std/src/panicking.rs:839:13
[INFO] [stdout]   14:     0x5ccfcac7afc6 - std::panicking::begin_panic_handler::{{closure}}::h4f9159cfbc3f6bd3
[INFO] [stdout]                                at /rustc/6067b36314ab5eb2eb47cecc464545ba58e1ad24/library/std/src/panicking.rs:697:13
[INFO] [stdout]   15:     0x5ccfcac79929 - std::sys::backtrace::__rust_end_short_backtrace::h0390abce48353151
[INFO] [stdout]                                at /rustc/6067b36314ab5eb2eb47cecc464545ba58e1ad24/library/std/src/sys/backtrace.rs:168:18
[INFO] [stdout]   16:     0x5ccfcac7ac8d - rust_begin_unwind
[INFO] [stdout]                                at /rustc/6067b36314ab5eb2eb47cecc464545ba58e1ad24/library/std/src/panicking.rs:695:5
[INFO] [stdout]   17:     0x5ccfcaca0d00 - core::panicking::panic_fmt::h9e7c637e9e5f29c9
[INFO] [stdout]                                at /rustc/6067b36314ab5eb2eb47cecc464545ba58e1ad24/library/core/src/panicking.rs:75:14
[INFO] [stdout]   18:     0x5ccfcaca0d8c - core::panicking::panic::haa3255ea20181a33
[INFO] [stdout]                                at /rustc/6067b36314ab5eb2eb47cecc464545ba58e1ad24/library/core/src/panicking.rs:145:5
[INFO] [stdout]   19:     0x5ccfcaa3652e - mini_lsm::tests::week1_day6::test_task2_auto_flush::h5ad0de5f125dec58
[INFO] [stdout]                                at /opt/rustwide/workdir/mini-lsm/src/tests/week1_day6.rs:136:5
[INFO] [stdout]   20:     0x5ccfcaa36037 - mini_lsm::tests::week1_day6::test_task2_auto_flush::{{closure}}::hd3b09e0699a6046c
[INFO] [stdout]                                at /opt/rustwide/workdir/mini-lsm/src/tests/week1_day6.rs:121:27
[INFO] [stdout]   21:     0x5ccfcab1c786 - core::ops::function::FnOnce::call_once::h8507d09c38075b8e
[INFO] [stdout]                                at /rustc/6067b36314ab5eb2eb47cecc464545ba58e1ad24/library/core/src/ops/function.rs:250:5
[INFO] [stdout]   22:     0x5ccfcabf957b - core::ops::function::FnOnce::call_once::he27718dfdd183f43
[INFO] [stdout]                                at /rustc/6067b36314ab5eb2eb47cecc464545ba58e1ad24/library/core/src/ops/function.rs:250:5
[INFO] [stdout]   23:     0x5ccfcabf957b - test::__rust_begin_short_backtrace::h4e84902998457a5d
[INFO] [stdout]                                at /rustc/6067b36314ab5eb2eb47cecc464545ba58e1ad24/library/test/src/lib.rs:632:18
[INFO] [stdout]   24:     0x5ccfcabf84b3 - test::run_test_in_process::{{closure}}::h7176fd18fc1feca0
[INFO] [stdout]                                at /rustc/6067b36314ab5eb2eb47cecc464545ba58e1ad24/library/test/src/lib.rs:655:60
[INFO] [stdout]   25:     0x5ccfcabf84b3 - <core::panic::unwind_safe::AssertUnwindSafe<F> as core::ops::function::FnOnce<()>>::call_once::hf79cff2a624d8cf7
[INFO] [stdout]                                at /rustc/6067b36314ab5eb2eb47cecc464545ba58e1ad24/library/core/src/panic/unwind_safe.rs:272:9
[INFO] [stdout]   26:     0x5ccfcabf84b3 - std::panicking::try::do_call::h3da0561d9ab99c25
[INFO] [stdout]                                at /rustc/6067b36314ab5eb2eb47cecc464545ba58e1ad24/library/std/src/panicking.rs:587:40
[INFO] [stdout]   27:     0x5ccfcabf84b3 - std::panicking::try::h41c9fa508bc61df6
[INFO] [stdout]                                at /rustc/6067b36314ab5eb2eb47cecc464545ba58e1ad24/library/std/src/panicking.rs:550:19
[INFO] [stdout]   28:     0x5ccfcabf84b3 - std::panic::catch_unwind::h6b3ff07bb5afad93
[INFO] [stdout]                                at /rustc/6067b36314ab5eb2eb47cecc464545ba58e1ad24/library/std/src/panic.rs:358:14
[INFO] [stdout]   29:     0x5ccfcabf84b3 - test::run_test_in_process::hc7253dd11b39b9f4
[INFO] [stdout]                                at /rustc/6067b36314ab5eb2eb47cecc464545ba58e1ad24/library/test/src/lib.rs:655:27
[INFO] [stdout]   30:     0x5ccfcabf84b3 - test::run_test::{{closure}}::hfb2007f8649c30bb
[INFO] [stdout]                                at /rustc/6067b36314ab5eb2eb47cecc464545ba58e1ad24/library/test/src/lib.rs:576:43
[INFO] [stdout]   31:     0x5ccfcabbb595 - test::run_test::{{closure}}::h56a17aa7a282a9f4
[INFO] [stdout]                                at /rustc/6067b36314ab5eb2eb47cecc464545ba58e1ad24/library/test/src/lib.rs:606:41
[INFO] [stdout]   32:     0x5ccfcabbb595 - std::sys::backtrace::__rust_begin_short_backtrace::hd2d2d2fb8e8c6aac
[INFO] [stdout]                                at /rustc/6067b36314ab5eb2eb47cecc464545ba58e1ad24/library/std/src/sys/backtrace.rs:152:18
[INFO] [stdout]   33:     0x5ccfcabbee7a - std::thread::Builder::spawn_unchecked_::{{closure}}::{{closure}}::h4faa3f9db6133423
[INFO] [stdout]                                at /rustc/6067b36314ab5eb2eb47cecc464545ba58e1ad24/library/std/src/thread/mod.rs:559:17
[INFO] [stdout]   34:     0x5ccfcabbee7a - <core::panic::unwind_safe::AssertUnwindSafe<F> as core::ops::function::FnOnce<()>>::call_once::hf2e855a36a4ea846
[INFO] [stdout]                                at /rustc/6067b36314ab5eb2eb47cecc464545ba58e1ad24/library/core/src/panic/unwind_safe.rs:272:9
[INFO] [stdout]   35:     0x5ccfcabbee7a - std::panicking::try::do_call::h2f73af3616c35465
[INFO] [stdout]                                at /rustc/6067b36314ab5eb2eb47cecc464545ba58e1ad24/library/std/src/panicking.rs:587:40
[INFO] [stdout]   36:     0x5ccfcabbee7a - std::panicking::try::hd1660ce9efadef5a
[INFO] [stdout]                                at /rustc/6067b36314ab5eb2eb47cecc464545ba58e1ad24/library/std/src/panicking.rs:550:19
[INFO] [stdout]   37:     0x5ccfcabbee7a - std::panic::catch_unwind::h5ee8d7823b8ca744
[INFO] [stdout]                                at /rustc/6067b36314ab5eb2eb47cecc464545ba58e1ad24/library/std/src/panic.rs:358:14
[INFO] [stdout]   38:     0x5ccfcabbee7a - std::thread::Builder::spawn_unchecked_::{{closure}}::h53c3a1894dce8407
[INFO] [stdout]                                at /rustc/6067b36314ab5eb2eb47cecc464545ba58e1ad24/library/std/src/thread/mod.rs:557:30
[INFO] [stdout]   39:     0x5ccfcabbee7a - core::ops::function::FnOnce::call_once{{vtable.shim}}::h048ce291ad4f62bf
[INFO] [stdout]                                at /rustc/6067b36314ab5eb2eb47cecc464545ba58e1ad24/library/core/src/ops/function.rs:250:5
[INFO] [stdout]   40:     0x5ccfcac801eb - <alloc::boxed::Box<F,A> as core::ops::function::FnOnce<Args>>::call_once::ha52bedf99a3b4981
[INFO] [stdout]                                at /rustc/6067b36314ab5eb2eb47cecc464545ba58e1ad24/library/alloc/src/boxed.rs:2013:9
[INFO] [stdout]   41:     0x5ccfcac801eb - <alloc::boxed::Box<F,A> as core::ops::function::FnOnce<Args>>::call_once::h567748934d80ccf8
[INFO] [stdout]                                at /rustc/6067b36314ab5eb2eb47cecc464545ba58e1ad24/library/alloc/src/boxed.rs:2013:9
[INFO] [stdout]   42:     0x5ccfcac801eb - std::sys::pal::unix::thread::Thread::new::thread_start::h2d970728ae887adc
[INFO] [stdout]                                at /rustc/6067b36314ab5eb2eb47cecc464545ba58e1ad24/library/std/src/sys/pal/unix/thread.rs:106:17
[INFO] [stdout]   43:     0x75e19064dac3 - <unknown>
[INFO] [stdout]   44:     0x75e1906dea04 - clone
[INFO] [stdout]   45:                0x0 - <unknown>
[INFO] [stdout] flushed 0.sst with size=2127912
[INFO] [stdout] 
[INFO] [stdout] ---- tests::week2_day2::test_integration stdout ----
[INFO] [stdout] flushed 0.sst with size=1070964
[INFO] [stdout] flushed 1.sst with size=1071111
[INFO] [stdout] compaction triggered at level 0 because L0 has 2 SSTs >= 2
[INFO] [stdout] L0 (2): [1, 0]
[INFO] [stdout] L1 (0): []
[INFO] [stdout] L2 (0): []
[INFO] [stdout] L3 (0): []
[INFO] [stdout] running compaction task: Simple(SimpleLeveledCompactionTask { upper_level: None, upper_level_sst_ids: [1, 0], lower_level: 1, lower_level_sst_ids: [], is_lower_level_bottom_level: false })
[INFO] [stdout] flushed 2.sst with size=1070943
[INFO] [stdout] flushed 3.sst with size=1070993
[INFO] [stdout] compaction finished: 2 files removed, 3 files added, output=[5, 7, 8]
[INFO] [stdout] compaction triggered at level 0 because L0 has 2 SSTs >= 2
[INFO] [stdout] L0 (2): [3, 2]
[INFO] [stdout] L1 (3): [5, 7, 8]
[INFO] [stdout] L2 (0): []
[INFO] [stdout] L3 (0): []
[INFO] [stdout] running compaction task: Simple(SimpleLeveledCompactionTask { upper_level: None, upper_level_sst_ids: [3, 2], lower_level: 1, lower_level_sst_ids: [5, 7, 8], is_lower_level_bottom_level: false })
[INFO] [stdout] flushed 4.sst with size=1070855
[INFO] [stdout] flushed 6.sst with size=1071090
[INFO] [stdout] flushed 9.sst with size=1070838
[INFO] [stdout] flushed 10.sst with size=1071059
[INFO] [stdout] compaction finished: 5 files removed, 3 files added, output=[11, 14, 15]
[INFO] [stdout] compaction triggered at level 0 because L0 has 4 SSTs >= 2
[INFO] [stdout] L0 (4): [10, 9, 6, 4]
[INFO] [stdout] L1 (3): [11, 14, 15]
[INFO] [stdout] L2 (0): []
[INFO] [stdout] L3 (0): []
[INFO] [stdout] running compaction task: Simple(SimpleLeveledCompactionTask { upper_level: None, upper_level_sst_ids: [10, 9, 6, 4], lower_level: 1, lower_level_sst_ids: [11, 14, 15], is_lower_level_bottom_level: false })
[INFO] [stdout] flushed 12.sst with size=1070994
[INFO] [stdout] flushed 13.sst with size=1070921
[INFO] [stdout] flushed 16.sst with size=1071066
[INFO] [stdout] flushed 17.sst with size=1070905
[INFO] [stdout] flushed 19.sst with size=1071006
[INFO] [stdout] flushed 20.sst with size=1070920
[INFO] [stdout] flushed 22.sst with size=1071091
[INFO] [stdout] compaction finished: 7 files removed, 4 files added, output=[18, 21, 24, 26]
[INFO] [stdout] compaction triggered at level 0 because L0 has 7 SSTs >= 2
[INFO] [stdout] L0 (7): [22, 20, 19, 17, 16, 13, 12]
[INFO] [stdout] L1 (4): [18, 21, 24, 26]
[INFO] [stdout] L2 (0): []
[INFO] [stdout] L3 (0): []
[INFO] [stdout] running compaction task: Simple(SimpleLeveledCompactionTask { upper_level: None, upper_level_sst_ids: [22, 20, 19, 17, 16, 13, 12], lower_level: 1, lower_level_sst_ids: [18, 21, 24, 26], is_lower_level_bottom_level: false })
[INFO] [stdout] flushed 23.sst with size=1071026
[INFO] [stdout] flushed 25.sst with size=1071013
[INFO] [stdout] flushed 27.sst with size=1070922
[INFO] [stdout] flushed 28.sst with size=1070980
[INFO] [stdout] flushed 30.sst with size=1071068
[INFO] [stdout] flushed 32.sst with size=1070917
[INFO] [stdout] flushed 33.sst with size=1070968
[INFO] [stdout] compaction finished: 11 files removed, 6 files added, output=[29, 31, 34, 36, 37, 38]
[INFO] [stdout] compaction triggered at level 0 because L0 has 7 SSTs >= 2
[INFO] [stdout] L0 (7): [33, 32, 30, 28, 27, 25, 23]
[INFO] [stdout] L1 (6): [29, 31, 34, 36, 37, 38]
[INFO] [stdout] L2 (0): []
[INFO] [stdout] L3 (0): []
[INFO] [stdout] running compaction task: Simple(SimpleLeveledCompactionTask { upper_level: None, upper_level_sst_ids: [33, 32, 30, 28, 27, 25, 23], lower_level: 1, lower_level_sst_ids: [29, 31, 34, 36, 37, 38], is_lower_level_bottom_level: false })
[INFO] [stdout] waiting for compaction to converge
[INFO] [stdout] compaction finished: 13 files removed, 7 files added, output=[39, 40, 41, 42, 43, 44, 45]
[INFO] [stdout] compaction triggered at level 1 and 2 with size ratio 0
[INFO] [stdout] L1 (7): [39, 40, 41, 42, 43, 44, 45]
[INFO] [stdout] L2 (0): []
[INFO] [stdout] L3 (0): []
[INFO] [stdout] running compaction task: Simple(SimpleLeveledCompactionTask { upper_level: Some(1), upper_level_sst_ids: [39, 40, 41, 42, 43, 44, 45], lower_level: 2, lower_level_sst_ids: [], is_lower_level_bottom_level: false })
[INFO] [stdout] files_to_remove = [39, 40, 41, 42, 43, 44, 45]
[INFO] [stdout] compaction finished: 7 files removed, 7 files added, output=[46, 47, 48, 49, 50, 51, 52]
[INFO] [stdout] compaction triggered at level 2 and 3 with size ratio 0
[INFO] [stdout] L1 (0): []
[INFO] [stdout] L2 (7): [46, 47, 48, 49, 50, 51, 52]
[INFO] [stdout] L3 (0): []
[INFO] [stdout] running compaction task: Simple(SimpleLeveledCompactionTask { upper_level: Some(2), upper_level_sst_ids: [46, 47, 48, 49, 50, 51, 52], lower_level: 3, lower_level_sst_ids: [], is_lower_level_bottom_level: true })
[INFO] [stdout] L1 (0): []
[INFO] [stdout] L2 (7): [46, 47, 48, 49, 50, 51, 52]
[INFO] [stdout] L3 (0): []
[INFO] [stdout] This test case does not guarantee your compaction algorithm produces a LSM state as expected. It only does minimal checks on the size of the levels. Please use the compaction simulator to check if the compaction is correctly going on.
[INFO] [stdout] 
[INFO] [stdout] thread 'tests::week2_day2::test_integration' panicked at mini-lsm/src/tests/harness.rs:323:17:
[INFO] [stdout] L2/L3, 0/7<200%
[INFO] [stdout] stack backtrace:
[INFO] [stdout]    0:     0x5ccfcac7942a - std::backtrace_rs::backtrace::libunwind::trace::hb059275cfc8d6126
[INFO] [stdout]                                at /rustc/6067b36314ab5eb2eb47cecc464545ba58e1ad24/library/std/src/../../backtrace/src/backtrace/libunwind.rs:116:5
[INFO] [stdout]    1:     0x5ccfcac7942a - std::backtrace_rs::backtrace::trace_unsynchronized::h2da071e4327ce3ee
[INFO] [stdout]                                at /rustc/6067b36314ab5eb2eb47cecc464545ba58e1ad24/library/std/src/../../backtrace/src/backtrace/mod.rs:66:5
[INFO] [stdout]    2:     0x5ccfcac7942a - std::sys::backtrace::_print_fmt::h842a1474e6f8d23f
[INFO] [stdout]                                at /rustc/6067b36314ab5eb2eb47cecc464545ba58e1ad24/library/std/src/sys/backtrace.rs:66:9
[INFO] [stdout]    3:     0x5ccfcac7942a - <std::sys::backtrace::BacktraceLock::print::DisplayBacktrace as core::fmt::Display>::fmt::h71a62eb3b9696b12
[INFO] [stdout]                                at /rustc/6067b36314ab5eb2eb47cecc464545ba58e1ad24/library/std/src/sys/backtrace.rs:39:26
[INFO] [stdout]    4:     0x5ccfcaca26d3 - core::fmt::rt::Argument::fmt::hdb6b616786b41dc1
[INFO] [stdout]                                at /rustc/6067b36314ab5eb2eb47cecc464545ba58e1ad24/library/core/src/fmt/rt.rs:177:76
[INFO] [stdout]    5:     0x5ccfcaca26d3 - core::fmt::write::h2cc1698af7e2d686
[INFO] [stdout]                                at /rustc/6067b36314ab5eb2eb47cecc464545ba58e1ad24/library/core/src/fmt/mod.rs:1440:21
[INFO] [stdout]    6:     0x5ccfcac75a13 - std::io::Write::write_fmt::hab1b4cd059a79022
[INFO] [stdout]                                at /rustc/6067b36314ab5eb2eb47cecc464545ba58e1ad24/library/std/src/io/mod.rs:1887:15
[INFO] [stdout]    7:     0x5ccfcac79272 - std::sys::backtrace::BacktraceLock::print::h147fe35b4ea13b08
[INFO] [stdout]                                at /rustc/6067b36314ab5eb2eb47cecc464545ba58e1ad24/library/std/src/sys/backtrace.rs:42:9
[INFO] [stdout]    8:     0x5ccfcac7a84f - std::panicking::default_hook::{{closure}}::hbd44223dbdc0d208
[INFO] [stdout]                                at /rustc/6067b36314ab5eb2eb47cecc464545ba58e1ad24/library/std/src/panicking.rs:298:22
[INFO] [stdout]    9:     0x5ccfcac7a668 - std::panicking::default_hook::h20f81eb0576efcec
[INFO] [stdout]                                at /rustc/6067b36314ab5eb2eb47cecc464545ba58e1ad24/library/std/src/panicking.rs:322:9
[INFO] [stdout]   10:     0x5ccfcabf3e23 - <alloc::boxed::Box<F,A> as core::ops::function::Fn<Args>>::call::hdb53814c496a4d34
[INFO] [stdout]                                at /rustc/6067b36314ab5eb2eb47cecc464545ba58e1ad24/library/alloc/src/boxed.rs:2027:9
[INFO] [stdout]   11:     0x5ccfcabf3e23 - test::test_main::{{closure}}::hc0a4963c59427c24
[INFO] [stdout]                                at /rustc/6067b36314ab5eb2eb47cecc464545ba58e1ad24/library/test/src/lib.rs:134:21
[INFO] [stdout]   12:     0x5ccfcac7b343 - <alloc::boxed::Box<F,A> as core::ops::function::Fn<Args>>::call::h591b2225413a77e9
[INFO] [stdout]                                at /rustc/6067b36314ab5eb2eb47cecc464545ba58e1ad24/library/alloc/src/boxed.rs:2027:9
[INFO] [stdout]   13:     0x5ccfcac7b343 - std::panicking::rust_panic_with_hook::h625eea43051b2edc
[INFO] [stdout]                                at /rustc/6067b36314ab5eb2eb47cecc464545ba58e1ad24/library/std/src/panicking.rs:839:13
[INFO] [stdout]   14:     0x5ccfcac7affa - std::panicking::begin_panic_handler::{{closure}}::h4f9159cfbc3f6bd3
[INFO] [stdout]                                at /rustc/6067b36314ab5eb2eb47cecc464545ba58e1ad24/library/std/src/panicking.rs:704:13
[INFO] [stdout]   15:     0x5ccfcac79929 - std::sys::backtrace::__rust_end_short_backtrace::h0390abce48353151
[INFO] [stdout]                                at /rustc/6067b36314ab5eb2eb47cecc464545ba58e1ad24/library/std/src/sys/backtrace.rs:168:18
[INFO] [stdout]   16:     0x5ccfcac7ac8d - rust_begin_unwind
[INFO] [stdout]                                at /rustc/6067b36314ab5eb2eb47cecc464545ba58e1ad24/library/std/src/panicking.rs:695:5
[INFO] [stdout]   17:     0x5ccfcaca0d00 - core::panicking::panic_fmt::h9e7c637e9e5f29c9
[INFO] [stdout]                                at /rustc/6067b36314ab5eb2eb47cecc464545ba58e1ad24/library/core/src/panicking.rs:75:14
[INFO] [stdout]   18:     0x5ccfcaa8be88 - mini_lsm::tests::harness::check_compaction_ratio::h2f5798eb34645593
[INFO] [stdout]                                at /opt/rustwide/workdir/mini-lsm/src/tests/harness.rs:323:17
[INFO] [stdout]   19:     0x5ccfcab18235 - mini_lsm::tests::week2_day2::test_integration::hc28ec3a1649ad5aa
[INFO] [stdout]                                at /opt/rustwide/workdir/mini-lsm/src/tests/week2_day2.rs:26:5
[INFO] [stdout]   20:     0x5ccfcab17f67 - mini_lsm::tests::week2_day2::test_integration::{{closure}}::hf8f651055ee6b11e
[INFO] [stdout]                                at /opt/rustwide/workdir/mini-lsm/src/tests/week2_day2.rs:11:22
[INFO] [stdout]   21:     0x5ccfcab1bb76 - core::ops::function::FnOnce::call_once::h1b2e8b372cecf6ae
[INFO] [stdout]                                at /rustc/6067b36314ab5eb2eb47cecc464545ba58e1ad24/library/core/src/ops/function.rs:250:5
[INFO] [stdout]   22:     0x5ccfcabf957b - core::ops::function::FnOnce::call_once::he27718dfdd183f43
[INFO] [stdout]                                at /rustc/6067b36314ab5eb2eb47cecc464545ba58e1ad24/library/core/src/ops/function.rs:250:5
[INFO] [stdout]   23:     0x5ccfcabf957b - test::__rust_begin_short_backtrace::h4e84902998457a5d
[INFO] [stdout]                                at /rustc/6067b36314ab5eb2eb47cecc464545ba58e1ad24/library/test/src/lib.rs:632:18
[INFO] [stdout]   24:     0x5ccfcabf84b3 - test::run_test_in_process::{{closure}}::h7176fd18fc1feca0
[INFO] [stdout]                                at /rustc/6067b36314ab5eb2eb47cecc464545ba58e1ad24/library/test/src/lib.rs:655:60
[INFO] [stdout]   25:     0x5ccfcabf84b3 - <core::panic::unwind_safe::AssertUnwindSafe<F> as core::ops::function::FnOnce<()>>::call_once::hf79cff2a624d8cf7
[INFO] [stdout]                                at /rustc/6067b36314ab5eb2eb47cecc464545ba58e1ad24/library/core/src/panic/unwind_safe.rs:272:9
[INFO] [stdout]   26:     0x5ccfcabf84b3 - std::panicking::try::do_call::h3da0561d9ab99c25
[INFO] [stdout]                                at /rustc/6067b36314ab5eb2eb47cecc464545ba58e1ad24/library/std/src/panicking.rs:587:40
[INFO] [stdout]   27:     0x5ccfcabf84b3 - std::panicking::try::h41c9fa508bc61df6
[INFO] [stdout]                                at /rustc/6067b36314ab5eb2eb47cecc464545ba58e1ad24/library/std/src/panicking.rs:550:19
[INFO] [stdout]   28:     0x5ccfcabf84b3 - std::panic::catch_unwind::h6b3ff07bb5afad93
[INFO] [stdout]                                at /rustc/6067b36314ab5eb2eb47cecc464545ba58e1ad24/library/std/src/panic.rs:358:14
[INFO] [stdout]   29:     0x5ccfcabf84b3 - test::run_test_in_process::hc7253dd11b39b9f4
[INFO] [stdout]                                at /rustc/6067b36314ab5eb2eb47cecc464545ba58e1ad24/library/test/src/lib.rs:655:27
[INFO] [stdout]   30:     0x5ccfcabf84b3 - test::run_test::{{closure}}::hfb2007f8649c30bb
[INFO] [stdout]                                at /rustc/6067b36314ab5eb2eb47cecc464545ba58e1ad24/library/test/src/lib.rs:576:43
[INFO] [stdout]   31:     0x5ccfcabbb595 - test::run_test::{{closure}}::h56a17aa7a282a9f4
[INFO] [stdout]                                at /rustc/6067b36314ab5eb2eb47cecc464545ba58e1ad24/library/test/src/lib.rs:606:41
[INFO] [stdout]   32:     0x5ccfcabbb595 - std::sys::backtrace::__rust_begin_short_backtrace::hd2d2d2fb8e8c6aac
[INFO] [stdout]                                at /rustc/6067b36314ab5eb2eb47cecc464545ba58e1ad24/library/std/src/sys/backtrace.rs:152:18
[INFO] [stdout]   33:     0x5ccfcabbee7a - std::thread::Builder::spawn_unchecked_::{{closure}}::{{closure}}::h4faa3f9db6133423
[INFO] [stdout]                                at /rustc/6067b36314ab5eb2eb47cecc464545ba58e1ad24/library/std/src/thread/mod.rs:559:17
[INFO] [stdout]   34:     0x5ccfcabbee7a - <core::panic::unwind_safe::AssertUnwindSafe<F> as core::ops::function::FnOnce<()>>::call_once::hf2e855a36a4ea846
[INFO] [stdout]                                at /rustc/6067b36314ab5eb2eb47cecc464545ba58e1ad24/library/core/src/panic/unwind_safe.rs:272:9
[INFO] [stdout]   35:     0x5ccfcabbee7a - std::panicking::try::do_call::h2f73af3616c35465
[INFO] [stdout]                                at /rustc/6067b36314ab5eb2eb47cecc464545ba58e1ad24/library/std/src/panicking.rs:587:40
[INFO] [stdout]   36:     0x5ccfcabbee7a - std::panicking::try::hd1660ce9efadef5a
[INFO] [stdout]                                at /rustc/6067b36314ab5eb2eb47cecc464545ba58e1ad24/library/std/src/panicking.rs:550:19
[INFO] [stdout]   37:     0x5ccfcabbee7a - std::panic::catch_unwind::h5ee8d7823b8ca744
[INFO] [stdout]                                at /rustc/6067b36314ab5eb2eb47cecc464545ba58e1ad24/library/std/src/panic.rs:358:14
[INFO] [stdout]   38:     0x5ccfcabbee7a - std::thread::Builder::spawn_unchecked_::{{closure}}::h53c3a1894dce8407
[INFO] [stdout]                                at /rustc/6067b36314ab5eb2eb47cecc464545ba58e1ad24/library/std/src/thread/mod.rs:557:30
[INFO] [stdout]   39:     0x5ccfcabbee7a - core::ops::function::FnOnce::call_once{{vtable.shim}}::h048ce291ad4f62bf
[INFO] [stdout]                                at /rustc/6067b36314ab5eb2eb47cecc464545ba58e1ad24/library/core/src/ops/function.rs:250:5
[INFO] [stdout]   40:     0x5ccfcac801eb - <alloc::boxed::Box<F,A> as core::ops::function::FnOnce<Args>>::call_once::ha52bedf99a3b4981
[INFO] [stdout]                                at /rustc/6067b36314ab5eb2eb47cecc464545ba58e1ad24/library/alloc/src/boxed.rs:2013:9
[INFO] [stdout]   41:     0x5ccfcac801eb - <alloc::boxed::Box<F,A> as core::ops::function::FnOnce<Args>>::call_once::h567748934d80ccf8
[INFO] [stdout]                                at /rustc/6067b36314ab5eb2eb47cecc464545ba58e1ad24/library/alloc/src/boxed.rs:2013:9
[INFO] [stdout]   42:     0x5ccfcac801eb - std::sys::pal::unix::thread::Thread::new::thread_start::h2d970728ae887adc
[INFO] [stdout]                                at /rustc/6067b36314ab5eb2eb47cecc464545ba58e1ad24/library/std/src/sys/pal/unix/thread.rs:106:17
[INFO] [stdout]   43:     0x75e19064dac3 - <unknown>
[INFO] [stdout]   44:     0x75e1906dea04 - clone
[INFO] [stdout]   45:                0x0 - <unknown>
[INFO] [stdout] 
[INFO] [stdout] 
[INFO] [stdout] failures:
[INFO] [stdout]     tests::week1_day6::test_task2_auto_flush
[INFO] [stdout]     tests::week2_day2::test_integration
[INFO] [stdout] 
[INFO] [stdout] test result: FAILED. 54 passed; 2 failed; 0 ignored; 0 measured; 0 filtered out; finished in 28.19s
[INFO] [stdout] 
[INFO] [stderr] error: test failed, to rerun pass `-p mini-lsm --lib`
[INFO] running `Command { std: "docker" "inspect" "c5b0be3abde8b9132a993daf8a21c1b41448cb987d13dc0323a4a77e2ca6d315", kill_on_drop: false }`
[INFO] running `Command { std: "docker" "rm" "-f" "c5b0be3abde8b9132a993daf8a21c1b41448cb987d13dc0323a4a77e2ca6d315", kill_on_drop: false }`
[INFO] [stdout] c5b0be3abde8b9132a993daf8a21c1b41448cb987d13dc0323a4a77e2ca6d315
