[INFO] cloning repository https://github.com/Zeddling/baby_blockchain
[INFO] running `Command { std: "git" "-c" "credential.helper=" "-c" "credential.helper=/workspace/cargo-home/bin/git-credential-null" "clone" "--bare" "https://github.com/Zeddling/baby_blockchain" "/workspace/cache/git-repos/https%3A%2F%2Fgithub.com%2FZeddling%2Fbaby_blockchain", kill_on_drop: false }`
[INFO] [stderr] Cloning into bare repository '/workspace/cache/git-repos/https%3A%2F%2Fgithub.com%2FZeddling%2Fbaby_blockchain'...
[INFO] running `Command { std: "git" "rev-parse" "HEAD", kill_on_drop: false }`
[INFO] [stdout] af72e03626ea18e22152672d65bdf9fcd807fa07
[INFO] testing Zeddling/baby_blockchain against nightly-2025-01-18+rustflags=-Zrandomize-layout for randomize-layout-2
[INFO] running `Command { std: "git" "clone" "/workspace/cache/git-repos/https%3A%2F%2Fgithub.com%2FZeddling%2Fbaby_blockchain" "/workspace/builds/worker-1-tc2/source", kill_on_drop: false }`
[INFO] [stderr] Cloning into '/workspace/builds/worker-1-tc2/source'...
[INFO] [stderr] done.
[INFO] validating manifest of git repo https://github.com/Zeddling/baby_blockchain on toolchain nightly-2025-01-18
[INFO] running `Command { std: CARGO_HOME="/workspace/cargo-home" RUSTUP_HOME="/workspace/rustup-home" "/workspace/cargo-home/bin/cargo" "+nightly-2025-01-18" "metadata" "--manifest-path" "Cargo.toml" "--no-deps", kill_on_drop: false }`
[INFO] started tweaking git repo https://github.com/Zeddling/baby_blockchain
[INFO] finished tweaking git repo https://github.com/Zeddling/baby_blockchain
[INFO] tweaked toml for git repo https://github.com/Zeddling/baby_blockchain written to /workspace/builds/worker-1-tc2/source/Cargo.toml
[INFO] crate git repo https://github.com/Zeddling/baby_blockchain already has a lockfile, it will not be regenerated
[INFO] running `Command { std: CARGO_HOME="/workspace/cargo-home" RUSTUP_HOME="/workspace/rustup-home" "/workspace/cargo-home/bin/cargo" "+nightly-2025-01-18" "fetch" "--manifest-path" "Cargo.toml", kill_on_drop: false }`
[INFO] running `Command { std: "docker" "create" "-v" "/var/lib/crater-agent-workspace/builds/worker-1-tc2/target:/opt/rustwide/target:rw,Z" "-v" "/var/lib/crater-agent-workspace/builds/worker-1-tc2/source:/opt/rustwide/workdir:ro,Z" "-v" "/var/lib/crater-agent-workspace/cargo-home:/opt/rustwide/cargo-home:ro,Z" "-v" "/var/lib/crater-agent-workspace/rustup-home:/opt/rustwide/rustup-home:ro,Z" "-e" "SOURCE_DIR=/opt/rustwide/workdir" "-e" "CARGO_TARGET_DIR=/opt/rustwide/target" "-e" "CARGO_HOME=/opt/rustwide/cargo-home" "-e" "RUSTUP_HOME=/opt/rustwide/rustup-home" "-w" "/opt/rustwide/workdir" "-m" "1610612736" "--user" "0:0" "--network" "none" "ghcr.io/rust-lang/crates-build-env/linux@sha256:819108c5571ea2e421544af4d832f968d213c87fbe3707a016657f43d2f853bc" "/opt/rustwide/cargo-home/bin/cargo" "+nightly-2025-01-18" "metadata" "--no-deps" "--format-version=1", kill_on_drop: false }`
[INFO] [stdout] 4ebc7048651c6db59e18bca723559375af8fe0f4edcfa4da649782a73470e0a2
[INFO] running `Command { std: "docker" "start" "-a" "4ebc7048651c6db59e18bca723559375af8fe0f4edcfa4da649782a73470e0a2", kill_on_drop: false }`
[INFO] running `Command { std: "docker" "inspect" "4ebc7048651c6db59e18bca723559375af8fe0f4edcfa4da649782a73470e0a2", kill_on_drop: false }`
[INFO] running `Command { std: "docker" "rm" "-f" "4ebc7048651c6db59e18bca723559375af8fe0f4edcfa4da649782a73470e0a2", kill_on_drop: false }`
[INFO] [stdout] 4ebc7048651c6db59e18bca723559375af8fe0f4edcfa4da649782a73470e0a2
[INFO] running `Command { std: "docker" "create" "-v" "/var/lib/crater-agent-workspace/builds/worker-1-tc2/target:/opt/rustwide/target:rw,Z" "-v" "/var/lib/crater-agent-workspace/builds/worker-1-tc2/source:/opt/rustwide/workdir:ro,Z" "-v" "/var/lib/crater-agent-workspace/cargo-home:/opt/rustwide/cargo-home:ro,Z" "-v" "/var/lib/crater-agent-workspace/rustup-home:/opt/rustwide/rustup-home:ro,Z" "-e" "SOURCE_DIR=/opt/rustwide/workdir" "-e" "CARGO_TARGET_DIR=/opt/rustwide/target" "-e" "CARGO_INCREMENTAL=0" "-e" "RUST_BACKTRACE=full" "-e" "RUSTFLAGS=--cap-lints=forbid -Zrandomize-layout" "-e" "RUSTDOCFLAGS=--cap-lints=forbid" "-e" "CARGO_HOME=/opt/rustwide/cargo-home" "-e" "RUSTUP_HOME=/opt/rustwide/rustup-home" "-w" "/opt/rustwide/workdir" "-m" "1610612736" "--user" "0:0" "--network" "none" "ghcr.io/rust-lang/crates-build-env/linux@sha256:819108c5571ea2e421544af4d832f968d213c87fbe3707a016657f43d2f853bc" "/opt/rustwide/cargo-home/bin/cargo" "+nightly-2025-01-18" "build" "--frozen" "--message-format=json", kill_on_drop: false }`
[INFO] [stdout] e34e2110a43fd228528598dad88ce17c10c62198f238934a62d851b18b3c876c
[INFO] running `Command { std: "docker" "start" "-a" "e34e2110a43fd228528598dad88ce17c10c62198f238934a62d851b18b3c876c", kill_on_drop: false }`
[INFO] [stderr]    Compiling proc-macro2 v1.0.40
[INFO] [stderr]    Compiling unicode-ident v1.0.1
[INFO] [stderr]    Compiling quote v1.0.20
[INFO] [stderr]    Compiling libc v0.2.126
[INFO] [stderr]    Compiling syn v1.0.98
[INFO] [stderr]    Compiling serde_derive v1.0.142
[INFO] [stderr]    Compiling autocfg v1.1.0
[INFO] [stderr]    Compiling pkg-config v0.3.25
[INFO] [stderr]    Compiling cc v1.0.73
[INFO] [stderr]    Compiling serde v1.0.142
[INFO] [stderr]    Compiling openssl v0.10.40
[INFO] [stderr]    Compiling serde_json v1.0.83
[INFO] [stderr]    Compiling foreign-types-shared v0.1.1
[INFO] [stderr]    Compiling serde_test v1.0.142
[INFO] [stderr]    Compiling foreign-types v0.3.2
[INFO] [stderr]    Compiling ryu v1.0.11
[INFO] [stderr]    Compiling itoa v1.0.3
[INFO] [stderr]    Compiling bitflags v1.3.2
[INFO] [stderr]    Compiling once_cell v1.13.0
[INFO] [stderr]    Compiling hex v0.4.3
[INFO] [stderr]    Compiling openssl-sys v0.9.74
[INFO] [stderr]    Compiling getrandom v0.2.7
[INFO] [stderr]    Compiling rand_core v0.6.3
[INFO] [stderr]    Compiling rand_chacha v0.3.1
[INFO] [stderr]    Compiling rand v0.8.5
[INFO] [stderr]    Compiling openssl-macros v0.1.0
[INFO] [stderr]    Compiling baby_blockchain v0.1.0 (/opt/rustwide/workdir)
[INFO] [stdout] warning: unused import: `std::borrow::BorrowMut`
[INFO] [stdout]  --> src/blockchain/mod.rs:1:5
[INFO] [stdout]   |
[INFO] [stdout] 1 | use std::borrow::BorrowMut;
[INFO] [stdout]   |     ^^^^^^^^^^^^^^^^^^^^^^
[INFO] [stdout]   |
[INFO] [stdout]   = note: `#[warn(unused_imports)]` on by default
[INFO] [stdout] 
[INFO] [stdout] 
[INFO] [stdout] warning: unused import: `CoinUpdates`
[INFO] [stdout]  --> src/blockchain/mod.rs:6:23
[INFO] [stdout]   |
[INFO] [stdout] 6 | use crate::transops::{CoinUpdates, get_nonce, Operation, Transaction};
[INFO] [stdout]   |                       ^^^^^^^^^^^
[INFO] [stdout] 
[INFO] [stdout] 
[INFO] [stdout] warning: unused imports: `Deserialize`, `Deserializer`, and `de`
[INFO] [stdout]  --> src/keysig/mod.rs:7:13
[INFO] [stdout]   |
[INFO] [stdout] 7 | use serde::{de, Deserialize, Deserializer, Serialize, Serializer};
[INFO] [stdout]   |             ^^  ^^^^^^^^^^^  ^^^^^^^^^^^^
[INFO] [stdout] 
[INFO] [stdout] 
[INFO] [stdout] warning: unused imports: `Error`, `MapAccess`, `SeqAccess`, and `Visitor`
[INFO] [stdout]  --> src/keysig/mod.rs:8:17
[INFO] [stdout]   |
[INFO] [stdout] 8 | use serde::de::{Error, MapAccess, SeqAccess, Visitor};
[INFO] [stdout]   |                 ^^^^^  ^^^^^^^^^  ^^^^^^^^^  ^^^^^^^
[INFO] [stdout] 
[INFO] [stdout] 
[INFO] [stdout] warning: variable does not need to be mutable
[INFO] [stdout]   --> src/blockchain/mod.rs:42:13
[INFO] [stdout]    |
[INFO] [stdout] 42 |         let mut account = Account::gen_account();
[INFO] [stdout]    |             ----^^^^^^^
[INFO] [stdout]    |             |
[INFO] [stdout]    |             help: remove this `mut`
[INFO] [stdout]    |
[INFO] [stdout]    = note: `#[warn(unused_mut)]` on by default
[INFO] [stdout] 
[INFO] [stdout] 
[INFO] [stdout] warning: value assigned to `is_valid` is never read
[INFO] [stdout]   --> src/blockchain/mod.rs:94:17
[INFO] [stdout]    |
[INFO] [stdout] 94 |         let mut is_valid = false;
[INFO] [stdout]    |                 ^^^^^^^^
[INFO] [stdout]    |
[INFO] [stdout]    = help: maybe it is overwritten before being read?
[INFO] [stdout]    = note: `#[warn(unused_assignments)]` on by default
[INFO] [stdout] 
[INFO] [stdout] 
[INFO] [stdout] warning: value assigned to `is_valid` is never read
[INFO] [stdout]   --> src/blockchain/mod.rs:98:13
[INFO] [stdout]    |
[INFO] [stdout] 98 |             is_valid = true;
[INFO] [stdout]    |             ^^^^^^^^
[INFO] [stdout]    |
[INFO] [stdout]    = help: maybe it is overwritten before being read?
[INFO] [stdout] 
[INFO] [stdout] 
[INFO] [stdout] warning: value assigned to `is_valid` is never read
[INFO] [stdout]   --> src/blockchain/mod.rs:99:18
[INFO] [stdout]    |
[INFO] [stdout] 99 |         } else { is_valid = false; }
[INFO] [stdout]    |                  ^^^^^^^^
[INFO] [stdout]    |
[INFO] [stdout]    = help: maybe it is overwritten before being read?
[INFO] [stdout] 
[INFO] [stdout] 
[INFO] [stdout] warning: value assigned to `is_valid` is never read
[INFO] [stdout]    --> src/blockchain/mod.rs:114:17
[INFO] [stdout]     |
[INFO] [stdout] 114 |                 is_valid = true;
[INFO] [stdout]     |                 ^^^^^^^^
[INFO] [stdout]     |
[INFO] [stdout]     = help: maybe it is overwritten before being read?
[INFO] [stdout] 
[INFO] [stdout] 
[INFO] [stdout] warning: value assigned to `is_valid` is never read
[INFO] [stdout]    --> src/blockchain/mod.rs:116:17
[INFO] [stdout]     |
[INFO] [stdout] 116 |                 is_valid = false;
[INFO] [stdout]     |                 ^^^^^^^^
[INFO] [stdout]     |
[INFO] [stdout]     = help: maybe it is overwritten before being read?
[INFO] [stdout] 
[INFO] [stdout] 
[INFO] [stdout] warning: variable does not need to be mutable
[INFO] [stdout]    --> src/blockchain/mod.rs:127:17
[INFO] [stdout]     |
[INFO] [stdout] 127 |             for mut transaction in block.transactions.iter_mut() {
[INFO] [stdout]     |                 ----^^^^^^^^^^^
[INFO] [stdout]     |                 |
[INFO] [stdout]     |                 help: remove this `mut`
[INFO] [stdout] 
[INFO] [stdout] 
[INFO] [stdout] warning: value assigned to `verified` is never read
[INFO] [stdout]   --> src/transops/mod.rs:69:17
[INFO] [stdout]    |
[INFO] [stdout] 69 |         let mut verified = false;
[INFO] [stdout]    |                 ^^^^^^^^
[INFO] [stdout]    |
[INFO] [stdout]    = help: maybe it is overwritten before being read?
[INFO] [stdout] 
[INFO] [stdout] 
[INFO] [stdout] warning: methods `add_key_pair_to_wallet` and `print_balance` are never used
[INFO] [stdout]   --> src/account/mod.rs:33:12
[INFO] [stdout]    |
[INFO] [stdout] 18 | impl Account {
[INFO] [stdout]    | ------------ methods in this implementation
[INFO] [stdout] ...
[INFO] [stdout] 33 |     pub fn add_key_pair_to_wallet(&mut self, keysig: KeySig) {
[INFO] [stdout]    |            ^^^^^^^^^^^^^^^^^^^^^^
[INFO] [stdout] ...
[INFO] [stdout] 54 |     pub fn print_balance(&self) {
[INFO] [stdout]    |            ^^^^^^^^^^^^^
[INFO] [stdout]    |
[INFO] [stdout]    = note: `#[warn(dead_code)]` on by default
[INFO] [stdout] 
[INFO] [stdout] 
[INFO] [stdout] warning: method `get_id` is never used
[INFO] [stdout]   --> src/blockchain/mod.rs:35:12
[INFO] [stdout]    |
[INFO] [stdout] 23 | impl Block {
[INFO] [stdout]    | ---------- method in this implementation
[INFO] [stdout] ...
[INFO] [stdout] 35 |     pub fn get_id(&self) -> String {
[INFO] [stdout]    |            ^^^^^^
[INFO] [stdout] 
[INFO] [stdout] 
[INFO] [stdout] warning: method `show_coin_database` is never used
[INFO] [stdout]   --> src/blockchain/mod.rs:78:12
[INFO] [stdout]    |
[INFO] [stdout] 40 | impl Blockchain {
[INFO] [stdout]    | --------------- method in this implementation
[INFO] [stdout] ...
[INFO] [stdout] 78 |     pub fn show_coin_database(&self) {
[INFO] [stdout]    |            ^^^^^^^^^^^^^^^^^^
[INFO] [stdout] 
[INFO] [stdout] 
[INFO] [stdout] warning: struct `CoinUpdates` is never constructed
[INFO] [stdout]   --> src/transops/mod.rs:27:12
[INFO] [stdout]    |
[INFO] [stdout] 27 | pub struct CoinUpdates {
[INFO] [stdout]    |            ^^^^^^^^^^^
[INFO] [stdout]    |
[INFO] [stdout]    = note: `CoinUpdates` has a derived impl for the trait `Debug`, but this is intentionally ignored during dead code analysis
[INFO] [stdout] 
[INFO] [stdout] 
[INFO] [stdout] warning: methods `get_signature`, `get_sender`, and `get_receiver` are never used
[INFO] [stdout]   --> src/transops/mod.rs:58:12
[INFO] [stdout]    |
[INFO] [stdout] 39 | impl Operation {
[INFO] [stdout]    | -------------- methods in this implementation
[INFO] [stdout] ...
[INFO] [stdout] 58 |     pub fn get_signature(&self) -> Vec<u8> {
[INFO] [stdout]    |            ^^^^^^^^^^^^^
[INFO] [stdout] ...
[INFO] [stdout] 62 |     pub fn get_sender(&self) -> Account {
[INFO] [stdout]    |            ^^^^^^^^^^
[INFO] [stdout] ...
[INFO] [stdout] 66 |     pub fn get_receiver(&self) -> Account { self.receiver.clone() }
[INFO] [stdout]    |            ^^^^^^^^^^^^
[INFO] [stdout] 
[INFO] [stdout] 
[INFO] [stdout] warning: associated items `new`, `get_id`, and `get_amount` are never used
[INFO] [stdout]    --> src/transops/mod.rs:136:12
[INFO] [stdout]     |
[INFO] [stdout] 135 | impl CoinUpdates {
[INFO] [stdout]     | ---------------- associated items in this implementation
[INFO] [stdout] 136 |     pub fn new() -> Vec<CoinUpdates> {
[INFO] [stdout]     |            ^^^
[INFO] [stdout] ...
[INFO] [stdout] 143 |     pub fn get_id(&self) -> &str {
[INFO] [stdout]     |            ^^^^^^
[INFO] [stdout] ...
[INFO] [stdout] 146 |     pub fn get_amount(&self) -> u8 {
[INFO] [stdout]     |            ^^^^^^^^^^
[INFO] [stdout] 
[INFO] [stdout] 
[INFO] [stdout] warning: function `verify_operation` is never used
[INFO] [stdout]    --> src/transops/mod.rs:172:8
[INFO] [stdout]     |
[INFO] [stdout] 172 | pub fn verify_operation(op: Operation) -> bool {
[INFO] [stdout]     |        ^^^^^^^^^^^^^^^^
[INFO] [stdout] 
[INFO] [stdout] 
[INFO] [stdout] warning: constant `flight` should have an upper case name
[INFO] [stdout]   --> src/transops/mod.rs:11:7
[INFO] [stdout]    |
[INFO] [stdout] 11 | const flight: &str = "Cargo Flight";
[INFO] [stdout]    |       ^^^^^^ help: convert the identifier to upper case: `FLIGHT`
[INFO] [stdout]    |
[INFO] [stdout]    = note: `#[warn(non_upper_case_globals)]` on by default
[INFO] [stdout] 
[INFO] [stdout] 
[INFO] [stderr]     Finished `dev` profile [unoptimized + debuginfo] target(s) in 23.45s
[INFO] running `Command { std: "docker" "inspect" "e34e2110a43fd228528598dad88ce17c10c62198f238934a62d851b18b3c876c", kill_on_drop: false }`
[INFO] running `Command { std: "docker" "rm" "-f" "e34e2110a43fd228528598dad88ce17c10c62198f238934a62d851b18b3c876c", kill_on_drop: false }`
[INFO] [stdout] e34e2110a43fd228528598dad88ce17c10c62198f238934a62d851b18b3c876c
[INFO] running `Command { std: "docker" "create" "-v" "/var/lib/crater-agent-workspace/builds/worker-1-tc2/target:/opt/rustwide/target:rw,Z" "-v" "/var/lib/crater-agent-workspace/builds/worker-1-tc2/source:/opt/rustwide/workdir:ro,Z" "-v" "/var/lib/crater-agent-workspace/cargo-home:/opt/rustwide/cargo-home:ro,Z" "-v" "/var/lib/crater-agent-workspace/rustup-home:/opt/rustwide/rustup-home:ro,Z" "-e" "SOURCE_DIR=/opt/rustwide/workdir" "-e" "CARGO_TARGET_DIR=/opt/rustwide/target" "-e" "CARGO_INCREMENTAL=0" "-e" "RUST_BACKTRACE=full" "-e" "RUSTFLAGS=--cap-lints=forbid -Zrandomize-layout" "-e" "RUSTDOCFLAGS=--cap-lints=forbid" "-e" "CARGO_HOME=/opt/rustwide/cargo-home" "-e" "RUSTUP_HOME=/opt/rustwide/rustup-home" "-w" "/opt/rustwide/workdir" "-m" "1610612736" "--user" "0:0" "--network" "none" "ghcr.io/rust-lang/crates-build-env/linux@sha256:819108c5571ea2e421544af4d832f968d213c87fbe3707a016657f43d2f853bc" "/opt/rustwide/cargo-home/bin/cargo" "+nightly-2025-01-18" "test" "--frozen" "--no-run" "--message-format=json", kill_on_drop: false }`
[INFO] [stdout] 2a62d9a10af70e12a194eeac06e688c89b532fe0c5b2f1eecd71adf926e45a2d
[INFO] running `Command { std: "docker" "start" "-a" "2a62d9a10af70e12a194eeac06e688c89b532fe0c5b2f1eecd71adf926e45a2d", kill_on_drop: false }`
[INFO] [stderr]    Compiling baby_blockchain v0.1.0 (/opt/rustwide/workdir)
[INFO] [stdout] warning: unused import: `std::borrow::BorrowMut`
[INFO] [stdout]  --> src/blockchain/mod.rs:1:5
[INFO] [stdout]   |
[INFO] [stdout] 1 | use std::borrow::BorrowMut;
[INFO] [stdout]   |     ^^^^^^^^^^^^^^^^^^^^^^
[INFO] [stdout]   |
[INFO] [stdout]   = note: `#[warn(unused_imports)]` on by default
[INFO] [stdout] 
[INFO] [stdout] 
[INFO] [stdout] warning: unused import: `CoinUpdates`
[INFO] [stdout]  --> src/blockchain/mod.rs:6:23
[INFO] [stdout]   |
[INFO] [stdout] 6 | use crate::transops::{CoinUpdates, get_nonce, Operation, Transaction};
[INFO] [stdout]   |                       ^^^^^^^^^^^
[INFO] [stdout] 
[INFO] [stdout] 
[INFO] [stdout] warning: unused imports: `Deserialize`, `Deserializer`, and `de`
[INFO] [stdout]  --> src/keysig/mod.rs:7:13
[INFO] [stdout]   |
[INFO] [stdout] 7 | use serde::{de, Deserialize, Deserializer, Serialize, Serializer};
[INFO] [stdout]   |             ^^  ^^^^^^^^^^^  ^^^^^^^^^^^^
[INFO] [stdout] 
[INFO] [stdout] 
[INFO] [stdout] warning: unused imports: `Error`, `MapAccess`, `SeqAccess`, and `Visitor`
[INFO] [stdout]  --> src/keysig/mod.rs:8:17
[INFO] [stdout]   |
[INFO] [stdout] 8 | use serde::de::{Error, MapAccess, SeqAccess, Visitor};
[INFO] [stdout]   |                 ^^^^^  ^^^^^^^^^  ^^^^^^^^^  ^^^^^^^
[INFO] [stdout] 
[INFO] [stdout] 
[INFO] [stdout] warning: unused imports: `Token` and `assert_tokens`
[INFO] [stdout]   --> src/keysig/mod.rs:88:22
[INFO] [stdout]    |
[INFO] [stdout] 88 |     use serde_test::{assert_tokens, Token};
[INFO] [stdout]    |                      ^^^^^^^^^^^^^  ^^^^^
[INFO] [stdout] 
[INFO] [stdout] 
[INFO] [stdout] warning: variable does not need to be mutable
[INFO] [stdout]   --> src/blockchain/mod.rs:42:13
[INFO] [stdout]    |
[INFO] [stdout] 42 |         let mut account = Account::gen_account();
[INFO] [stdout]    |             ----^^^^^^^
[INFO] [stdout]    |             |
[INFO] [stdout]    |             help: remove this `mut`
[INFO] [stdout]    |
[INFO] [stdout]    = note: `#[warn(unused_mut)]` on by default
[INFO] [stdout] 
[INFO] [stdout] 
[INFO] [stdout] warning: value assigned to `is_valid` is never read
[INFO] [stdout]   --> src/blockchain/mod.rs:94:17
[INFO] [stdout]    |
[INFO] [stdout] 94 |         let mut is_valid = false;
[INFO] [stdout]    |                 ^^^^^^^^
[INFO] [stdout]    |
[INFO] [stdout]    = help: maybe it is overwritten before being read?
[INFO] [stdout]    = note: `#[warn(unused_assignments)]` on by default
[INFO] [stdout] 
[INFO] [stdout] 
[INFO] [stdout] warning: value assigned to `is_valid` is never read
[INFO] [stdout]   --> src/blockchain/mod.rs:98:13
[INFO] [stdout]    |
[INFO] [stdout] 98 |             is_valid = true;
[INFO] [stdout]    |             ^^^^^^^^
[INFO] [stdout]    |
[INFO] [stdout]    = help: maybe it is overwritten before being read?
[INFO] [stdout] 
[INFO] [stdout] 
[INFO] [stdout] warning: value assigned to `is_valid` is never read
[INFO] [stdout]   --> src/blockchain/mod.rs:99:18
[INFO] [stdout]    |
[INFO] [stdout] 99 |         } else { is_valid = false; }
[INFO] [stdout]    |                  ^^^^^^^^
[INFO] [stdout]    |
[INFO] [stdout]    = help: maybe it is overwritten before being read?
[INFO] [stdout] 
[INFO] [stdout] 
[INFO] [stdout] warning: value assigned to `is_valid` is never read
[INFO] [stdout]    --> src/blockchain/mod.rs:114:17
[INFO] [stdout]     |
[INFO] [stdout] 114 |                 is_valid = true;
[INFO] [stdout]     |                 ^^^^^^^^
[INFO] [stdout]     |
[INFO] [stdout]     = help: maybe it is overwritten before being read?
[INFO] [stdout] 
[INFO] [stdout] 
[INFO] [stdout] warning: value assigned to `is_valid` is never read
[INFO] [stdout]    --> src/blockchain/mod.rs:116:17
[INFO] [stdout]     |
[INFO] [stdout] 116 |                 is_valid = false;
[INFO] [stdout]     |                 ^^^^^^^^
[INFO] [stdout]     |
[INFO] [stdout]     = help: maybe it is overwritten before being read?
[INFO] [stdout] 
[INFO] [stdout] 
[INFO] [stdout] warning: variable does not need to be mutable
[INFO] [stdout]    --> src/blockchain/mod.rs:127:17
[INFO] [stdout]     |
[INFO] [stdout] 127 |             for mut transaction in block.transactions.iter_mut() {
[INFO] [stdout]     |                 ----^^^^^^^^^^^
[INFO] [stdout]     |                 |
[INFO] [stdout]     |                 help: remove this `mut`
[INFO] [stdout] 
[INFO] [stdout] 
[INFO] [stdout] warning: variable does not need to be mutable
[INFO] [stdout]    --> src/blockchain/mod.rs:233:13
[INFO] [stdout]     |
[INFO] [stdout] 233 |         let mut i = 0;
[INFO] [stdout]     |             ----^
[INFO] [stdout]     |             |
[INFO] [stdout]     |             help: remove this `mut`
[INFO] [stdout] 
[INFO] [stdout] 
[INFO] [stdout] warning: value assigned to `verified` is never read
[INFO] [stdout]   --> src/transops/mod.rs:69:17
[INFO] [stdout]    |
[INFO] [stdout] 69 |         let mut verified = false;
[INFO] [stdout]    |                 ^^^^^^^^
[INFO] [stdout]    |
[INFO] [stdout]    = help: maybe it is overwritten before being read?
[INFO] [stdout] 
[INFO] [stdout] 
[INFO] [stdout] warning: method `print_balance` is never used
[INFO] [stdout]   --> src/account/mod.rs:54:12
[INFO] [stdout]    |
[INFO] [stdout] 18 | impl Account {
[INFO] [stdout]    | ------------ method in this implementation
[INFO] [stdout] ...
[INFO] [stdout] 54 |     pub fn print_balance(&self) {
[INFO] [stdout]    |            ^^^^^^^^^^^^^
[INFO] [stdout]    |
[INFO] [stdout]    = note: `#[warn(dead_code)]` on by default
[INFO] [stdout] 
[INFO] [stdout] 
[INFO] [stdout] warning: method `show_coin_database` is never used
[INFO] [stdout]   --> src/blockchain/mod.rs:78:12
[INFO] [stdout]    |
[INFO] [stdout] 40 | impl Blockchain {
[INFO] [stdout]    | --------------- method in this implementation
[INFO] [stdout] ...
[INFO] [stdout] 78 |     pub fn show_coin_database(&self) {
[INFO] [stdout]    |            ^^^^^^^^^^^^^^^^^^
[INFO] [stdout] 
[INFO] [stdout] 
[INFO] [stdout] warning: struct `CoinUpdates` is never constructed
[INFO] [stdout]   --> src/transops/mod.rs:27:12
[INFO] [stdout]    |
[INFO] [stdout] 27 | pub struct CoinUpdates {
[INFO] [stdout]    |            ^^^^^^^^^^^
[INFO] [stdout]    |
[INFO] [stdout]    = note: `CoinUpdates` has a derived impl for the trait `Debug`, but this is intentionally ignored during dead code analysis
[INFO] [stdout] 
[INFO] [stdout] 
[INFO] [stdout] warning: method `get_receiver` is never used
[INFO] [stdout]   --> src/transops/mod.rs:66:12
[INFO] [stdout]    |
[INFO] [stdout] 39 | impl Operation {
[INFO] [stdout]    | -------------- method in this implementation
[INFO] [stdout] ...
[INFO] [stdout] 66 |     pub fn get_receiver(&self) -> Account { self.receiver.clone() }
[INFO] [stdout]    |            ^^^^^^^^^^^^
[INFO] [stdout] 
[INFO] [stdout] 
[INFO] [stdout] warning: associated items `new`, `get_id`, and `get_amount` are never used
[INFO] [stdout]    --> src/transops/mod.rs:136:12
[INFO] [stdout]     |
[INFO] [stdout] 135 | impl CoinUpdates {
[INFO] [stdout]     | ---------------- associated items in this implementation
[INFO] [stdout] 136 |     pub fn new() -> Vec<CoinUpdates> {
[INFO] [stdout]     |            ^^^
[INFO] [stdout] ...
[INFO] [stdout] 143 |     pub fn get_id(&self) -> &str {
[INFO] [stdout]     |            ^^^^^^
[INFO] [stdout] ...
[INFO] [stdout] 146 |     pub fn get_amount(&self) -> u8 {
[INFO] [stdout]     |            ^^^^^^^^^^
[INFO] [stdout] 
[INFO] [stdout] 
[INFO] [stdout] warning: constant `flight` should have an upper case name
[INFO] [stdout]   --> src/transops/mod.rs:11:7
[INFO] [stdout]    |
[INFO] [stdout] 11 | const flight: &str = "Cargo Flight";
[INFO] [stdout]    |       ^^^^^^ help: convert the identifier to upper case: `FLIGHT`
[INFO] [stdout]    |
[INFO] [stdout]    = note: `#[warn(non_upper_case_globals)]` on by default
[INFO] [stdout] 
[INFO] [stdout] 
[INFO] [stderr]     Finished `test` profile [unoptimized + debuginfo] target(s) in 0.94s
[INFO] running `Command { std: "docker" "inspect" "2a62d9a10af70e12a194eeac06e688c89b532fe0c5b2f1eecd71adf926e45a2d", kill_on_drop: false }`
[INFO] running `Command { std: "docker" "rm" "-f" "2a62d9a10af70e12a194eeac06e688c89b532fe0c5b2f1eecd71adf926e45a2d", kill_on_drop: false }`
[INFO] [stdout] 2a62d9a10af70e12a194eeac06e688c89b532fe0c5b2f1eecd71adf926e45a2d
[INFO] running `Command { std: "docker" "create" "-v" "/var/lib/crater-agent-workspace/builds/worker-1-tc2/target:/opt/rustwide/target:rw,Z" "-v" "/var/lib/crater-agent-workspace/builds/worker-1-tc2/source:/opt/rustwide/workdir:ro,Z" "-v" "/var/lib/crater-agent-workspace/cargo-home:/opt/rustwide/cargo-home:ro,Z" "-v" "/var/lib/crater-agent-workspace/rustup-home:/opt/rustwide/rustup-home:ro,Z" "-e" "SOURCE_DIR=/opt/rustwide/workdir" "-e" "CARGO_TARGET_DIR=/opt/rustwide/target" "-e" "CARGO_INCREMENTAL=0" "-e" "RUST_BACKTRACE=full" "-e" "RUSTFLAGS=--cap-lints=forbid -Zrandomize-layout" "-e" "RUSTDOCFLAGS=--cap-lints=forbid" "-e" "CARGO_HOME=/opt/rustwide/cargo-home" "-e" "RUSTUP_HOME=/opt/rustwide/rustup-home" "-w" "/opt/rustwide/workdir" "-m" "1610612736" "--user" "0:0" "--network" "none" "ghcr.io/rust-lang/crates-build-env/linux@sha256:819108c5571ea2e421544af4d832f968d213c87fbe3707a016657f43d2f853bc" "/opt/rustwide/cargo-home/bin/cargo" "+nightly-2025-01-18" "test" "--frozen", kill_on_drop: false }`
[INFO] [stdout] bc3fcc11118756e6ce02961ed02cc5be4d44627d0fdb8e76903166790123de6c
[INFO] running `Command { std: "docker" "start" "-a" "bc3fcc11118756e6ce02961ed02cc5be4d44627d0fdb8e76903166790123de6c", kill_on_drop: false }`
[INFO] [stderr] warning: unused import: `std::borrow::BorrowMut`
[INFO] [stderr]  --> src/blockchain/mod.rs:1:5
[INFO] [stderr]   |
[INFO] [stderr] 1 | use std::borrow::BorrowMut;
[INFO] [stderr]   |     ^^^^^^^^^^^^^^^^^^^^^^
[INFO] [stderr]   |
[INFO] [stderr]   = note: `#[warn(unused_imports)]` on by default
[INFO] [stderr] 
[INFO] [stderr] warning: unused import: `CoinUpdates`
[INFO] [stderr]  --> src/blockchain/mod.rs:6:23
[INFO] [stderr]   |
[INFO] [stderr] 6 | use crate::transops::{CoinUpdates, get_nonce, Operation, Transaction};
[INFO] [stderr]   |                       ^^^^^^^^^^^
[INFO] [stderr] 
[INFO] [stderr] warning: unused imports: `Deserialize`, `Deserializer`, and `de`
[INFO] [stderr]  --> src/keysig/mod.rs:7:13
[INFO] [stderr]   |
[INFO] [stderr] 7 | use serde::{de, Deserialize, Deserializer, Serialize, Serializer};
[INFO] [stderr]   |             ^^  ^^^^^^^^^^^  ^^^^^^^^^^^^
[INFO] [stderr] 
[INFO] [stderr] warning: unused imports: `Error`, `MapAccess`, `SeqAccess`, and `Visitor`
[INFO] [stderr]  --> src/keysig/mod.rs:8:17
[INFO] [stderr]   |
[INFO] [stderr] 8 | use serde::de::{Error, MapAccess, SeqAccess, Visitor};
[INFO] [stderr]   |                 ^^^^^  ^^^^^^^^^  ^^^^^^^^^  ^^^^^^^
[INFO] [stderr] 
[INFO] [stderr] warning: unused imports: `Token` and `assert_tokens`
[INFO] [stderr]   --> src/keysig/mod.rs:88:22
[INFO] [stderr]    |
[INFO] [stderr] 88 |     use serde_test::{assert_tokens, Token};
[INFO] [stderr]    |                      ^^^^^^^^^^^^^  ^^^^^
[INFO] [stderr] 
[INFO] [stderr] warning: variable does not need to be mutable
[INFO] [stderr]   --> src/blockchain/mod.rs:42:13
[INFO] [stderr]    |
[INFO] [stderr] 42 |         let mut account = Account::gen_account();
[INFO] [stderr]    |             ----^^^^^^^
[INFO] [stderr]    |             |
[INFO] [stderr]    |             help: remove this `mut`
[INFO] [stderr]    |
[INFO] [stderr]    = note: `#[warn(unused_mut)]` on by default
[INFO] [stderr] 
[INFO] [stderr] warning: value assigned to `is_valid` is never read
[INFO] [stderr]   --> src/blockchain/mod.rs:94:17
[INFO] [stderr]    |
[INFO] [stderr] 94 |         let mut is_valid = false;
[INFO] [stderr]    |                 ^^^^^^^^
[INFO] [stderr]    |
[INFO] [stderr]    = help: maybe it is overwritten before being read?
[INFO] [stderr]    = note: `#[warn(unused_assignments)]` on by default
[INFO] [stderr] 
[INFO] [stderr] warning: value assigned to `is_valid` is never read
[INFO] [stderr]   --> src/blockchain/mod.rs:98:13
[INFO] [stderr]    |
[INFO] [stderr] 98 |             is_valid = true;
[INFO] [stderr]    |             ^^^^^^^^
[INFO] [stderr]    |
[INFO] [stderr]    = help: maybe it is overwritten before being read?
[INFO] [stderr] 
[INFO] [stderr] warning: value assigned to `is_valid` is never read
[INFO] [stderr]   --> src/blockchain/mod.rs:99:18
[INFO] [stderr]    |
[INFO] [stderr] 99 |         } else { is_valid = false; }
[INFO] [stderr]    |                  ^^^^^^^^
[INFO] [stderr]    |
[INFO] [stderr]    = help: maybe it is overwritten before being read?
[INFO] [stderr] 
[INFO] [stderr] warning: value assigned to `is_valid` is never read
[INFO] [stderr]    --> src/blockchain/mod.rs:114:17
[INFO] [stderr]     |
[INFO] [stderr] 114 |                 is_valid = true;
[INFO] [stderr]     |                 ^^^^^^^^
[INFO] [stderr]     |
[INFO] [stderr]     = help: maybe it is overwritten before being read?
[INFO] [stderr] 
[INFO] [stderr] warning: value assigned to `is_valid` is never read
[INFO] [stderr]    --> src/blockchain/mod.rs:116:17
[INFO] [stderr]     |
[INFO] [stderr] 116 |                 is_valid = false;
[INFO] [stderr]     |                 ^^^^^^^^
[INFO] [stderr]     |
[INFO] [stderr]     = help: maybe it is overwritten before being read?
[INFO] [stderr] 
[INFO] [stderr] warning: variable does not need to be mutable
[INFO] [stderr]    --> src/blockchain/mod.rs:127:17
[INFO] [stderr]     |
[INFO] [stderr] 127 |             for mut transaction in block.transactions.iter_mut() {
[INFO] [stderr]     |                 ----^^^^^^^^^^^
[INFO] [stderr]     |                 |
[INFO] [stderr]     |                 help: remove this `mut`
[INFO] [stderr] 
[INFO] [stderr] warning: variable does not need to be mutable
[INFO] [stderr]    --> src/blockchain/mod.rs:233:13
[INFO] [stderr]     |
[INFO] [stderr] 233 |         let mut i = 0;
[INFO] [stderr]     |             ----^
[INFO] [stderr]     |             |
[INFO] [stderr]     |             help: remove this `mut`
[INFO] [stderr] 
[INFO] [stderr] warning: value assigned to `verified` is never read
[INFO] [stderr]   --> src/transops/mod.rs:69:17
[INFO] [stderr]    |
[INFO] [stderr] 69 |         let mut verified = false;
[INFO] [stderr]    |                 ^^^^^^^^
[INFO] [stderr]    |
[INFO] [stderr]    = help: maybe it is overwritten before being read?
[INFO] [stderr] 
[INFO] [stderr] warning: method `print_balance` is never used
[INFO] [stderr]   --> src/account/mod.rs:54:12
[INFO] [stderr]    |
[INFO] [stderr] 18 | impl Account {
[INFO] [stderr]    | ------------ method in this implementation
[INFO] [stderr] ...
[INFO] [stderr] 54 |     pub fn print_balance(&self) {
[INFO] [stderr]    |            ^^^^^^^^^^^^^
[INFO] [stderr]    |
[INFO] [stderr]    = note: `#[warn(dead_code)]` on by default
[INFO] [stderr] 
[INFO] [stderr] warning: method `show_coin_database` is never used
[INFO] [stderr]   --> src/blockchain/mod.rs:78:12
[INFO] [stderr]    |
[INFO] [stderr] 40 | impl Blockchain {
[INFO] [stderr]    | --------------- method in this implementation
[INFO] [stderr] ...
[INFO] [stderr] 78 |     pub fn show_coin_database(&self) {
[INFO] [stderr]    |            ^^^^^^^^^^^^^^^^^^
[INFO] [stderr] 
[INFO] [stderr] warning: struct `CoinUpdates` is never constructed
[INFO] [stderr]   --> src/transops/mod.rs:27:12
[INFO] [stderr]    |
[INFO] [stderr] 27 | pub struct CoinUpdates {
[INFO] [stderr]    |            ^^^^^^^^^^^
[INFO] [stderr]    |
[INFO] [stderr]    = note: `CoinUpdates` has a derived impl for the trait `Debug`, but this is intentionally ignored during dead code analysis
[INFO] [stderr] 
[INFO] [stderr] warning: method `get_receiver` is never used
[INFO] [stderr]   --> src/transops/mod.rs:66:12
[INFO] [stderr]    |
[INFO] [stderr] 39 | impl Operation {
[INFO] [stderr]    | -------------- method in this implementation
[INFO] [stderr] ...
[INFO] [stderr] 66 |     pub fn get_receiver(&self) -> Account { self.receiver.clone() }
[INFO] [stderr]    |            ^^^^^^^^^^^^
[INFO] [stderr] 
[INFO] [stderr] warning: associated items `new`, `get_id`, and `get_amount` are never used
[INFO] [stderr]    --> src/transops/mod.rs:136:12
[INFO] [stderr]     |
[INFO] [stderr] 135 | impl CoinUpdates {
[INFO] [stderr]     | ---------------- associated items in this implementation
[INFO] [stderr] 136 |     pub fn new() -> Vec<CoinUpdates> {
[INFO] [stderr]     |            ^^^
[INFO] [stderr] ...
[INFO] [stderr] 143 |     pub fn get_id(&self) -> &str {
[INFO] [stderr]     |            ^^^^^^
[INFO] [stderr] ...
[INFO] [stderr] 146 |     pub fn get_amount(&self) -> u8 {
[INFO] [stderr]     |            ^^^^^^^^^^
[INFO] [stderr] 
[INFO] [stderr] warning: constant `flight` should have an upper case name
[INFO] [stderr]   --> src/transops/mod.rs:11:7
[INFO] [stderr]    |
[INFO] [stderr] 11 | const flight: &str = "Cargo Flight";
[INFO] [stderr]    |       ^^^^^^ help: convert the identifier to upper case: `FLIGHT`
[INFO] [stderr]    |
[INFO] [stderr]    = note: `#[warn(non_upper_case_globals)]` on by default
[INFO] [stderr] 
[INFO] [stderr] warning: `baby_blockchain` (bin "baby_blockchain" test) generated 20 warnings (run `cargo fix --bin "baby_blockchain" --tests` to apply 8 suggestions)
[INFO] [stderr]     Finished `test` profile [unoptimized + debuginfo] target(s) in 0.06s
[INFO] [stderr]      Running unittests src/main.rs (/opt/rustwide/target/debug/deps/baby_blockchain-2c6760abe768e175)
[INFO] [stdout] 
[INFO] [stdout] running 19 tests
[INFO] [stdout] test blockchain::tests::test_blockchain_init ... ok
[INFO] [stdout] test account::tests::test_sign_data ... ok
[INFO] [stdout] test hash::tests::test_to_sha1 ... ok
[INFO] [stdout] test account::tests::test_update_balance ... ok
[INFO] [stdout] test account::tests::test_add_key_pair_to_wallet ... ok
[INFO] [stdout] test keysig::tests::test_get_public_key ... ok
[INFO] [stdout] test account::tests::test_get_balance ... FAILED
[INFO] [stdout] test account::tests::test_account_created ... ok
[INFO] [stdout] test keysig::tests::test_sign_and_verify ... ok
[INFO] [stdout] test keysig::tests::test_to_string ... ok
[INFO] [stdout] test blockchain::tests::test_get_token_from_faucet ... ok
[INFO] [stdout] test utils::test::test_vec_to_string ... ok
[INFO] [stdout] test transops::tests::test_to_string ... ok
[INFO] [stdout] test blockchain::tests::test_blockchain_add_block ... FAILED
[INFO] [stdout] test blockchain::tests::test_create_block ... ok
[INFO] [stdout] test transops::tests::test_create_operation ... ok
[INFO] [stdout] test transops::tests::test_get_signature ... ok
[INFO] [stdout] test transops::tests::test_create_transaction ... ok
[INFO] [stdout] test transops::tests::test_verify_operation ... ok
[INFO] [stdout] 
[INFO] [stdout] failures:
[INFO] [stdout] 
[INFO] [stdout] ---- account::tests::test_get_balance stdout ----
[INFO] [stdout] 
[INFO] [stdout] thread 'account::tests::test_get_balance' panicked at src/account/mod.rs:138:9:
[INFO] [stdout] assertion `left == right` failed
[INFO] [stdout]   left: 0
[INFO] [stdout]  right: 1
[INFO] [stdout] stack backtrace:
[INFO] [stdout]    0:     0x5e24cdf5c13a - std::backtrace_rs::backtrace::libunwind::trace::hb059275cfc8d6126
[INFO] [stdout]                                at /rustc/6067b36314ab5eb2eb47cecc464545ba58e1ad24/library/std/src/../../backtrace/src/backtrace/libunwind.rs:116:5
[INFO] [stdout]    1:     0x5e24cdf5c13a - std::backtrace_rs::backtrace::trace_unsynchronized::h2da071e4327ce3ee
[INFO] [stdout]                                at /rustc/6067b36314ab5eb2eb47cecc464545ba58e1ad24/library/std/src/../../backtrace/src/backtrace/mod.rs:66:5
[INFO] [stdout]    2:     0x5e24cdf5c13a - std::sys::backtrace::_print_fmt::h842a1474e6f8d23f
[INFO] [stdout]                                at /rustc/6067b36314ab5eb2eb47cecc464545ba58e1ad24/library/std/src/sys/backtrace.rs:66:9
[INFO] [stdout]    3:     0x5e24cdf5c13a - <std::sys::backtrace::BacktraceLock::print::DisplayBacktrace as core::fmt::Display>::fmt::h71a62eb3b9696b12
[INFO] [stdout]                                at /rustc/6067b36314ab5eb2eb47cecc464545ba58e1ad24/library/std/src/sys/backtrace.rs:39:26
[INFO] [stdout]    4:     0x5e24cdf83de3 - core::fmt::rt::Argument::fmt::hdb6b616786b41dc1
[INFO] [stdout]                                at /rustc/6067b36314ab5eb2eb47cecc464545ba58e1ad24/library/core/src/fmt/rt.rs:177:76
[INFO] [stdout]    5:     0x5e24cdf83de3 - core::fmt::write::h2cc1698af7e2d686
[INFO] [stdout]                                at /rustc/6067b36314ab5eb2eb47cecc464545ba58e1ad24/library/core/src/fmt/mod.rs:1440:21
[INFO] [stdout]    6:     0x5e24cdf58c93 - std::io::Write::write_fmt::hab1b4cd059a79022
[INFO] [stdout]                                at /rustc/6067b36314ab5eb2eb47cecc464545ba58e1ad24/library/std/src/io/mod.rs:1887:15
[INFO] [stdout]    7:     0x5e24cdf5bf82 - std::sys::backtrace::BacktraceLock::print::h147fe35b4ea13b08
[INFO] [stdout]                                at /rustc/6067b36314ab5eb2eb47cecc464545ba58e1ad24/library/std/src/sys/backtrace.rs:42:9
[INFO] [stdout]    8:     0x5e24cdf5d55f - std::panicking::default_hook::{{closure}}::hbd44223dbdc0d208
[INFO] [stdout]                                at /rustc/6067b36314ab5eb2eb47cecc464545ba58e1ad24/library/std/src/panicking.rs:298:22
[INFO] [stdout]    9:     0x5e24cdf5d378 - std::panicking::default_hook::h20f81eb0576efcec
[INFO] [stdout]                                at /rustc/6067b36314ab5eb2eb47cecc464545ba58e1ad24/library/std/src/panicking.rs:322:9
[INFO] [stdout]   10:     0x5e24cdee70d3 - <alloc::boxed::Box<F,A> as core::ops::function::Fn<Args>>::call::hdb53814c496a4d34
[INFO] [stdout]                                at /rustc/6067b36314ab5eb2eb47cecc464545ba58e1ad24/library/alloc/src/boxed.rs:2027:9
[INFO] [stdout]   11:     0x5e24cdee70d3 - test::test_main::{{closure}}::hc0a4963c59427c24
[INFO] [stdout]                                at /rustc/6067b36314ab5eb2eb47cecc464545ba58e1ad24/library/test/src/lib.rs:134:21
[INFO] [stdout]   12:     0x5e24cdf5e053 - <alloc::boxed::Box<F,A> as core::ops::function::Fn<Args>>::call::h591b2225413a77e9
[INFO] [stdout]                                at /rustc/6067b36314ab5eb2eb47cecc464545ba58e1ad24/library/alloc/src/boxed.rs:2027:9
[INFO] [stdout]   13:     0x5e24cdf5e053 - std::panicking::rust_panic_with_hook::h625eea43051b2edc
[INFO] [stdout]                                at /rustc/6067b36314ab5eb2eb47cecc464545ba58e1ad24/library/std/src/panicking.rs:839:13
[INFO] [stdout]   14:     0x5e24cdf5dd0a - std::panicking::begin_panic_handler::{{closure}}::h4f9159cfbc3f6bd3
[INFO] [stdout]                                at /rustc/6067b36314ab5eb2eb47cecc464545ba58e1ad24/library/std/src/panicking.rs:704:13
[INFO] [stdout]   15:     0x5e24cdf5c639 - std::sys::backtrace::__rust_end_short_backtrace::h0390abce48353151
[INFO] [stdout]                                at /rustc/6067b36314ab5eb2eb47cecc464545ba58e1ad24/library/std/src/sys/backtrace.rs:168:18
[INFO] [stdout]   16:     0x5e24cdf5d99d - rust_begin_unwind
[INFO] [stdout]                                at /rustc/6067b36314ab5eb2eb47cecc464545ba58e1ad24/library/std/src/panicking.rs:695:5
[INFO] [stdout]   17:     0x5e24cdf827c0 - core::panicking::panic_fmt::h9e7c637e9e5f29c9
[INFO] [stdout]                                at /rustc/6067b36314ab5eb2eb47cecc464545ba58e1ad24/library/core/src/panicking.rs:75:14
[INFO] [stdout]   18:     0x5e24cdf82bb2 - core::panicking::assert_failed_inner::h538bec7c1374cd9c
[INFO] [stdout]   19:     0x5e24cde9813e - core::panicking::assert_failed::h8df98c701d3498ef
[INFO] [stdout]                                at /rustc/6067b36314ab5eb2eb47cecc464545ba58e1ad24/library/core/src/panicking.rs:364:5
[INFO] [stdout]   20:     0x5e24cde9b72b - baby_blockchain::account::tests::test_get_balance::h724f129d6a0d7ec6
[INFO] [stdout]                                at /opt/rustwide/workdir/src/account/mod.rs:138:9
[INFO] [stdout]   21:     0x5e24cde9b667 - baby_blockchain::account::tests::test_get_balance::{{closure}}::h6d9f0cfd0f9cfc7c
[INFO] [stdout]                                at /opt/rustwide/workdir/src/account/mod.rs:135:26
[INFO] [stdout]   22:     0x5e24cde91d76 - core::ops::function::FnOnce::call_once::h4ab755dad33bb0d4
[INFO] [stdout]                                at /rustc/6067b36314ab5eb2eb47cecc464545ba58e1ad24/library/core/src/ops/function.rs:250:5
[INFO] [stdout]   23:     0x5e24cdeec82b - core::ops::function::FnOnce::call_once::he27718dfdd183f43
[INFO] [stdout]                                at /rustc/6067b36314ab5eb2eb47cecc464545ba58e1ad24/library/core/src/ops/function.rs:250:5
[INFO] [stdout]   24:     0x5e24cdeec82b - test::__rust_begin_short_backtrace::h4e84902998457a5d
[INFO] [stdout]                                at /rustc/6067b36314ab5eb2eb47cecc464545ba58e1ad24/library/test/src/lib.rs:632:18
[INFO] [stdout]   25:     0x5e24cdeeb763 - test::run_test_in_process::{{closure}}::h7176fd18fc1feca0
[INFO] [stdout]                                at /rustc/6067b36314ab5eb2eb47cecc464545ba58e1ad24/library/test/src/lib.rs:655:60
[INFO] [stdout]   26:     0x5e24cdeeb763 - <core::panic::unwind_safe::AssertUnwindSafe<F> as core::ops::function::FnOnce<()>>::call_once::hf79cff2a624d8cf7
[INFO] [stdout]                                at /rustc/6067b36314ab5eb2eb47cecc464545ba58e1ad24/library/core/src/panic/unwind_safe.rs:272:9
[INFO] [stdout]   27:     0x5e24cdeeb763 - std::panicking::try::do_call::h3da0561d9ab99c25
[INFO] [stdout]                                at /rustc/6067b36314ab5eb2eb47cecc464545ba58e1ad24/library/std/src/panicking.rs:587:40
[INFO] [stdout]   28:     0x5e24cdeeb763 - std::panicking::try::h41c9fa508bc61df6
[INFO] [stdout]                                at /rustc/6067b36314ab5eb2eb47cecc464545ba58e1ad24/library/std/src/panicking.rs:550:19
[INFO] [stdout]   29:     0x5e24cdeeb763 - std::panic::catch_unwind::h6b3ff07bb5afad93
[INFO] [stdout]                                at /rustc/6067b36314ab5eb2eb47cecc464545ba58e1ad24/library/std/src/panic.rs:358:14
[INFO] [stdout]   30:     0x5e24cdeeb763 - test::run_test_in_process::hc7253dd11b39b9f4
[INFO] [stdout]                                at /rustc/6067b36314ab5eb2eb47cecc464545ba58e1ad24/library/test/src/lib.rs:655:27
[INFO] [stdout]   31:     0x5e24cdeeb763 - test::run_test::{{closure}}::hfb2007f8649c30bb
[INFO] [stdout]                                at /rustc/6067b36314ab5eb2eb47cecc464545ba58e1ad24/library/test/src/lib.rs:576:43
[INFO] [stdout]   32:     0x5e24cdeae845 - test::run_test::{{closure}}::h56a17aa7a282a9f4
[INFO] [stdout]                                at /rustc/6067b36314ab5eb2eb47cecc464545ba58e1ad24/library/test/src/lib.rs:606:41
[INFO] [stdout]   33:     0x5e24cdeae845 - std::sys::backtrace::__rust_begin_short_backtrace::hd2d2d2fb8e8c6aac
[INFO] [stdout]                                at /rustc/6067b36314ab5eb2eb47cecc464545ba58e1ad24/library/std/src/sys/backtrace.rs:152:18
[INFO] [stdout]   34:     0x5e24cdeb212a - std::thread::Builder::spawn_unchecked_::{{closure}}::{{closure}}::h4faa3f9db6133423
[INFO] [stdout]                                at /rustc/6067b36314ab5eb2eb47cecc464545ba58e1ad24/library/std/src/thread/mod.rs:559:17
[INFO] [stdout]   35:     0x5e24cdeb212a - <core::panic::unwind_safe::AssertUnwindSafe<F> as core::ops::function::FnOnce<()>>::call_once::hf2e855a36a4ea846
[INFO] [stdout]                                at /rustc/6067b36314ab5eb2eb47cecc464545ba58e1ad24/library/core/src/panic/unwind_safe.rs:272:9
[INFO] [stdout]   36:     0x5e24cdeb212a - std::panicking::try::do_call::h2f73af3616c35465
[INFO] [stdout]                                at /rustc/6067b36314ab5eb2eb47cecc464545ba58e1ad24/library/std/src/panicking.rs:587:40
[INFO] [stdout]   37:     0x5e24cdeb212a - std::panicking::try::hd1660ce9efadef5a
[INFO] [stdout]                                at /rustc/6067b36314ab5eb2eb47cecc464545ba58e1ad24/library/std/src/panicking.rs:550:19
[INFO] [stdout]   38:     0x5e24cdeb212a - std::panic::catch_unwind::h5ee8d7823b8ca744
[INFO] [stdout]                                at /rustc/6067b36314ab5eb2eb47cecc464545ba58e1ad24/library/std/src/panic.rs:358:14
[INFO] [stdout]   39:     0x5e24cdeb212a - std::thread::Builder::spawn_unchecked_::{{closure}}::h53c3a1894dce8407
[INFO] [stdout]                                at /rustc/6067b36314ab5eb2eb47cecc464545ba58e1ad24/library/std/src/thread/mod.rs:557:30
[INFO] [stdout]   40:     0x5e24cdeb212a - core::ops::function::FnOnce::call_once{{vtable.shim}}::h048ce291ad4f62bf
[INFO] [stdout]                                at /rustc/6067b36314ab5eb2eb47cecc464545ba58e1ad24/library/core/src/ops/function.rs:250:5
[INFO] [stdout]   41:     0x5e24cdf61f8b - <alloc::boxed::Box<F,A> as core::ops::function::FnOnce<Args>>::call_once::ha52bedf99a3b4981
[INFO] [stdout]                                at /rustc/6067b36314ab5eb2eb47cecc464545ba58e1ad24/library/alloc/src/boxed.rs:2013:9
[INFO] [stdout]   42:     0x5e24cdf61f8b - <alloc::boxed::Box<F,A> as core::ops::function::FnOnce<Args>>::call_once::h567748934d80ccf8
[INFO] [stdout]                                at /rustc/6067b36314ab5eb2eb47cecc464545ba58e1ad24/library/alloc/src/boxed.rs:2013:9
[INFO] [stdout]   43:     0x5e24cdf61f8b - std::sys::pal::unix::thread::Thread::new::thread_start::h2d970728ae887adc
[INFO] [stdout]                                at /rustc/6067b36314ab5eb2eb47cecc464545ba58e1ad24/library/std/src/sys/pal/unix/thread.rs:106:17
[INFO] [stdout]   44:     0x78cf6f1a9ac3 - <unknown>
[INFO] [stdout]   45:     0x78cf6f23aa04 - clone
[INFO] [stdout]   46:                0x0 - <unknown>
[INFO] [stdout] 
[INFO] [stdout] ---- blockchain::tests::test_blockchain_add_block stdout ----
[INFO] [stdout] 
[INFO] [stdout] thread 'blockchain::tests::test_blockchain_add_block' panicked at src/blockchain/mod.rs:247:9:
[INFO] [stdout] assertion failed: bc.validate_block(block)
[INFO] [stdout] stack backtrace:
[INFO] [stdout]    0:     0x5e24cdf5c13a - std::backtrace_rs::backtrace::libunwind::trace::hb059275cfc8d6126
[INFO] [stdout]                                at /rustc/6067b36314ab5eb2eb47cecc464545ba58e1ad24/library/std/src/../../backtrace/src/backtrace/libunwind.rs:116:5
[INFO] [stdout]    1:     0x5e24cdf5c13a - std::backtrace_rs::backtrace::trace_unsynchronized::h2da071e4327ce3ee
[INFO] [stdout]                                at /rustc/6067b36314ab5eb2eb47cecc464545ba58e1ad24/library/std/src/../../backtrace/src/backtrace/mod.rs:66:5
[INFO] [stdout]    2:     0x5e24cdf5c13a - std::sys::backtrace::_print_fmt::h842a1474e6f8d23f
[INFO] [stdout]                                at /rustc/6067b36314ab5eb2eb47cecc464545ba58e1ad24/library/std/src/sys/backtrace.rs:66:9
[INFO] [stdout]    3:     0x5e24cdf5c13a - <std::sys::backtrace::BacktraceLock::print::DisplayBacktrace as core::fmt::Display>::fmt::h71a62eb3b9696b12
[INFO] [stdout]                                at /rustc/6067b36314ab5eb2eb47cecc464545ba58e1ad24/library/std/src/sys/backtrace.rs:39:26
[INFO] [stdout]    4:     0x5e24cdf83de3 - core::fmt::rt::Argument::fmt::hdb6b616786b41dc1
[INFO] [stdout]                                at /rustc/6067b36314ab5eb2eb47cecc464545ba58e1ad24/library/core/src/fmt/rt.rs:177:76
[INFO] [stdout]    5:     0x5e24cdf83de3 - core::fmt::write::h2cc1698af7e2d686
[INFO] [stdout]                                at /rustc/6067b36314ab5eb2eb47cecc464545ba58e1ad24/library/core/src/fmt/mod.rs:1440:21
[INFO] [stdout]    6:     0x5e24cdf58c93 - std::io::Write::write_fmt::hab1b4cd059a79022
[INFO] [stdout]                                at /rustc/6067b36314ab5eb2eb47cecc464545ba58e1ad24/library/std/src/io/mod.rs:1887:15
[INFO] [stdout]    7:     0x5e24cdf5bf82 - std::sys::backtrace::BacktraceLock::print::h147fe35b4ea13b08
[INFO] [stdout]                                at /rustc/6067b36314ab5eb2eb47cecc464545ba58e1ad24/library/std/src/sys/backtrace.rs:42:9
[INFO] [stdout]    8:     0x5e24cdf5d55f - std::panicking::default_hook::{{closure}}::hbd44223dbdc0d208
[INFO] [stdout]                                at /rustc/6067b36314ab5eb2eb47cecc464545ba58e1ad24/library/std/src/panicking.rs:298:22
[INFO] [stdout]    9:     0x5e24cdf5d378 - std::panicking::default_hook::h20f81eb0576efcec
[INFO] [stdout]                                at /rustc/6067b36314ab5eb2eb47cecc464545ba58e1ad24/library/std/src/panicking.rs:322:9
[INFO] [stdout]   10:     0x5e24cdee70d3 - <alloc::boxed::Box<F,A> as core::ops::function::Fn<Args>>::call::hdb53814c496a4d34
[INFO] [stdout]                                at /rustc/6067b36314ab5eb2eb47cecc464545ba58e1ad24/library/alloc/src/boxed.rs:2027:9
[INFO] [stdout]   11:     0x5e24cdee70d3 - test::test_main::{{closure}}::hc0a4963c59427c24
[INFO] [stdout]                                at /rustc/6067b36314ab5eb2eb47cecc464545ba58e1ad24/library/test/src/lib.rs:134:21
[INFO] [stdout]   12:     0x5e24cdf5e053 - <alloc::boxed::Box<F,A> as core::ops::function::Fn<Args>>::call::h591b2225413a77e9
[INFO] [stdout]                                at /rustc/6067b36314ab5eb2eb47cecc464545ba58e1ad24/library/alloc/src/boxed.rs:2027:9
[INFO] [stdout]   13:     0x5e24cdf5e053 - std::panicking::rust_panic_with_hook::h625eea43051b2edc
[INFO] [stdout]                                at /rustc/6067b36314ab5eb2eb47cecc464545ba58e1ad24/library/std/src/panicking.rs:839:13
[INFO] [stdout]   14:     0x5e24cdf5dcd6 - std::panicking::begin_panic_handler::{{closure}}::h4f9159cfbc3f6bd3
[INFO] [stdout]                                at /rustc/6067b36314ab5eb2eb47cecc464545ba58e1ad24/library/std/src/panicking.rs:697:13
[INFO] [stdout]   15:     0x5e24cdf5c639 - std::sys::backtrace::__rust_end_short_backtrace::h0390abce48353151
[INFO] [stdout]                                at /rustc/6067b36314ab5eb2eb47cecc464545ba58e1ad24/library/std/src/sys/backtrace.rs:168:18
[INFO] [stdout]   16:     0x5e24cdf5d99d - rust_begin_unwind
[INFO] [stdout]                                at /rustc/6067b36314ab5eb2eb47cecc464545ba58e1ad24/library/std/src/panicking.rs:695:5
[INFO] [stdout]   17:     0x5e24cdf827c0 - core::panicking::panic_fmt::h9e7c637e9e5f29c9
[INFO] [stdout]                                at /rustc/6067b36314ab5eb2eb47cecc464545ba58e1ad24/library/core/src/panicking.rs:75:14
[INFO] [stdout]   18:     0x5e24cdf8284c - core::panicking::panic::haa3255ea20181a33
[INFO] [stdout]                                at /rustc/6067b36314ab5eb2eb47cecc464545ba58e1ad24/library/core/src/panicking.rs:145:5
[INFO] [stdout]   19:     0x5e24cde969ad - baby_blockchain::blockchain::tests::test_blockchain_add_block::h70a8f247a0d5ff54
[INFO] [stdout]                                at /opt/rustwide/workdir/src/blockchain/mod.rs:247:9
[INFO] [stdout]   20:     0x5e24cde96647 - baby_blockchain::blockchain::tests::test_blockchain_add_block::{{closure}}::ha1029c018b379d72
[INFO] [stdout]                                at /opt/rustwide/workdir/src/blockchain/mod.rs:230:35
[INFO] [stdout]   21:     0x5e24cde91a96 - core::ops::function::FnOnce::call_once::h17e8f777f1307600
[INFO] [stdout]                                at /rustc/6067b36314ab5eb2eb47cecc464545ba58e1ad24/library/core/src/ops/function.rs:250:5
[INFO] [stdout]   22:     0x5e24cdeec82b - core::ops::function::FnOnce::call_once::he27718dfdd183f43
[INFO] [stdout]                                at /rustc/6067b36314ab5eb2eb47cecc464545ba58e1ad24/library/core/src/ops/function.rs:250:5
[INFO] [stdout]   23:     0x5e24cdeec82b - test::__rust_begin_short_backtrace::h4e84902998457a5d
[INFO] [stdout]                                at /rustc/6067b36314ab5eb2eb47cecc464545ba58e1ad24/library/test/src/lib.rs:632:18
[INFO] [stdout]   24:     0x5e24cdeeb763 - test::run_test_in_process::{{closure}}::h7176fd18fc1feca0
[INFO] [stdout]                                at /rustc/6067b36314ab5eb2eb47cecc464545ba58e1ad24/library/test/src/lib.rs:655:60
[INFO] [stdout]   25:     0x5e24cdeeb763 - <core::panic::unwind_safe::AssertUnwindSafe<F> as core::ops::function::FnOnce<()>>::call_once::hf79cff2a624d8cf7
[INFO] [stdout]                                at /rustc/6067b36314ab5eb2eb47cecc464545ba58e1ad24/library/core/src/panic/unwind_safe.rs:272:9
[INFO] [stdout]   26:     0x5e24cdeeb763 - std::panicking::try::do_call::h3da0561d9ab99c25
[INFO] [stdout]                                at /rustc/6067b36314ab5eb2eb47cecc464545ba58e1ad24/library/std/src/panicking.rs:587:40
[INFO] [stdout]   27:     0x5e24cdeeb763 - std::panicking::try::h41c9fa508bc61df6
[INFO] [stdout]                                at /rustc/6067b36314ab5eb2eb47cecc464545ba58e1ad24/library/std/src/panicking.rs:550:19
[INFO] [stdout]   28:     0x5e24cdeeb763 - std::panic::catch_unwind::h6b3ff07bb5afad93
[INFO] [stdout]                                at /rustc/6067b36314ab5eb2eb47cecc464545ba58e1ad24/library/std/src/panic.rs:358:14
[INFO] [stdout]   29:     0x5e24cdeeb763 - test::run_test_in_process::hc7253dd11b39b9f4
[INFO] [stdout]                                at /rustc/6067b36314ab5eb2eb47cecc464545ba58e1ad24/library/test/src/lib.rs:655:27
[INFO] [stdout]   30:     0x5e24cdeeb763 - test::run_test::{{closure}}::hfb2007f8649c30bb
[INFO] [stdout]                                at /rustc/6067b36314ab5eb2eb47cecc464545ba58e1ad24/library/test/src/lib.rs:576:43
[INFO] [stdout]   31:     0x5e24cdeae845 - test::run_test::{{closure}}::h56a17aa7a282a9f4
[INFO] [stdout]                                at /rustc/6067b36314ab5eb2eb47cecc464545ba58e1ad24/library/test/src/lib.rs:606:41
[INFO] [stdout]   32:     0x5e24cdeae845 - std::sys::backtrace::__rust_begin_short_backtrace::hd2d2d2fb8e8c6aac
[INFO] [stdout]                                at /rustc/6067b36314ab5eb2eb47cecc464545ba58e1ad24/library/std/src/sys/backtrace.rs:152:18
[INFO] [stdout]   33:     0x5e24cdeb212a - std::thread::Builder::spawn_unchecked_::{{closure}}::{{closure}}::h4faa3f9db6133423
[INFO] [stdout]                                at /rustc/6067b36314ab5eb2eb47cecc464545ba58e1ad24/library/std/src/thread/mod.rs:559:17
[INFO] [stdout]   34:     0x5e24cdeb212a - <core::panic::unwind_safe::AssertUnwindSafe<F> as core::ops::function::FnOnce<()>>::call_once::hf2e855a36a4ea846
[INFO] [stderr] error: test failed, to rerun pass `--bin baby_blockchain`
[INFO] [stdout]                                at /rustc/6067b36314ab5eb2eb47cecc464545ba58e1ad24/library/core/src/panic/unwind_safe.rs:272:9
[INFO] [stdout]   35:     0x5e24cdeb212a - std::panicking::try::do_call::h2f73af3616c35465
[INFO] [stdout]                                at /rustc/6067b36314ab5eb2eb47cecc464545ba58e1ad24/library/std/src/panicking.rs:587:40
[INFO] [stdout]   36:     0x5e24cdeb212a - std::panicking::try::hd1660ce9efadef5a
[INFO] [stdout]                                at /rustc/6067b36314ab5eb2eb47cecc464545ba58e1ad24/library/std/src/panicking.rs:550:19
[INFO] [stdout]   37:     0x5e24cdeb212a - std::panic::catch_unwind::h5ee8d7823b8ca744
[INFO] [stdout]                                at /rustc/6067b36314ab5eb2eb47cecc464545ba58e1ad24/library/std/src/panic.rs:358:14
[INFO] [stdout]   38:     0x5e24cdeb212a - std::thread::Builder::spawn_unchecked_::{{closure}}::h53c3a1894dce8407
[INFO] [stdout]                                at /rustc/6067b36314ab5eb2eb47cecc464545ba58e1ad24/library/std/src/thread/mod.rs:557:30
[INFO] [stdout]   39:     0x5e24cdeb212a - core::ops::function::FnOnce::call_once{{vtable.shim}}::h048ce291ad4f62bf
[INFO] [stdout]                                at /rustc/6067b36314ab5eb2eb47cecc464545ba58e1ad24/library/core/src/ops/function.rs:250:5
[INFO] [stdout]   40:     0x5e24cdf61f8b - <alloc::boxed::Box<F,A> as core::ops::function::FnOnce<Args>>::call_once::ha52bedf99a3b4981
[INFO] [stdout]                                at /rustc/6067b36314ab5eb2eb47cecc464545ba58e1ad24/library/alloc/src/boxed.rs:2013:9
[INFO] [stdout]   41:     0x5e24cdf61f8b - <alloc::boxed::Box<F,A> as core::ops::function::FnOnce<Args>>::call_once::h567748934d80ccf8
[INFO] [stdout]                                at /rustc/6067b36314ab5eb2eb47cecc464545ba58e1ad24/library/alloc/src/boxed.rs:2013:9
[INFO] [stdout]   42:     0x5e24cdf61f8b - std::sys::pal::unix::thread::Thread::new::thread_start::h2d970728ae887adc
[INFO] [stdout]                                at /rustc/6067b36314ab5eb2eb47cecc464545ba58e1ad24/library/std/src/sys/pal/unix/thread.rs:106:17
[INFO] [stdout]   43:     0x78cf6f1a9ac3 - <unknown>
[INFO] [stdout]   44:     0x78cf6f23aa04 - clone
[INFO] [stdout]   45:                0x0 - <unknown>
[INFO] [stdout] 
[INFO] [stdout] 
[INFO] [stdout] failures:
[INFO] [stdout]     account::tests::test_get_balance
[INFO] [stdout]     blockchain::tests::test_blockchain_add_block
[INFO] [stdout] 
[INFO] [stdout] test result: FAILED. 17 passed; 2 failed; 0 ignored; 0 measured; 0 filtered out; finished in 6.63s
[INFO] [stdout] 
[INFO] running `Command { std: "docker" "inspect" "bc3fcc11118756e6ce02961ed02cc5be4d44627d0fdb8e76903166790123de6c", kill_on_drop: false }`
[INFO] running `Command { std: "docker" "rm" "-f" "bc3fcc11118756e6ce02961ed02cc5be4d44627d0fdb8e76903166790123de6c", kill_on_drop: false }`
[INFO] [stdout] bc3fcc11118756e6ce02961ed02cc5be4d44627d0fdb8e76903166790123de6c
