[INFO] cloning repository https://github.com/Xevion/time-banner
[INFO] running `Command { std: "git" "-c" "credential.helper=" "-c" "credential.helper=/workspace/cargo-home/bin/git-credential-null" "clone" "--bare" "https://github.com/Xevion/time-banner" "/workspace/cache/git-repos/https%3A%2F%2Fgithub.com%2FXevion%2Ftime-banner", kill_on_drop: false }`
[INFO] [stderr] Cloning into bare repository '/workspace/cache/git-repos/https%3A%2F%2Fgithub.com%2FXevion%2Ftime-banner'...
[INFO] running `Command { std: "git" "rev-parse" "HEAD", kill_on_drop: false }`
[INFO] [stdout] 7207a25aefb295595193763c022da35ab8cd6170
[INFO] testing Xevion/time-banner against nightly-2025-01-18 for randomize-layout-2
[INFO] running `Command { std: "git" "clone" "/workspace/cache/git-repos/https%3A%2F%2Fgithub.com%2FXevion%2Ftime-banner" "/workspace/builds/worker-0-tc1/source", kill_on_drop: false }`
[INFO] [stderr] Cloning into '/workspace/builds/worker-0-tc1/source'...
[INFO] [stderr] done.
[INFO] validating manifest of git repo https://github.com/Xevion/time-banner on toolchain nightly-2025-01-18
[INFO] running `Command { std: CARGO_HOME="/workspace/cargo-home" RUSTUP_HOME="/workspace/rustup-home" "/workspace/cargo-home/bin/cargo" "+nightly-2025-01-18" "metadata" "--manifest-path" "Cargo.toml" "--no-deps", kill_on_drop: false }`
[INFO] started tweaking git repo https://github.com/Xevion/time-banner
[INFO] finished tweaking git repo https://github.com/Xevion/time-banner
[INFO] tweaked toml for git repo https://github.com/Xevion/time-banner written to /workspace/builds/worker-0-tc1/source/Cargo.toml
[INFO] crate git repo https://github.com/Xevion/time-banner already has a lockfile, it will not be regenerated
[INFO] running `Command { std: CARGO_HOME="/workspace/cargo-home" RUSTUP_HOME="/workspace/rustup-home" "/workspace/cargo-home/bin/cargo" "+nightly-2025-01-18" "fetch" "--manifest-path" "Cargo.toml", kill_on_drop: false }`
[INFO] [stderr]  Downloading crates ...
[INFO] [stderr]   Downloaded timeago v0.4.1
[INFO] [stderr]   Downloaded fontconfig-parser v0.5.2
[INFO] [stderr]   Downloaded tera v1.19.0
[INFO] [stderr]   Downloaded isolang v2.3.0
[INFO] [stderr]   Downloaded bstr v1.5.0
[INFO] running `Command { std: "docker" "create" "-v" "/var/lib/crater-agent-workspace/builds/worker-0-tc1/target:/opt/rustwide/target:rw,Z" "-v" "/var/lib/crater-agent-workspace/builds/worker-0-tc1/source:/opt/rustwide/workdir:ro,Z" "-v" "/var/lib/crater-agent-workspace/cargo-home:/opt/rustwide/cargo-home:ro,Z" "-v" "/var/lib/crater-agent-workspace/rustup-home:/opt/rustwide/rustup-home:ro,Z" "-e" "SOURCE_DIR=/opt/rustwide/workdir" "-e" "CARGO_TARGET_DIR=/opt/rustwide/target" "-e" "CARGO_HOME=/opt/rustwide/cargo-home" "-e" "RUSTUP_HOME=/opt/rustwide/rustup-home" "-w" "/opt/rustwide/workdir" "-m" "1610612736" "--user" "0:0" "--network" "none" "ghcr.io/rust-lang/crates-build-env/linux@sha256:819108c5571ea2e421544af4d832f968d213c87fbe3707a016657f43d2f853bc" "/opt/rustwide/cargo-home/bin/cargo" "+nightly-2025-01-18" "metadata" "--no-deps" "--format-version=1", kill_on_drop: false }`
[INFO] [stdout] 762a17f46f378fff0b4b51c9cfbc7097a30da0c992e52cf0483a072ac78ac5a2
[INFO] running `Command { std: "docker" "start" "-a" "762a17f46f378fff0b4b51c9cfbc7097a30da0c992e52cf0483a072ac78ac5a2", kill_on_drop: false }`
[INFO] running `Command { std: "docker" "inspect" "762a17f46f378fff0b4b51c9cfbc7097a30da0c992e52cf0483a072ac78ac5a2", kill_on_drop: false }`
[INFO] running `Command { std: "docker" "rm" "-f" "762a17f46f378fff0b4b51c9cfbc7097a30da0c992e52cf0483a072ac78ac5a2", kill_on_drop: false }`
[INFO] [stdout] 762a17f46f378fff0b4b51c9cfbc7097a30da0c992e52cf0483a072ac78ac5a2
[INFO] running `Command { std: "docker" "create" "-v" "/var/lib/crater-agent-workspace/builds/worker-0-tc1/target:/opt/rustwide/target:rw,Z" "-v" "/var/lib/crater-agent-workspace/builds/worker-0-tc1/source:/opt/rustwide/workdir:ro,Z" "-v" "/var/lib/crater-agent-workspace/cargo-home:/opt/rustwide/cargo-home:ro,Z" "-v" "/var/lib/crater-agent-workspace/rustup-home:/opt/rustwide/rustup-home:ro,Z" "-e" "SOURCE_DIR=/opt/rustwide/workdir" "-e" "CARGO_TARGET_DIR=/opt/rustwide/target" "-e" "CARGO_INCREMENTAL=0" "-e" "RUST_BACKTRACE=full" "-e" "RUSTFLAGS=--cap-lints=forbid" "-e" "RUSTDOCFLAGS=--cap-lints=forbid" "-e" "CARGO_HOME=/opt/rustwide/cargo-home" "-e" "RUSTUP_HOME=/opt/rustwide/rustup-home" "-w" "/opt/rustwide/workdir" "-m" "1610612736" "--user" "0:0" "--network" "none" "ghcr.io/rust-lang/crates-build-env/linux@sha256:819108c5571ea2e421544af4d832f968d213c87fbe3707a016657f43d2f853bc" "/opt/rustwide/cargo-home/bin/cargo" "+nightly-2025-01-18" "build" "--frozen" "--message-format=json", kill_on_drop: false }`
[INFO] [stdout] 9e4133c598d3cb4bf8ebf84285cd5152d63781c31652e3a164e66cde1c6c2879
[INFO] running `Command { std: "docker" "start" "-a" "9e4133c598d3cb4bf8ebf84285cd5152d63781c31652e3a164e66cde1c6c2879", kill_on_drop: false }`
[INFO] [stderr]    Compiling libc v0.2.146
[INFO] [stderr]    Compiling proc-macro2 v1.0.60
[INFO] [stderr]    Compiling unicode-ident v1.0.9
[INFO] [stderr]    Compiling quote v1.0.28
[INFO] [stderr]    Compiling siphasher v0.3.10
[INFO] [stderr]    Compiling ppv-lite86 v0.2.17
[INFO] [stderr]    Compiling regex-syntax v0.7.2
[INFO] [stderr]    Compiling aho-corasick v1.0.2
[INFO] [stderr]    Compiling log v0.4.19
[INFO] [stderr]    Compiling once_cell v1.18.0
[INFO] [stderr]    Compiling phf_shared v0.11.2
[INFO] [stderr]    Compiling uncased v0.9.9
[INFO] [stderr]    Compiling smallvec v1.10.0
[INFO] [stderr]    Compiling futures-core v0.3.28
[INFO] [stderr]    Compiling slab v0.4.8
[INFO] [stderr]    Compiling num-traits v0.2.15
[INFO] [stderr]    Compiling bitflags v1.3.2
[INFO] [stderr]    Compiling futures-task v0.3.28
[INFO] [stderr]    Compiling bytemuck v1.13.1
[INFO] [stderr]    Compiling futures-channel v0.3.28
[INFO] [stderr]    Compiling phf_shared v0.10.0
[INFO] [stderr]    Compiling futures-util v0.3.28
[INFO] [stderr]    Compiling simd-adler32 v0.3.5
[INFO] [stderr]    Compiling crc32fast v1.3.2
[INFO] [stderr]    Compiling serde v1.0.164
[INFO] [stderr]    Compiling syn v2.0.18
[INFO] [stderr]    Compiling getrandom v0.2.10
[INFO] [stderr]    Compiling float-cmp v0.9.0
[INFO] [stderr]    Compiling lazy_static v1.4.0
[INFO] [stderr]    Compiling rustversion v1.0.12
[INFO] [stderr]    Compiling futures-sink v0.3.28
[INFO] [stderr]    Compiling rand_core v0.6.4
[INFO] [stderr]    Compiling arrayvec v0.7.3
[INFO] [stderr]    Compiling itoa v1.0.6
[INFO] [stderr]    Compiling rand_chacha v0.3.1
[INFO] [stderr]    Compiling strict-num v0.1.1
[INFO] [stderr]    Compiling time v0.1.45
[INFO] [stderr]    Compiling lock_api v0.4.10
[INFO] [stderr]    Compiling rand v0.8.5
[INFO] [stderr]    Compiling adler v1.0.2
[INFO] [stderr]    Compiling thiserror v1.0.40
[INFO] [stderr]    Compiling parking_lot_core v0.9.8
[INFO] [stderr]    Compiling xmlparser v0.13.5
[INFO] [stderr]    Compiling iana-time-zone v0.1.57
[INFO] [stderr]    Compiling futures-io v0.3.28
[INFO] [stderr]    Compiling arrayref v0.3.7
[INFO] [stderr]    Compiling roxmltree v0.18.0
[INFO] [stderr]    Compiling tiny-skia-path v0.10.0
[INFO] [stderr]    Compiling chrono v0.4.26
[INFO] [stderr]    Compiling regex v1.8.4
[INFO] [stderr]    Compiling phf_generator v0.11.1
[INFO] [stderr]    Compiling phf_codegen v0.11.2
[INFO] [stderr]    Compiling phf_generator v0.10.0
[INFO] [stderr]    Compiling miniz_oxide v0.7.1
[INFO] [stderr]    Compiling kurbo v0.9.5
[INFO] [stderr]    Compiling phf v0.11.2
[INFO] [stderr]    Compiling tracing-core v0.1.31
[INFO] [stderr]    Compiling slotmap v1.0.6
[INFO] [stderr]    Compiling scopeguard v1.1.0
[INFO] [stderr]    Compiling unicode-general-category v0.6.0
[INFO] [stderr]    Compiling parse-zoneinfo v0.3.0
[INFO] [stderr]    Compiling svgtypes v0.11.0
[INFO] [stderr]    Compiling flate2 v1.0.26
[INFO] [stderr]    Compiling phf_codegen v0.10.0
[INFO] [stderr]    Compiling phf v0.10.1
[INFO] [stderr]    Compiling tokio v1.28.2
[INFO] [stderr]    Compiling rctree v0.5.0
[INFO] [stderr]    Compiling ucd-trie v0.1.5
[INFO] [stderr]    Compiling tinyvec_macros v0.1.1
[INFO] [stderr]    Compiling tinyvec v1.6.0
[INFO] [stderr]    Compiling chrono-tz-build v0.0.2
[INFO] [stderr]    Compiling usvg-tree v0.34.0
[INFO] [stderr]    Compiling parking_lot v0.12.1
[INFO] [stderr]    Compiling fontconfig-parser v0.5.2
[INFO] [stderr]    Compiling http v0.2.9
[INFO] [stderr]    Compiling signal-hook-registry v1.4.1
[INFO] [stderr]    Compiling mio v0.8.8
[INFO] [stderr]    Compiling memmap2 v0.6.2
[INFO] [stderr]    Compiling socket2 v0.4.9
[INFO] [stderr]    Compiling num_cpus v1.15.0
[INFO] [stderr]    Compiling thread_local v1.1.4
[INFO] [stderr]    Compiling aho-corasick v0.7.20
[INFO] [stderr]    Compiling bstr v1.5.0
[INFO] [stderr]    Compiling unicode-script v0.5.5
[INFO] [stderr]    Compiling async-trait v0.1.68
[INFO] [stderr]    Compiling ttf-parser v0.19.0
[INFO] [stderr]    Compiling serde_json v1.0.97
[INFO] [stderr]    Compiling unic-char-range v0.9.0
[INFO] [stderr]    Compiling ttf-parser v0.18.1
[INFO] [stderr]    Compiling tower-service v0.3.2
[INFO] [stderr]    Compiling unicode-bidi-mirroring v0.1.0
[INFO] [stderr]    Compiling percent-encoding v2.3.0
[INFO] [stderr]    Compiling unic-common v0.9.0
[INFO] [stderr]    Compiling libm v0.2.7
[INFO] [stderr]    Compiling httparse v1.8.0
[INFO] [stderr]    Compiling ryu v1.0.13
[INFO] [stderr]    Compiling unicode-ccc v0.1.2
[INFO] [stderr]    Compiling globset v0.4.10
[INFO] [stderr]    Compiling unic-ucd-version v0.9.0
[INFO] [stderr]    Compiling walkdir v2.3.3
[INFO] [stderr]    Compiling unic-char-property v0.9.0
[INFO] [stderr]    Compiling chrono-tz v0.6.1
[INFO] [stderr]    Compiling http-body v0.4.5
[INFO] [stderr]    Compiling chrono-tz-build v0.2.0
[INFO] [stderr]    Compiling axum-core v0.3.4
[INFO] [stderr]    Compiling fdeflate v0.3.0
[INFO] [stderr]    Compiling simplecss v0.2.1
[INFO] [stderr]    Compiling imagesize v0.12.0
[INFO] [stderr]    Compiling unicode-bidi v0.3.13
[INFO] [stderr]    Compiling regex-syntax v0.6.29
[INFO] [stderr]    Compiling try-lock v0.2.4
[INFO] [stderr]    Compiling tower-layer v0.3.2
[INFO] [stderr]    Compiling data-url v0.2.0
[INFO] [stderr]    Compiling unicode-vo v0.1.0
[INFO] [stderr]    Compiling futures-macro v0.3.28
[INFO] [stderr]    Compiling serde_derive v1.0.164
[INFO] [stderr]    Compiling thiserror-impl v1.0.40
[INFO] [stderr]    Compiling tracing-attributes v0.1.24
[INFO] [stderr]    Compiling phf_macros v0.11.2
[INFO] [stderr]    Compiling tokio-macros v2.1.0
[INFO] [stderr]    Compiling pest v2.6.0
[INFO] [stderr]    Compiling fontdb v0.14.1
[INFO] [stderr]    Compiling rustybuzz v0.7.0
[INFO] [stderr]    Compiling tracing v0.1.37
[INFO] [stderr]    Compiling pin-project-internal v1.1.0
[INFO] [stderr]    Compiling regex-automata v0.1.10
[INFO] [stderr]    Compiling pest_meta v2.6.0
[INFO] [stderr]    Compiling pin-project v1.1.0
[INFO] [stderr]    Compiling usvg-parser v0.34.0
[INFO] [stderr]    Compiling want v0.3.1
[INFO] [stderr]    Compiling pest_generator v2.6.0
[INFO] [stderr]    Compiling usvg-text-layout v0.34.0
[INFO] [stderr]    Compiling chrono-tz v0.8.3
[INFO] [stderr]    Compiling png v0.17.9
[INFO] [stderr]    Compiling ignore v0.4.20
[INFO] [stderr]    Compiling unic-ucd-segment v0.9.0
[INFO] [stderr]    Compiling form_urlencoded v1.2.0
[INFO] [stderr]    Compiling axum v0.6.18
[INFO] [stderr]    Compiling pico-args v0.5.0
[INFO] [stderr]    Compiling base64 v0.21.2
[INFO] [stderr]    Compiling deunicode v0.4.3
[INFO] [stderr]    Compiling overload v0.1.1
[INFO] [stderr]    Compiling httpdate v1.0.2
[INFO] [stderr]    Compiling color_quant v1.1.0
[INFO] [stderr]    Compiling mime v0.3.17
[INFO] [stderr]    Compiling weezl v0.1.7
[INFO] [stderr]    Compiling xmlwriter v0.1.0
[INFO] [stderr]    Compiling tower v0.4.13
[INFO] [stderr]    Compiling usvg v0.34.1
[INFO] [stderr]    Compiling gif v0.12.0
[INFO] [stderr]    Compiling hyper v0.14.26
[INFO] [stderr]    Compiling nu-ansi-term v0.46.0
[INFO] [stderr]    Compiling slug v0.1.4
[INFO] [stderr]    Compiling humansize v2.1.3
[INFO] [stderr]    Compiling unic-segment v0.9.0
[INFO] [stderr]    Compiling globwalk v0.8.1
[INFO] [stderr]    Compiling tiny-skia v0.10.0
[INFO] [stderr]    Compiling pest_derive v2.6.0
[INFO] [stderr]    Compiling futures-executor v0.3.28
[INFO] [stderr]    Compiling matchers v0.1.0
[INFO] [stderr]    Compiling isolang v2.3.0
[INFO] [stderr]    Compiling serde_urlencoded v0.7.1
[INFO] [stderr]    Compiling serde_path_to_error v0.1.11
[INFO] [stderr]    Compiling time-banner v0.1.0 (/opt/rustwide/workdir)
[INFO] [stderr]    Compiling tracing-log v0.1.3
[INFO] [stderr]    Compiling sharded-slab v0.1.4
[INFO] [stderr]    Compiling rgb v0.8.36
[INFO] [stderr]    Compiling jpeg-decoder v0.3.0
[INFO] [stderr]    Compiling sync_wrapper v0.1.2
[INFO] [stderr]    Compiling matchit v0.7.0
[INFO] [stderr]    Compiling tracing-subscriber v0.3.17
[INFO] [stderr]    Compiling envy v0.4.2
[INFO] [stderr]    Compiling futures v0.3.28
[INFO] [stderr]    Compiling dotenvy v0.15.7
[INFO] [stderr]    Compiling tera v1.19.0
[INFO] [stderr]    Compiling resvg v0.34.1
[INFO] [stderr]    Compiling timeago v0.4.1
[INFO] [stdout] warning: unused import: `chrono::Duration`
[INFO] [stdout]   --> src/relative.rs:93:9
[INFO] [stdout]    |
[INFO] [stdout] 93 |     use chrono::Duration;
[INFO] [stdout]    |         ^^^^^^^^^^^^^^^^
[INFO] [stdout]    |
[INFO] [stdout]    = note: `#[warn(unused_imports)]` on by default
[INFO] [stdout] 
[INFO] [stdout] 
[INFO] [stdout] warning: unused imports: `Months` and `parse_duration`
[INFO] [stdout]   --> src/relative.rs:94:27
[INFO] [stdout]    |
[INFO] [stdout] 94 |     use crate::relative::{Months, parse_duration};
[INFO] [stdout]    |                           ^^^^^^  ^^^^^^^^^^^^^^
[INFO] [stdout] 
[INFO] [stdout] 
[INFO] [stdout] warning: unused variable: `raw_time`
[INFO] [stdout]   --> src/routes.rs:43:10
[INFO] [stdout]    |
[INFO] [stdout] 43 |     let (raw_time, extension) = parse_path(path.as_str());
[INFO] [stdout]    |          ^^^^^^^^ help: if this is intentional, prefix it with an underscore: `_raw_time`
[INFO] [stdout]    |
[INFO] [stdout]    = note: `#[warn(unused_variables)]` on by default
[INFO] [stdout] 
[INFO] [stdout] 
[INFO] [stdout] warning: unused variable: `extension`
[INFO] [stdout]   --> src/routes.rs:43:20
[INFO] [stdout]    |
[INFO] [stdout] 43 |     let (raw_time, extension) = parse_path(path.as_str());
[INFO] [stdout]    |                    ^^^^^^^^^ help: if this is intentional, prefix it with an underscore: `_extension`
[INFO] [stdout] 
[INFO] [stdout] 
[INFO] [stdout] warning: unused variable: `raw_time`
[INFO] [stdout]   --> src/routes.rs:51:10
[INFO] [stdout]    |
[INFO] [stdout] 51 |     let (raw_time, extension) = parse_path(path.as_str());
[INFO] [stdout]    |          ^^^^^^^^ help: if this is intentional, prefix it with an underscore: `_raw_time`
[INFO] [stdout] 
[INFO] [stdout] 
[INFO] [stdout] warning: unused variable: `extension`
[INFO] [stdout]   --> src/routes.rs:51:20
[INFO] [stdout]    |
[INFO] [stdout] 51 |     let (raw_time, extension) = parse_path(path.as_str());
[INFO] [stdout]    |                    ^^^^^^^^^ help: if this is intentional, prefix it with an underscore: `_extension`
[INFO] [stdout] 
[INFO] [stdout] 
[INFO] [stdout] warning: static `TIMEZONES` is never used
[INFO] [stdout]  --> /opt/rustwide/target/debug/build/time-banner-ca7604a7a223d435/out/codegen.rs:1:8
[INFO] [stdout]   |
[INFO] [stdout] 1 | static TIMEZONES: phf::Map<&'static str, &'static str> = ::phf::Map {
[INFO] [stdout]   |        ^^^^^^^^^
[INFO] [stdout]   |
[INFO] [stdout]   = note: `#[warn(dead_code)]` on by default
[INFO] [stdout] 
[INFO] [stdout] 
[INFO] [stdout] warning: function `parse_abbreviation` is never used
[INFO] [stdout]   --> src/abbr.rs:11:8
[INFO] [stdout]    |
[INFO] [stdout] 11 | pub fn parse_abbreviation(abbreviation: &str) -> Result<FixedOffset, String> {
[INFO] [stdout]    |        ^^^^^^^^^^^^^^^^^^
[INFO] [stdout] 
[INFO] [stdout] 
[INFO] [stdout] warning: function `parse_absolute` is never used
[INFO] [stdout]   --> src/parse.rs:19:8
[INFO] [stdout]    |
[INFO] [stdout] 19 | pub fn parse_absolute(raw: String) -> Result<(DateTime<Utc>, FixedOffset), String> {
[INFO] [stdout]    |        ^^^^^^^^^^^^^^
[INFO] [stdout] 
[INFO] [stdout] 
[INFO] [stdout] warning: variant `Absolute` is never constructed
[INFO] [stdout]   --> src/template.rs:25:5
[INFO] [stdout]    |
[INFO] [stdout] 23 | pub enum OutputForm {
[INFO] [stdout]    |          ---------- variant in this enum
[INFO] [stdout] 24 |     Relative,
[INFO] [stdout] 25 |     Absolute,
[INFO] [stdout]    |     ^^^^^^^^
[INFO] [stdout] 
[INFO] [stdout] 
[INFO] [stdout] warning: fields `tz_offset`, `tz_name`, and `view` are never read
[INFO] [stdout]   --> src/template.rs:31:9
[INFO] [stdout]    |
[INFO] [stdout] 28 | pub struct RenderContext<'a> {
[INFO] [stdout]    |            ------------- fields in this struct
[INFO] [stdout] ...
[INFO] [stdout] 31 |     pub tz_offset: FixedOffset,
[INFO] [stdout]    |         ^^^^^^^^^
[INFO] [stdout] 32 |     pub tz_name: &'a str,
[INFO] [stdout]    |         ^^^^^^^
[INFO] [stdout] 33 |     pub view: &'a str,
[INFO] [stdout]    |         ^^^^
[INFO] [stdout] 
[INFO] [stdout] 
[INFO] [stdout] warning: variant `RenderError` is never constructed
[INFO] [stdout]  --> src/error.rs:7:5
[INFO] [stdout]   |
[INFO] [stdout] 5 | pub enum TimeBannerError {
[INFO] [stdout]   |          --------------- variant in this enum
[INFO] [stdout] 6 |     ParseError(String),
[INFO] [stdout] 7 |     RenderError(String),
[INFO] [stdout]   |     ^^^^^^^^^^^
[INFO] [stdout] 
[INFO] [stdout] 
[INFO] [stdout] warning: associated function `months` is never used
[INFO] [stdout]  --> src/relative.rs:6:8
[INFO] [stdout]   |
[INFO] [stdout] 5 | pub trait Months {
[INFO] [stdout]   |           ------ associated function in this trait
[INFO] [stdout] 6 |     fn months(count: i32) -> Self;
[INFO] [stdout]   |        ^^^^^^
[INFO] [stdout] 
[INFO] [stdout] 
[INFO] [stdout] warning: function `parse_duration` is never used
[INFO] [stdout]   --> src/relative.rs:28:8
[INFO] [stdout]    |
[INFO] [stdout] 28 | pub fn parse_duration(str: &str) -> Result<Duration, String> {
[INFO] [stdout]    |        ^^^^^^^^^^^^^^
[INFO] [stdout] 
[INFO] [stdout] 
[INFO] [stderr]     Finished `dev` profile [unoptimized + debuginfo] target(s) in 2m 31s
[INFO] running `Command { std: "docker" "inspect" "9e4133c598d3cb4bf8ebf84285cd5152d63781c31652e3a164e66cde1c6c2879", kill_on_drop: false }`
[INFO] running `Command { std: "docker" "rm" "-f" "9e4133c598d3cb4bf8ebf84285cd5152d63781c31652e3a164e66cde1c6c2879", kill_on_drop: false }`
[INFO] [stdout] 9e4133c598d3cb4bf8ebf84285cd5152d63781c31652e3a164e66cde1c6c2879
[INFO] running `Command { std: "docker" "create" "-v" "/var/lib/crater-agent-workspace/builds/worker-0-tc1/target:/opt/rustwide/target:rw,Z" "-v" "/var/lib/crater-agent-workspace/builds/worker-0-tc1/source:/opt/rustwide/workdir:ro,Z" "-v" "/var/lib/crater-agent-workspace/cargo-home:/opt/rustwide/cargo-home:ro,Z" "-v" "/var/lib/crater-agent-workspace/rustup-home:/opt/rustwide/rustup-home:ro,Z" "-e" "SOURCE_DIR=/opt/rustwide/workdir" "-e" "CARGO_TARGET_DIR=/opt/rustwide/target" "-e" "CARGO_INCREMENTAL=0" "-e" "RUST_BACKTRACE=full" "-e" "RUSTFLAGS=--cap-lints=forbid" "-e" "RUSTDOCFLAGS=--cap-lints=forbid" "-e" "CARGO_HOME=/opt/rustwide/cargo-home" "-e" "RUSTUP_HOME=/opt/rustwide/rustup-home" "-w" "/opt/rustwide/workdir" "-m" "1610612736" "--user" "0:0" "--network" "none" "ghcr.io/rust-lang/crates-build-env/linux@sha256:819108c5571ea2e421544af4d832f968d213c87fbe3707a016657f43d2f853bc" "/opt/rustwide/cargo-home/bin/cargo" "+nightly-2025-01-18" "test" "--frozen" "--no-run" "--message-format=json", kill_on_drop: false }`
[INFO] [stdout] 77229229b7670c68afd44e5daa78db20d2da827d65b2280e1ce99560340b8a73
[INFO] running `Command { std: "docker" "start" "-a" "77229229b7670c68afd44e5daa78db20d2da827d65b2280e1ce99560340b8a73", kill_on_drop: false }`
[INFO] [stderr]    Compiling time-banner v0.1.0 (/opt/rustwide/workdir)
[INFO] [stdout] warning: unused variable: `raw_time`
[INFO] [stdout]   --> src/routes.rs:43:10
[INFO] [stdout]    |
[INFO] [stdout] 43 |     let (raw_time, extension) = parse_path(path.as_str());
[INFO] [stdout]    |          ^^^^^^^^ help: if this is intentional, prefix it with an underscore: `_raw_time`
[INFO] [stdout]    |
[INFO] [stdout]    = note: `#[warn(unused_variables)]` on by default
[INFO] [stdout] 
[INFO] [stdout] 
[INFO] [stdout] warning: unused variable: `extension`
[INFO] [stdout]   --> src/routes.rs:43:20
[INFO] [stdout]    |
[INFO] [stdout] 43 |     let (raw_time, extension) = parse_path(path.as_str());
[INFO] [stdout]    |                    ^^^^^^^^^ help: if this is intentional, prefix it with an underscore: `_extension`
[INFO] [stdout] 
[INFO] [stdout] 
[INFO] [stdout] warning: unused variable: `raw_time`
[INFO] [stdout]   --> src/routes.rs:51:10
[INFO] [stdout]    |
[INFO] [stdout] 51 |     let (raw_time, extension) = parse_path(path.as_str());
[INFO] [stdout]    |          ^^^^^^^^ help: if this is intentional, prefix it with an underscore: `_raw_time`
[INFO] [stdout] 
[INFO] [stdout] 
[INFO] [stdout] warning: unused variable: `extension`
[INFO] [stdout]   --> src/routes.rs:51:20
[INFO] [stdout]    |
[INFO] [stdout] 51 |     let (raw_time, extension) = parse_path(path.as_str());
[INFO] [stdout]    |                    ^^^^^^^^^ help: if this is intentional, prefix it with an underscore: `_extension`
[INFO] [stdout] 
[INFO] [stdout] 
[INFO] [stdout] warning: function `parse_absolute` is never used
[INFO] [stdout]   --> src/parse.rs:19:8
[INFO] [stdout]    |
[INFO] [stdout] 19 | pub fn parse_absolute(raw: String) -> Result<(DateTime<Utc>, FixedOffset), String> {
[INFO] [stdout]    |        ^^^^^^^^^^^^^^
[INFO] [stdout]    |
[INFO] [stdout]    = note: `#[warn(dead_code)]` on by default
[INFO] [stdout] 
[INFO] [stdout] 
[INFO] [stdout] warning: variant `Absolute` is never constructed
[INFO] [stdout]   --> src/template.rs:25:5
[INFO] [stdout]    |
[INFO] [stdout] 23 | pub enum OutputForm {
[INFO] [stdout]    |          ---------- variant in this enum
[INFO] [stdout] 24 |     Relative,
[INFO] [stdout] 25 |     Absolute,
[INFO] [stdout]    |     ^^^^^^^^
[INFO] [stdout] 
[INFO] [stdout] 
[INFO] [stdout] warning: fields `tz_offset`, `tz_name`, and `view` are never read
[INFO] [stdout]   --> src/template.rs:31:9
[INFO] [stdout]    |
[INFO] [stdout] 28 | pub struct RenderContext<'a> {
[INFO] [stdout]    |            ------------- fields in this struct
[INFO] [stdout] ...
[INFO] [stdout] 31 |     pub tz_offset: FixedOffset,
[INFO] [stdout]    |         ^^^^^^^^^
[INFO] [stdout] 32 |     pub tz_name: &'a str,
[INFO] [stdout]    |         ^^^^^^^
[INFO] [stdout] 33 |     pub view: &'a str,
[INFO] [stdout]    |         ^^^^
[INFO] [stdout] 
[INFO] [stdout] 
[INFO] [stdout] warning: variant `RenderError` is never constructed
[INFO] [stdout]  --> src/error.rs:7:5
[INFO] [stdout]   |
[INFO] [stdout] 5 | pub enum TimeBannerError {
[INFO] [stdout]   |          --------------- variant in this enum
[INFO] [stdout] 6 |     ParseError(String),
[INFO] [stdout] 7 |     RenderError(String),
[INFO] [stdout]   |     ^^^^^^^^^^^
[INFO] [stdout] 
[INFO] [stdout] 
[INFO] [stderr]     Finished `test` profile [unoptimized + debuginfo] target(s) in 1.92s
[INFO] running `Command { std: "docker" "inspect" "77229229b7670c68afd44e5daa78db20d2da827d65b2280e1ce99560340b8a73", kill_on_drop: false }`
[INFO] running `Command { std: "docker" "rm" "-f" "77229229b7670c68afd44e5daa78db20d2da827d65b2280e1ce99560340b8a73", kill_on_drop: false }`
[INFO] [stdout] 77229229b7670c68afd44e5daa78db20d2da827d65b2280e1ce99560340b8a73
[INFO] running `Command { std: "docker" "create" "-v" "/var/lib/crater-agent-workspace/builds/worker-0-tc1/target:/opt/rustwide/target:rw,Z" "-v" "/var/lib/crater-agent-workspace/builds/worker-0-tc1/source:/opt/rustwide/workdir:ro,Z" "-v" "/var/lib/crater-agent-workspace/cargo-home:/opt/rustwide/cargo-home:ro,Z" "-v" "/var/lib/crater-agent-workspace/rustup-home:/opt/rustwide/rustup-home:ro,Z" "-e" "SOURCE_DIR=/opt/rustwide/workdir" "-e" "CARGO_TARGET_DIR=/opt/rustwide/target" "-e" "CARGO_INCREMENTAL=0" "-e" "RUST_BACKTRACE=full" "-e" "RUSTFLAGS=--cap-lints=forbid" "-e" "RUSTDOCFLAGS=--cap-lints=forbid" "-e" "CARGO_HOME=/opt/rustwide/cargo-home" "-e" "RUSTUP_HOME=/opt/rustwide/rustup-home" "-w" "/opt/rustwide/workdir" "-m" "1610612736" "--user" "0:0" "--network" "none" "ghcr.io/rust-lang/crates-build-env/linux@sha256:819108c5571ea2e421544af4d832f968d213c87fbe3707a016657f43d2f853bc" "/opt/rustwide/cargo-home/bin/cargo" "+nightly-2025-01-18" "test" "--frozen", kill_on_drop: false }`
[INFO] [stdout] ecac0524f33e7e54e388ab1964a4e3cf107876c7b31077a4f68312c387b5b63a
[INFO] running `Command { std: "docker" "start" "-a" "ecac0524f33e7e54e388ab1964a4e3cf107876c7b31077a4f68312c387b5b63a", kill_on_drop: false }`
[INFO] [stderr] warning: unused variable: `raw_time`
[INFO] [stderr]   --> src/routes.rs:43:10
[INFO] [stderr]    |
[INFO] [stderr] 43 |     let (raw_time, extension) = parse_path(path.as_str());
[INFO] [stderr]    |          ^^^^^^^^ help: if this is intentional, prefix it with an underscore: `_raw_time`
[INFO] [stderr]    |
[INFO] [stderr]    = note: `#[warn(unused_variables)]` on by default
[INFO] [stderr] 
[INFO] [stderr] warning: unused variable: `extension`
[INFO] [stderr]   --> src/routes.rs:43:20
[INFO] [stderr]    |
[INFO] [stderr] 43 |     let (raw_time, extension) = parse_path(path.as_str());
[INFO] [stderr]    |                    ^^^^^^^^^ help: if this is intentional, prefix it with an underscore: `_extension`
[INFO] [stderr] 
[INFO] [stderr] warning: unused variable: `raw_time`
[INFO] [stderr]   --> src/routes.rs:51:10
[INFO] [stderr]    |
[INFO] [stderr] 51 |     let (raw_time, extension) = parse_path(path.as_str());
[INFO] [stderr]    |          ^^^^^^^^ help: if this is intentional, prefix it with an underscore: `_raw_time`
[INFO] [stderr] 
[INFO] [stderr] warning: unused variable: `extension`
[INFO] [stderr]   --> src/routes.rs:51:20
[INFO] [stderr]    |
[INFO] [stderr] 51 |     let (raw_time, extension) = parse_path(path.as_str());
[INFO] [stderr]    |                    ^^^^^^^^^ help: if this is intentional, prefix it with an underscore: `_extension`
[INFO] [stderr] 
[INFO] [stderr] warning: function `parse_absolute` is never used
[INFO] [stderr]   --> src/parse.rs:19:8
[INFO] [stderr]    |
[INFO] [stderr] 19 | pub fn parse_absolute(raw: String) -> Result<(DateTime<Utc>, FixedOffset), String> {
[INFO] [stderr]    |        ^^^^^^^^^^^^^^
[INFO] [stderr]    |
[INFO] [stderr]    = note: `#[warn(dead_code)]` on by default
[INFO] [stderr] 
[INFO] [stderr] warning: variant `Absolute` is never constructed
[INFO] [stderr]   --> src/template.rs:25:5
[INFO] [stderr]    |
[INFO] [stderr] 23 | pub enum OutputForm {
[INFO] [stderr]    |          ---------- variant in this enum
[INFO] [stderr] 24 |     Relative,
[INFO] [stderr] 25 |     Absolute,
[INFO] [stderr]    |     ^^^^^^^^
[INFO] [stderr] 
[INFO] [stderr] warning: fields `tz_offset`, `tz_name`, and `view` are never read
[INFO] [stderr]   --> src/template.rs:31:9
[INFO] [stderr]    |
[INFO] [stderr] 28 | pub struct RenderContext<'a> {
[INFO] [stderr]    |            ------------- fields in this struct
[INFO] [stderr] ...
[INFO] [stderr] 31 |     pub tz_offset: FixedOffset,
[INFO] [stderr]    |         ^^^^^^^^^
[INFO] [stderr] 32 |     pub tz_name: &'a str,
[INFO] [stderr]    |         ^^^^^^^
[INFO] [stderr] 33 |     pub view: &'a str,
[INFO] [stderr]    |         ^^^^
[INFO] [stderr] 
[INFO] [stderr] warning: variant `RenderError` is never constructed
[INFO] [stderr]  --> src/error.rs:7:5
[INFO] [stderr]   |
[INFO] [stderr] 5 | pub enum TimeBannerError {
[INFO] [stderr]   |          --------------- variant in this enum
[INFO] [stderr] 6 |     ParseError(String),
[INFO] [stderr] 7 |     RenderError(String),
[INFO] [stderr]   |     ^^^^^^^^^^^
[INFO] [stderr] 
[INFO] [stderr] warning: `time-banner` (bin "time-banner" test) generated 8 warnings
[INFO] [stderr]     Finished `test` profile [unoptimized + debuginfo] target(s) in 0.23s
[INFO] [stderr]      Running unittests src/main.rs (/opt/rustwide/target/debug/deps/time_banner-c9c4ff73654bc930)
[INFO] [stdout] 
[INFO] [stdout] running 10 tests
[INFO] [stdout] test abbr::tests::parse_offset ... ok
[INFO] [stdout] test relative::tests::parse_day ... ok
[INFO] [stdout] test relative::tests::parse_hour ... ok
[INFO] [stdout] test relative::tests::parse_empty ... ok
[INFO] [stdout] test relative::tests::parse_second ... ok
[INFO] [stdout] test relative::tests::parse_month ... ok
[INFO] [stdout] test relative::tests::parse_minute ... ok
[INFO] [stdout] test relative::tests::parse_year ... ok
[INFO] [stdout] test relative::tests::parse_week ... ok
[INFO] [stdout] test relative::tests::parse_composite ... FAILED
[INFO] [stdout] 
[INFO] [stdout] failures:
[INFO] [stdout] 
[INFO] [stdout] ---- relative::tests::parse_composite stdout ----
[INFO] [stdout] 
[INFO] [stdout] thread 'relative::tests::parse_composite' panicked at src/relative.rs:106:9:
[INFO] [stdout] assertion `left == right` failed
[INFO] [stdout]   left: Ok(Duration { secs: 599594400, nanos: 0 })
[INFO] [stdout]  right: Ok(Duration { secs: 619898940, nanos: 0 })
[INFO] [stdout] stack backtrace:
[INFO] [stdout]    0:     0x6154ebb7059a - std::backtrace_rs::backtrace::libunwind::trace::hb059275cfc8d6126
[INFO] [stdout]                                at /rustc/6067b36314ab5eb2eb47cecc464545ba58e1ad24/library/std/src/../../backtrace/src/backtrace/libunwind.rs:116:5
[INFO] [stdout]    1:     0x6154ebb7059a - std::backtrace_rs::backtrace::trace_unsynchronized::h2da071e4327ce3ee
[INFO] [stdout]                                at /rustc/6067b36314ab5eb2eb47cecc464545ba58e1ad24/library/std/src/../../backtrace/src/backtrace/mod.rs:66:5
[INFO] [stdout]    2:     0x6154ebb7059a - std::sys::backtrace::_print_fmt::h842a1474e6f8d23f
[INFO] [stdout]                                at /rustc/6067b36314ab5eb2eb47cecc464545ba58e1ad24/library/std/src/sys/backtrace.rs:66:9
[INFO] [stdout]    3:     0x6154ebb7059a - <std::sys::backtrace::BacktraceLock::print::DisplayBacktrace as core::fmt::Display>::fmt::h71a62eb3b9696b12
[INFO] [stdout]                                at /rustc/6067b36314ab5eb2eb47cecc464545ba58e1ad24/library/std/src/sys/backtrace.rs:39:26
[INFO] [stdout]    4:     0x6154ebb98573 - core::fmt::rt::Argument::fmt::hdb6b616786b41dc1
[INFO] [stdout]                                at /rustc/6067b36314ab5eb2eb47cecc464545ba58e1ad24/library/core/src/fmt/rt.rs:177:76
[INFO] [stdout]    5:     0x6154ebb98573 - core::fmt::write::h2cc1698af7e2d686
[INFO] [stdout]                                at /rustc/6067b36314ab5eb2eb47cecc464545ba58e1ad24/library/core/src/fmt/mod.rs:1440:21
[INFO] [stdout]    6:     0x6154ebb6d0f3 - std::io::Write::write_fmt::hab1b4cd059a79022
[INFO] [stdout]                                at /rustc/6067b36314ab5eb2eb47cecc464545ba58e1ad24/library/std/src/io/mod.rs:1887:15
[INFO] [stdout]    7:     0x6154ebb703e2 - std::sys::backtrace::BacktraceLock::print::h147fe35b4ea13b08
[INFO] [stdout]                                at /rustc/6067b36314ab5eb2eb47cecc464545ba58e1ad24/library/std/src/sys/backtrace.rs:42:9
[INFO] [stdout]    8:     0x6154ebb719bf - std::panicking::default_hook::{{closure}}::hbd44223dbdc0d208
[INFO] [stdout]                                at /rustc/6067b36314ab5eb2eb47cecc464545ba58e1ad24/library/std/src/panicking.rs:298:22
[INFO] [stdout]    9:     0x6154ebb717d8 - std::panicking::default_hook::h20f81eb0576efcec
[INFO] [stdout]                                at /rustc/6067b36314ab5eb2eb47cecc464545ba58e1ad24/library/std/src/panicking.rs:322:9
[INFO] [stdout]   10:     0x6154eb98e113 - <alloc::boxed::Box<F,A> as core::ops::function::Fn<Args>>::call::hdb53814c496a4d34
[INFO] [stdout]                                at /rustc/6067b36314ab5eb2eb47cecc464545ba58e1ad24/library/alloc/src/boxed.rs:2027:9
[INFO] [stdout]   11:     0x6154eb98e113 - test::test_main::{{closure}}::hc0a4963c59427c24
[INFO] [stdout]                                at /rustc/6067b36314ab5eb2eb47cecc464545ba58e1ad24/library/test/src/lib.rs:134:21
[INFO] [stdout]   12:     0x6154ebb724b3 - <alloc::boxed::Box<F,A> as core::ops::function::Fn<Args>>::call::h591b2225413a77e9
[INFO] [stdout]                                at /rustc/6067b36314ab5eb2eb47cecc464545ba58e1ad24/library/alloc/src/boxed.rs:2027:9
[INFO] [stdout]   13:     0x6154ebb724b3 - std::panicking::rust_panic_with_hook::h625eea43051b2edc
[INFO] [stdout]                                at /rustc/6067b36314ab5eb2eb47cecc464545ba58e1ad24/library/std/src/panicking.rs:839:13
[INFO] [stdout]   14:     0x6154ebb7216a - std::panicking::begin_panic_handler::{{closure}}::h4f9159cfbc3f6bd3
[INFO] [stdout]                                at /rustc/6067b36314ab5eb2eb47cecc464545ba58e1ad24/library/std/src/panicking.rs:704:13
[INFO] [stdout]   15:     0x6154ebb70a99 - std::sys::backtrace::__rust_end_short_backtrace::h0390abce48353151
[INFO] [stdout]                                at /rustc/6067b36314ab5eb2eb47cecc464545ba58e1ad24/library/std/src/sys/backtrace.rs:168:18
[INFO] [stdout]   16:     0x6154ebb71dfd - rust_begin_unwind
[INFO] [stdout]                                at /rustc/6067b36314ab5eb2eb47cecc464545ba58e1ad24/library/std/src/panicking.rs:695:5
[INFO] [stdout]   17:     0x6154ebb96f10 - core::panicking::panic_fmt::h9e7c637e9e5f29c9
[INFO] [stdout]                                at /rustc/6067b36314ab5eb2eb47cecc464545ba58e1ad24/library/core/src/panicking.rs:75:14
[INFO] [stdout]   18:     0x6154ebb97302 - core::panicking::assert_failed_inner::h538bec7c1374cd9c
[INFO] [stdout]   19:     0x6154eb94df7e - core::panicking::assert_failed::h645910639747dd87
[INFO] [stdout]                                at /rustc/6067b36314ab5eb2eb47cecc464545ba58e1ad24/library/core/src/panicking.rs:364:5
[INFO] [stdout]   20:     0x6154eb9519d8 - time_banner::relative::tests::parse_composite::h84e720483da65e9b
[INFO] [stdout]                                at /opt/rustwide/workdir/src/relative.rs:106:9
[INFO] [stdout]   21:     0x6154eb951307 - time_banner::relative::tests::parse_composite::{{closure}}::he16779981e8bbb15
[INFO] [stdout]                                at /opt/rustwide/workdir/src/relative.rs:104:25
[INFO] [stdout]   22:     0x6154eb94d406 - core::ops::function::FnOnce::call_once::h57b0fbc73b083056
[INFO] [stdout]                                at /rustc/6067b36314ab5eb2eb47cecc464545ba58e1ad24/library/core/src/ops/function.rs:250:5
[INFO] [stdout]   23:     0x6154eb99386b - core::ops::function::FnOnce::call_once::he27718dfdd183f43
[INFO] [stdout]                                at /rustc/6067b36314ab5eb2eb47cecc464545ba58e1ad24/library/core/src/ops/function.rs:250:5
[INFO] [stdout]   24:     0x6154eb99386b - test::__rust_begin_short_backtrace::h4e84902998457a5d
[INFO] [stdout]                                at /rustc/6067b36314ab5eb2eb47cecc464545ba58e1ad24/library/test/src/lib.rs:632:18
[INFO] [stdout]   25:     0x6154eb9927a3 - test::run_test_in_process::{{closure}}::h7176fd18fc1feca0
[INFO] [stdout]                                at /rustc/6067b36314ab5eb2eb47cecc464545ba58e1ad24/library/test/src/lib.rs:655:60
[INFO] [stdout]   26:     0x6154eb9927a3 - <core::panic::unwind_safe::AssertUnwindSafe<F> as core::ops::function::FnOnce<()>>::call_once::hf79cff2a624d8cf7
[INFO] [stdout]                                at /rustc/6067b36314ab5eb2eb47cecc464545ba58e1ad24/library/core/src/panic/unwind_safe.rs:272:9
[INFO] [stdout]   27:     0x6154eb9927a3 - std::panicking::try::do_call::h3da0561d9ab99c25
[INFO] [stdout]                                at /rustc/6067b36314ab5eb2eb47cecc464545ba58e1ad24/library/std/src/panicking.rs:587:40
[INFO] [stdout]   28:     0x6154eb9927a3 - std::panicking::try::h41c9fa508bc61df6
[INFO] [stdout]                                at /rustc/6067b36314ab5eb2eb47cecc464545ba58e1ad24/library/std/src/panicking.rs:550:19
[INFO] [stdout]   29:     0x6154eb9927a3 - std::panic::catch_unwind::h6b3ff07bb5afad93
[INFO] [stdout]                                at /rustc/6067b36314ab5eb2eb47cecc464545ba58e1ad24/library/std/src/panic.rs:358:14
[INFO] [stdout]   30:     0x6154eb9927a3 - test::run_test_in_process::hc7253dd11b39b9f4
[INFO] [stdout]                                at /rustc/6067b36314ab5eb2eb47cecc464545ba58e1ad24/library/test/src/lib.rs:655:27
[INFO] [stdout]   31:     0x6154eb9927a3 - test::run_test::{{closure}}::hfb2007f8649c30bb
[INFO] [stdout]                                at /rustc/6067b36314ab5eb2eb47cecc464545ba58e1ad24/library/test/src/lib.rs:576:43
[INFO] [stdout]   32:     0x6154eb955885 - test::run_test::{{closure}}::h56a17aa7a282a9f4
[INFO] [stdout]                                at /rustc/6067b36314ab5eb2eb47cecc464545ba58e1ad24/library/test/src/lib.rs:606:41
[INFO] [stdout]   33:     0x6154eb955885 - std::sys::backtrace::__rust_begin_short_backtrace::hd2d2d2fb8e8c6aac
[INFO] [stdout]                                at /rustc/6067b36314ab5eb2eb47cecc464545ba58e1ad24/library/std/src/sys/backtrace.rs:152:18
[INFO] [stdout]   34:     0x6154eb95916a - std::thread::Builder::spawn_unchecked_::{{closure}}::{{closure}}::h4faa3f9db6133423
[INFO] [stdout]                                at /rustc/6067b36314ab5eb2eb47cecc464545ba58e1ad24/library/std/src/thread/mod.rs:559:17
[INFO] [stdout]   35:     0x6154eb95916a - <core::panic::unwind_safe::AssertUnwindSafe<F> as core::ops::function::FnOnce<()>>::call_once::hf2e855a36a4ea846
[INFO] [stdout]                                at /rustc/6067b36314ab5eb2eb47cecc464545ba58e1ad24/library/core/src/panic/unwind_safe.rs:272:9
[INFO] [stdout]   36:     0x6154eb95916a - std::panicking::try::do_call::h2f73af3616c35465
[INFO] [stdout]                                at /rustc/6067b36314ab5eb2eb47cecc464545ba58e1ad24/library/std/src/panicking.rs:587:40
[INFO] [stdout]   37:     0x6154eb95916a - std::panicking::try::hd1660ce9efadef5a
[INFO] [stdout]                                at /rustc/6067b36314ab5eb2eb47cecc464545ba58e1ad24/library/std/src/panicking.rs:550:19
[INFO] [stdout]   38:     0x6154eb95916a - std::panic::catch_unwind::h5ee8d7823b8ca744
[INFO] [stdout]                                at /rustc/6067b36314ab5eb2eb47cecc464545ba58e1ad24/library/std/src/panic.rs:358:14
[INFO] [stdout]   39:     0x6154eb95916a - std::thread::Builder::spawn_unchecked_::{{closure}}::h53c3a1894dce8407
[INFO] [stdout]                                at /rustc/6067b36314ab5eb2eb47cecc464545ba58e1ad24/library/std/src/thread/mod.rs:557:30
[INFO] [stdout]   40:     0x6154eb95916a - core::ops::function::FnOnce::call_once{{vtable.shim}}::h048ce291ad4f62bf
[INFO] [stdout]                                at /rustc/6067b36314ab5eb2eb47cecc464545ba58e1ad24/library/core/src/ops/function.rs:250:5
[INFO] [stdout]   41:     0x6154ebb763eb - <alloc::boxed::Box<F,A> as core::ops::function::FnOnce<Args>>::call_once::ha52bedf99a3b4981
[INFO] [stdout]                                at /rustc/6067b36314ab5eb2eb47cecc464545ba58e1ad24/library/alloc/src/boxed.rs:2013:9
[INFO] [stdout]   42:     0x6154ebb763eb - <alloc::boxed::Box<F,A> as core::ops::function::FnOnce<Args>>::call_once::h567748934d80ccf8
[INFO] [stdout]                                at /rustc/6067b36314ab5eb2eb47cecc464545ba58e1ad24/library/alloc/src/boxed.rs:2013:9
[INFO] [stdout]   43:     0x6154ebb763eb - std::sys::pal::unix::thread::Thread::new::thread_start::h2d970728ae887adc
[INFO] [stdout]                                at /rustc/6067b36314ab5eb2eb47cecc464545ba58e1ad24/library/std/src/sys/pal/unix/thread.rs:106:17
[INFO] [stdout]   44:     0x7c95b387dac3 - <unknown>
[INFO] [stdout]   45:     0x7c95b390ea04 - clone
[INFO] [stdout]   46:                0x0 - <unknown>
[INFO] [stdout] 
[INFO] [stdout] 
[INFO] [stdout] failures:
[INFO] [stdout]     relative::tests::parse_composite
[INFO] [stdout] 
[INFO] [stdout] test result: FAILED. 9 passed; 1 failed; 0 ignored; 0 measured; 0 filtered out; finished in 0.16s
[INFO] [stdout] 
[INFO] [stderr] error: test failed, to rerun pass `--bin time-banner`
[INFO] running `Command { std: "docker" "inspect" "ecac0524f33e7e54e388ab1964a4e3cf107876c7b31077a4f68312c387b5b63a", kill_on_drop: false }`
[INFO] running `Command { std: "docker" "rm" "-f" "ecac0524f33e7e54e388ab1964a4e3cf107876c7b31077a4f68312c387b5b63a", kill_on_drop: false }`
[INFO] [stdout] ecac0524f33e7e54e388ab1964a4e3cf107876c7b31077a4f68312c387b5b63a
