[INFO] cloning repository https://github.com/Xanthorrhizol/actor
[INFO] running `Command { std: "git" "-c" "credential.helper=" "-c" "credential.helper=/workspace/cargo-home/bin/git-credential-null" "clone" "--bare" "https://github.com/Xanthorrhizol/actor" "/workspace/cache/git-repos/https%3A%2F%2Fgithub.com%2FXanthorrhizol%2Factor", kill_on_drop: false }`
[INFO] [stderr] Cloning into bare repository '/workspace/cache/git-repos/https%3A%2F%2Fgithub.com%2FXanthorrhizol%2Factor'...
[INFO] running `Command { std: "git" "rev-parse" "HEAD", kill_on_drop: false }`
[INFO] [stdout] 0264a527f116959858443f928d386a1ee03c9be6
[INFO] testing Xanthorrhizol/actor against nightly-2025-01-18 for randomize-layout-2
[INFO] running `Command { std: "git" "clone" "/workspace/cache/git-repos/https%3A%2F%2Fgithub.com%2FXanthorrhizol%2Factor" "/workspace/builds/worker-3-tc1/source", kill_on_drop: false }`
[INFO] [stderr] Cloning into '/workspace/builds/worker-3-tc1/source'...
[INFO] [stderr] done.
[INFO] validating manifest of git repo https://github.com/Xanthorrhizol/actor on toolchain nightly-2025-01-18
[INFO] running `Command { std: CARGO_HOME="/workspace/cargo-home" RUSTUP_HOME="/workspace/rustup-home" "/workspace/cargo-home/bin/cargo" "+nightly-2025-01-18" "metadata" "--manifest-path" "Cargo.toml" "--no-deps", kill_on_drop: false }`
[INFO] started tweaking git repo https://github.com/Xanthorrhizol/actor
[INFO] finished tweaking git repo https://github.com/Xanthorrhizol/actor
[INFO] tweaked toml for git repo https://github.com/Xanthorrhizol/actor written to /workspace/builds/worker-3-tc1/source/Cargo.toml
[INFO] crate git repo https://github.com/Xanthorrhizol/actor already has a lockfile, it will not be regenerated
[INFO] running `Command { std: CARGO_HOME="/workspace/cargo-home" RUSTUP_HOME="/workspace/rustup-home" "/workspace/cargo-home/bin/cargo" "+nightly-2025-01-18" "fetch" "--manifest-path" "Cargo.toml", kill_on_drop: false }`
[INFO] running `Command { std: "docker" "create" "-v" "/var/lib/crater-agent-workspace/builds/worker-3-tc1/target:/opt/rustwide/target:rw,Z" "-v" "/var/lib/crater-agent-workspace/builds/worker-3-tc1/source:/opt/rustwide/workdir:ro,Z" "-v" "/var/lib/crater-agent-workspace/cargo-home:/opt/rustwide/cargo-home:ro,Z" "-v" "/var/lib/crater-agent-workspace/rustup-home:/opt/rustwide/rustup-home:ro,Z" "-e" "SOURCE_DIR=/opt/rustwide/workdir" "-e" "CARGO_TARGET_DIR=/opt/rustwide/target" "-e" "CARGO_HOME=/opt/rustwide/cargo-home" "-e" "RUSTUP_HOME=/opt/rustwide/rustup-home" "-w" "/opt/rustwide/workdir" "-m" "1610612736" "--user" "0:0" "--network" "none" "ghcr.io/rust-lang/crates-build-env/linux@sha256:819108c5571ea2e421544af4d832f968d213c87fbe3707a016657f43d2f853bc" "/opt/rustwide/cargo-home/bin/cargo" "+nightly-2025-01-18" "metadata" "--no-deps" "--format-version=1", kill_on_drop: false }`
[INFO] [stdout] 6b6906f166319c0b0d68c76d9505be576a6ffeef076407dc0c46c36d48bfd1dc
[INFO] running `Command { std: "docker" "start" "-a" "6b6906f166319c0b0d68c76d9505be576a6ffeef076407dc0c46c36d48bfd1dc", kill_on_drop: false }`
[INFO] running `Command { std: "docker" "inspect" "6b6906f166319c0b0d68c76d9505be576a6ffeef076407dc0c46c36d48bfd1dc", kill_on_drop: false }`
[INFO] running `Command { std: "docker" "rm" "-f" "6b6906f166319c0b0d68c76d9505be576a6ffeef076407dc0c46c36d48bfd1dc", kill_on_drop: false }`
[INFO] [stdout] 6b6906f166319c0b0d68c76d9505be576a6ffeef076407dc0c46c36d48bfd1dc
[INFO] running `Command { std: "docker" "create" "-v" "/var/lib/crater-agent-workspace/builds/worker-3-tc1/target:/opt/rustwide/target:rw,Z" "-v" "/var/lib/crater-agent-workspace/builds/worker-3-tc1/source:/opt/rustwide/workdir:ro,Z" "-v" "/var/lib/crater-agent-workspace/cargo-home:/opt/rustwide/cargo-home:ro,Z" "-v" "/var/lib/crater-agent-workspace/rustup-home:/opt/rustwide/rustup-home:ro,Z" "-e" "SOURCE_DIR=/opt/rustwide/workdir" "-e" "CARGO_TARGET_DIR=/opt/rustwide/target" "-e" "CARGO_INCREMENTAL=0" "-e" "RUST_BACKTRACE=full" "-e" "RUSTFLAGS=--cap-lints=forbid" "-e" "RUSTDOCFLAGS=--cap-lints=forbid" "-e" "CARGO_HOME=/opt/rustwide/cargo-home" "-e" "RUSTUP_HOME=/opt/rustwide/rustup-home" "-w" "/opt/rustwide/workdir" "-m" "1610612736" "--user" "0:0" "--network" "none" "ghcr.io/rust-lang/crates-build-env/linux@sha256:819108c5571ea2e421544af4d832f968d213c87fbe3707a016657f43d2f853bc" "/opt/rustwide/cargo-home/bin/cargo" "+nightly-2025-01-18" "build" "--frozen" "--message-format=json", kill_on_drop: false }`
[INFO] [stdout] e4e7069c1206f72ac6f18642b2d8efa169983ce9d3521a1b83058abe7a5d7b97
[INFO] running `Command { std: "docker" "start" "-a" "e4e7069c1206f72ac6f18642b2d8efa169983ce9d3521a1b83058abe7a5d7b97", kill_on_drop: false }`
[INFO] [stderr]    Compiling proc-macro2 v1.0.92
[INFO] [stderr]    Compiling unicode-ident v1.0.14
[INFO] [stderr]    Compiling quote v1.0.37
[INFO] [stderr]    Compiling syn v2.0.91
[INFO] [stderr]    Compiling xan-actor v3.0.1 (/opt/rustwide/workdir)
[INFO] [stderr]     Finished `dev` profile [unoptimized + debuginfo] target(s) in 8.28s
[INFO] running `Command { std: "docker" "inspect" "e4e7069c1206f72ac6f18642b2d8efa169983ce9d3521a1b83058abe7a5d7b97", kill_on_drop: false }`
[INFO] running `Command { std: "docker" "rm" "-f" "e4e7069c1206f72ac6f18642b2d8efa169983ce9d3521a1b83058abe7a5d7b97", kill_on_drop: false }`
[INFO] [stdout] e4e7069c1206f72ac6f18642b2d8efa169983ce9d3521a1b83058abe7a5d7b97
[INFO] running `Command { std: "docker" "create" "-v" "/var/lib/crater-agent-workspace/builds/worker-3-tc1/target:/opt/rustwide/target:rw,Z" "-v" "/var/lib/crater-agent-workspace/builds/worker-3-tc1/source:/opt/rustwide/workdir:ro,Z" "-v" "/var/lib/crater-agent-workspace/cargo-home:/opt/rustwide/cargo-home:ro,Z" "-v" "/var/lib/crater-agent-workspace/rustup-home:/opt/rustwide/rustup-home:ro,Z" "-e" "SOURCE_DIR=/opt/rustwide/workdir" "-e" "CARGO_TARGET_DIR=/opt/rustwide/target" "-e" "CARGO_INCREMENTAL=0" "-e" "RUST_BACKTRACE=full" "-e" "RUSTFLAGS=--cap-lints=forbid" "-e" "RUSTDOCFLAGS=--cap-lints=forbid" "-e" "CARGO_HOME=/opt/rustwide/cargo-home" "-e" "RUSTUP_HOME=/opt/rustwide/rustup-home" "-w" "/opt/rustwide/workdir" "-m" "1610612736" "--user" "0:0" "--network" "none" "ghcr.io/rust-lang/crates-build-env/linux@sha256:819108c5571ea2e421544af4d832f968d213c87fbe3707a016657f43d2f853bc" "/opt/rustwide/cargo-home/bin/cargo" "+nightly-2025-01-18" "test" "--frozen" "--no-run" "--message-format=json", kill_on_drop: false }`
[INFO] [stdout] 2b09d274340cf88871e52ae255dcb5ebe7862806542353b4ba540d94f4cedd9f
[INFO] running `Command { std: "docker" "start" "-a" "2b09d274340cf88871e52ae255dcb5ebe7862806542353b4ba540d94f4cedd9f", kill_on_drop: false }`
[INFO] [stderr]    Compiling xan-actor v3.0.1 (/opt/rustwide/workdir)
[INFO] [stderr]     Finished `test` profile [unoptimized + debuginfo] target(s) in 1.39s
[INFO] running `Command { std: "docker" "inspect" "2b09d274340cf88871e52ae255dcb5ebe7862806542353b4ba540d94f4cedd9f", kill_on_drop: false }`
[INFO] running `Command { std: "docker" "rm" "-f" "2b09d274340cf88871e52ae255dcb5ebe7862806542353b4ba540d94f4cedd9f", kill_on_drop: false }`
[INFO] [stdout] 2b09d274340cf88871e52ae255dcb5ebe7862806542353b4ba540d94f4cedd9f
[INFO] running `Command { std: "docker" "create" "-v" "/var/lib/crater-agent-workspace/builds/worker-3-tc1/target:/opt/rustwide/target:rw,Z" "-v" "/var/lib/crater-agent-workspace/builds/worker-3-tc1/source:/opt/rustwide/workdir:ro,Z" "-v" "/var/lib/crater-agent-workspace/cargo-home:/opt/rustwide/cargo-home:ro,Z" "-v" "/var/lib/crater-agent-workspace/rustup-home:/opt/rustwide/rustup-home:ro,Z" "-e" "SOURCE_DIR=/opt/rustwide/workdir" "-e" "CARGO_TARGET_DIR=/opt/rustwide/target" "-e" "CARGO_INCREMENTAL=0" "-e" "RUST_BACKTRACE=full" "-e" "RUSTFLAGS=--cap-lints=forbid" "-e" "RUSTDOCFLAGS=--cap-lints=forbid" "-e" "CARGO_HOME=/opt/rustwide/cargo-home" "-e" "RUSTUP_HOME=/opt/rustwide/rustup-home" "-w" "/opt/rustwide/workdir" "-m" "1610612736" "--user" "0:0" "--network" "none" "ghcr.io/rust-lang/crates-build-env/linux@sha256:819108c5571ea2e421544af4d832f968d213c87fbe3707a016657f43d2f853bc" "/opt/rustwide/cargo-home/bin/cargo" "+nightly-2025-01-18" "test" "--frozen", kill_on_drop: false }`
[INFO] [stdout] 178c1325d258fed38ccf8d2adee7f7ca6dd528351a2cab3ca84cd7d7a17111d9
[INFO] running `Command { std: "docker" "start" "-a" "178c1325d258fed38ccf8d2adee7f7ca6dd528351a2cab3ca84cd7d7a17111d9", kill_on_drop: false }`
[INFO] [stderr]     Finished `test` profile [unoptimized + debuginfo] target(s) in 0.03s
[INFO] [stderr]      Running unittests src/lib.rs (/opt/rustwide/target/debug/deps/xan_actor-1ee82c847e2c0cad)
[INFO] [stdout] 
[INFO] [stdout] running 0 tests
[INFO] [stdout] 
[INFO] [stdout] test result: ok. 0 passed; 0 failed; 0 ignored; 0 measured; 0 filtered out; finished in 0.00s
[INFO] [stdout] 
[INFO] [stderr]    Doc-tests xan_actor
[INFO] [stdout] 
[INFO] [stdout] running 5 tests
[INFO] [stdout] test src/lib.rs - recv_res (line 94) ... FAILED
[INFO] [stdout] test src/lib.rs - address (line 117) ... ok
[INFO] [stdout] test src/lib.rs - send_msg (line 76) ... FAILED
[INFO] [stdout] test src/lib.rs - actor (line 45) ... FAILED
[INFO] [stdout] test src/lib.rs - actor_system (line 16) ... FAILED
[INFO] [stdout] 
[INFO] [stdout] failures:
[INFO] [stdout] 
[INFO] [stdout] ---- src/lib.rs - recv_res (line 94) stdout ----
[INFO] [stdout] error: unexpected token
[INFO] [stdout]   --> src/lib.rs:103:16
[INFO] [stdout]    |
[INFO] [stdout] 12 |    response_rxs,
[INFO] [stdout]    |                ^
[INFO] [stdout] 
[INFO] [stdout] error: cannot find macro `address` in this scope
[INFO] [stdout]  --> src/lib.rs:98:5
[INFO] [stdout]   |
[INFO] [stdout] 7 |     address!("root".to_string(), "parent".to_string(), "*".to_string()),
[INFO] [stdout]   |     ^^^^^^^
[INFO] [stdout]   |
[INFO] [stdout] help: consider importing this macro
[INFO] [stdout]   |
[INFO] [stdout] 2 + use xan_actor::address;
[INFO] [stdout]   |
[INFO] [stdout] 
[INFO] [stdout] error[E0433]: failed to resolve: could not find `ActorSystem` in the crate root
[INFO] [stdout]  --> src/lib.rs:96:20
[INFO] [stdout]   |
[INFO] [stdout] 5 |   let response_rxs = xan_actor::send_msg!(
[INFO] [stdout]   |  ____________________^
[INFO] [stdout] 6 | |     &mut actor_system,
[INFO] [stdout] 7 | |     address!("root".to_string(), "parent".to_string(), "*".to_string()),
[INFO] [stdout] 8 | |     &"test".to_string()
[INFO] [stdout] 9 | | );
[INFO] [stdout]   | |_^ could not find `ActorSystem` in the crate root
[INFO] [stdout]   |
[INFO] [stdout]   = note: this error originates in the macro `xan_actor::send_msg` (in Nightly builds, run with -Z macro-backtrace for more info)
[INFO] [stdout] 
[INFO] [stdout] error[E0433]: failed to resolve: use of undeclared crate or module `tokio`
[INFO] [stdout]  --> src/lib.rs:96:20
[INFO] [stdout]   |
[INFO] [stdout] 5 |   let response_rxs = xan_actor::send_msg!(
[INFO] [stdout]   |  ____________________^
[INFO] [stdout] 6 | |     &mut actor_system,
[INFO] [stdout] 7 | |     address!("root".to_string(), "parent".to_string(), "*".to_string()),
[INFO] [stdout] 8 | |     &"test".to_string()
[INFO] [stdout] 9 | | );
[INFO] [stdout]   | |_^ use of undeclared crate or module `tokio`
[INFO] [stdout]   |
[INFO] [stdout]   = note: this error originates in the macro `xan_actor::send_msg` (in Nightly builds, run with -Z macro-backtrace for more info)
[INFO] [stdout] 
[INFO] [stdout] error[E0425]: cannot find value `actor_system` in this scope
[INFO] [stdout]  --> src/lib.rs:97:10
[INFO] [stdout]   |
[INFO] [stdout] 6 |     &mut actor_system,
[INFO] [stdout]   |          ^^^^^^^^^^^^ not found in this scope
[INFO] [stdout] 
[INFO] [stdout] error[E0422]: cannot find struct, variant or union type `RegisterForm` in the crate root
[INFO] [stdout]  --> src/lib.rs:96:20
[INFO] [stdout]   |
[INFO] [stdout] 5 |   let response_rxs = xan_actor::send_msg!(
[INFO] [stdout]   |  ____________________^
[INFO] [stdout] 6 | |     &mut actor_system,
[INFO] [stdout] 7 | |     address!("root".to_string(), "parent".to_string(), "*".to_string()),
[INFO] [stdout] 8 | |     &"test".to_string()
[INFO] [stdout] 9 | | );
[INFO] [stdout]   | |_^ not found in the crate root
[INFO] [stdout]   |
[INFO] [stdout]   = note: this error originates in the macro `xan_actor::send_msg` (in Nightly builds, run with -Z macro-backtrace for more info)
[INFO] [stdout] 
[INFO] [stdout] error[E0433]: failed to resolve: use of undeclared crate or module `bincode`
[INFO] [stdout]  --> src/lib.rs:96:20
[INFO] [stdout]   |
[INFO] [stdout] 5 |   let response_rxs = xan_actor::send_msg!(
[INFO] [stdout]   |  ____________________^
[INFO] [stdout] 6 | |     &mut actor_system,
[INFO] [stdout] 7 | |     address!("root".to_string(), "parent".to_string(), "*".to_string()),
[INFO] [stdout] 8 | |     &"test".to_string()
[INFO] [stdout] 9 | | );
[INFO] [stdout]   | |_^ use of undeclared crate or module `bincode`
[INFO] [stdout]   |
[INFO] [stdout]   = note: this error originates in the macro `xan_actor::send_msg` (in Nightly builds, run with -Z macro-backtrace for more info)
[INFO] [stdout] 
[INFO] [stdout] error: aborting due to 7 previous errors
[INFO] [stdout] 
[INFO] [stdout] Some errors have detailed explanations: E0422, E0425, E0433.
[INFO] [stdout] For more information about an error, try `rustc --explain E0422`.
[INFO] [stdout] Couldn't compile the test.
[INFO] [stdout] ---- src/lib.rs - send_msg (line 76) stdout ----
[INFO] [stdout] error: cannot find macro `address` in this scope
[INFO] [stdout]  --> src/lib.rs:80:5
[INFO] [stdout]   |
[INFO] [stdout] 7 |     address!("root".to_string(), "parent".to_string(), "*".to_string()),
[INFO] [stdout]   |     ^^^^^^^
[INFO] [stdout]   |
[INFO] [stdout] help: consider importing this macro
[INFO] [stdout]   |
[INFO] [stdout] 2 + use xan_actor::address;
[INFO] [stdout]   |
[INFO] [stdout] 
[INFO] [stdout] error[E0433]: failed to resolve: could not find `ActorSystem` in the crate root
[INFO] [stdout]  --> src/lib.rs:78:1
[INFO] [stdout]   |
[INFO] [stdout] 5 | / xan_actor::send_msg!(
[INFO] [stdout] 6 | |     &mut actor_system,
[INFO] [stdout] 7 | |     address!("root".to_string(), "parent".to_string(), "*".to_string()),
[INFO] [stdout] 8 | |     &"test".to_string()
[INFO] [stdout] 9 | | );
[INFO] [stdout]   | |_^ could not find `ActorSystem` in the crate root
[INFO] [stdout]   |
[INFO] [stdout]   = note: this error originates in the macro `xan_actor::send_msg` (in Nightly builds, run with -Z macro-backtrace for more info)
[INFO] [stdout] 
[INFO] [stdout] error[E0433]: failed to resolve: use of undeclared crate or module `tokio`
[INFO] [stdout]  --> src/lib.rs:78:1
[INFO] [stdout]   |
[INFO] [stdout] 5 | / xan_actor::send_msg!(
[INFO] [stdout] 6 | |     &mut actor_system,
[INFO] [stdout] 7 | |     address!("root".to_string(), "parent".to_string(), "*".to_string()),
[INFO] [stdout] 8 | |     &"test".to_string()
[INFO] [stdout] 9 | | );
[INFO] [stdout]   | |_^ use of undeclared crate or module `tokio`
[INFO] [stdout]   |
[INFO] [stdout]   = note: this error originates in the macro `xan_actor::send_msg` (in Nightly builds, run with -Z macro-backtrace for more info)
[INFO] [stdout] 
[INFO] [stdout] error[E0425]: cannot find value `actor_system` in this scope
[INFO] [stdout]  --> src/lib.rs:79:10
[INFO] [stdout]   |
[INFO] [stdout] 6 |     &mut actor_system,
[INFO] [stdout]   |          ^^^^^^^^^^^^ not found in this scope
[INFO] [stdout] 
[INFO] [stdout] error[E0422]: cannot find struct, variant or union type `RegisterForm` in the crate root
[INFO] [stdout]  --> src/lib.rs:78:1
[INFO] [stdout]   |
[INFO] [stdout] 5 | / xan_actor::send_msg!(
[INFO] [stdout] 6 | |     &mut actor_system,
[INFO] [stdout] 7 | |     address!("root".to_string(), "parent".to_string(), "*".to_string()),
[INFO] [stdout] 8 | |     &"test".to_string()
[INFO] [stdout] 9 | | );
[INFO] [stdout]   | |_^ not found in the crate root
[INFO] [stdout]   |
[INFO] [stdout]   = note: this error originates in the macro `xan_actor::send_msg` (in Nightly builds, run with -Z macro-backtrace for more info)
[INFO] [stdout] 
[INFO] [stdout] error[E0433]: failed to resolve: use of undeclared crate or module `bincode`
[INFO] [stdout]  --> src/lib.rs:78:1
[INFO] [stdout]   |
[INFO] [stdout] 5 | / xan_actor::send_msg!(
[INFO] [stdout] 6 | |     &mut actor_system,
[INFO] [stdout] 7 | |     address!("root".to_string(), "parent".to_string(), "*".to_string()),
[INFO] [stdout] 8 | |     &"test".to_string()
[INFO] [stdout] 9 | | );
[INFO] [stdout]   | |_^ use of undeclared crate or module `bincode`
[INFO] [stdout]   |
[INFO] [stdout]   = note: this error originates in the macro `xan_actor::send_msg` (in Nightly builds, run with -Z macro-backtrace for more info)
[INFO] [stdout] 
[INFO] [stdout] error: aborting due to 6 previous errors
[INFO] [stdout] 
[INFO] [stdout] Some errors have detailed explanations: E0422, E0425, E0433.
[INFO] [stdout] For more information about an error, try `rustc --explain E0422`.
[INFO] [stdout] Couldn't compile the test.
[INFO] [stdout] ---- src/lib.rs - actor (line 45) stdout ----
[INFO] [stdout] error[E0433]: failed to resolve: use of undeclared crate or module `tokio`
[INFO] [stdout]   --> src/lib.rs:49:1
[INFO] [stdout]    |
[INFO] [stdout] 7  | / xan_actor::actor!(
[INFO] [stdout] 8  | |     TestActor,
[INFO] [stdout] 9  | |     Message,
[INFO] [stdout] 10 | |     struct TestActorResource {
[INFO] [stdout] ...  |
[INFO] [stdout] 20 | |     true
[INFO] [stdout] 21 | | );
[INFO] [stdout]    | |_^ use of undeclared crate or module `tokio`
[INFO] [stdout]    |
[INFO] [stdout]    = note: this error originates in the macro `xan_actor::actor` (in Nightly builds, run with -Z macro-backtrace for more info)
[INFO] [stdout] 
[INFO] [stdout] error[E0433]: failed to resolve: use of undeclared crate or module `tokio`
[INFO] [stdout]  --> src/lib.rs:47:1
[INFO] [stdout]   |
[INFO] [stdout] 5 | xan_actor::actor_system!(); // It always needs to be called once in lib.rs or main.rs
[INFO] [stdout]   | ^^^^^^^^^^^^^^^^^^^^^^^^^^ use of undeclared crate or module `tokio`
[INFO] [stdout]   |
[INFO] [stdout]   = note: this error originates in the macro `xan_actor::actor_system` (in Nightly builds, run with -Z macro-backtrace for more info)
[INFO] [stdout] 
[INFO] [stdout] error[E0412]: cannot find type `ActorAddress` in the crate root
[INFO] [stdout]   --> src/lib.rs:49:1
[INFO] [stdout]    |
[INFO] [stdout] 7  | / xan_actor::actor!(
[INFO] [stdout] 8  | |     TestActor,
[INFO] [stdout] 9  | |     Message,
[INFO] [stdout] 10 | |     struct TestActorResource {
[INFO] [stdout] ...  |
[INFO] [stdout] 20 | |     true
[INFO] [stdout] 21 | | );
[INFO] [stdout]    | |_^ not found in the crate root
[INFO] [stdout]    |
[INFO] [stdout]    = note: this error originates in the macro `xan_actor::actor` (in Nightly builds, run with -Z macro-backtrace for more info)
[INFO] [stdout] 
[INFO] [stdout] error[E0412]: cannot find type `RegisterForm` in the crate root
[INFO] [stdout]   --> src/lib.rs:49:1
[INFO] [stdout]    |
[INFO] [stdout] 7  | / xan_actor::actor!(
[INFO] [stdout] 8  | |     TestActor,
[INFO] [stdout] 9  | |     Message,
[INFO] [stdout] 10 | |     struct TestActorResource {
[INFO] [stdout] ...  |
[INFO] [stdout] 20 | |     true
[INFO] [stdout] 21 | | );
[INFO] [stdout]    | |_^ not found in the crate root
[INFO] [stdout]    |
[INFO] [stdout]    = note: this error originates in the macro `xan_actor::actor` (in Nightly builds, run with -Z macro-backtrace for more info)
[INFO] [stdout] 
[INFO] [stdout] error[E0422]: cannot find struct, variant or union type `RegisterForm` in the crate root
[INFO] [stdout]   --> src/lib.rs:49:1
[INFO] [stdout]    |
[INFO] [stdout] 7  | / xan_actor::actor!(
[INFO] [stdout] 8  | |     TestActor,
[INFO] [stdout] 9  | |     Message,
[INFO] [stdout] 10 | |     struct TestActorResource {
[INFO] [stdout] ...  |
[INFO] [stdout] 20 | |     true
[INFO] [stdout] 21 | | );
[INFO] [stdout]    | |_^ not found in the crate root
[INFO] [stdout]    |
[INFO] [stdout]    = note: this error originates in the macro `xan_actor::actor` (in Nightly builds, run with -Z macro-backtrace for more info)
[INFO] [stdout] 
[INFO] [stdout] error[E0412]: cannot find type `Message` in this scope
[INFO] [stdout]   --> src/lib.rs:55:39
[INFO] [stdout]    |
[INFO] [stdout] 13 |     fn handle_message(&self, message: Message) -> String {
[INFO] [stdout]    |                                       ^^^^^^^ not found in this scope
[INFO] [stdout] 
[INFO] [stdout] error: aborting due to 6 previous errors
[INFO] [stdout] 
[INFO] [stdout] Some errors have detailed explanations: E0412, E0422, E0433.
[INFO] [stdout] For more information about an error, try `rustc --explain E0412`.
[INFO] [stdout] Couldn't compile the test.
[INFO] [stdout] ---- src/lib.rs - actor_system (line 16) stdout ----
[INFO] [stdout] error[E0433]: failed to resolve: use of undeclared crate or module `serde`
[INFO] [stdout]   --> src/lib.rs:18:1
[INFO] [stdout]    |
[INFO] [stdout] 5  | / xan_actor::actor_system!(
[INFO] [stdout] 6  | |     pub struct StructMessage {
[INFO] [stdout] 7  | |         pub message: String,
[INFO] [stdout] 8  | |     },
[INFO] [stdout] ...  |
[INFO] [stdout] 13 | | );
[INFO] [stdout]    | |_^ use of undeclared crate or module `serde`
[INFO] [stdout]    |
[INFO] [stdout]    = note: this error originates in the macro `xan_actor::actor_system` (in Nightly builds, run with -Z macro-backtrace for more info)
[INFO] [stdout] 
[INFO] [stdout] error[E0433]: failed to resolve: use of undeclared crate or module `tokio`
[INFO] [stdout]   --> src/lib.rs:18:1
[INFO] [stdout]    |
[INFO] [stdout] 5  | / xan_actor::actor_system!(
[INFO] [stdout] 6  | |     pub struct StructMessage {
[INFO] [stdout] 7  | |         pub message: String,
[INFO] [stdout] 8  | |     },
[INFO] [stdout] ...  |
[INFO] [stdout] 13 | | );
[INFO] [stdout]    | |_^ use of undeclared crate or module `tokio`
[INFO] [stdout]    |
[INFO] [stdout]    = note: this error originates in the macro `xan_actor::actor_system` (in Nightly builds, run with -Z macro-backtrace for more info)
[INFO] [stdout] 
[INFO] [stdout] error: aborting due to 2 previous errors
[INFO] [stdout] 
[INFO] [stdout] For more information about this error, try `rustc --explain E0433`.
[INFO] [stdout] Couldn't compile the test.
[INFO] [stdout] 
[INFO] [stdout] failures:
[INFO] [stdout]     src/lib.rs - actor (line 45)
[INFO] [stdout]     src/lib.rs - actor_system (line 16)
[INFO] [stdout]     src/lib.rs - recv_res (line 94)
[INFO] [stdout]     src/lib.rs - send_msg (line 76)
[INFO] [stdout] 
[INFO] [stdout] test result: FAILED. 1 passed; 4 failed; 0 ignored; 0 measured; 0 filtered out; finished in 0.67s
[INFO] [stdout] 
[INFO] [stderr] error: doctest failed, to rerun pass `--doc`
[INFO] running `Command { std: "docker" "inspect" "178c1325d258fed38ccf8d2adee7f7ca6dd528351a2cab3ca84cd7d7a17111d9", kill_on_drop: false }`
[INFO] running `Command { std: "docker" "rm" "-f" "178c1325d258fed38ccf8d2adee7f7ca6dd528351a2cab3ca84cd7d7a17111d9", kill_on_drop: false }`
[INFO] [stdout] 178c1325d258fed38ccf8d2adee7f7ca6dd528351a2cab3ca84cd7d7a17111d9
