[INFO] cloning repository https://github.com/WilliamVenner/fn_has_this
[INFO] running `Command { std: "git" "-c" "credential.helper=" "-c" "credential.helper=/workspace/cargo-home/bin/git-credential-null" "clone" "--bare" "https://github.com/WilliamVenner/fn_has_this" "/workspace/cache/git-repos/https%3A%2F%2Fgithub.com%2FWilliamVenner%2Ffn_has_this", kill_on_drop: false }`
[INFO] [stderr] Cloning into bare repository '/workspace/cache/git-repos/https%3A%2F%2Fgithub.com%2FWilliamVenner%2Ffn_has_this'...
[INFO] running `Command { std: "git" "rev-parse" "HEAD", kill_on_drop: false }`
[INFO] [stdout] 78e008d83b629a788f98cd23865837b3a2e7bf76
[INFO] testing WilliamVenner/fn_has_this against nightly-2025-01-18+rustflags=-Zrandomize-layout for randomize-layout-2
[INFO] running `Command { std: "git" "clone" "/workspace/cache/git-repos/https%3A%2F%2Fgithub.com%2FWilliamVenner%2Ffn_has_this" "/workspace/builds/worker-5-tc2/source", kill_on_drop: false }`
[INFO] [stderr] Cloning into '/workspace/builds/worker-5-tc2/source'...
[INFO] [stderr] done.
[INFO] validating manifest of git repo https://github.com/WilliamVenner/fn_has_this on toolchain nightly-2025-01-18
[INFO] running `Command { std: CARGO_HOME="/workspace/cargo-home" RUSTUP_HOME="/workspace/rustup-home" "/workspace/cargo-home/bin/cargo" "+nightly-2025-01-18" "metadata" "--manifest-path" "Cargo.toml" "--no-deps", kill_on_drop: false }`
[INFO] started tweaking git repo https://github.com/WilliamVenner/fn_has_this
[INFO] finished tweaking git repo https://github.com/WilliamVenner/fn_has_this
[INFO] tweaked toml for git repo https://github.com/WilliamVenner/fn_has_this written to /workspace/builds/worker-5-tc2/source/Cargo.toml
[INFO] crate git repo https://github.com/WilliamVenner/fn_has_this already has a lockfile, it will not be regenerated
[INFO] running `Command { std: CARGO_HOME="/workspace/cargo-home" RUSTUP_HOME="/workspace/rustup-home" "/workspace/cargo-home/bin/cargo" "+nightly-2025-01-18" "fetch" "--manifest-path" "Cargo.toml", kill_on_drop: false }`
[INFO] running `Command { std: "docker" "create" "-v" "/var/lib/crater-agent-workspace/builds/worker-5-tc2/target:/opt/rustwide/target:rw,Z" "-v" "/var/lib/crater-agent-workspace/builds/worker-5-tc2/source:/opt/rustwide/workdir:ro,Z" "-v" "/var/lib/crater-agent-workspace/cargo-home:/opt/rustwide/cargo-home:ro,Z" "-v" "/var/lib/crater-agent-workspace/rustup-home:/opt/rustwide/rustup-home:ro,Z" "-e" "SOURCE_DIR=/opt/rustwide/workdir" "-e" "CARGO_TARGET_DIR=/opt/rustwide/target" "-e" "CARGO_HOME=/opt/rustwide/cargo-home" "-e" "RUSTUP_HOME=/opt/rustwide/rustup-home" "-w" "/opt/rustwide/workdir" "-m" "1610612736" "--user" "0:0" "--network" "none" "ghcr.io/rust-lang/crates-build-env/linux@sha256:819108c5571ea2e421544af4d832f968d213c87fbe3707a016657f43d2f853bc" "/opt/rustwide/cargo-home/bin/cargo" "+nightly-2025-01-18" "metadata" "--no-deps" "--format-version=1", kill_on_drop: false }`
[INFO] [stdout] 002a6e84bce8bf91a7a56c3cae7e6475dcba0c2b8053b526a365c779d206882d
[INFO] running `Command { std: "docker" "start" "-a" "002a6e84bce8bf91a7a56c3cae7e6475dcba0c2b8053b526a365c779d206882d", kill_on_drop: false }`
[INFO] running `Command { std: "docker" "inspect" "002a6e84bce8bf91a7a56c3cae7e6475dcba0c2b8053b526a365c779d206882d", kill_on_drop: false }`
[INFO] running `Command { std: "docker" "rm" "-f" "002a6e84bce8bf91a7a56c3cae7e6475dcba0c2b8053b526a365c779d206882d", kill_on_drop: false }`
[INFO] [stdout] 002a6e84bce8bf91a7a56c3cae7e6475dcba0c2b8053b526a365c779d206882d
[INFO] running `Command { std: "docker" "create" "-v" "/var/lib/crater-agent-workspace/builds/worker-5-tc2/target:/opt/rustwide/target:rw,Z" "-v" "/var/lib/crater-agent-workspace/builds/worker-5-tc2/source:/opt/rustwide/workdir:ro,Z" "-v" "/var/lib/crater-agent-workspace/cargo-home:/opt/rustwide/cargo-home:ro,Z" "-v" "/var/lib/crater-agent-workspace/rustup-home:/opt/rustwide/rustup-home:ro,Z" "-e" "SOURCE_DIR=/opt/rustwide/workdir" "-e" "CARGO_TARGET_DIR=/opt/rustwide/target" "-e" "CARGO_INCREMENTAL=0" "-e" "RUST_BACKTRACE=full" "-e" "RUSTFLAGS=--cap-lints=forbid -Zrandomize-layout" "-e" "RUSTDOCFLAGS=--cap-lints=forbid" "-e" "CARGO_HOME=/opt/rustwide/cargo-home" "-e" "RUSTUP_HOME=/opt/rustwide/rustup-home" "-w" "/opt/rustwide/workdir" "-m" "1610612736" "--user" "0:0" "--network" "none" "ghcr.io/rust-lang/crates-build-env/linux@sha256:819108c5571ea2e421544af4d832f968d213c87fbe3707a016657f43d2f853bc" "/opt/rustwide/cargo-home/bin/cargo" "+nightly-2025-01-18" "build" "--frozen" "--message-format=json", kill_on_drop: false }`
[INFO] [stdout] ab7038ee4bd73c878600116f93d026d2282b2c717f1a0cc45412b969c87e5c0f
[INFO] running `Command { std: "docker" "start" "-a" "ab7038ee4bd73c878600116f93d026d2282b2c717f1a0cc45412b969c87e5c0f", kill_on_drop: false }`
[INFO] [stderr]    Compiling proc-macro2 v1.0.29
[INFO] [stderr]    Compiling unicode-xid v0.2.2
[INFO] [stderr]    Compiling syn v1.0.77
[INFO] [stderr]    Compiling syn_squash v0.1.0
[INFO] [stderr]    Compiling quote v1.0.9
[INFO] [stderr]    Compiling fn_has_this v0.1.1 (/opt/rustwide/workdir)
[INFO] [stderr]     Finished `dev` profile [unoptimized + debuginfo] target(s) in 6.15s
[INFO] running `Command { std: "docker" "inspect" "ab7038ee4bd73c878600116f93d026d2282b2c717f1a0cc45412b969c87e5c0f", kill_on_drop: false }`
[INFO] running `Command { std: "docker" "rm" "-f" "ab7038ee4bd73c878600116f93d026d2282b2c717f1a0cc45412b969c87e5c0f", kill_on_drop: false }`
[INFO] [stdout] ab7038ee4bd73c878600116f93d026d2282b2c717f1a0cc45412b969c87e5c0f
[INFO] running `Command { std: "docker" "create" "-v" "/var/lib/crater-agent-workspace/builds/worker-5-tc2/target:/opt/rustwide/target:rw,Z" "-v" "/var/lib/crater-agent-workspace/builds/worker-5-tc2/source:/opt/rustwide/workdir:ro,Z" "-v" "/var/lib/crater-agent-workspace/cargo-home:/opt/rustwide/cargo-home:ro,Z" "-v" "/var/lib/crater-agent-workspace/rustup-home:/opt/rustwide/rustup-home:ro,Z" "-e" "SOURCE_DIR=/opt/rustwide/workdir" "-e" "CARGO_TARGET_DIR=/opt/rustwide/target" "-e" "CARGO_INCREMENTAL=0" "-e" "RUST_BACKTRACE=full" "-e" "RUSTFLAGS=--cap-lints=forbid -Zrandomize-layout" "-e" "RUSTDOCFLAGS=--cap-lints=forbid" "-e" "CARGO_HOME=/opt/rustwide/cargo-home" "-e" "RUSTUP_HOME=/opt/rustwide/rustup-home" "-w" "/opt/rustwide/workdir" "-m" "1610612736" "--user" "0:0" "--network" "none" "ghcr.io/rust-lang/crates-build-env/linux@sha256:819108c5571ea2e421544af4d832f968d213c87fbe3707a016657f43d2f853bc" "/opt/rustwide/cargo-home/bin/cargo" "+nightly-2025-01-18" "test" "--frozen" "--no-run" "--message-format=json", kill_on_drop: false }`
[INFO] [stdout] 6034abc5f2545ff43de79d00c3fab868891ebe9e2b5c6fb0db24988779cfaad4
[INFO] running `Command { std: "docker" "start" "-a" "6034abc5f2545ff43de79d00c3fab868891ebe9e2b5c6fb0db24988779cfaad4", kill_on_drop: false }`
[INFO] [stderr]    Compiling fn_has_this v0.1.1 (/opt/rustwide/workdir)
[INFO] [stderr]     Finished `test` profile [unoptimized + debuginfo] target(s) in 0.64s
[INFO] running `Command { std: "docker" "inspect" "6034abc5f2545ff43de79d00c3fab868891ebe9e2b5c6fb0db24988779cfaad4", kill_on_drop: false }`
[INFO] running `Command { std: "docker" "rm" "-f" "6034abc5f2545ff43de79d00c3fab868891ebe9e2b5c6fb0db24988779cfaad4", kill_on_drop: false }`
[INFO] [stdout] 6034abc5f2545ff43de79d00c3fab868891ebe9e2b5c6fb0db24988779cfaad4
[INFO] running `Command { std: "docker" "create" "-v" "/var/lib/crater-agent-workspace/builds/worker-5-tc2/target:/opt/rustwide/target:rw,Z" "-v" "/var/lib/crater-agent-workspace/builds/worker-5-tc2/source:/opt/rustwide/workdir:ro,Z" "-v" "/var/lib/crater-agent-workspace/cargo-home:/opt/rustwide/cargo-home:ro,Z" "-v" "/var/lib/crater-agent-workspace/rustup-home:/opt/rustwide/rustup-home:ro,Z" "-e" "SOURCE_DIR=/opt/rustwide/workdir" "-e" "CARGO_TARGET_DIR=/opt/rustwide/target" "-e" "CARGO_INCREMENTAL=0" "-e" "RUST_BACKTRACE=full" "-e" "RUSTFLAGS=--cap-lints=forbid -Zrandomize-layout" "-e" "RUSTDOCFLAGS=--cap-lints=forbid" "-e" "CARGO_HOME=/opt/rustwide/cargo-home" "-e" "RUSTUP_HOME=/opt/rustwide/rustup-home" "-w" "/opt/rustwide/workdir" "-m" "1610612736" "--user" "0:0" "--network" "none" "ghcr.io/rust-lang/crates-build-env/linux@sha256:819108c5571ea2e421544af4d832f968d213c87fbe3707a016657f43d2f853bc" "/opt/rustwide/cargo-home/bin/cargo" "+nightly-2025-01-18" "test" "--frozen", kill_on_drop: false }`
[INFO] [stdout] 7d450f21f83d55901ad700214dd200fa4f53675fc509b7cd6e560cff1d6b0553
[INFO] running `Command { std: "docker" "start" "-a" "7d450f21f83d55901ad700214dd200fa4f53675fc509b7cd6e560cff1d6b0553", kill_on_drop: false }`
[INFO] [stderr]     Finished `test` profile [unoptimized + debuginfo] target(s) in 0.03s
[INFO] [stderr]      Running unittests src/lib.rs (/opt/rustwide/target/debug/deps/fn_has_this-5a152be4c3162965)
[INFO] [stdout] 
[INFO] [stdout] running 0 tests
[INFO] [stdout] 
[INFO] [stdout] test result: ok. 0 passed; 0 failed; 0 ignored; 0 measured; 0 filtered out; finished in 0.00s
[INFO] [stdout] 
[INFO] [stderr]    Doc-tests fn_has_this
[INFO] [stdout] 
[INFO] [stdout] running 2 tests
[INFO] [stdout] test src/lib.rs - (line 11) ... FAILED
[INFO] [stdout] test src/lib.rs - has_this (line 69) ... FAILED
[INFO] [stdout] 
[INFO] [stdout] failures:
[INFO] [stdout] 
[INFO] [stdout] ---- src/lib.rs - (line 11) stdout ----
[INFO] [stdout] error[E0468]: an `extern crate` loading macros must be at the crate root
[INFO] [stdout]  --> src/lib.rs:13:1
[INFO] [stdout]   |
[INFO] [stdout] 4 | extern crate fn_has_this;
[INFO] [stdout]   | ^^^^^^^^^^^^^^^^^^^^^^^^^
[INFO] [stdout] 
[INFO] [stdout] error[E0428]: the name `print_pointer` is defined multiple times
[INFO] [stdout]   --> src/lib.rs:28:1
[INFO] [stdout]    |
[INFO] [stdout] 9  | pub unsafe extern "fastcall" fn print_pointer() {
[INFO] [stdout]    | ----------------------------------------------- previous definition of the value `print_pointer` here
[INFO] [stdout] ...
[INFO] [stdout] 19 | pub unsafe extern "thiscall" fn print_pointer() {
[INFO] [stdout]    | ^^^^^^^^^^^^^^^^^^^^^^^^^^^^^^^^^^^^^^^^^^^^^^^ `print_pointer` redefined here
[INFO] [stdout]    |
[INFO] [stdout]    = note: `print_pointer` must be defined only once in the value namespace of this block
[INFO] [stdout] 
[INFO] [stdout] error[E0425]: cannot find value `me` in this scope
[INFO] [stdout]   --> src/lib.rs:29:23
[INFO] [stdout]    |
[INFO] [stdout] 20 |     println!("{:x?}", me);
[INFO] [stdout]    |                       ^^ not found in this scope
[INFO] [stdout] 
[INFO] [stdout] error[E0570]: `"fastcall"` is not a supported ABI for the current target
[INFO] [stdout]  --> src/lib.rs:18:1
[INFO] [stdout]   |
[INFO] [stdout] 9 | pub unsafe extern "fastcall" fn print_pointer() {
[INFO] [stdout]   | ^^^^^^^^^^^^^^^^^^^^^^^^^^^^^^^^^^^^^^^^^^^^^^^
[INFO] [stdout] 
[INFO] [stdout] error[E0570]: `"thiscall"` is not a supported ABI for the current target
[INFO] [stdout]   --> src/lib.rs:23:1
[INFO] [stdout]    |
[INFO] [stdout] 14 | pub unsafe extern "thiscall" fn print_pointer() {
[INFO] [stdout]    | ^^^^^^^^^^^^^^^^^^^^^^^^^^^^^^^^^^^^^^^^^^^^^^^
[INFO] [stdout] 
[INFO] [stdout] error[E0570]: `"thiscall"` is not a supported ABI for the current target
[INFO] [stdout]   --> src/lib.rs:28:1
[INFO] [stdout]    |
[INFO] [stdout] 19 | pub unsafe extern "thiscall" fn print_pointer() {
[INFO] [stdout]    | ^^^^^^^^^^^^^^^^^^^^^^^^^^^^^^^^^^^^^^^^^^^^^^^
[INFO] [stdout] 
[INFO] [stdout] error: aborting due to 6 previous errors
[INFO] [stdout] 
[INFO] [stdout] Some errors have detailed explanations: E0425, E0428, E0468, E0570.
[INFO] [stdout] For more information about an error, try `rustc --explain E0425`.
[INFO] [stdout] Couldn't compile the test.
[INFO] [stdout] ---- src/lib.rs - has_this (line 69) stdout ----
[INFO] [stdout] error[E0468]: an `extern crate` loading macros must be at the crate root
[INFO] [stdout]  --> src/lib.rs:71:1
[INFO] [stdout]   |
[INFO] [stdout] 4 | extern crate fn_has_this;
[INFO] [stdout]   | ^^^^^^^^^^^^^^^^^^^^^^^^^
[INFO] [stdout] 
[INFO] [stdout] error[E0428]: the name `print_pointer` is defined multiple times
[INFO] [stdout]   --> src/lib.rs:86:1
[INFO] [stdout]    |
[INFO] [stdout] 9  | pub unsafe extern "fastcall" fn print_pointer() {
[INFO] [stdout]    | ----------------------------------------------- previous definition of the value `print_pointer` here
[INFO] [stdout] ...
[INFO] [stdout] 19 | pub unsafe extern "thiscall" fn print_pointer() {
[INFO] [stdout]    | ^^^^^^^^^^^^^^^^^^^^^^^^^^^^^^^^^^^^^^^^^^^^^^^ `print_pointer` redefined here
[INFO] [stdout]    |
[INFO] [stdout]    = note: `print_pointer` must be defined only once in the value namespace of this block
[INFO] [stdout] 
[INFO] [stdout] error[E0425]: cannot find value `me` in this scope
[INFO] [stdout]   --> src/lib.rs:87:23
[INFO] [stdout]    |
[INFO] [stdout] 20 |     println!("{:x?}", me);
[INFO] [stdout]    |                       ^^ not found in this scope
[INFO] [stdout] 
[INFO] [stdout] error[E0570]: `"fastcall"` is not a supported ABI for the current target
[INFO] [stdout]  --> src/lib.rs:76:1
[INFO] [stdout]   |
[INFO] [stdout] 9 | pub unsafe extern "fastcall" fn print_pointer() {
[INFO] [stdout]   | ^^^^^^^^^^^^^^^^^^^^^^^^^^^^^^^^^^^^^^^^^^^^^^^
[INFO] [stdout] 
[INFO] [stdout] error[E0570]: `"thiscall"` is not a supported ABI for the current target
[INFO] [stdout]   --> src/lib.rs:81:1
[INFO] [stdout]    |
[INFO] [stdout] 14 | pub unsafe extern "thiscall" fn print_pointer() {
[INFO] [stdout]    | ^^^^^^^^^^^^^^^^^^^^^^^^^^^^^^^^^^^^^^^^^^^^^^^
[INFO] [stdout] 
[INFO] [stdout] error[E0570]: `"thiscall"` is not a supported ABI for the current target
[INFO] [stdout]   --> src/lib.rs:86:1
[INFO] [stdout]    |
[INFO] [stdout] 19 | pub unsafe extern "thiscall" fn print_pointer() {
[INFO] [stdout]    | ^^^^^^^^^^^^^^^^^^^^^^^^^^^^^^^^^^^^^^^^^^^^^^^
[INFO] [stdout] 
[INFO] [stdout] error: aborting due to 6 previous errors
[INFO] [stdout] 
[INFO] [stdout] Some errors have detailed explanations: E0425, E0428, E0468, E0570.
[INFO] [stdout] For more information about an error, try `rustc --explain E0425`.
[INFO] [stdout] Couldn't compile the test.
[INFO] [stdout] 
[INFO] [stdout] failures:
[INFO] [stdout]     src/lib.rs - (line 11)
[INFO] [stdout]     src/lib.rs - has_this (line 69)
[INFO] [stdout] 
[INFO] [stdout] test result: FAILED. 0 passed; 2 failed; 0 ignored; 0 measured; 0 filtered out; finished in 0.14s
[INFO] [stdout] 
[INFO] [stderr] error: doctest failed, to rerun pass `--doc`
[INFO] running `Command { std: "docker" "inspect" "7d450f21f83d55901ad700214dd200fa4f53675fc509b7cd6e560cff1d6b0553", kill_on_drop: false }`
[INFO] running `Command { std: "docker" "rm" "-f" "7d450f21f83d55901ad700214dd200fa4f53675fc509b7cd6e560cff1d6b0553", kill_on_drop: false }`
[INFO] [stdout] 7d450f21f83d55901ad700214dd200fa4f53675fc509b7cd6e560cff1d6b0553
