[INFO] cloning repository https://github.com/WhatADumb/belajar-rust-dasar
[INFO] running `Command { std: "git" "-c" "credential.helper=" "-c" "credential.helper=/workspace/cargo-home/bin/git-credential-null" "clone" "--bare" "https://github.com/WhatADumb/belajar-rust-dasar" "/workspace/cache/git-repos/https%3A%2F%2Fgithub.com%2FWhatADumb%2Fbelajar-rust-dasar", kill_on_drop: false }`
[INFO] [stderr] Cloning into bare repository '/workspace/cache/git-repos/https%3A%2F%2Fgithub.com%2FWhatADumb%2Fbelajar-rust-dasar'...
[INFO] running `Command { std: "git" "rev-parse" "HEAD", kill_on_drop: false }`
[INFO] [stdout] 939f1d77e1011af5ce1ef3740efe651068ac5708
[INFO] testing WhatADumb/belajar-rust-dasar against nightly-2025-01-18 for randomize-layout-2
[INFO] running `Command { std: "git" "clone" "/workspace/cache/git-repos/https%3A%2F%2Fgithub.com%2FWhatADumb%2Fbelajar-rust-dasar" "/workspace/builds/worker-2-tc1/source", kill_on_drop: false }`
[INFO] [stderr] Cloning into '/workspace/builds/worker-2-tc1/source'...
[INFO] [stderr] done.
[INFO] validating manifest of git repo https://github.com/WhatADumb/belajar-rust-dasar on toolchain nightly-2025-01-18
[INFO] running `Command { std: CARGO_HOME="/workspace/cargo-home" RUSTUP_HOME="/workspace/rustup-home" "/workspace/cargo-home/bin/cargo" "+nightly-2025-01-18" "metadata" "--manifest-path" "Cargo.toml" "--no-deps", kill_on_drop: false }`
[INFO] started tweaking git repo https://github.com/WhatADumb/belajar-rust-dasar
[INFO] finished tweaking git repo https://github.com/WhatADumb/belajar-rust-dasar
[INFO] tweaked toml for git repo https://github.com/WhatADumb/belajar-rust-dasar written to /workspace/builds/worker-2-tc1/source/Cargo.toml
[INFO] crate git repo https://github.com/WhatADumb/belajar-rust-dasar already has a lockfile, it will not be regenerated
[INFO] running `Command { std: CARGO_HOME="/workspace/cargo-home" RUSTUP_HOME="/workspace/rustup-home" "/workspace/cargo-home/bin/cargo" "+nightly-2025-01-18" "fetch" "--manifest-path" "Cargo.toml", kill_on_drop: false }`
[INFO] running `Command { std: "docker" "create" "-v" "/var/lib/crater-agent-workspace/builds/worker-2-tc1/target:/opt/rustwide/target:rw,Z" "-v" "/var/lib/crater-agent-workspace/builds/worker-2-tc1/source:/opt/rustwide/workdir:ro,Z" "-v" "/var/lib/crater-agent-workspace/cargo-home:/opt/rustwide/cargo-home:ro,Z" "-v" "/var/lib/crater-agent-workspace/rustup-home:/opt/rustwide/rustup-home:ro,Z" "-e" "SOURCE_DIR=/opt/rustwide/workdir" "-e" "CARGO_TARGET_DIR=/opt/rustwide/target" "-e" "CARGO_HOME=/opt/rustwide/cargo-home" "-e" "RUSTUP_HOME=/opt/rustwide/rustup-home" "-w" "/opt/rustwide/workdir" "-m" "1610612736" "--user" "0:0" "--network" "none" "ghcr.io/rust-lang/crates-build-env/linux@sha256:819108c5571ea2e421544af4d832f968d213c87fbe3707a016657f43d2f853bc" "/opt/rustwide/cargo-home/bin/cargo" "+nightly-2025-01-18" "metadata" "--no-deps" "--format-version=1", kill_on_drop: false }`
[INFO] [stdout] 4a911045427b40c89d2c8c8c2bfe221476df8c4d83749d50f01a33d925068754
[INFO] running `Command { std: "docker" "start" "-a" "4a911045427b40c89d2c8c8c2bfe221476df8c4d83749d50f01a33d925068754", kill_on_drop: false }`
[INFO] running `Command { std: "docker" "inspect" "4a911045427b40c89d2c8c8c2bfe221476df8c4d83749d50f01a33d925068754", kill_on_drop: false }`
[INFO] running `Command { std: "docker" "rm" "-f" "4a911045427b40c89d2c8c8c2bfe221476df8c4d83749d50f01a33d925068754", kill_on_drop: false }`
[INFO] [stdout] 4a911045427b40c89d2c8c8c2bfe221476df8c4d83749d50f01a33d925068754
[INFO] running `Command { std: "docker" "create" "-v" "/var/lib/crater-agent-workspace/builds/worker-2-tc1/target:/opt/rustwide/target:rw,Z" "-v" "/var/lib/crater-agent-workspace/builds/worker-2-tc1/source:/opt/rustwide/workdir:ro,Z" "-v" "/var/lib/crater-agent-workspace/cargo-home:/opt/rustwide/cargo-home:ro,Z" "-v" "/var/lib/crater-agent-workspace/rustup-home:/opt/rustwide/rustup-home:ro,Z" "-e" "SOURCE_DIR=/opt/rustwide/workdir" "-e" "CARGO_TARGET_DIR=/opt/rustwide/target" "-e" "CARGO_INCREMENTAL=0" "-e" "RUST_BACKTRACE=full" "-e" "RUSTFLAGS=--cap-lints=forbid" "-e" "RUSTDOCFLAGS=--cap-lints=forbid" "-e" "CARGO_HOME=/opt/rustwide/cargo-home" "-e" "RUSTUP_HOME=/opt/rustwide/rustup-home" "-w" "/opt/rustwide/workdir" "-m" "1610612736" "--user" "0:0" "--network" "none" "ghcr.io/rust-lang/crates-build-env/linux@sha256:819108c5571ea2e421544af4d832f968d213c87fbe3707a016657f43d2f853bc" "/opt/rustwide/cargo-home/bin/cargo" "+nightly-2025-01-18" "build" "--frozen" "--message-format=json", kill_on_drop: false }`
[INFO] [stdout] aece8229490b3a2d2d30331850c9bd248a9d0178f5dcd95076f8929d378ec7c3
[INFO] running `Command { std: "docker" "start" "-a" "aece8229490b3a2d2d30331850c9bd248a9d0178f5dcd95076f8929d378ec7c3", kill_on_drop: false }`
[INFO] [stderr]    Compiling belajar-rust v0.1.0 (/opt/rustwide/workdir)
[INFO] [stdout] warning: methods `say_hello_to` and `say_hello` are never used
[INFO] [stdout]     --> src/main.rs:1048:8
[INFO] [stdout]      |
[INFO] [stdout] 1046 | trait GreetingHello {
[INFO] [stdout]      |       ------------- methods in this trait
[INFO] [stdout] 1047 |     fn greeting(&self) -> String;
[INFO] [stdout] 1048 |     fn say_hello_to(&self, name: &str) -> String;
[INFO] [stdout]      |        ^^^^^^^^^^^^
[INFO] [stdout] 1049 |     fn say_hello(&self) -> String{
[INFO] [stdout]      |        ^^^^^^^^^
[INFO] [stdout]      |
[INFO] [stdout]      = note: `#[warn(dead_code)]` on by default
[INFO] [stdout] 
[INFO] [stdout] 
[INFO] [stdout] warning: method `farewall_to` is never used
[INFO] [stdout]     --> src/main.rs:1066:8
[INFO] [stdout]      |
[INFO] [stdout] 1064 | trait FarewellHello{
[INFO] [stdout]      |       ------------- method in this trait
[INFO] [stdout] 1065 |     fn farewall(&self) -> String;
[INFO] [stdout] 1066 |     fn farewall_to(&self, name: &str) -> String;
[INFO] [stdout]      |        ^^^^^^^^^^^
[INFO] [stdout] 
[INFO] [stdout] 
[INFO] [stdout] warning: trait `Communication` is never used
[INFO] [stdout]     --> src/main.rs:1142:7
[INFO] [stdout]      |
[INFO] [stdout] 1142 | trait Communication: GreetingHello + FarewellHello{
[INFO] [stdout]      |       ^^^^^^^^^^^^^
[INFO] [stdout] 
[INFO] [stdout] 
[INFO] [stdout] warning: struct `SimpleMan` is never constructed
[INFO] [stdout]     --> src/main.rs:1146:8
[INFO] [stdout]      |
[INFO] [stdout] 1146 | struct SimpleMan{
[INFO] [stdout]      |        ^^^^^^^^^
[INFO] [stdout] 
[INFO] [stdout] 
[INFO] [stdout] warning: trait `GetValue` is never used
[INFO] [stdout]     --> src/main.rs:1193:7
[INFO] [stdout]      |
[INFO] [stdout] 1193 | trait GetValue<X> where X: PartialOrd {
[INFO] [stdout]      |       ^^^^^^^^
[INFO] [stdout] 
[INFO] [stdout] 
[INFO] [stdout] warning: struct `MyValue` is never constructed
[INFO] [stdout]     --> src/main.rs:1969:8
[INFO] [stdout]      |
[INFO] [stdout] 1969 | struct MyValue<T>{
[INFO] [stdout]      |        ^^^^^^^
[INFO] [stdout] 
[INFO] [stdout] 
[INFO] [stdout] warning: struct `Book` is never constructed
[INFO] [stdout]     --> src/main.rs:2000:8
[INFO] [stdout]      |
[INFO] [stdout] 2000 | struct Book<'a>{
[INFO] [stdout]      |        ^^^^
[INFO] [stdout] 
[INFO] [stdout] 
[INFO] [stderr]     Finished `dev` profile [unoptimized + debuginfo] target(s) in 0.13s
[INFO] running `Command { std: "docker" "inspect" "aece8229490b3a2d2d30331850c9bd248a9d0178f5dcd95076f8929d378ec7c3", kill_on_drop: false }`
[INFO] running `Command { std: "docker" "rm" "-f" "aece8229490b3a2d2d30331850c9bd248a9d0178f5dcd95076f8929d378ec7c3", kill_on_drop: false }`
[INFO] [stdout] aece8229490b3a2d2d30331850c9bd248a9d0178f5dcd95076f8929d378ec7c3
[INFO] running `Command { std: "docker" "create" "-v" "/var/lib/crater-agent-workspace/builds/worker-2-tc1/target:/opt/rustwide/target:rw,Z" "-v" "/var/lib/crater-agent-workspace/builds/worker-2-tc1/source:/opt/rustwide/workdir:ro,Z" "-v" "/var/lib/crater-agent-workspace/cargo-home:/opt/rustwide/cargo-home:ro,Z" "-v" "/var/lib/crater-agent-workspace/rustup-home:/opt/rustwide/rustup-home:ro,Z" "-e" "SOURCE_DIR=/opt/rustwide/workdir" "-e" "CARGO_TARGET_DIR=/opt/rustwide/target" "-e" "CARGO_INCREMENTAL=0" "-e" "RUST_BACKTRACE=full" "-e" "RUSTFLAGS=--cap-lints=forbid" "-e" "RUSTDOCFLAGS=--cap-lints=forbid" "-e" "CARGO_HOME=/opt/rustwide/cargo-home" "-e" "RUSTUP_HOME=/opt/rustwide/rustup-home" "-w" "/opt/rustwide/workdir" "-m" "1610612736" "--user" "0:0" "--network" "none" "ghcr.io/rust-lang/crates-build-env/linux@sha256:819108c5571ea2e421544af4d832f968d213c87fbe3707a016657f43d2f853bc" "/opt/rustwide/cargo-home/bin/cargo" "+nightly-2025-01-18" "test" "--frozen" "--no-run" "--message-format=json", kill_on_drop: false }`
[INFO] [stdout] 369ebf383d23e514aa86c2e82c7524587383f3503bcec089f19cca9f5bfa80c3
[INFO] running `Command { std: "docker" "start" "-a" "369ebf383d23e514aa86c2e82c7524587383f3503bcec089f19cca9f5bfa80c3", kill_on_drop: false }`
[INFO] [stderr]    Compiling belajar-rust v0.1.0 (/opt/rustwide/workdir)
[INFO] [stdout] warning: creating a shared reference to mutable static is discouraged
[INFO] [stdout]     --> src/main.rs:2078:24
[INFO] [stdout]      |
[INFO] [stdout] 2078 |         println!("{}", COUNTER);
[INFO] [stdout]      |                        ^^^^^^^ shared reference to mutable static
[INFO] [stdout]      |
[INFO] [stdout]      = note: for more information, see <https://doc.rust-lang.org/nightly/edition-guide/rust-2024/static-mut-references.html>
[INFO] [stdout]      = note: shared references to mutable statics are dangerous; it's undefined behavior if the static is mutated or if a mutable reference is created for it while the shared reference lives
[INFO] [stdout]      = note: `#[warn(static_mut_refs)]` on by default
[INFO] [stdout] 
[INFO] [stdout] 
[INFO] [stderr]     Finished `test` profile [unoptimized + debuginfo] target(s) in 1.01s
[INFO] running `Command { std: "docker" "inspect" "369ebf383d23e514aa86c2e82c7524587383f3503bcec089f19cca9f5bfa80c3", kill_on_drop: false }`
[INFO] running `Command { std: "docker" "rm" "-f" "369ebf383d23e514aa86c2e82c7524587383f3503bcec089f19cca9f5bfa80c3", kill_on_drop: false }`
[INFO] [stdout] 369ebf383d23e514aa86c2e82c7524587383f3503bcec089f19cca9f5bfa80c3
[INFO] running `Command { std: "docker" "create" "-v" "/var/lib/crater-agent-workspace/builds/worker-2-tc1/target:/opt/rustwide/target:rw,Z" "-v" "/var/lib/crater-agent-workspace/builds/worker-2-tc1/source:/opt/rustwide/workdir:ro,Z" "-v" "/var/lib/crater-agent-workspace/cargo-home:/opt/rustwide/cargo-home:ro,Z" "-v" "/var/lib/crater-agent-workspace/rustup-home:/opt/rustwide/rustup-home:ro,Z" "-e" "SOURCE_DIR=/opt/rustwide/workdir" "-e" "CARGO_TARGET_DIR=/opt/rustwide/target" "-e" "CARGO_INCREMENTAL=0" "-e" "RUST_BACKTRACE=full" "-e" "RUSTFLAGS=--cap-lints=forbid" "-e" "RUSTDOCFLAGS=--cap-lints=forbid" "-e" "CARGO_HOME=/opt/rustwide/cargo-home" "-e" "RUSTUP_HOME=/opt/rustwide/rustup-home" "-w" "/opt/rustwide/workdir" "-m" "1610612736" "--user" "0:0" "--network" "none" "ghcr.io/rust-lang/crates-build-env/linux@sha256:819108c5571ea2e421544af4d832f968d213c87fbe3707a016657f43d2f853bc" "/opt/rustwide/cargo-home/bin/cargo" "+nightly-2025-01-18" "test" "--frozen", kill_on_drop: false }`
[INFO] [stdout] 785da0caf934c46c69a07518616335b14b68016fc91b4de050c74f7be768092f
[INFO] running `Command { std: "docker" "start" "-a" "785da0caf934c46c69a07518616335b14b68016fc91b4de050c74f7be768092f", kill_on_drop: false }`
[INFO] [stderr] warning: creating a shared reference to mutable static is discouraged
[INFO] [stderr]     --> src/main.rs:2078:24
[INFO] [stderr]      |
[INFO] [stderr] 2078 |         println!("{}", COUNTER);
[INFO] [stderr]      |                        ^^^^^^^ shared reference to mutable static
[INFO] [stderr]      |
[INFO] [stderr]      = note: for more information, see <https://doc.rust-lang.org/nightly/edition-guide/rust-2024/static-mut-references.html>
[INFO] [stderr]      = note: shared references to mutable statics are dangerous; it's undefined behavior if the static is mutated or if a mutable reference is created for it while the shared reference lives
[INFO] [stderr]      = note: `#[warn(static_mut_refs)]` on by default
[INFO] [stderr] 
[INFO] [stderr] warning: `belajar-rust` (bin "belajar-rust" test) generated 1 warning
[INFO] [stderr]     Finished `test` profile [unoptimized + debuginfo] target(s) in 0.01s
[INFO] [stderr]      Running unittests src/main.rs (/opt/rustwide/target/debug/deps/belajar_rust-1acc4190b25a9ecd)
[INFO] [stdout] 
[INFO] [stdout] running 116 tests
[INFO] [stdout] test alias_test ... ok
[INFO] [stdout] test array_test ... ok
[INFO] [stdout] test array_for_test ... ok
[INFO] [stdout] test associated_function_test ... ok
[INFO] [stdout] test augmented_assignment_test ... ok
[INFO] [stdout] test array_while_test ... ok
[INFO] [stdout] test boolean_operator_test ... ok
[INFO] [stdout] test boolean_test ... ok
[INFO] [stdout] test borrowing_test ... ok
[INFO] [stdout] test btree_test ... ok
[INFO] [stdout] test btree_set_test ... ok
[INFO] [stdout] test cleanup_test ... ok
[INFO] [stdout] test char_test ... ok
[INFO] [stdout] test clone_change_ownership_heap ... ok
[INFO] [stdout] test closure_function_test ... ok
[INFO] [stdout] test closure_parameter_test ... ok
[INFO] [stdout] test closure_scope_alternate_test ... ok
[INFO] [stdout] test closure_scope_test ... ok
[INFO] [stdout] test closure_test ... ok
[INFO] [stdout] test comparing_test ... ok
[INFO] [stdout] test comparison_test ... ok
[INFO] [stdout] test constant_test ... ok
[INFO] [stdout] test copy_data_stack ... ok
[INFO] [stdout] test dangling_reference_test ... ok
[INFO] [stdout] test dereference_parameter_test ... ok
[INFO] [stdout] test enum_data_test ... ok
[INFO] [stdout] test dereference_value_test ... ok
[INFO] [stdout] test enum_method_test ... ok
[INFO] [stdout] test enum_test ... ok
[INFO] [stdout] test explicit_implicit_test ... ok
[INFO] [stdout] test formatting_test ... ok
[INFO] [stdout] test function_test ... ok
[INFO] [stdout] test dereference_test ... ok
[INFO] [stdout] test generic_function_test ... ok
[INFO] [stdout] test generic_method_test ... ok
[INFO] [stdout] test generic_test ... ok
[INFO] [stdout] test generic_enum_test ... ok
[INFO] [stdout] test generic_type_bound_test ... ok
[INFO] [stdout] test heap_stack_test ... ok
[INFO] [stdout] test if_expression_test ... ok
[INFO] [stdout] test hash_map_test ... ok
[INFO] [stdout] test interior_mut_test ... ok
[INFO] [stdout] test hashset_test ... ok
[INFO] [stdout] test iterator_function_test ... ok
[INFO] [stdout] test lifetime_struct_generic_test ... ok
[INFO] [stdout] test lifetime_struct_method_test ... ok
[INFO] [stdout] test lifetime_struct_test ... ok
[INFO] [stdout] test iterator_test ... ok
[INFO] [stdout] test linked_list_test ... ok
[INFO] [stdout] test loop_condition_test ... ok
[INFO] [stdout] test main_test ... ok
[INFO] [stdout] test match_destruct_enum_test ... ok
[INFO] [stdout] test let_expression_test ... ok
[INFO] [stdout] test match_destruct_struct_test_1 ... ok
[INFO] [stdout] test match_destruct_struct_test_2 ... ok
[INFO] [stdout] test match_enum_test ... ok
[INFO] [stdout] test match_expression_test ... ok
[INFO] [stdout] test match_ignoring ... ok
[INFO] [stdout] test match_ignoring_range_test ... ok
[INFO] [stdout] test mod_model_test ... ok
[INFO] [stdout] test number_test ... ok
[INFO] [stdout] test lifetime_annotation_test ... ok
[INFO] [stdout] test multiple_ownership_test ... ok
[INFO] [stdout] test match_range_test ... ok
[INFO] [stdout] test numeric_operation_test ... ok
[INFO] [stdout] test option_test ... ok
[INFO] [stdout] test macro_test ... ok
[INFO] [stdout] test let_loop_condition_test ... ok
[INFO] [stdout] test method_test ... ok
[INFO] [stdout] test ownerhship_function ... ok
[INFO] [stdout] test lifetime_annotation_dangling_test ... ok
[INFO] [stdout] test ownership_rules ... ok
[INFO] [stdout] test question_mark_operator_test ... ok
[INFO] [stdout] test mod_hello_test ... ok
[INFO] [stdout] test range_exclusive_test ... ok
[INFO] [stdout] test mod_info_test ... ok
[INFO] [stdout] test match_multiple_value_test ... ok
[INFO] [stdout] test number_conversion_test ... ok
[INFO] [stdout] test label_loop_condition_test ... ok
[INFO] [stdout] test reference_ownership_test ... ok
[INFO] [stdout] test range_inclusive_test ... ok
[INFO] [stdout] test shadowing_test ... ok
[INFO] [stdout] test overloadable_test ... ok
[INFO] [stdout] test return_back_ownership ... ok
[INFO] [stdout] test slicing_array_test ... ok
[INFO] [stdout] test slicing_string_test ... ok
[INFO] [stdout] test smart_pointer_test ... ok
[INFO] [stdout] test string_test ... ok
[INFO] [stdout] test static_test ... ok
[INFO] [stdout] test struct_function_test ... ok
[INFO] [stdout] test struct_init_shorthand_test ... ok
[INFO] [stdout] test struct_partial_update_test ... ok
[INFO] [stdout] test struct_test ... ok
[INFO] [stdout] test struct_tuple_test ... ok
[INFO] [stdout] test struct_unit_test ... ok
[INFO] [stdout] test recoverable_error_test ... ok
[INFO] [stdout] test static_unsafe_test ... ok
[INFO] [stdout] test string_and_slice_test ... ok
[INFO] [stdout] test string_format_test ... ok
[INFO] [stdout] test string_slice_test ... ok
[INFO] [stdout] test smart_pointer_recursice_field_test ... ok
[INFO] [stdout] test match_value_test ... ok
[INFO] [stdout] test trait_conflict_name_test ... ok
[INFO] [stdout] test struct_update_test ... ok
[INFO] [stdout] test unit_test ... ok
[INFO] [stdout] test take_over_ownership ... ok
[INFO] [stdout] test variable_scope_test ... ok
[INFO] [stdout] test variable_test ... ok
[INFO] [stdout] test vector_test ... ok
[INFO] [stdout] test while_condition_test ... ok
[INFO] [stdout] test trait_super_test ... ok
[INFO] [stdout] test trait_test ... ok
[INFO] [stdout] test trait_return_test ... ok
[INFO] [stdout] test tuple_test ... ok
[INFO] [stdout] test vecdeque_test ... ok
[INFO] [stdout] test unrecoverable_error_test ... FAILED
[INFO] [stdout] 
[INFO] [stdout] failures:
[INFO] [stdout] 
[INFO] [stdout] ---- unrecoverable_error_test stdout ----
[INFO] [stdout] 
[INFO] [stdout] thread 'unrecoverable_error_test' panicked at src/main.rs:1729:17:
[INFO] [stdout] No Server found to online
[INFO] [stdout] stack backtrace:
[INFO] [stdout]    0:     0x5f1447a786da - std::backtrace_rs::backtrace::libunwind::trace::hb059275cfc8d6126
[INFO] [stdout]                                at /rustc/6067b36314ab5eb2eb47cecc464545ba58e1ad24/library/std/src/../../backtrace/src/backtrace/libunwind.rs:116:5
[INFO] [stdout]    1:     0x5f1447a786da - std::backtrace_rs::backtrace::trace_unsynchronized::h2da071e4327ce3ee
[INFO] [stdout]                                at /rustc/6067b36314ab5eb2eb47cecc464545ba58e1ad24/library/std/src/../../backtrace/src/backtrace/mod.rs:66:5
[INFO] [stdout]    2:     0x5f1447a786da - std::sys::backtrace::_print_fmt::h842a1474e6f8d23f
[INFO] [stdout]                                at /rustc/6067b36314ab5eb2eb47cecc464545ba58e1ad24/library/std/src/sys/backtrace.rs:66:9
[INFO] [stdout]    3:     0x5f1447a786da - <std::sys::backtrace::BacktraceLock::print::DisplayBacktrace as core::fmt::Display>::fmt::h71a62eb3b9696b12
[INFO] [stdout]                                at /rustc/6067b36314ab5eb2eb47cecc464545ba58e1ad24/library/std/src/sys/backtrace.rs:39:26
[INFO] [stdout]    4:     0x5f1447aa1353 - core::fmt::rt::Argument::fmt::hdb6b616786b41dc1
[INFO] [stdout]                                at /rustc/6067b36314ab5eb2eb47cecc464545ba58e1ad24/library/core/src/fmt/rt.rs:177:76
[INFO] [stdout]    5:     0x5f1447aa1353 - core::fmt::write::h2cc1698af7e2d686
[INFO] [stdout]                                at /rustc/6067b36314ab5eb2eb47cecc464545ba58e1ad24/library/core/src/fmt/mod.rs:1440:21
[INFO] [stdout]    6:     0x5f1447a75233 - std::io::Write::write_fmt::hab1b4cd059a79022
[INFO] [stdout]                                at /rustc/6067b36314ab5eb2eb47cecc464545ba58e1ad24/library/std/src/io/mod.rs:1887:15
[INFO] [stdout]    7:     0x5f1447a78522 - std::sys::backtrace::BacktraceLock::print::h147fe35b4ea13b08
[INFO] [stdout]                                at /rustc/6067b36314ab5eb2eb47cecc464545ba58e1ad24/library/std/src/sys/backtrace.rs:42:9
[INFO] [stdout]    8:     0x5f1447a79aff - std::panicking::default_hook::{{closure}}::hbd44223dbdc0d208
[INFO] [stdout]                                at /rustc/6067b36314ab5eb2eb47cecc464545ba58e1ad24/library/std/src/panicking.rs:298:22
[INFO] [stdout]    9:     0x5f1447a79918 - std::panicking::default_hook::h20f81eb0576efcec
[INFO] [stdout]                                at /rustc/6067b36314ab5eb2eb47cecc464545ba58e1ad24/library/std/src/panicking.rs:322:9
[INFO] [stdout]   10:     0x5f1447a42733 - <alloc::boxed::Box<F,A> as core::ops::function::Fn<Args>>::call::hdb53814c496a4d34
[INFO] [stdout]                                at /rustc/6067b36314ab5eb2eb47cecc464545ba58e1ad24/library/alloc/src/boxed.rs:2027:9
[INFO] [stdout]   11:     0x5f1447a42733 - test::test_main::{{closure}}::hc0a4963c59427c24
[INFO] [stdout]                                at /rustc/6067b36314ab5eb2eb47cecc464545ba58e1ad24/library/test/src/lib.rs:134:21
[INFO] [stdout]   12:     0x5f1447a7a5f3 - <alloc::boxed::Box<F,A> as core::ops::function::Fn<Args>>::call::h591b2225413a77e9
[INFO] [stdout]                                at /rustc/6067b36314ab5eb2eb47cecc464545ba58e1ad24/library/alloc/src/boxed.rs:2027:9
[INFO] [stdout]   13:     0x5f1447a7a5f3 - std::panicking::rust_panic_with_hook::h625eea43051b2edc
[INFO] [stdout]                                at /rustc/6067b36314ab5eb2eb47cecc464545ba58e1ad24/library/std/src/panicking.rs:839:13
[INFO] [stdout]   14:     0x5f1447a7a276 - std::panicking::begin_panic_handler::{{closure}}::h4f9159cfbc3f6bd3
[INFO] [stdout]                                at /rustc/6067b36314ab5eb2eb47cecc464545ba58e1ad24/library/std/src/panicking.rs:697:13
[INFO] [stdout]   15:     0x5f1447a78bd9 - std::sys::backtrace::__rust_end_short_backtrace::h0390abce48353151
[INFO] [stdout]                                at /rustc/6067b36314ab5eb2eb47cecc464545ba58e1ad24/library/std/src/sys/backtrace.rs:168:18
[INFO] [stdout]   16:     0x5f1447a79f3d - rust_begin_unwind
[INFO] [stdout]                                at /rustc/6067b36314ab5eb2eb47cecc464545ba58e1ad24/library/std/src/panicking.rs:695:5
[INFO] [stdout]   17:     0x5f1447a9fd00 - core::panicking::panic_fmt::h9e7c637e9e5f29c9
[INFO] [stdout]                                at /rustc/6067b36314ab5eb2eb47cecc464545ba58e1ad24/library/core/src/panicking.rs:75:14
[INFO] [stdout]   18:     0x5f14479debf3 - belajar_rust::connect_server::hbf0a366500a50faf
[INFO] [stdout]                                at /opt/rustwide/workdir/src/main.rs:1729:17
[INFO] [stdout]   19:     0x5f14479ea36a - belajar_rust::unrecoverable_error_test::hd00c8ffb798104b4
[INFO] [stdout]                                at /opt/rustwide/workdir/src/main.rs:1775:5
[INFO] [stdout]   20:     0x5f14479ea337 - belajar_rust::unrecoverable_error_test::{{closure}}::h3d5e84a188f7fc5f
[INFO] [stdout]                                at /opt/rustwide/workdir/src/main.rs:1773:30
[INFO] [stdout]   21:     0x5f14479f0086 - core::ops::function::FnOnce::call_once::hed59c87bc57ca43c
[INFO] [stdout]                                at /rustc/6067b36314ab5eb2eb47cecc464545ba58e1ad24/library/core/src/ops/function.rs:250:5
[INFO] [stdout]   22:     0x5f1447a47e8b - core::ops::function::FnOnce::call_once::he27718dfdd183f43
[INFO] [stdout]                                at /rustc/6067b36314ab5eb2eb47cecc464545ba58e1ad24/library/core/src/ops/function.rs:250:5
[INFO] [stdout]   23:     0x5f1447a47e8b - test::__rust_begin_short_backtrace::h4e84902998457a5d
[INFO] [stdout]                                at /rustc/6067b36314ab5eb2eb47cecc464545ba58e1ad24/library/test/src/lib.rs:632:18
[INFO] [stdout]   24:     0x5f1447a46dc3 - test::run_test_in_process::{{closure}}::h7176fd18fc1feca0
[INFO] [stdout]                                at /rustc/6067b36314ab5eb2eb47cecc464545ba58e1ad24/library/test/src/lib.rs:655:60
[INFO] [stdout]   25:     0x5f1447a46dc3 - <core::panic::unwind_safe::AssertUnwindSafe<F> as core::ops::function::FnOnce<()>>::call_once::hf79cff2a624d8cf7
[INFO] [stdout]                                at /rustc/6067b36314ab5eb2eb47cecc464545ba58e1ad24/library/core/src/panic/unwind_safe.rs:272:9
[INFO] [stdout]   26:     0x5f1447a46dc3 - std::panicking::try::do_call::h3da0561d9ab99c25
[INFO] [stdout]                                at /rustc/6067b36314ab5eb2eb47cecc464545ba58e1ad24/library/std/src/panicking.rs:587:40
[INFO] [stdout]   27:     0x5f1447a46dc3 - std::panicking::try::h41c9fa508bc61df6
[INFO] [stdout]                                at /rustc/6067b36314ab5eb2eb47cecc464545ba58e1ad24/library/std/src/panicking.rs:550:19
[INFO] [stdout]   28:     0x5f1447a46dc3 - std::panic::catch_unwind::h6b3ff07bb5afad93
[INFO] [stdout]                                at /rustc/6067b36314ab5eb2eb47cecc464545ba58e1ad24/library/std/src/panic.rs:358:14
[INFO] [stdout]   29:     0x5f1447a46dc3 - test::run_test_in_process::hc7253dd11b39b9f4
[INFO] [stdout]                                at /rustc/6067b36314ab5eb2eb47cecc464545ba58e1ad24/library/test/src/lib.rs:655:27
[INFO] [stdout]   30:     0x5f1447a46dc3 - test::run_test::{{closure}}::hfb2007f8649c30bb
[INFO] [stdout]                                at /rustc/6067b36314ab5eb2eb47cecc464545ba58e1ad24/library/test/src/lib.rs:576:43
[INFO] [stdout]   31:     0x5f1447a09ea5 - test::run_test::{{closure}}::h56a17aa7a282a9f4
[INFO] [stdout]                                at /rustc/6067b36314ab5eb2eb47cecc464545ba58e1ad24/library/test/src/lib.rs:606:41
[INFO] [stdout]   32:     0x5f1447a09ea5 - std::sys::backtrace::__rust_begin_short_backtrace::hd2d2d2fb8e8c6aac
[INFO] [stdout]                                at /rustc/6067b36314ab5eb2eb47cecc464545ba58e1ad24/library/std/src/sys/backtrace.rs:152:18
[INFO] [stdout]   33:     0x5f1447a0d78a - std::thread::Builder::spawn_unchecked_::{{closure}}::{{closure}}::h4faa3f9db6133423
[INFO] [stdout]                                at /rustc/6067b36314ab5eb2eb47cecc464545ba58e1ad24/library/std/src/thread/mod.rs:559:17
[INFO] [stdout]   34:     0x5f1447a0d78a - <core::panic::unwind_safe::AssertUnwindSafe<F> as core::ops::function::FnOnce<()>>::call_once::hf2e855a36a4ea846
[INFO] [stdout]                                at /rustc/6067b36314ab5eb2eb47cecc464545ba58e1ad24/library/core/src/panic/unwind_safe.rs:272:9
[INFO] [stdout]   35:     0x5f1447a0d78a - std::panicking::try::do_call::h2f73af3616c35465
[INFO] [stdout]                                at /rustc/6067b36314ab5eb2eb47cecc464545ba58e1ad24/library/std/src/panicking.rs:587:40
[INFO] [stdout]   36:     0x5f1447a0d78a - std::panicking::try::hd1660ce9efadef5a
[INFO] [stdout]                                at /rustc/6067b36314ab5eb2eb47cecc464545ba58e1ad24/library/std/src/panicking.rs:550:19
[INFO] [stdout]   37:     0x5f1447a0d78a - std::panic::catch_unwind::h5ee8d7823b8ca744
[INFO] [stdout]                                at /rustc/6067b36314ab5eb2eb47cecc464545ba58e1ad24/library/std/src/panic.rs:358:14
[INFO] [stdout]   38:     0x5f1447a0d78a - std::thread::Builder::spawn_unchecked_::{{closure}}::h53c3a1894dce8407
[INFO] [stdout]                                at /rustc/6067b36314ab5eb2eb47cecc464545ba58e1ad24/library/std/src/thread/mod.rs:557:30
[INFO] [stdout]   39:     0x5f1447a0d78a - core::ops::function::FnOnce::call_once{{vtable.shim}}::h048ce291ad4f62bf
[INFO] [stdout]                                at /rustc/6067b36314ab5eb2eb47cecc464545ba58e1ad24/library/core/src/ops/function.rs:250:5
[INFO] [stdout]   40:     0x5f1447a7e52b - <alloc::boxed::Box<F,A> as core::ops::function::FnOnce<Args>>::call_once::ha52bedf99a3b4981
[INFO] [stdout]                                at /rustc/6067b36314ab5eb2eb47cecc464545ba58e1ad24/library/alloc/src/boxed.rs:2013:9
[INFO] [stdout]   41:     0x5f1447a7e52b - <alloc::boxed::Box<F,A> as core::ops::function::FnOnce<Args>>::call_once::h567748934d80ccf8
[INFO] [stdout]                                at /rustc/6067b36314ab5eb2eb47cecc464545ba58e1ad24/library/alloc/src/boxed.rs:2013:9
[INFO] [stdout]   42:     0x5f1447a7e52b - std::sys::pal::unix::thread::Thread::new::thread_start::h2d970728ae887adc
[INFO] [stdout]                                at /rustc/6067b36314ab5eb2eb47cecc464545ba58e1ad24/library/std/src/sys/pal/unix/thread.rs:106:17
[INFO] [stdout]   43:     0x79af7cb4bac3 - <unknown>
[INFO] [stdout]   44:     0x79af7cbdca04 - clone
[INFO] [stdout]   45:                0x0 - <unknown>
[INFO] [stdout] 
[INFO] [stdout] 
[INFO] [stdout] failures:
[INFO] [stdout]     unrecoverable_error_test
[INFO] [stdout] 
[INFO] [stdout] test result: FAILED. 115 passed; 1 failed; 0 ignored; 0 measured; 0 filtered out; finished in 0.02s
[INFO] [stdout] 
[INFO] [stderr] error: test failed, to rerun pass `--bin belajar-rust`
[INFO] running `Command { std: "docker" "inspect" "785da0caf934c46c69a07518616335b14b68016fc91b4de050c74f7be768092f", kill_on_drop: false }`
[INFO] running `Command { std: "docker" "rm" "-f" "785da0caf934c46c69a07518616335b14b68016fc91b4de050c74f7be768092f", kill_on_drop: false }`
[INFO] [stdout] 785da0caf934c46c69a07518616335b14b68016fc91b4de050c74f7be768092f
