[INFO] cloning repository https://github.com/WataruNishimura/kitty
[INFO] running `Command { std: "git" "-c" "credential.helper=" "-c" "credential.helper=/workspace/cargo-home/bin/git-credential-null" "clone" "--bare" "https://github.com/WataruNishimura/kitty" "/workspace/cache/git-repos/https%3A%2F%2Fgithub.com%2FWataruNishimura%2Fkitty", kill_on_drop: false }`
[INFO] [stderr] Cloning into bare repository '/workspace/cache/git-repos/https%3A%2F%2Fgithub.com%2FWataruNishimura%2Fkitty'...
[INFO] running `Command { std: "git" "rev-parse" "HEAD", kill_on_drop: false }`
[INFO] [stdout] 13699cde87dc3ecae16cb2eebbd508541040b10b
[INFO] testing WataruNishimura/kitty against nightly-2025-01-18+rustflags=-Zrandomize-layout for randomize-layout-2
[INFO] running `Command { std: "git" "clone" "/workspace/cache/git-repos/https%3A%2F%2Fgithub.com%2FWataruNishimura%2Fkitty" "/workspace/builds/worker-0-tc2/source", kill_on_drop: false }`
[INFO] [stderr] Cloning into '/workspace/builds/worker-0-tc2/source'...
[INFO] [stderr] done.
[INFO] validating manifest of git repo https://github.com/WataruNishimura/kitty on toolchain nightly-2025-01-18
[INFO] running `Command { std: CARGO_HOME="/workspace/cargo-home" RUSTUP_HOME="/workspace/rustup-home" "/workspace/cargo-home/bin/cargo" "+nightly-2025-01-18" "metadata" "--manifest-path" "Cargo.toml" "--no-deps", kill_on_drop: false }`
[INFO] started tweaking git repo https://github.com/WataruNishimura/kitty
[INFO] finished tweaking git repo https://github.com/WataruNishimura/kitty
[INFO] tweaked toml for git repo https://github.com/WataruNishimura/kitty written to /workspace/builds/worker-0-tc2/source/Cargo.toml
[INFO] crate git repo https://github.com/WataruNishimura/kitty already has a lockfile, it will not be regenerated
[INFO] running `Command { std: CARGO_HOME="/workspace/cargo-home" RUSTUP_HOME="/workspace/rustup-home" "/workspace/cargo-home/bin/cargo" "+nightly-2025-01-18" "fetch" "--manifest-path" "Cargo.toml", kill_on_drop: false }`
[INFO] running `Command { std: "docker" "create" "-v" "/var/lib/crater-agent-workspace/builds/worker-0-tc2/target:/opt/rustwide/target:rw,Z" "-v" "/var/lib/crater-agent-workspace/builds/worker-0-tc2/source:/opt/rustwide/workdir:ro,Z" "-v" "/var/lib/crater-agent-workspace/cargo-home:/opt/rustwide/cargo-home:ro,Z" "-v" "/var/lib/crater-agent-workspace/rustup-home:/opt/rustwide/rustup-home:ro,Z" "-e" "SOURCE_DIR=/opt/rustwide/workdir" "-e" "CARGO_TARGET_DIR=/opt/rustwide/target" "-e" "CARGO_HOME=/opt/rustwide/cargo-home" "-e" "RUSTUP_HOME=/opt/rustwide/rustup-home" "-w" "/opt/rustwide/workdir" "-m" "1610612736" "--user" "0:0" "--network" "none" "ghcr.io/rust-lang/crates-build-env/linux@sha256:819108c5571ea2e421544af4d832f968d213c87fbe3707a016657f43d2f853bc" "/opt/rustwide/cargo-home/bin/cargo" "+nightly-2025-01-18" "metadata" "--no-deps" "--format-version=1", kill_on_drop: false }`
[INFO] [stdout] 6129387a42e0a70f7cbfc56e98beccb431f6695cb72985ee422e817b00b6ca2f
[INFO] running `Command { std: "docker" "start" "-a" "6129387a42e0a70f7cbfc56e98beccb431f6695cb72985ee422e817b00b6ca2f", kill_on_drop: false }`
[INFO] running `Command { std: "docker" "inspect" "6129387a42e0a70f7cbfc56e98beccb431f6695cb72985ee422e817b00b6ca2f", kill_on_drop: false }`
[INFO] running `Command { std: "docker" "rm" "-f" "6129387a42e0a70f7cbfc56e98beccb431f6695cb72985ee422e817b00b6ca2f", kill_on_drop: false }`
[INFO] [stdout] 6129387a42e0a70f7cbfc56e98beccb431f6695cb72985ee422e817b00b6ca2f
[INFO] running `Command { std: "docker" "create" "-v" "/var/lib/crater-agent-workspace/builds/worker-0-tc2/target:/opt/rustwide/target:rw,Z" "-v" "/var/lib/crater-agent-workspace/builds/worker-0-tc2/source:/opt/rustwide/workdir:ro,Z" "-v" "/var/lib/crater-agent-workspace/cargo-home:/opt/rustwide/cargo-home:ro,Z" "-v" "/var/lib/crater-agent-workspace/rustup-home:/opt/rustwide/rustup-home:ro,Z" "-e" "SOURCE_DIR=/opt/rustwide/workdir" "-e" "CARGO_TARGET_DIR=/opt/rustwide/target" "-e" "CARGO_INCREMENTAL=0" "-e" "RUST_BACKTRACE=full" "-e" "RUSTFLAGS=--cap-lints=forbid -Zrandomize-layout" "-e" "RUSTDOCFLAGS=--cap-lints=forbid" "-e" "CARGO_HOME=/opt/rustwide/cargo-home" "-e" "RUSTUP_HOME=/opt/rustwide/rustup-home" "-w" "/opt/rustwide/workdir" "-m" "1610612736" "--user" "0:0" "--network" "none" "ghcr.io/rust-lang/crates-build-env/linux@sha256:819108c5571ea2e421544af4d832f968d213c87fbe3707a016657f43d2f853bc" "/opt/rustwide/cargo-home/bin/cargo" "+nightly-2025-01-18" "build" "--frozen" "--message-format=json", kill_on_drop: false }`
[INFO] [stdout] 5fb78b22b143018ecc0fd59eec35e4c72ebeaae4689a63720a677d7baa0b675e
[INFO] running `Command { std: "docker" "start" "-a" "5fb78b22b143018ecc0fd59eec35e4c72ebeaae4689a63720a677d7baa0b675e", kill_on_drop: false }`
[INFO] [stderr]    Compiling bytes v1.7.1
[INFO] [stderr]    Compiling memchr v2.7.4
[INFO] [stderr]    Compiling combine v4.6.7
[INFO] [stderr]    Compiling kitty v0.1.0 (/opt/rustwide/workdir)
[INFO] [stdout] warning: unreachable expression
[INFO] [stdout]   --> src/html.rs:45:5
[INFO] [stdout]    |
[INFO] [stdout] 44 |     todo!("you need to implement this combinator");
[INFO] [stdout]    |     ---------------------------------------------- any code following this expression is unreachable
[INFO] [stdout] 45 |     (char(' ')).map(|_| ("".to_string(), AttrMap::new()))
[INFO] [stdout]    |     ^^^^^^^^^^^^^^^^^^^^^^^^^^^^^^^^^^^^^^^^^^^^^^^^^^^^^ unreachable expression
[INFO] [stdout]    |
[INFO] [stdout]    = note: `#[warn(unreachable_code)]` on by default
[INFO] [stdout] 
[INFO] [stdout] 
[INFO] [stdout] warning: unreachable expression
[INFO] [stdout]   --> src/html.rs:55:5
[INFO] [stdout]    |
[INFO] [stdout] 54 |     todo!("you need to implement this combinator");
[INFO] [stdout]    |     ---------------------------------------------- any code following this expression is unreachable
[INFO] [stdout] 55 |     (char(' ')).map(|_| ("".to_string()))
[INFO] [stdout]    |     ^^^^^^^^^^^^^^^^^^^^^^^^^^^^^^^^^^^^^ unreachable expression
[INFO] [stdout] 
[INFO] [stdout] 
[INFO] [stdout] warning: unreachable expression
[INFO] [stdout]   --> src/html.rs:65:5
[INFO] [stdout]    |
[INFO] [stdout] 64 |     todo!("you need to implement this combinator");
[INFO] [stdout]    |     ---------------------------------------------- any code following this expression is unreachable
[INFO] [stdout] 65 |     (char(' ')).map(|_| vec![Element::new("".into(), AttrMap::new(), vec![])])
[INFO] [stdout]    |     ^^^^^^^^^^^^^^^^^^^^^^^^^^^^^^^^^^^^^^^^^^^^^^^^^^^^^^^^^^^^^^^^^^^^^^^^^^ unreachable expression
[INFO] [stdout] 
[INFO] [stdout] 
[INFO] [stdout] warning: unreachable expression
[INFO] [stdout]   --> src/html.rs:75:5
[INFO] [stdout]    |
[INFO] [stdout] 74 |     todo!("you need to implement this combinator");
[INFO] [stdout]    |     ---------------------------------------------- any code following this expression is unreachable
[INFO] [stdout] 75 |     (char(' ')).map(|_| Element::new("".into(), AttrMap::new(), vec![]))
[INFO] [stdout]    |     ^^^^^^^^^^^^^^^^^^^^^^^^^^^^^^^^^^^^^^^^^^^^^^^^^^^^^^^^^^^^^^^^^^^^ unreachable expression
[INFO] [stdout] 
[INFO] [stdout] 
[INFO] [stdout] warning: unreachable expression
[INFO] [stdout]   --> src/html.rs:85:5
[INFO] [stdout]    |
[INFO] [stdout] 84 |     todo!("you need to implement this combinator");
[INFO] [stdout]    |     ---------------------------------------------- any code following this expression is unreachable
[INFO] [stdout] 85 |     (char(' ')).map(|_| Element::new("".into(), AttrMap::new(), vec![]))
[INFO] [stdout]    |     ^^^^^^^^^^^^^^^^^^^^^^^^^^^^^^^^^^^^^^^^^^^^^^^^^^^^^^^^^^^^^^^^^^^^ unreachable expression
[INFO] [stdout] 
[INFO] [stdout] 
[INFO] [stdout] warning: function `attribute` is never used
[INFO] [stdout]  --> src/html.rs:7:4
[INFO] [stdout]   |
[INFO] [stdout] 7 | fn attribute<Input>() -> impl Parser<Input, Output = (String, String)>
[INFO] [stdout]   |    ^^^^^^^^^
[INFO] [stdout]   |
[INFO] [stdout]   = note: `#[warn(dead_code)]` on by default
[INFO] [stdout] 
[INFO] [stdout] 
[INFO] [stdout] warning: function `attributes` is never used
[INFO] [stdout]   --> src/html.rs:22:4
[INFO] [stdout]    |
[INFO] [stdout] 22 | fn attributes<Input>() -> impl Parser<Input, Output = AttrMap>
[INFO] [stdout]    |    ^^^^^^^^^^
[INFO] [stdout] 
[INFO] [stdout] 
[INFO] [stdout] warning: function `open_tag` is never used
[INFO] [stdout]   --> src/html.rs:39:4
[INFO] [stdout]    |
[INFO] [stdout] 39 | fn open_tag<Input>() -> impl Parser<Input, Output = (String, AttrMap)>
[INFO] [stdout]    |    ^^^^^^^^
[INFO] [stdout] 
[INFO] [stdout] 
[INFO] [stdout] warning: function `close_tag` is never used
[INFO] [stdout]   --> src/html.rs:49:4
[INFO] [stdout]    |
[INFO] [stdout] 49 | fn close_tag<Input>() -> impl Parser<Input, Output = String>
[INFO] [stdout]    |    ^^^^^^^^^
[INFO] [stdout] 
[INFO] [stdout] 
[INFO] [stdout] warning: function `text` is never used
[INFO] [stdout]   --> src/html.rs:69:4
[INFO] [stdout]    |
[INFO] [stdout] 69 | fn text<Input>() -> impl Parser<Input, Output = Box<Node>>
[INFO] [stdout]    |    ^^^^
[INFO] [stdout] 
[INFO] [stdout] 
[INFO] [stdout] warning: function `element` is never used
[INFO] [stdout]   --> src/html.rs:79:4
[INFO] [stdout]    |
[INFO] [stdout] 79 | fn element<Input>() -> impl Parser<Input, Output = Box<Node>>
[INFO] [stdout]    |    ^^^^^^^
[INFO] [stdout] 
[INFO] [stdout] 
[INFO] [stderr]     Finished `dev` profile [unoptimized + debuginfo] target(s) in 6.12s
[INFO] running `Command { std: "docker" "inspect" "5fb78b22b143018ecc0fd59eec35e4c72ebeaae4689a63720a677d7baa0b675e", kill_on_drop: false }`
[INFO] running `Command { std: "docker" "rm" "-f" "5fb78b22b143018ecc0fd59eec35e4c72ebeaae4689a63720a677d7baa0b675e", kill_on_drop: false }`
[INFO] [stdout] 5fb78b22b143018ecc0fd59eec35e4c72ebeaae4689a63720a677d7baa0b675e
[INFO] running `Command { std: "docker" "create" "-v" "/var/lib/crater-agent-workspace/builds/worker-0-tc2/target:/opt/rustwide/target:rw,Z" "-v" "/var/lib/crater-agent-workspace/builds/worker-0-tc2/source:/opt/rustwide/workdir:ro,Z" "-v" "/var/lib/crater-agent-workspace/cargo-home:/opt/rustwide/cargo-home:ro,Z" "-v" "/var/lib/crater-agent-workspace/rustup-home:/opt/rustwide/rustup-home:ro,Z" "-e" "SOURCE_DIR=/opt/rustwide/workdir" "-e" "CARGO_TARGET_DIR=/opt/rustwide/target" "-e" "CARGO_INCREMENTAL=0" "-e" "RUST_BACKTRACE=full" "-e" "RUSTFLAGS=--cap-lints=forbid -Zrandomize-layout" "-e" "RUSTDOCFLAGS=--cap-lints=forbid" "-e" "CARGO_HOME=/opt/rustwide/cargo-home" "-e" "RUSTUP_HOME=/opt/rustwide/rustup-home" "-w" "/opt/rustwide/workdir" "-m" "1610612736" "--user" "0:0" "--network" "none" "ghcr.io/rust-lang/crates-build-env/linux@sha256:819108c5571ea2e421544af4d832f968d213c87fbe3707a016657f43d2f853bc" "/opt/rustwide/cargo-home/bin/cargo" "+nightly-2025-01-18" "test" "--frozen" "--no-run" "--message-format=json", kill_on_drop: false }`
[INFO] [stdout] 9057b299af882c06082f1429cd808fa98c7fffedc1869776bc157ba67a41f7d7
[INFO] running `Command { std: "docker" "start" "-a" "9057b299af882c06082f1429cd808fa98c7fffedc1869776bc157ba67a41f7d7", kill_on_drop: false }`
[INFO] [stdout] warning: unreachable expression
[INFO] [stdout]   --> src/html.rs:45:5
[INFO] [stdout]    |
[INFO] [stdout] 44 |     todo!("you need to implement this combinator");
[INFO] [stdout]    |     ---------------------------------------------- any code following this expression is unreachable
[INFO] [stdout] 45 |     (char(' ')).map(|_| ("".to_string(), AttrMap::new()))
[INFO] [stdout]    |     ^^^^^^^^^^^^^^^^^^^^^^^^^^^^^^^^^^^^^^^^^^^^^^^^^^^^^ unreachable expression
[INFO] [stdout]    |
[INFO] [stdout]    = note: `#[warn(unreachable_code)]` on by default
[INFO] [stdout] 
[INFO] [stdout] 
[INFO] [stdout] warning: unreachable expression
[INFO] [stdout]   --> src/html.rs:55:5
[INFO] [stdout]    |
[INFO] [stdout] 54 |     todo!("you need to implement this combinator");
[INFO] [stdout]    |     ---------------------------------------------- any code following this expression is unreachable
[INFO] [stdout] 55 |     (char(' ')).map(|_| ("".to_string()))
[INFO] [stdout]    |     ^^^^^^^^^^^^^^^^^^^^^^^^^^^^^^^^^^^^^ unreachable expression
[INFO] [stdout] 
[INFO] [stdout] 
[INFO] [stdout] warning: unreachable expression
[INFO] [stdout]   --> src/html.rs:65:5
[INFO] [stdout]    |
[INFO] [stdout] 64 |     todo!("you need to implement this combinator");
[INFO] [stdout]    |     ---------------------------------------------- any code following this expression is unreachable
[INFO] [stdout] 65 |     (char(' ')).map(|_| vec![Element::new("".into(), AttrMap::new(), vec![])])
[INFO] [stdout]    |     ^^^^^^^^^^^^^^^^^^^^^^^^^^^^^^^^^^^^^^^^^^^^^^^^^^^^^^^^^^^^^^^^^^^^^^^^^^ unreachable expression
[INFO] [stdout] 
[INFO] [stdout] 
[INFO] [stdout] warning: unreachable expression
[INFO] [stdout]   --> src/html.rs:75:5
[INFO] [stdout]    |
[INFO] [stdout] 74 |     todo!("you need to implement this combinator");
[INFO] [stdout]    |     ---------------------------------------------- any code following this expression is unreachable
[INFO] [stdout] 75 |     (char(' ')).map(|_| Element::new("".into(), AttrMap::new(), vec![]))
[INFO] [stdout]    |     ^^^^^^^^^^^^^^^^^^^^^^^^^^^^^^^^^^^^^^^^^^^^^^^^^^^^^^^^^^^^^^^^^^^^ unreachable expression
[INFO] [stdout] 
[INFO] [stdout] 
[INFO] [stdout] warning: unreachable expression
[INFO] [stdout]   --> src/html.rs:85:5
[INFO] [stdout]    |
[INFO] [stdout] 84 |     todo!("you need to implement this combinator");
[INFO] [stdout]    |     ---------------------------------------------- any code following this expression is unreachable
[INFO] [stdout] 85 |     (char(' ')).map(|_| Element::new("".into(), AttrMap::new(), vec![]))
[INFO] [stdout]    |     ^^^^^^^^^^^^^^^^^^^^^^^^^^^^^^^^^^^^^^^^^^^^^^^^^^^^^^^^^^^^^^^^^^^^ unreachable expression
[INFO] [stdout] 
[INFO] [stdout] 
[INFO] [stderr]    Compiling kitty v0.1.0 (/opt/rustwide/workdir)
[INFO] [stdout] warning: function `attribute` is never used
[INFO] [stdout]  --> src/html.rs:7:4
[INFO] [stdout]   |
[INFO] [stdout] 7 | fn attribute<Input>() -> impl Parser<Input, Output = (String, String)>
[INFO] [stdout]   |    ^^^^^^^^^
[INFO] [stdout]   |
[INFO] [stdout]   = note: `#[warn(dead_code)]` on by default
[INFO] [stdout] 
[INFO] [stdout] 
[INFO] [stdout] warning: function `attributes` is never used
[INFO] [stdout]   --> src/html.rs:22:4
[INFO] [stdout]    |
[INFO] [stdout] 22 | fn attributes<Input>() -> impl Parser<Input, Output = AttrMap>
[INFO] [stdout]    |    ^^^^^^^^^^
[INFO] [stdout] 
[INFO] [stdout] 
[INFO] [stdout] warning: function `open_tag` is never used
[INFO] [stdout]   --> src/html.rs:39:4
[INFO] [stdout]    |
[INFO] [stdout] 39 | fn open_tag<Input>() -> impl Parser<Input, Output = (String, AttrMap)>
[INFO] [stdout]    |    ^^^^^^^^
[INFO] [stdout] 
[INFO] [stdout] 
[INFO] [stdout] warning: function `close_tag` is never used
[INFO] [stdout]   --> src/html.rs:49:4
[INFO] [stdout]    |
[INFO] [stdout] 49 | fn close_tag<Input>() -> impl Parser<Input, Output = String>
[INFO] [stdout]    |    ^^^^^^^^^
[INFO] [stdout] 
[INFO] [stdout] 
[INFO] [stdout] warning: function `text` is never used
[INFO] [stdout]   --> src/html.rs:69:4
[INFO] [stdout]    |
[INFO] [stdout] 69 | fn text<Input>() -> impl Parser<Input, Output = Box<Node>>
[INFO] [stdout]    |    ^^^^
[INFO] [stdout] 
[INFO] [stdout] 
[INFO] [stdout] warning: function `element` is never used
[INFO] [stdout]   --> src/html.rs:79:4
[INFO] [stdout]    |
[INFO] [stdout] 79 | fn element<Input>() -> impl Parser<Input, Output = Box<Node>>
[INFO] [stdout]    |    ^^^^^^^
[INFO] [stdout] 
[INFO] [stdout] 
[INFO] [stdout] warning: unreachable expression
[INFO] [stdout]   --> src/html.rs:45:5
[INFO] [stdout]    |
[INFO] [stdout] 44 |     todo!("you need to implement this combinator");
[INFO] [stdout]    |     ---------------------------------------------- any code following this expression is unreachable
[INFO] [stdout] 45 |     (char(' ')).map(|_| ("".to_string(), AttrMap::new()))
[INFO] [stdout]    |     ^^^^^^^^^^^^^^^^^^^^^^^^^^^^^^^^^^^^^^^^^^^^^^^^^^^^^ unreachable expression
[INFO] [stdout]    |
[INFO] [stdout]    = note: `#[warn(unreachable_code)]` on by default
[INFO] [stdout] 
[INFO] [stdout] 
[INFO] [stdout] warning: unreachable expression
[INFO] [stdout]   --> src/html.rs:55:5
[INFO] [stdout]    |
[INFO] [stdout] 54 |     todo!("you need to implement this combinator");
[INFO] [stdout]    |     ---------------------------------------------- any code following this expression is unreachable
[INFO] [stdout] 55 |     (char(' ')).map(|_| ("".to_string()))
[INFO] [stdout]    |     ^^^^^^^^^^^^^^^^^^^^^^^^^^^^^^^^^^^^^ unreachable expression
[INFO] [stdout] 
[INFO] [stdout] 
[INFO] [stdout] warning: unreachable expression
[INFO] [stdout]   --> src/html.rs:65:5
[INFO] [stdout]    |
[INFO] [stdout] 64 |     todo!("you need to implement this combinator");
[INFO] [stdout]    |     ---------------------------------------------- any code following this expression is unreachable
[INFO] [stdout] 65 |     (char(' ')).map(|_| vec![Element::new("".into(), AttrMap::new(), vec![])])
[INFO] [stdout]    |     ^^^^^^^^^^^^^^^^^^^^^^^^^^^^^^^^^^^^^^^^^^^^^^^^^^^^^^^^^^^^^^^^^^^^^^^^^^ unreachable expression
[INFO] [stdout] 
[INFO] [stdout] 
[INFO] [stdout] warning: unreachable expression
[INFO] [stdout]   --> src/html.rs:75:5
[INFO] [stdout]    |
[INFO] [stdout] 74 |     todo!("you need to implement this combinator");
[INFO] [stdout]    |     ---------------------------------------------- any code following this expression is unreachable
[INFO] [stdout] 75 |     (char(' ')).map(|_| Element::new("".into(), AttrMap::new(), vec![]))
[INFO] [stdout]    |     ^^^^^^^^^^^^^^^^^^^^^^^^^^^^^^^^^^^^^^^^^^^^^^^^^^^^^^^^^^^^^^^^^^^^ unreachable expression
[INFO] [stdout] 
[INFO] [stdout] 
[INFO] [stdout] warning: unreachable expression
[INFO] [stdout]   --> src/html.rs:85:5
[INFO] [stdout]    |
[INFO] [stdout] 84 |     todo!("you need to implement this combinator");
[INFO] [stdout]    |     ---------------------------------------------- any code following this expression is unreachable
[INFO] [stdout] 85 |     (char(' ')).map(|_| Element::new("".into(), AttrMap::new(), vec![]))
[INFO] [stdout]    |     ^^^^^^^^^^^^^^^^^^^^^^^^^^^^^^^^^^^^^^^^^^^^^^^^^^^^^^^^^^^^^^^^^^^^ unreachable expression
[INFO] [stdout] 
[INFO] [stdout] 
[INFO] [stderr]     Finished `test` profile [unoptimized + debuginfo] target(s) in 0.45s
[INFO] running `Command { std: "docker" "inspect" "9057b299af882c06082f1429cd808fa98c7fffedc1869776bc157ba67a41f7d7", kill_on_drop: false }`
[INFO] running `Command { std: "docker" "rm" "-f" "9057b299af882c06082f1429cd808fa98c7fffedc1869776bc157ba67a41f7d7", kill_on_drop: false }`
[INFO] [stdout] 9057b299af882c06082f1429cd808fa98c7fffedc1869776bc157ba67a41f7d7
[INFO] running `Command { std: "docker" "create" "-v" "/var/lib/crater-agent-workspace/builds/worker-0-tc2/target:/opt/rustwide/target:rw,Z" "-v" "/var/lib/crater-agent-workspace/builds/worker-0-tc2/source:/opt/rustwide/workdir:ro,Z" "-v" "/var/lib/crater-agent-workspace/cargo-home:/opt/rustwide/cargo-home:ro,Z" "-v" "/var/lib/crater-agent-workspace/rustup-home:/opt/rustwide/rustup-home:ro,Z" "-e" "SOURCE_DIR=/opt/rustwide/workdir" "-e" "CARGO_TARGET_DIR=/opt/rustwide/target" "-e" "CARGO_INCREMENTAL=0" "-e" "RUST_BACKTRACE=full" "-e" "RUSTFLAGS=--cap-lints=forbid -Zrandomize-layout" "-e" "RUSTDOCFLAGS=--cap-lints=forbid" "-e" "CARGO_HOME=/opt/rustwide/cargo-home" "-e" "RUSTUP_HOME=/opt/rustwide/rustup-home" "-w" "/opt/rustwide/workdir" "-m" "1610612736" "--user" "0:0" "--network" "none" "ghcr.io/rust-lang/crates-build-env/linux@sha256:819108c5571ea2e421544af4d832f968d213c87fbe3707a016657f43d2f853bc" "/opt/rustwide/cargo-home/bin/cargo" "+nightly-2025-01-18" "test" "--frozen", kill_on_drop: false }`
[INFO] [stdout] af6f4da899dcadc7ea618a36c97435a4eb509b6bfc92cac8fb7cd00d96466de3
[INFO] running `Command { std: "docker" "start" "-a" "af6f4da899dcadc7ea618a36c97435a4eb509b6bfc92cac8fb7cd00d96466de3", kill_on_drop: false }`
[INFO] [stderr] warning: unreachable expression
[INFO] [stderr]   --> src/html.rs:45:5
[INFO] [stderr]    |
[INFO] [stderr] 44 |     todo!("you need to implement this combinator");
[INFO] [stderr]    |     ---------------------------------------------- any code following this expression is unreachable
[INFO] [stderr] 45 |     (char(' ')).map(|_| ("".to_string(), AttrMap::new()))
[INFO] [stderr]    |     ^^^^^^^^^^^^^^^^^^^^^^^^^^^^^^^^^^^^^^^^^^^^^^^^^^^^^ unreachable expression
[INFO] [stderr]    |
[INFO] [stderr]    = note: `#[warn(unreachable_code)]` on by default
[INFO] [stderr] 
[INFO] [stderr] warning: unreachable expression
[INFO] [stderr]   --> src/html.rs:55:5
[INFO] [stderr]    |
[INFO] [stderr] 54 |     todo!("you need to implement this combinator");
[INFO] [stderr]    |     ---------------------------------------------- any code following this expression is unreachable
[INFO] [stderr] 55 |     (char(' ')).map(|_| ("".to_string()))
[INFO] [stderr]    |     ^^^^^^^^^^^^^^^^^^^^^^^^^^^^^^^^^^^^^ unreachable expression
[INFO] [stderr] 
[INFO] [stderr] warning: unreachable expression
[INFO] [stderr]   --> src/html.rs:65:5
[INFO] [stderr]    |
[INFO] [stderr] 64 |     todo!("you need to implement this combinator");
[INFO] [stderr]    |     ---------------------------------------------- any code following this expression is unreachable
[INFO] [stderr] 65 |     (char(' ')).map(|_| vec![Element::new("".into(), AttrMap::new(), vec![])])
[INFO] [stderr]    |     ^^^^^^^^^^^^^^^^^^^^^^^^^^^^^^^^^^^^^^^^^^^^^^^^^^^^^^^^^^^^^^^^^^^^^^^^^^ unreachable expression
[INFO] [stderr] 
[INFO] [stderr] warning: unreachable expression
[INFO] [stderr]   --> src/html.rs:75:5
[INFO] [stderr]    |
[INFO] [stderr] 74 |     todo!("you need to implement this combinator");
[INFO] [stderr]    |     ---------------------------------------------- any code following this expression is unreachable
[INFO] [stderr] 75 |     (char(' ')).map(|_| Element::new("".into(), AttrMap::new(), vec![]))
[INFO] [stderr]    |     ^^^^^^^^^^^^^^^^^^^^^^^^^^^^^^^^^^^^^^^^^^^^^^^^^^^^^^^^^^^^^^^^^^^^ unreachable expression
[INFO] [stderr] 
[INFO] [stderr] warning: unreachable expression
[INFO] [stderr]   --> src/html.rs:85:5
[INFO] [stderr]    |
[INFO] [stderr] 84 |     todo!("you need to implement this combinator");
[INFO] [stderr]    |     ---------------------------------------------- any code following this expression is unreachable
[INFO] [stderr] 85 |     (char(' ')).map(|_| Element::new("".into(), AttrMap::new(), vec![]))
[INFO] [stderr]    |     ^^^^^^^^^^^^^^^^^^^^^^^^^^^^^^^^^^^^^^^^^^^^^^^^^^^^^^^^^^^^^^^^^^^^ unreachable expression
[INFO] [stderr] 
[INFO] [stderr] warning: function `attribute` is never used
[INFO] [stderr]  --> src/html.rs:7:4
[INFO] [stderr]   |
[INFO] [stderr] 7 | fn attribute<Input>() -> impl Parser<Input, Output = (String, String)>
[INFO] [stderr]   |    ^^^^^^^^^
[INFO] [stderr]   |
[INFO] [stderr]   = note: `#[warn(dead_code)]` on by default
[INFO] [stderr] 
[INFO] [stderr] warning: function `attributes` is never used
[INFO] [stderr]   --> src/html.rs:22:4
[INFO] [stderr]    |
[INFO] [stderr] 22 | fn attributes<Input>() -> impl Parser<Input, Output = AttrMap>
[INFO] [stderr]    |    ^^^^^^^^^^
[INFO] [stderr] 
[INFO] [stderr] warning: function `open_tag` is never used
[INFO] [stderr]   --> src/html.rs:39:4
[INFO] [stderr]    |
[INFO] [stderr] 39 | fn open_tag<Input>() -> impl Parser<Input, Output = (String, AttrMap)>
[INFO] [stderr]    |    ^^^^^^^^
[INFO] [stderr] 
[INFO] [stderr] warning: function `close_tag` is never used
[INFO] [stderr]   --> src/html.rs:49:4
[INFO] [stderr]    |
[INFO] [stderr] 49 | fn close_tag<Input>() -> impl Parser<Input, Output = String>
[INFO] [stderr]    |    ^^^^^^^^^
[INFO] [stderr] 
[INFO] [stderr] warning: function `text` is never used
[INFO] [stderr]   --> src/html.rs:69:4
[INFO] [stderr]    |
[INFO] [stderr] 69 | fn text<Input>() -> impl Parser<Input, Output = Box<Node>>
[INFO] [stderr]    |    ^^^^
[INFO] [stderr] 
[INFO] [stderr] warning: function `element` is never used
[INFO] [stderr]   --> src/html.rs:79:4
[INFO] [stderr]    |
[INFO] [stderr] 79 | fn element<Input>() -> impl Parser<Input, Output = Box<Node>>
[INFO] [stderr]    |    ^^^^^^^
[INFO] [stderr] 
[INFO] [stderr] warning: `kitty` (lib) generated 11 warnings
[INFO] [stderr] warning: `kitty` (lib test) generated 5 warnings (5 duplicates)
[INFO] [stderr]     Finished `test` profile [unoptimized + debuginfo] target(s) in 0.01s
[INFO] [stderr]      Running unittests src/lib.rs (/opt/rustwide/target/debug/deps/kitty-7f82ac3986dceedb)
[INFO] [stdout] 
[INFO] [stdout] running 6 tests
[INFO] [stdout] test html::tests::test_parse_attribute ... ok
[INFO] [stdout] test html::tests::test_parse_attributes ... ok
[INFO] [stdout] test html::tests::test_parse_close_tag ... FAILED
[INFO] [stdout] test html::tests::test_parse_element ... FAILED
[INFO] [stdout] test html::tests::test_parse_open_tag ... FAILED
[INFO] [stdout] test html::tests::test_parse_text ... FAILED
[INFO] [stdout] 
[INFO] [stdout] failures:
[INFO] [stdout] 
[INFO] [stdout] ---- html::tests::test_parse_close_tag stdout ----
[INFO] [stdout] 
[INFO] [stdout] thread 'html::tests::test_parse_close_tag' panicked at src/html.rs:54:5:
[INFO] [stdout] not yet implemented: you need to implement this combinator
[INFO] [stdout] stack backtrace:
[INFO] [stdout]    0:     0x651b3e0929aa - std::backtrace_rs::backtrace::libunwind::trace::hb059275cfc8d6126
[INFO] [stdout]                                at /rustc/6067b36314ab5eb2eb47cecc464545ba58e1ad24/library/std/src/../../backtrace/src/backtrace/libunwind.rs:116:5
[INFO] [stdout]    1:     0x651b3e0929aa - std::backtrace_rs::backtrace::trace_unsynchronized::h2da071e4327ce3ee
[INFO] [stdout]                                at /rustc/6067b36314ab5eb2eb47cecc464545ba58e1ad24/library/std/src/../../backtrace/src/backtrace/mod.rs:66:5
[INFO] [stdout]    2:     0x651b3e0929aa - std::sys::backtrace::_print_fmt::h842a1474e6f8d23f
[INFO] [stdout]                                at /rustc/6067b36314ab5eb2eb47cecc464545ba58e1ad24/library/std/src/sys/backtrace.rs:66:9
[INFO] [stdout]    3:     0x651b3e0929aa - <std::sys::backtrace::BacktraceLock::print::DisplayBacktrace as core::fmt::Display>::fmt::h71a62eb3b9696b12
[INFO] [stdout]                                at /rustc/6067b36314ab5eb2eb47cecc464545ba58e1ad24/library/std/src/sys/backtrace.rs:39:26
[INFO] [stdout]    4:     0x651b3e0ba3a3 - core::fmt::rt::Argument::fmt::hdb6b616786b41dc1
[INFO] [stdout]                                at /rustc/6067b36314ab5eb2eb47cecc464545ba58e1ad24/library/core/src/fmt/rt.rs:177:76
[INFO] [stdout]    5:     0x651b3e0ba3a3 - core::fmt::write::h2cc1698af7e2d686
[INFO] [stdout]                                at /rustc/6067b36314ab5eb2eb47cecc464545ba58e1ad24/library/core/src/fmt/mod.rs:1440:21
[INFO] [stdout]    6:     0x651b3e08f503 - std::io::Write::write_fmt::hab1b4cd059a79022
[INFO] [stdout]                                at /rustc/6067b36314ab5eb2eb47cecc464545ba58e1ad24/library/std/src/io/mod.rs:1887:15
[INFO] [stdout]    7:     0x651b3e0927f2 - std::sys::backtrace::BacktraceLock::print::h147fe35b4ea13b08
[INFO] [stdout]                                at /rustc/6067b36314ab5eb2eb47cecc464545ba58e1ad24/library/std/src/sys/backtrace.rs:42:9
[INFO] [stdout]    8:     0x651b3e093dcf - std::panicking::default_hook::{{closure}}::hbd44223dbdc0d208
[INFO] [stdout]                                at /rustc/6067b36314ab5eb2eb47cecc464545ba58e1ad24/library/std/src/panicking.rs:298:22
[INFO] [stdout]    9:     0x651b3e093be8 - std::panicking::default_hook::h20f81eb0576efcec
[INFO] [stdout]                                at /rustc/6067b36314ab5eb2eb47cecc464545ba58e1ad24/library/std/src/panicking.rs:322:9
[INFO] [stdout]   10:     0x651b3e05bb93 - <alloc::boxed::Box<F,A> as core::ops::function::Fn<Args>>::call::hdb53814c496a4d34
[INFO] [stdout]                                at /rustc/6067b36314ab5eb2eb47cecc464545ba58e1ad24/library/alloc/src/boxed.rs:2027:9
[INFO] [stdout]   11:     0x651b3e05bb93 - test::test_main::{{closure}}::hc0a4963c59427c24
[INFO] [stdout]                                at /rustc/6067b36314ab5eb2eb47cecc464545ba58e1ad24/library/test/src/lib.rs:134:21
[INFO] [stdout]   12:     0x651b3e0948c3 - <alloc::boxed::Box<F,A> as core::ops::function::Fn<Args>>::call::h591b2225413a77e9
[INFO] [stdout]                                at /rustc/6067b36314ab5eb2eb47cecc464545ba58e1ad24/library/alloc/src/boxed.rs:2027:9
[INFO] [stdout]   13:     0x651b3e0948c3 - std::panicking::rust_panic_with_hook::h625eea43051b2edc
[INFO] [stdout]                                at /rustc/6067b36314ab5eb2eb47cecc464545ba58e1ad24/library/std/src/panicking.rs:839:13
[INFO] [stdout]   14:     0x651b3e094546 - std::panicking::begin_panic_handler::{{closure}}::h4f9159cfbc3f6bd3
[INFO] [stdout]                                at /rustc/6067b36314ab5eb2eb47cecc464545ba58e1ad24/library/std/src/panicking.rs:697:13
[INFO] [stdout]   15:     0x651b3e092ea9 - std::sys::backtrace::__rust_end_short_backtrace::h0390abce48353151
[INFO] [stdout]                                at /rustc/6067b36314ab5eb2eb47cecc464545ba58e1ad24/library/std/src/sys/backtrace.rs:168:18
[INFO] [stdout]   16:     0x651b3e09420d - rust_begin_unwind
[INFO] [stdout]                                at /rustc/6067b36314ab5eb2eb47cecc464545ba58e1ad24/library/std/src/panicking.rs:695:5
[INFO] [stdout]   17:     0x651b3e0b8aa0 - core::panicking::panic_fmt::h9e7c637e9e5f29c9
[INFO] [stdout]                                at /rustc/6067b36314ab5eb2eb47cecc464545ba58e1ad24/library/core/src/panicking.rs:75:14
[INFO] [stdout]   18:     0x651b3e007319 - kitty::html::close_tag::hd8bfed05658a5ce5
[INFO] [stdout]                                at /opt/rustwide/workdir/src/html.rs:54:5
[INFO] [stdout]   19:     0x651b3e008c2c - kitty::html::tests::test_parse_close_tag::h364e3e81865e60ee
[INFO] [stdout]                                at /opt/rustwide/workdir/src/html.rs:176:22
[INFO] [stdout]   20:     0x651b3e008c07 - kitty::html::tests::test_parse_close_tag::{{closure}}::ha3a33777ed2b86a6
[INFO] [stdout]                                at /opt/rustwide/workdir/src/html.rs:175:30
[INFO] [stdout]   21:     0x651b3e00a536 - core::ops::function::FnOnce::call_once::h4ef6a4464f155dae
[INFO] [stdout]                                at /rustc/6067b36314ab5eb2eb47cecc464545ba58e1ad24/library/core/src/ops/function.rs:250:5
[INFO] [stdout]   22:     0x651b3e0612eb - core::ops::function::FnOnce::call_once::he27718dfdd183f43
[INFO] [stdout]                                at /rustc/6067b36314ab5eb2eb47cecc464545ba58e1ad24/library/core/src/ops/function.rs:250:5
[INFO] [stdout]   23:     0x651b3e0612eb - test::__rust_begin_short_backtrace::h4e84902998457a5d
[INFO] [stdout]                                at /rustc/6067b36314ab5eb2eb47cecc464545ba58e1ad24/library/test/src/lib.rs:632:18
[INFO] [stdout]   24:     0x651b3e060223 - test::run_test_in_process::{{closure}}::h7176fd18fc1feca0
[INFO] [stdout]                                at /rustc/6067b36314ab5eb2eb47cecc464545ba58e1ad24/library/test/src/lib.rs:655:60
[INFO] [stdout]   25:     0x651b3e060223 - <core::panic::unwind_safe::AssertUnwindSafe<F> as core::ops::function::FnOnce<()>>::call_once::hf79cff2a624d8cf7
[INFO] [stdout]                                at /rustc/6067b36314ab5eb2eb47cecc464545ba58e1ad24/library/core/src/panic/unwind_safe.rs:272:9
[INFO] [stdout]   26:     0x651b3e060223 - std::panicking::try::do_call::h3da0561d9ab99c25
[INFO] [stdout]                                at /rustc/6067b36314ab5eb2eb47cecc464545ba58e1ad24/library/std/src/panicking.rs:587:40
[INFO] [stdout]   27:     0x651b3e060223 - std::panicking::try::h41c9fa508bc61df6
[INFO] [stdout]                                at /rustc/6067b36314ab5eb2eb47cecc464545ba58e1ad24/library/std/src/panicking.rs:550:19
[INFO] [stdout]   28:     0x651b3e060223 - std::panic::catch_unwind::h6b3ff07bb5afad93
[INFO] [stdout]                                at /rustc/6067b36314ab5eb2eb47cecc464545ba58e1ad24/library/std/src/panic.rs:358:14
[INFO] [stdout]   29:     0x651b3e060223 - test::run_test_in_process::hc7253dd11b39b9f4
[INFO] [stdout]                                at /rustc/6067b36314ab5eb2eb47cecc464545ba58e1ad24/library/test/src/lib.rs:655:27
[INFO] [stdout]   30:     0x651b3e060223 - test::run_test::{{closure}}::hfb2007f8649c30bb
[INFO] [stdout]                                at /rustc/6067b36314ab5eb2eb47cecc464545ba58e1ad24/library/test/src/lib.rs:576:43
[INFO] [stdout]   31:     0x651b3e023305 - test::run_test::{{closure}}::h56a17aa7a282a9f4
[INFO] [stdout]                                at /rustc/6067b36314ab5eb2eb47cecc464545ba58e1ad24/library/test/src/lib.rs:606:41
[INFO] [stdout]   32:     0x651b3e023305 - std::sys::backtrace::__rust_begin_short_backtrace::hd2d2d2fb8e8c6aac
[INFO] [stdout]                                at /rustc/6067b36314ab5eb2eb47cecc464545ba58e1ad24/library/std/src/sys/backtrace.rs:152:18
[INFO] [stdout]   33:     0x651b3e026bea - std::thread::Builder::spawn_unchecked_::{{closure}}::{{closure}}::h4faa3f9db6133423
[INFO] [stdout]                                at /rustc/6067b36314ab5eb2eb47cecc464545ba58e1ad24/library/std/src/thread/mod.rs:559:17
[INFO] [stdout]   34:     0x651b3e026bea - <core::panic::unwind_safe::AssertUnwindSafe<F> as core::ops::function::FnOnce<()>>::call_once::hf2e855a36a4ea846
[INFO] [stdout]                                at /rustc/6067b36314ab5eb2eb47cecc464545ba58e1ad24/library/core/src/panic/unwind_safe.rs:272:9
[INFO] [stdout]   35:     0x651b3e026bea - std::panicking::try::do_call::h2f73af3616c35465
[INFO] [stdout]                                at /rustc/6067b36314ab5eb2eb47cecc464545ba58e1ad24/library/std/src/panicking.rs:587:40
[INFO] [stdout]   36:     0x651b3e026bea - std::panicking::try::hd1660ce9efadef5a
[INFO] [stdout]                                at /rustc/6067b36314ab5eb2eb47cecc464545ba58e1ad24/library/std/src/panicking.rs:550:19
[INFO] [stdout]   37:     0x651b3e026bea - std::panic::catch_unwind::h5ee8d7823b8ca744
[INFO] [stdout]                                at /rustc/6067b36314ab5eb2eb47cecc464545ba58e1ad24/library/std/src/panic.rs:358:14
[INFO] [stdout]   38:     0x651b3e026bea - std::thread::Builder::spawn_unchecked_::{{closure}}::h53c3a1894dce8407
[INFO] [stdout]                                at /rustc/6067b36314ab5eb2eb47cecc464545ba58e1ad24/library/std/src/thread/mod.rs:557:30
[INFO] [stdout]   39:     0x651b3e026bea - core::ops::function::FnOnce::call_once{{vtable.shim}}::h048ce291ad4f62bf
[INFO] [stdout]                                at /rustc/6067b36314ab5eb2eb47cecc464545ba58e1ad24/library/core/src/ops/function.rs:250:5
[INFO] [stdout]   40:     0x651b3e0987fb - <alloc::boxed::Box<F,A> as core::ops::function::FnOnce<Args>>::call_once::ha52bedf99a3b4981
[INFO] [stdout]                                at /rustc/6067b36314ab5eb2eb47cecc464545ba58e1ad24/library/alloc/src/boxed.rs:2013:9
[INFO] [stdout]   41:     0x651b3e0987fb - <alloc::boxed::Box<F,A> as core::ops::function::FnOnce<Args>>::call_once::h567748934d80ccf8
[INFO] [stdout]                                at /rustc/6067b36314ab5eb2eb47cecc464545ba58e1ad24/library/alloc/src/boxed.rs:2013:9
[INFO] [stdout]   42:     0x651b3e0987fb - std::sys::pal::unix::thread::Thread::new::thread_start::h2d970728ae887adc
[INFO] [stdout]                                at /rustc/6067b36314ab5eb2eb47cecc464545ba58e1ad24/library/std/src/sys/pal/unix/thread.rs:106:17
[INFO] [stdout]   43:     0x7f4b7139aac3 - <unknown>
[INFO] [stdout]   44:     0x7f4b7142ba04 - clone
[INFO] [stdout]   45:                0x0 - <unknown>
[INFO] [stdout] 
[INFO] [stdout] ---- html::tests::test_parse_element stdout ----
[INFO] [stdout] 
[INFO] [stdout] thread 'html::tests::test_parse_element' panicked at src/html.rs:84:5:
[INFO] [stdout] not yet implemented: you need to implement this combinator
[INFO] [stdout] stack backtrace:
[INFO] [stdout]    0:     0x651b3e0929aa - std::backtrace_rs::backtrace::libunwind::trace::hb059275cfc8d6126
[INFO] [stdout]                                at /rustc/6067b36314ab5eb2eb47cecc464545ba58e1ad24/library/std/src/../../backtrace/src/backtrace/libunwind.rs:116:5
[INFO] [stdout]    1:     0x651b3e0929aa - std::backtrace_rs::backtrace::trace_unsynchronized::h2da071e4327ce3ee
[INFO] [stdout]                                at /rustc/6067b36314ab5eb2eb47cecc464545ba58e1ad24/library/std/src/../../backtrace/src/backtrace/mod.rs:66:5
[INFO] [stdout]    2:     0x651b3e0929aa - std::sys::backtrace::_print_fmt::h842a1474e6f8d23f
[INFO] [stdout]                                at /rustc/6067b36314ab5eb2eb47cecc464545ba58e1ad24/library/std/src/sys/backtrace.rs:66:9
[INFO] [stdout]    3:     0x651b3e0929aa - <std::sys::backtrace::BacktraceLock::print::DisplayBacktrace as core::fmt::Display>::fmt::h71a62eb3b9696b12
[INFO] [stdout]                                at /rustc/6067b36314ab5eb2eb47cecc464545ba58e1ad24/library/std/src/sys/backtrace.rs:39:26
[INFO] [stdout]    4:     0x651b3e0ba3a3 - core::fmt::rt::Argument::fmt::hdb6b616786b41dc1
[INFO] [stdout]                                at /rustc/6067b36314ab5eb2eb47cecc464545ba58e1ad24/library/core/src/fmt/rt.rs:177:76
[INFO] [stdout]    5:     0x651b3e0ba3a3 - core::fmt::write::h2cc1698af7e2d686
[INFO] [stdout]                                at /rustc/6067b36314ab5eb2eb47cecc464545ba58e1ad24/library/core/src/fmt/mod.rs:1440:21
[INFO] [stdout]    6:     0x651b3e08f503 - std::io::Write::write_fmt::hab1b4cd059a79022
[INFO] [stdout]                                at /rustc/6067b36314ab5eb2eb47cecc464545ba58e1ad24/library/std/src/io/mod.rs:1887:15
[INFO] [stdout]    7:     0x651b3e0927f2 - std::sys::backtrace::BacktraceLock::print::h147fe35b4ea13b08
[INFO] [stdout]                                at /rustc/6067b36314ab5eb2eb47cecc464545ba58e1ad24/library/std/src/sys/backtrace.rs:42:9
[INFO] [stdout]    8:     0x651b3e093dcf - std::panicking::default_hook::{{closure}}::hbd44223dbdc0d208
[INFO] [stdout]                                at /rustc/6067b36314ab5eb2eb47cecc464545ba58e1ad24/library/std/src/panicking.rs:298:22
[INFO] [stdout]    9:     0x651b3e093be8 - std::panicking::default_hook::h20f81eb0576efcec
[INFO] [stdout]                                at /rustc/6067b36314ab5eb2eb47cecc464545ba58e1ad24/library/std/src/panicking.rs:322:9
[INFO] [stdout]   10:     0x651b3e05bb93 - <alloc::boxed::Box<F,A> as core::ops::function::Fn<Args>>::call::hdb53814c496a4d34
[INFO] [stdout]                                at /rustc/6067b36314ab5eb2eb47cecc464545ba58e1ad24/library/alloc/src/boxed.rs:2027:9
[INFO] [stdout]   11:     0x651b3e05bb93 - test::test_main::{{closure}}::hc0a4963c59427c24
[INFO] [stdout]                                at /rustc/6067b36314ab5eb2eb47cecc464545ba58e1ad24/library/test/src/lib.rs:134:21
[INFO] [stdout]   12:     0x651b3e0948c3 - <alloc::boxed::Box<F,A> as core::ops::function::Fn<Args>>::call::h591b2225413a77e9
[INFO] [stdout]                                at /rustc/6067b36314ab5eb2eb47cecc464545ba58e1ad24/library/alloc/src/boxed.rs:2027:9
[INFO] [stdout]   13:     0x651b3e0948c3 - std::panicking::rust_panic_with_hook::h625eea43051b2edc
[INFO] [stdout]                                at /rustc/6067b36314ab5eb2eb47cecc464545ba58e1ad24/library/std/src/panicking.rs:839:13
[INFO] [stdout]   14:     0x651b3e094546 - std::panicking::begin_panic_handler::{{closure}}::h4f9159cfbc3f6bd3
[INFO] [stdout]                                at /rustc/6067b36314ab5eb2eb47cecc464545ba58e1ad24/library/std/src/panicking.rs:697:13
[INFO] [stdout]   15:     0x651b3e092ea9 - std::sys::backtrace::__rust_end_short_backtrace::h0390abce48353151
[INFO] [stdout]                                at /rustc/6067b36314ab5eb2eb47cecc464545ba58e1ad24/library/std/src/sys/backtrace.rs:168:18
[INFO] [stdout]   16:     0x651b3e09420d - rust_begin_unwind
[INFO] [stdout]                                at /rustc/6067b36314ab5eb2eb47cecc464545ba58e1ad24/library/std/src/panicking.rs:695:5
[INFO] [stdout]   17:     0x651b3e0b8aa0 - core::panicking::panic_fmt::h9e7c637e9e5f29c9
[INFO] [stdout]                                at /rustc/6067b36314ab5eb2eb47cecc464545ba58e1ad24/library/core/src/panicking.rs:75:14
[INFO] [stdout]   18:     0x651b3e0074d9 - kitty::html::element::hf1de8272c49bc73b
[INFO] [stdout]                                at /opt/rustwide/workdir/src/html.rs:84:5
[INFO] [stdout]   19:     0x651b3e008e4c - kitty::html::tests::test_parse_element::hee939376e0dab762
[INFO] [stdout]                                at /opt/rustwide/workdir/src/html.rs:183:13
[INFO] [stdout]   20:     0x651b3e008de7 - kitty::html::tests::test_parse_element::{{closure}}::h181c7eca749b1ce8
[INFO] [stdout]                                at /opt/rustwide/workdir/src/html.rs:181:28
[INFO] [stdout]   21:     0x651b3e00a446 - core::ops::function::FnOnce::call_once::h057e42f41eecf6a9
[INFO] [stdout]                                at /rustc/6067b36314ab5eb2eb47cecc464545ba58e1ad24/library/core/src/ops/function.rs:250:5
[INFO] [stdout]   22:     0x651b3e0612eb - core::ops::function::FnOnce::call_once::he27718dfdd183f43
[INFO] [stdout]                                at /rustc/6067b36314ab5eb2eb47cecc464545ba58e1ad24/library/core/src/ops/function.rs:250:5
[INFO] [stdout]   23:     0x651b3e0612eb - test::__rust_begin_short_backtrace::h4e84902998457a5d
[INFO] [stdout]                                at /rustc/6067b36314ab5eb2eb47cecc464545ba58e1ad24/library/test/src/lib.rs:632:18
[INFO] [stdout]   24:     0x651b3e060223 - test::run_test_in_process::{{closure}}::h7176fd18fc1feca0
[INFO] [stdout]                                at /rustc/6067b36314ab5eb2eb47cecc464545ba58e1ad24/library/test/src/lib.rs:655:60
[INFO] [stdout]   25:     0x651b3e060223 - <core::panic::unwind_safe::AssertUnwindSafe<F> as core::ops::function::FnOnce<()>>::call_once::hf79cff2a624d8cf7
[INFO] [stdout]                                at /rustc/6067b36314ab5eb2eb47cecc464545ba58e1ad24/library/core/src/panic/unwind_safe.rs:272:9
[INFO] [stdout]   26:     0x651b3e060223 - std::panicking::try::do_call::h3da0561d9ab99c25
[INFO] [stdout]                                at /rustc/6067b36314ab5eb2eb47cecc464545ba58e1ad24/library/std/src/panicking.rs:587:40
[INFO] [stdout]   27:     0x651b3e060223 - std::panicking::try::h41c9fa508bc61df6
[INFO] [stdout]                                at /rustc/6067b36314ab5eb2eb47cecc464545ba58e1ad24/library/std/src/panicking.rs:550:19
[INFO] [stdout]   28:     0x651b3e060223 - std::panic::catch_unwind::h6b3ff07bb5afad93
[INFO] [stdout]                                at /rustc/6067b36314ab5eb2eb47cecc464545ba58e1ad24/library/std/src/panic.rs:358:14
[INFO] [stdout]   29:     0x651b3e060223 - test::run_test_in_process::hc7253dd11b39b9f4
[INFO] [stdout]                                at /rustc/6067b36314ab5eb2eb47cecc464545ba58e1ad24/library/test/src/lib.rs:655:27
[INFO] [stdout]   30:     0x651b3e060223 - test::run_test::{{closure}}::hfb2007f8649c30bb
[INFO] [stdout]                                at /rustc/6067b36314ab5eb2eb47cecc464545ba58e1ad24/library/test/src/lib.rs:576:43
[INFO] [stdout]   31:     0x651b3e023305 - test::run_test::{{closure}}::h56a17aa7a282a9f4
[INFO] [stdout]                                at /rustc/6067b36314ab5eb2eb47cecc464545ba58e1ad24/library/test/src/lib.rs:606:41
[INFO] [stdout]   32:     0x651b3e023305 - std::sys::backtrace::__rust_begin_short_backtrace::hd2d2d2fb8e8c6aac
[INFO] [stdout]                                at /rustc/6067b36314ab5eb2eb47cecc464545ba58e1ad24/library/std/src/sys/backtrace.rs:152:18
[INFO] [stdout]   33:     0x651b3e026bea - std::thread::Builder::spawn_unchecked_::{{closure}}::{{closure}}::h4faa3f9db6133423
[INFO] [stdout]                                at /rustc/6067b36314ab5eb2eb47cecc464545ba58e1ad24/library/std/src/thread/mod.rs:559:17
[INFO] [stdout]   34:     0x651b3e026bea - <core::panic::unwind_safe::AssertUnwindSafe<F> as core::ops::function::FnOnce<()>>::call_once::hf2e855a36a4ea846
[INFO] [stdout]                                at /rustc/6067b36314ab5eb2eb47cecc464545ba58e1ad24/library/core/src/panic/unwind_safe.rs:272:9
[INFO] [stdout]   35:     0x651b3e026bea - std::panicking::try::do_call::h2f73af3616c35465
[INFO] [stdout]                                at /rustc/6067b36314ab5eb2eb47cecc464545ba58e1ad24/library/std/src/panicking.rs:587:40
[INFO] [stdout]   36:     0x651b3e026bea - std::panicking::try::hd1660ce9efadef5a
[INFO] [stdout]                                at /rustc/6067b36314ab5eb2eb47cecc464545ba58e1ad24/library/std/src/panicking.rs:550:19
[INFO] [stdout]   37:     0x651b3e026bea - std::panic::catch_unwind::h5ee8d7823b8ca744
[INFO] [stdout]                                at /rustc/6067b36314ab5eb2eb47cecc464545ba58e1ad24/library/std/src/panic.rs:358:14
[INFO] [stdout]   38:     0x651b3e026bea - std::thread::Builder::spawn_unchecked_::{{closure}}::h53c3a1894dce8407
[INFO] [stdout]                                at /rustc/6067b36314ab5eb2eb47cecc464545ba58e1ad24/library/std/src/thread/mod.rs:557:30
[INFO] [stdout]   39:     0x651b3e026bea - core::ops::function::FnOnce::call_once{{vtable.shim}}::h048ce291ad4f62bf
[INFO] [stdout]                                at /rustc/6067b36314ab5eb2eb47cecc464545ba58e1ad24/library/core/src/ops/function.rs:250:5
[INFO] [stdout]   40:     0x651b3e0987fb - <alloc::boxed::Box<F,A> as core::ops::function::FnOnce<Args>>::call_once::ha52bedf99a3b4981
[INFO] [stderr] error: test failed, to rerun pass `--lib`
[INFO] [stdout]                                at /rustc/6067b36314ab5eb2eb47cecc464545ba58e1ad24/library/alloc/src/boxed.rs:2013:9
[INFO] [stdout]   41:     0x651b3e0987fb - <alloc::boxed::Box<F,A> as core::ops::function::FnOnce<Args>>::call_once::h567748934d80ccf8
[INFO] [stdout]                                at /rustc/6067b36314ab5eb2eb47cecc464545ba58e1ad24/library/alloc/src/boxed.rs:2013:9
[INFO] [stdout]   42:     0x651b3e0987fb - std::sys::pal::unix::thread::Thread::new::thread_start::h2d970728ae887adc
[INFO] [stdout]                                at /rustc/6067b36314ab5eb2eb47cecc464545ba58e1ad24/library/std/src/sys/pal/unix/thread.rs:106:17
[INFO] [stdout]   43:     0x7f4b7139aac3 - <unknown>
[INFO] [stdout]   44:     0x7f4b7142ba04 - clone
[INFO] [stdout]   45:                0x0 - <unknown>
[INFO] [stdout] 
[INFO] [stdout] ---- html::tests::test_parse_open_tag stdout ----
[INFO] [stdout] 
[INFO] [stdout] thread 'html::tests::test_parse_open_tag' panicked at src/html.rs:44:5:
[INFO] [stdout] not yet implemented: you need to implement this combinator
[INFO] [stdout] stack backtrace:
[INFO] [stdout]    0:     0x651b3e0929aa - std::backtrace_rs::backtrace::libunwind::trace::hb059275cfc8d6126
[INFO] [stdout]                                at /rustc/6067b36314ab5eb2eb47cecc464545ba58e1ad24/library/std/src/../../backtrace/src/backtrace/libunwind.rs:116:5
[INFO] [stdout]    1:     0x651b3e0929aa - std::backtrace_rs::backtrace::trace_unsynchronized::h2da071e4327ce3ee
[INFO] [stdout]                                at /rustc/6067b36314ab5eb2eb47cecc464545ba58e1ad24/library/std/src/../../backtrace/src/backtrace/mod.rs:66:5
[INFO] [stdout]    2:     0x651b3e0929aa - std::sys::backtrace::_print_fmt::h842a1474e6f8d23f
[INFO] [stdout]                                at /rustc/6067b36314ab5eb2eb47cecc464545ba58e1ad24/library/std/src/sys/backtrace.rs:66:9
[INFO] [stdout]    3:     0x651b3e0929aa - <std::sys::backtrace::BacktraceLock::print::DisplayBacktrace as core::fmt::Display>::fmt::h71a62eb3b9696b12
[INFO] [stdout]                                at /rustc/6067b36314ab5eb2eb47cecc464545ba58e1ad24/library/std/src/sys/backtrace.rs:39:26
[INFO] [stdout]    4:     0x651b3e0ba3a3 - core::fmt::rt::Argument::fmt::hdb6b616786b41dc1
[INFO] [stdout]                                at /rustc/6067b36314ab5eb2eb47cecc464545ba58e1ad24/library/core/src/fmt/rt.rs:177:76
[INFO] [stdout]    5:     0x651b3e0ba3a3 - core::fmt::write::h2cc1698af7e2d686
[INFO] [stdout]                                at /rustc/6067b36314ab5eb2eb47cecc464545ba58e1ad24/library/core/src/fmt/mod.rs:1440:21
[INFO] [stdout]    6:     0x651b3e08f503 - std::io::Write::write_fmt::hab1b4cd059a79022
[INFO] [stdout]                                at /rustc/6067b36314ab5eb2eb47cecc464545ba58e1ad24/library/std/src/io/mod.rs:1887:15
[INFO] [stdout]    7:     0x651b3e0927f2 - std::sys::backtrace::BacktraceLock::print::h147fe35b4ea13b08
[INFO] [stdout]                                at /rustc/6067b36314ab5eb2eb47cecc464545ba58e1ad24/library/std/src/sys/backtrace.rs:42:9
[INFO] [stdout]    8:     0x651b3e093dcf - std::panicking::default_hook::{{closure}}::hbd44223dbdc0d208
[INFO] [stdout]                                at /rustc/6067b36314ab5eb2eb47cecc464545ba58e1ad24/library/std/src/panicking.rs:298:22
[INFO] [stdout]    9:     0x651b3e093be8 - std::panicking::default_hook::h20f81eb0576efcec
[INFO] [stdout]                                at /rustc/6067b36314ab5eb2eb47cecc464545ba58e1ad24/library/std/src/panicking.rs:322:9
[INFO] [stdout]   10:     0x651b3e05bb93 - <alloc::boxed::Box<F,A> as core::ops::function::Fn<Args>>::call::hdb53814c496a4d34
[INFO] [stdout]                                at /rustc/6067b36314ab5eb2eb47cecc464545ba58e1ad24/library/alloc/src/boxed.rs:2027:9
[INFO] [stdout]   11:     0x651b3e05bb93 - test::test_main::{{closure}}::hc0a4963c59427c24
[INFO] [stdout]                                at /rustc/6067b36314ab5eb2eb47cecc464545ba58e1ad24/library/test/src/lib.rs:134:21
[INFO] [stdout]   12:     0x651b3e0948c3 - <alloc::boxed::Box<F,A> as core::ops::function::Fn<Args>>::call::h591b2225413a77e9
[INFO] [stdout]                                at /rustc/6067b36314ab5eb2eb47cecc464545ba58e1ad24/library/alloc/src/boxed.rs:2027:9
[INFO] [stdout]   13:     0x651b3e0948c3 - std::panicking::rust_panic_with_hook::h625eea43051b2edc
[INFO] [stdout]                                at /rustc/6067b36314ab5eb2eb47cecc464545ba58e1ad24/library/std/src/panicking.rs:839:13
[INFO] [stdout]   14:     0x651b3e094546 - std::panicking::begin_panic_handler::{{closure}}::h4f9159cfbc3f6bd3
[INFO] [stdout]                                at /rustc/6067b36314ab5eb2eb47cecc464545ba58e1ad24/library/std/src/panicking.rs:697:13
[INFO] [stdout]   15:     0x651b3e092ea9 - std::sys::backtrace::__rust_end_short_backtrace::h0390abce48353151
[INFO] [stdout]                                at /rustc/6067b36314ab5eb2eb47cecc464545ba58e1ad24/library/std/src/sys/backtrace.rs:168:18
[INFO] [stdout]   16:     0x651b3e09420d - rust_begin_unwind
[INFO] [stdout]                                at /rustc/6067b36314ab5eb2eb47cecc464545ba58e1ad24/library/std/src/panicking.rs:695:5
[INFO] [stdout]   17:     0x651b3e0b8aa0 - core::panicking::panic_fmt::h9e7c637e9e5f29c9
[INFO] [stdout]                                at /rustc/6067b36314ab5eb2eb47cecc464545ba58e1ad24/library/core/src/panicking.rs:75:14
[INFO] [stdout]   18:     0x651b3e007239 - kitty::html::open_tag::h0355009047d8caff
[INFO] [stdout]                                at /opt/rustwide/workdir/src/html.rs:44:5
[INFO] [stdout]   19:     0x651b3e0080ac - kitty::html::tests::test_parse_open_tag::h39172e793dc32b19
[INFO] [stdout]                                at /opt/rustwide/workdir/src/html.rs:147:17
[INFO] [stdout]   20:     0x651b3e008067 - kitty::html::tests::test_parse_open_tag::{{closure}}::h19b9800c4a95031f
[INFO] [stdout]                                at /opt/rustwide/workdir/src/html.rs:144:29
[INFO] [stdout]   21:     0x651b3e00a5b6 - core::ops::function::FnOnce::call_once::h840cd2d91a68ef25
[INFO] [stdout]                                at /rustc/6067b36314ab5eb2eb47cecc464545ba58e1ad24/library/core/src/ops/function.rs:250:5
[INFO] [stdout]   22:     0x651b3e0612eb - core::ops::function::FnOnce::call_once::he27718dfdd183f43
[INFO] [stdout]                                at /rustc/6067b36314ab5eb2eb47cecc464545ba58e1ad24/library/core/src/ops/function.rs:250:5
[INFO] [stdout]   23:     0x651b3e0612eb - test::__rust_begin_short_backtrace::h4e84902998457a5d
[INFO] [stdout]                                at /rustc/6067b36314ab5eb2eb47cecc464545ba58e1ad24/library/test/src/lib.rs:632:18
[INFO] [stdout]   24:     0x651b3e060223 - test::run_test_in_process::{{closure}}::h7176fd18fc1feca0
[INFO] [stdout]                                at /rustc/6067b36314ab5eb2eb47cecc464545ba58e1ad24/library/test/src/lib.rs:655:60
[INFO] [stdout]   25:     0x651b3e060223 - <core::panic::unwind_safe::AssertUnwindSafe<F> as core::ops::function::FnOnce<()>>::call_once::hf79cff2a624d8cf7
[INFO] [stdout]                                at /rustc/6067b36314ab5eb2eb47cecc464545ba58e1ad24/library/core/src/panic/unwind_safe.rs:272:9
[INFO] [stdout]   26:     0x651b3e060223 - std::panicking::try::do_call::h3da0561d9ab99c25
[INFO] [stdout]                                at /rustc/6067b36314ab5eb2eb47cecc464545ba58e1ad24/library/std/src/panicking.rs:587:40
[INFO] [stdout]   27:     0x651b3e060223 - std::panicking::try::h41c9fa508bc61df6
[INFO] [stdout]                                at /rustc/6067b36314ab5eb2eb47cecc464545ba58e1ad24/library/std/src/panicking.rs:550:19
[INFO] [stdout]   28:     0x651b3e060223 - std::panic::catch_unwind::h6b3ff07bb5afad93
[INFO] [stdout]                                at /rustc/6067b36314ab5eb2eb47cecc464545ba58e1ad24/library/std/src/panic.rs:358:14
[INFO] [stdout]   29:     0x651b3e060223 - test::run_test_in_process::hc7253dd11b39b9f4
[INFO] [stdout]                                at /rustc/6067b36314ab5eb2eb47cecc464545ba58e1ad24/library/test/src/lib.rs:655:27
[INFO] [stdout]   30:     0x651b3e060223 - test::run_test::{{closure}}::hfb2007f8649c30bb
[INFO] [stdout]                                at /rustc/6067b36314ab5eb2eb47cecc464545ba58e1ad24/library/test/src/lib.rs:576:43
[INFO] [stdout]   31:     0x651b3e023305 - test::run_test::{{closure}}::h56a17aa7a282a9f4
[INFO] [stdout]                                at /rustc/6067b36314ab5eb2eb47cecc464545ba58e1ad24/library/test/src/lib.rs:606:41
[INFO] [stdout]   32:     0x651b3e023305 - std::sys::backtrace::__rust_begin_short_backtrace::hd2d2d2fb8e8c6aac
[INFO] [stdout]                                at /rustc/6067b36314ab5eb2eb47cecc464545ba58e1ad24/library/std/src/sys/backtrace.rs:152:18
[INFO] [stdout]   33:     0x651b3e026bea - std::thread::Builder::spawn_unchecked_::{{closure}}::{{closure}}::h4faa3f9db6133423
[INFO] [stdout]                                at /rustc/6067b36314ab5eb2eb47cecc464545ba58e1ad24/library/std/src/thread/mod.rs:559:17
[INFO] [stdout]   34:     0x651b3e026bea - <core::panic::unwind_safe::AssertUnwindSafe<F> as core::ops::function::FnOnce<()>>::call_once::hf2e855a36a4ea846
[INFO] [stdout]                                at /rustc/6067b36314ab5eb2eb47cecc464545ba58e1ad24/library/core/src/panic/unwind_safe.rs:272:9
[INFO] [stdout]   35:     0x651b3e026bea - std::panicking::try::do_call::h2f73af3616c35465
[INFO] [stdout]                                at /rustc/6067b36314ab5eb2eb47cecc464545ba58e1ad24/library/std/src/panicking.rs:587:40
[INFO] [stdout]   36:     0x651b3e026bea - std::panicking::try::hd1660ce9efadef5a
[INFO] [stdout]                                at /rustc/6067b36314ab5eb2eb47cecc464545ba58e1ad24/library/std/src/panicking.rs:550:19
[INFO] [stdout]   37:     0x651b3e026bea - std::panic::catch_unwind::h5ee8d7823b8ca744
[INFO] [stdout]                                at /rustc/6067b36314ab5eb2eb47cecc464545ba58e1ad24/library/std/src/panic.rs:358:14
[INFO] [stdout]   38:     0x651b3e026bea - std::thread::Builder::spawn_unchecked_::{{closure}}::h53c3a1894dce8407
[INFO] [stdout]                                at /rustc/6067b36314ab5eb2eb47cecc464545ba58e1ad24/library/std/src/thread/mod.rs:557:30
[INFO] [stdout]   39:     0x651b3e026bea - core::ops::function::FnOnce::call_once{{vtable.shim}}::h048ce291ad4f62bf
[INFO] [stdout]                                at /rustc/6067b36314ab5eb2eb47cecc464545ba58e1ad24/library/core/src/ops/function.rs:250:5
[INFO] [stdout]   40:     0x651b3e0987fb - <alloc::boxed::Box<F,A> as core::ops::function::FnOnce<Args>>::call_once::ha52bedf99a3b4981
[INFO] [stdout]                                at /rustc/6067b36314ab5eb2eb47cecc464545ba58e1ad24/library/alloc/src/boxed.rs:2013:9
[INFO] [stdout]   41:     0x651b3e0987fb - <alloc::boxed::Box<F,A> as core::ops::function::FnOnce<Args>>::call_once::h567748934d80ccf8
[INFO] [stdout]                                at /rustc/6067b36314ab5eb2eb47cecc464545ba58e1ad24/library/alloc/src/boxed.rs:2013:9
[INFO] [stdout]   42:     0x651b3e0987fb - std::sys::pal::unix::thread::Thread::new::thread_start::h2d970728ae887adc
[INFO] [stdout]                                at /rustc/6067b36314ab5eb2eb47cecc464545ba58e1ad24/library/std/src/sys/pal/unix/thread.rs:106:17
[INFO] [stdout]   43:     0x7f4b7139aac3 - <unknown>
[INFO] [stdout]   44:     0x7f4b7142ba04 - clone
[INFO] [stdout]   45:                0x0 - <unknown>
[INFO] [stdout] 
[INFO] [stdout] ---- html::tests::test_parse_text stdout ----
[INFO] [stdout] 
[INFO] [stdout] thread 'html::tests::test_parse_text' panicked at src/html.rs:74:5:
[INFO] [stdout] not yet implemented: you need to implement this combinator
[INFO] [stdout] stack backtrace:
[INFO] [stdout]    0:     0x651b3e0929aa - std::backtrace_rs::backtrace::libunwind::trace::hb059275cfc8d6126
[INFO] [stdout]                                at /rustc/6067b36314ab5eb2eb47cecc464545ba58e1ad24/library/std/src/../../backtrace/src/backtrace/libunwind.rs:116:5
[INFO] [stdout]    1:     0x651b3e0929aa - std::backtrace_rs::backtrace::trace_unsynchronized::h2da071e4327ce3ee
[INFO] [stdout]                                at /rustc/6067b36314ab5eb2eb47cecc464545ba58e1ad24/library/std/src/../../backtrace/src/backtrace/mod.rs:66:5
[INFO] [stdout]    2:     0x651b3e0929aa - std::sys::backtrace::_print_fmt::h842a1474e6f8d23f
[INFO] [stdout]                                at /rustc/6067b36314ab5eb2eb47cecc464545ba58e1ad24/library/std/src/sys/backtrace.rs:66:9
[INFO] [stdout]    3:     0x651b3e0929aa - <std::sys::backtrace::BacktraceLock::print::DisplayBacktrace as core::fmt::Display>::fmt::h71a62eb3b9696b12
[INFO] [stdout]                                at /rustc/6067b36314ab5eb2eb47cecc464545ba58e1ad24/library/std/src/sys/backtrace.rs:39:26
[INFO] [stdout]    4:     0x651b3e0ba3a3 - core::fmt::rt::Argument::fmt::hdb6b616786b41dc1
[INFO] [stdout]                                at /rustc/6067b36314ab5eb2eb47cecc464545ba58e1ad24/library/core/src/fmt/rt.rs:177:76
[INFO] [stdout]    5:     0x651b3e0ba3a3 - core::fmt::write::h2cc1698af7e2d686
[INFO] [stdout]                                at /rustc/6067b36314ab5eb2eb47cecc464545ba58e1ad24/library/core/src/fmt/mod.rs:1440:21
[INFO] [stdout]    6:     0x651b3e08f503 - std::io::Write::write_fmt::hab1b4cd059a79022
[INFO] [stdout]                                at /rustc/6067b36314ab5eb2eb47cecc464545ba58e1ad24/library/std/src/io/mod.rs:1887:15
[INFO] [stdout]    7:     0x651b3e0927f2 - std::sys::backtrace::BacktraceLock::print::h147fe35b4ea13b08
[INFO] [stdout]                                at /rustc/6067b36314ab5eb2eb47cecc464545ba58e1ad24/library/std/src/sys/backtrace.rs:42:9
[INFO] [stdout]    8:     0x651b3e093dcf - std::panicking::default_hook::{{closure}}::hbd44223dbdc0d208
[INFO] [stdout]                                at /rustc/6067b36314ab5eb2eb47cecc464545ba58e1ad24/library/std/src/panicking.rs:298:22
[INFO] [stdout]    9:     0x651b3e093be8 - std::panicking::default_hook::h20f81eb0576efcec
[INFO] [stdout]                                at /rustc/6067b36314ab5eb2eb47cecc464545ba58e1ad24/library/std/src/panicking.rs:322:9
[INFO] [stdout]   10:     0x651b3e05bb93 - <alloc::boxed::Box<F,A> as core::ops::function::Fn<Args>>::call::hdb53814c496a4d34
[INFO] [stdout]                                at /rustc/6067b36314ab5eb2eb47cecc464545ba58e1ad24/library/alloc/src/boxed.rs:2027:9
[INFO] [stdout]   11:     0x651b3e05bb93 - test::test_main::{{closure}}::hc0a4963c59427c24
[INFO] [stdout]                                at /rustc/6067b36314ab5eb2eb47cecc464545ba58e1ad24/library/test/src/lib.rs:134:21
[INFO] [stdout]   12:     0x651b3e0948c3 - <alloc::boxed::Box<F,A> as core::ops::function::Fn<Args>>::call::h591b2225413a77e9
[INFO] [stdout]                                at /rustc/6067b36314ab5eb2eb47cecc464545ba58e1ad24/library/alloc/src/boxed.rs:2027:9
[INFO] [stdout]   13:     0x651b3e0948c3 - std::panicking::rust_panic_with_hook::h625eea43051b2edc
[INFO] [stdout]                                at /rustc/6067b36314ab5eb2eb47cecc464545ba58e1ad24/library/std/src/panicking.rs:839:13
[INFO] [stdout]   14:     0x651b3e094546 - std::panicking::begin_panic_handler::{{closure}}::h4f9159cfbc3f6bd3
[INFO] [stdout]                                at /rustc/6067b36314ab5eb2eb47cecc464545ba58e1ad24/library/std/src/panicking.rs:697:13
[INFO] [stdout]   15:     0x651b3e092ea9 - std::sys::backtrace::__rust_end_short_backtrace::h0390abce48353151
[INFO] [stdout]                                at /rustc/6067b36314ab5eb2eb47cecc464545ba58e1ad24/library/std/src/sys/backtrace.rs:168:18
[INFO] [stdout]   16:     0x651b3e09420d - rust_begin_unwind
[INFO] [stdout]                                at /rustc/6067b36314ab5eb2eb47cecc464545ba58e1ad24/library/std/src/panicking.rs:695:5
[INFO] [stdout]   17:     0x651b3e0b8aa0 - core::panicking::panic_fmt::h9e7c637e9e5f29c9
[INFO] [stdout]                                at /rustc/6067b36314ab5eb2eb47cecc464545ba58e1ad24/library/core/src/panicking.rs:75:14
[INFO] [stdout]   18:     0x651b3e007389 - kitty::html::text::hde026661db7117ef
[INFO] [stdout]                                at /opt/rustwide/workdir/src/html.rs:74:5
[INFO] [stdout]   19:     0x651b3e00996c - kitty::html::tests::test_parse_text::h939fa3eb0c4feb23
[INFO] [stdout]                                at /opt/rustwide/workdir/src/html.rs:222:17
[INFO] [stdout]   20:     0x651b3e009947 - kitty::html::tests::test_parse_text::{{closure}}::h54c2646b208a1eb0
[INFO] [stdout]                                at /opt/rustwide/workdir/src/html.rs:219:25
[INFO] [stdout]   21:     0x651b3e00a576 - core::ops::function::FnOnce::call_once::h6a0301b0ac36100f
[INFO] [stdout]                                at /rustc/6067b36314ab5eb2eb47cecc464545ba58e1ad24/library/core/src/ops/function.rs:250:5
[INFO] [stdout]   22:     0x651b3e0612eb - core::ops::function::FnOnce::call_once::he27718dfdd183f43
[INFO] [stdout]                                at /rustc/6067b36314ab5eb2eb47cecc464545ba58e1ad24/library/core/src/ops/function.rs:250:5
[INFO] [stdout]   23:     0x651b3e0612eb - test::__rust_begin_short_backtrace::h4e84902998457a5d
[INFO] [stdout]                                at /rustc/6067b36314ab5eb2eb47cecc464545ba58e1ad24/library/test/src/lib.rs:632:18
[INFO] [stdout]   24:     0x651b3e060223 - test::run_test_in_process::{{closure}}::h7176fd18fc1feca0
[INFO] [stdout]                                at /rustc/6067b36314ab5eb2eb47cecc464545ba58e1ad24/library/test/src/lib.rs:655:60
[INFO] [stdout]   25:     0x651b3e060223 - <core::panic::unwind_safe::AssertUnwindSafe<F> as core::ops::function::FnOnce<()>>::call_once::hf79cff2a624d8cf7
[INFO] [stdout]                                at /rustc/6067b36314ab5eb2eb47cecc464545ba58e1ad24/library/core/src/panic/unwind_safe.rs:272:9
[INFO] [stdout]   26:     0x651b3e060223 - std::panicking::try::do_call::h3da0561d9ab99c25
[INFO] [stdout]                                at /rustc/6067b36314ab5eb2eb47cecc464545ba58e1ad24/library/std/src/panicking.rs:587:40
[INFO] [stdout]   27:     0x651b3e060223 - std::panicking::try::h41c9fa508bc61df6
[INFO] [stdout]                                at /rustc/6067b36314ab5eb2eb47cecc464545ba58e1ad24/library/std/src/panicking.rs:550:19
[INFO] [stdout]   28:     0x651b3e060223 - std::panic::catch_unwind::h6b3ff07bb5afad93
[INFO] [stdout]                                at /rustc/6067b36314ab5eb2eb47cecc464545ba58e1ad24/library/std/src/panic.rs:358:14
[INFO] [stdout]   29:     0x651b3e060223 - test::run_test_in_process::hc7253dd11b39b9f4
[INFO] [stdout]                                at /rustc/6067b36314ab5eb2eb47cecc464545ba58e1ad24/library/test/src/lib.rs:655:27
[INFO] [stdout]   30:     0x651b3e060223 - test::run_test::{{closure}}::hfb2007f8649c30bb
[INFO] [stdout]                                at /rustc/6067b36314ab5eb2eb47cecc464545ba58e1ad24/library/test/src/lib.rs:576:43
[INFO] [stdout]   31:     0x651b3e023305 - test::run_test::{{closure}}::h56a17aa7a282a9f4
[INFO] [stdout]                                at /rustc/6067b36314ab5eb2eb47cecc464545ba58e1ad24/library/test/src/lib.rs:606:41
[INFO] [stdout]   32:     0x651b3e023305 - std::sys::backtrace::__rust_begin_short_backtrace::hd2d2d2fb8e8c6aac
[INFO] [stdout]                                at /rustc/6067b36314ab5eb2eb47cecc464545ba58e1ad24/library/std/src/sys/backtrace.rs:152:18
[INFO] [stdout]   33:     0x651b3e026bea - std::thread::Builder::spawn_unchecked_::{{closure}}::{{closure}}::h4faa3f9db6133423
[INFO] [stdout]                                at /rustc/6067b36314ab5eb2eb47cecc464545ba58e1ad24/library/std/src/thread/mod.rs:559:17
[INFO] [stdout]   34:     0x651b3e026bea - <core::panic::unwind_safe::AssertUnwindSafe<F> as core::ops::function::FnOnce<()>>::call_once::hf2e855a36a4ea846
[INFO] [stdout]                                at /rustc/6067b36314ab5eb2eb47cecc464545ba58e1ad24/library/core/src/panic/unwind_safe.rs:272:9
[INFO] [stdout]   35:     0x651b3e026bea - std::panicking::try::do_call::h2f73af3616c35465
[INFO] [stdout]                                at /rustc/6067b36314ab5eb2eb47cecc464545ba58e1ad24/library/std/src/panicking.rs:587:40
[INFO] [stdout]   36:     0x651b3e026bea - std::panicking::try::hd1660ce9efadef5a
[INFO] [stdout]                                at /rustc/6067b36314ab5eb2eb47cecc464545ba58e1ad24/library/std/src/panicking.rs:550:19
[INFO] [stdout]   37:     0x651b3e026bea - std::panic::catch_unwind::h5ee8d7823b8ca744
[INFO] [stdout]                                at /rustc/6067b36314ab5eb2eb47cecc464545ba58e1ad24/library/std/src/panic.rs:358:14
[INFO] [stdout]   38:     0x651b3e026bea - std::thread::Builder::spawn_unchecked_::{{closure}}::h53c3a1894dce8407
[INFO] [stdout]                                at /rustc/6067b36314ab5eb2eb47cecc464545ba58e1ad24/library/std/src/thread/mod.rs:557:30
[INFO] [stdout]   39:     0x651b3e026bea - core::ops::function::FnOnce::call_once{{vtable.shim}}::h048ce291ad4f62bf
[INFO] [stdout]                                at /rustc/6067b36314ab5eb2eb47cecc464545ba58e1ad24/library/core/src/ops/function.rs:250:5
[INFO] [stdout]   40:     0x651b3e0987fb - <alloc::boxed::Box<F,A> as core::ops::function::FnOnce<Args>>::call_once::ha52bedf99a3b4981
[INFO] [stdout]                                at /rustc/6067b36314ab5eb2eb47cecc464545ba58e1ad24/library/alloc/src/boxed.rs:2013:9
[INFO] [stdout]   41:     0x651b3e0987fb - <alloc::boxed::Box<F,A> as core::ops::function::FnOnce<Args>>::call_once::h567748934d80ccf8
[INFO] [stdout]                                at /rustc/6067b36314ab5eb2eb47cecc464545ba58e1ad24/library/alloc/src/boxed.rs:2013:9
[INFO] [stdout]   42:     0x651b3e0987fb - std::sys::pal::unix::thread::Thread::new::thread_start::h2d970728ae887adc
[INFO] [stdout]                                at /rustc/6067b36314ab5eb2eb47cecc464545ba58e1ad24/library/std/src/sys/pal/unix/thread.rs:106:17
[INFO] [stdout]   43:     0x7f4b7139aac3 - <unknown>
[INFO] [stdout]   44:     0x7f4b7142ba04 - clone
[INFO] [stdout]   45:                0x0 - <unknown>
[INFO] [stdout] 
[INFO] [stdout] 
[INFO] [stdout] failures:
[INFO] [stdout]     html::tests::test_parse_close_tag
[INFO] [stdout]     html::tests::test_parse_element
[INFO] [stdout]     html::tests::test_parse_open_tag
[INFO] [stdout]     html::tests::test_parse_text
[INFO] [stdout] 
[INFO] [stdout] test result: FAILED. 2 passed; 4 failed; 0 ignored; 0 measured; 0 filtered out; finished in 0.02s
[INFO] [stdout] 
[INFO] running `Command { std: "docker" "inspect" "af6f4da899dcadc7ea618a36c97435a4eb509b6bfc92cac8fb7cd00d96466de3", kill_on_drop: false }`
[INFO] running `Command { std: "docker" "rm" "-f" "af6f4da899dcadc7ea618a36c97435a4eb509b6bfc92cac8fb7cd00d96466de3", kill_on_drop: false }`
[INFO] [stdout] af6f4da899dcadc7ea618a36c97435a4eb509b6bfc92cac8fb7cd00d96466de3
