[INFO] cloning repository https://github.com/Vyper-Terminal/vyper-client-rs
[INFO] running `Command { std: "git" "-c" "credential.helper=" "-c" "credential.helper=/workspace/cargo-home/bin/git-credential-null" "clone" "--bare" "https://github.com/Vyper-Terminal/vyper-client-rs" "/workspace/cache/git-repos/https%3A%2F%2Fgithub.com%2FVyper-Terminal%2Fvyper-client-rs", kill_on_drop: false }`
[INFO] [stderr] Cloning into bare repository '/workspace/cache/git-repos/https%3A%2F%2Fgithub.com%2FVyper-Terminal%2Fvyper-client-rs'...
[INFO] running `Command { std: "git" "rev-parse" "HEAD", kill_on_drop: false }`
[INFO] [stdout] 0f84019d3fd83a1078ba854471acc8f44497a17c
[INFO] testing Vyper-Terminal/vyper-client-rs against nightly-2025-01-18+rustflags=-Zrandomize-layout for randomize-layout-2
[INFO] running `Command { std: "git" "clone" "/workspace/cache/git-repos/https%3A%2F%2Fgithub.com%2FVyper-Terminal%2Fvyper-client-rs" "/workspace/builds/worker-3-tc2/source", kill_on_drop: false }`
[INFO] [stderr] Cloning into '/workspace/builds/worker-3-tc2/source'...
[INFO] [stderr] done.
[INFO] validating manifest of git repo https://github.com/Vyper-Terminal/vyper-client-rs on toolchain nightly-2025-01-18
[INFO] running `Command { std: CARGO_HOME="/workspace/cargo-home" RUSTUP_HOME="/workspace/rustup-home" "/workspace/cargo-home/bin/cargo" "+nightly-2025-01-18" "metadata" "--manifest-path" "Cargo.toml" "--no-deps", kill_on_drop: false }`
[INFO] started tweaking git repo https://github.com/Vyper-Terminal/vyper-client-rs
[INFO] finished tweaking git repo https://github.com/Vyper-Terminal/vyper-client-rs
[INFO] tweaked toml for git repo https://github.com/Vyper-Terminal/vyper-client-rs written to /workspace/builds/worker-3-tc2/source/Cargo.toml
[INFO] crate git repo https://github.com/Vyper-Terminal/vyper-client-rs already has a lockfile, it will not be regenerated
[INFO] running `Command { std: CARGO_HOME="/workspace/cargo-home" RUSTUP_HOME="/workspace/rustup-home" "/workspace/cargo-home/bin/cargo" "+nightly-2025-01-18" "fetch" "--manifest-path" "Cargo.toml", kill_on_drop: false }`
[INFO] running `Command { std: "docker" "create" "-v" "/var/lib/crater-agent-workspace/builds/worker-3-tc2/target:/opt/rustwide/target:rw,Z" "-v" "/var/lib/crater-agent-workspace/builds/worker-3-tc2/source:/opt/rustwide/workdir:ro,Z" "-v" "/var/lib/crater-agent-workspace/cargo-home:/opt/rustwide/cargo-home:ro,Z" "-v" "/var/lib/crater-agent-workspace/rustup-home:/opt/rustwide/rustup-home:ro,Z" "-e" "SOURCE_DIR=/opt/rustwide/workdir" "-e" "CARGO_TARGET_DIR=/opt/rustwide/target" "-e" "CARGO_HOME=/opt/rustwide/cargo-home" "-e" "RUSTUP_HOME=/opt/rustwide/rustup-home" "-w" "/opt/rustwide/workdir" "-m" "1610612736" "--user" "0:0" "--network" "none" "ghcr.io/rust-lang/crates-build-env/linux@sha256:819108c5571ea2e421544af4d832f968d213c87fbe3707a016657f43d2f853bc" "/opt/rustwide/cargo-home/bin/cargo" "+nightly-2025-01-18" "metadata" "--no-deps" "--format-version=1", kill_on_drop: false }`
[INFO] [stdout] 16c875cf83ad78cd24f52c79a4043f8a7fd48c3cda3f59235f634b48eb168d4b
[INFO] running `Command { std: "docker" "start" "-a" "16c875cf83ad78cd24f52c79a4043f8a7fd48c3cda3f59235f634b48eb168d4b", kill_on_drop: false }`
[INFO] running `Command { std: "docker" "inspect" "16c875cf83ad78cd24f52c79a4043f8a7fd48c3cda3f59235f634b48eb168d4b", kill_on_drop: false }`
[INFO] running `Command { std: "docker" "rm" "-f" "16c875cf83ad78cd24f52c79a4043f8a7fd48c3cda3f59235f634b48eb168d4b", kill_on_drop: false }`
[INFO] [stdout] 16c875cf83ad78cd24f52c79a4043f8a7fd48c3cda3f59235f634b48eb168d4b
[INFO] running `Command { std: "docker" "create" "-v" "/var/lib/crater-agent-workspace/builds/worker-3-tc2/target:/opt/rustwide/target:rw,Z" "-v" "/var/lib/crater-agent-workspace/builds/worker-3-tc2/source:/opt/rustwide/workdir:ro,Z" "-v" "/var/lib/crater-agent-workspace/cargo-home:/opt/rustwide/cargo-home:ro,Z" "-v" "/var/lib/crater-agent-workspace/rustup-home:/opt/rustwide/rustup-home:ro,Z" "-e" "SOURCE_DIR=/opt/rustwide/workdir" "-e" "CARGO_TARGET_DIR=/opt/rustwide/target" "-e" "CARGO_INCREMENTAL=0" "-e" "RUST_BACKTRACE=full" "-e" "RUSTFLAGS=--cap-lints=forbid -Zrandomize-layout" "-e" "RUSTDOCFLAGS=--cap-lints=forbid" "-e" "CARGO_HOME=/opt/rustwide/cargo-home" "-e" "RUSTUP_HOME=/opt/rustwide/rustup-home" "-w" "/opt/rustwide/workdir" "-m" "1610612736" "--user" "0:0" "--network" "none" "ghcr.io/rust-lang/crates-build-env/linux@sha256:819108c5571ea2e421544af4d832f968d213c87fbe3707a016657f43d2f853bc" "/opt/rustwide/cargo-home/bin/cargo" "+nightly-2025-01-18" "build" "--frozen" "--message-format=json", kill_on_drop: false }`
[INFO] [stdout] 50ebc4bd84eb0be5a5dcdde598623972752155e829d0cd7981a4326f7a30d5b3
[INFO] running `Command { std: "docker" "start" "-a" "50ebc4bd84eb0be5a5dcdde598623972752155e829d0cd7981a4326f7a30d5b3", kill_on_drop: false }`
[INFO] [stderr]    Compiling proc-macro2 v1.0.86
[INFO] [stderr]    Compiling unicode-ident v1.0.13
[INFO] [stderr]    Compiling libc v0.2.158
[INFO] [stderr]    Compiling cfg-if v1.0.0
[INFO] [stderr]    Compiling autocfg v1.3.0
[INFO] [stderr]    Compiling shlex v1.3.0
[INFO] [stderr]    Compiling vcpkg v0.2.15
[INFO] [stderr]    Compiling pkg-config v0.3.31
[INFO] [stderr]    Compiling parking_lot_core v0.9.10
[INFO] [stderr]    Compiling bytes v1.7.2
[INFO] [stderr]    Compiling once_cell v1.19.0
[INFO] [stderr]    Compiling pin-project-lite v0.2.14
[INFO] [stderr]    Compiling scopeguard v1.2.0
[INFO] [stderr]    Compiling smallvec v1.13.2
[INFO] [stderr]    Compiling itoa v1.0.11
[INFO] [stderr]    Compiling foreign-types-shared v0.1.1
[INFO] [stderr]    Compiling typenum v1.17.0
[INFO] [stderr]    Compiling version_check v0.9.5
[INFO] [stderr]    Compiling fnv v1.0.7
[INFO] [stderr]    Compiling openssl v0.10.66
[INFO] [stderr]    Compiling futures-core v0.3.30
[INFO] [stderr]    Compiling foreign-types v0.3.2
[INFO] [stderr]    Compiling tinyvec_macros v0.1.1
[INFO] [stderr]    Compiling httparse v1.9.4
[INFO] [stderr]    Compiling futures-sink v0.3.30
[INFO] [stderr]    Compiling bitflags v2.6.0
[INFO] [stderr]    Compiling cc v1.1.21
[INFO] [stderr]    Compiling native-tls v0.2.12
[INFO] [stderr]    Compiling tinyvec v1.8.0
[INFO] [stderr]    Compiling log v0.4.22
[INFO] [stderr]    Compiling lock_api v0.4.12
[INFO] [stderr]    Compiling slab v0.4.9
[INFO] [stderr]    Compiling byteorder v1.5.0
[INFO] [stderr]    Compiling generic-array v0.14.7
[INFO] [stderr]    Compiling http v0.2.12
[INFO] [stderr]    Compiling pin-utils v0.1.0
[INFO] [stderr]    Compiling futures-task v0.3.30
[INFO] [stderr]    Compiling percent-encoding v2.3.1
[INFO] [stderr]    Compiling openssl-probe v0.1.5
[INFO] [stderr]    Compiling tracing-core v0.1.32
[INFO] [stderr]    Compiling hashbrown v0.14.5
[INFO] [stderr]    Compiling serde v1.0.210
[INFO] [stderr]    Compiling form_urlencoded v1.2.1
[INFO] [stderr]    Compiling unicode-bidi v0.3.15
[INFO] [stderr]    Compiling equivalent v1.0.1
[INFO] [stderr]    Compiling try-lock v0.2.5
[INFO] [stderr]    Compiling thiserror v1.0.64
[INFO] [stderr]    Compiling want v0.3.1
[INFO] [stderr]    Compiling futures-channel v0.3.30
[INFO] [stderr]    Compiling cpufeatures v0.2.14
[INFO] [stderr]    Compiling httpdate v1.0.3
[INFO] [stderr]    Compiling ryu v1.0.18
[INFO] [stderr]    Compiling tower-service v0.3.3
[INFO] [stderr]    Compiling serde_json v1.0.128
[INFO] [stderr]    Compiling opaque-debug v0.3.1
[INFO] [stderr]    Compiling memchr v2.7.4
[INFO] [stderr]    Compiling anyhow v1.0.89
[INFO] [stderr]    Compiling base64 v0.21.7
[INFO] [stderr]    Compiling base64 v0.13.1
[INFO] [stderr]    Compiling utf-8 v0.7.6
[INFO] [stderr]    Compiling quote v1.0.37
[INFO] [stderr]    Compiling encoding_rs v0.8.34
[INFO] [stderr]    Compiling sync_wrapper v0.1.2
[INFO] [stderr]    Compiling ipnet v2.10.0
[INFO] [stderr]    Compiling tracing v0.1.40
[INFO] [stderr]    Compiling syn v2.0.77
[INFO] [stderr]    Compiling indexmap v2.5.0
[INFO] [stderr]    Compiling rustls-pemfile v1.0.4
[INFO] [stderr]    Compiling mime v0.3.17
[INFO] [stderr]    Compiling unicode-normalization v0.1.24
[INFO] [stderr]    Compiling http-body v0.4.6
[INFO] [stderr]    Compiling openssl-sys v0.9.103
[INFO] [stderr]    Compiling digest v0.9.0
[INFO] [stderr]    Compiling block-buffer v0.9.0
[INFO] [stderr]    Compiling sha-1 v0.9.8
[INFO] [stderr]    Compiling idna v0.5.0
[INFO] [stderr]    Compiling socket2 v0.5.7
[INFO] [stderr]    Compiling signal-hook-registry v1.4.2
[INFO] [stderr]    Compiling mio v1.0.2
[INFO] [stderr]    Compiling getrandom v0.2.15
[INFO] [stderr]    Compiling rand_core v0.6.4
[INFO] [stderr]    Compiling parking_lot v0.12.3
[INFO] [stderr]    Compiling url v2.5.2
[INFO] [stderr]    Compiling tokio-macros v2.4.0
[INFO] [stderr]    Compiling openssl-macros v0.1.1
[INFO] [stderr]    Compiling zerocopy-derive v0.7.35
[INFO] [stderr]    Compiling futures-macro v0.3.30
[INFO] [stderr]    Compiling serde_derive v1.0.210
[INFO] [stderr]    Compiling thiserror-impl v1.0.64
[INFO] [stderr]    Compiling async-trait v0.1.82
[INFO] [stderr]    Compiling tokio v1.40.0
[INFO] [stderr]    Compiling zerocopy v0.7.35
[INFO] [stderr]    Compiling futures-util v0.3.30
[INFO] [stderr]    Compiling ppv-lite86 v0.2.20
[INFO] [stderr]    Compiling rand_chacha v0.3.1
[INFO] [stderr]    Compiling rand v0.8.5
[INFO] [stderr]    Compiling tungstenite v0.16.0
[INFO] [stderr]    Compiling serde_urlencoded v0.7.1
[INFO] [stderr]    Compiling tokio-util v0.7.12
[INFO] [stderr]    Compiling tokio-native-tls v0.3.1
[INFO] [stderr]    Compiling tokio-tungstenite v0.16.1
[INFO] [stderr]    Compiling h2 v0.3.26
[INFO] [stderr]    Compiling hyper v0.14.30
[INFO] [stderr]    Compiling hyper-tls v0.5.0
[INFO] [stderr]    Compiling reqwest v0.11.27
[INFO] [stderr]    Compiling vyper-client-rs v0.2.1 (/opt/rustwide/workdir)
[INFO] [stderr]     Finished `dev` profile [unoptimized + debuginfo] target(s) in 59.83s
[INFO] running `Command { std: "docker" "inspect" "50ebc4bd84eb0be5a5dcdde598623972752155e829d0cd7981a4326f7a30d5b3", kill_on_drop: false }`
[INFO] running `Command { std: "docker" "rm" "-f" "50ebc4bd84eb0be5a5dcdde598623972752155e829d0cd7981a4326f7a30d5b3", kill_on_drop: false }`
[INFO] [stdout] 50ebc4bd84eb0be5a5dcdde598623972752155e829d0cd7981a4326f7a30d5b3
[INFO] running `Command { std: "docker" "create" "-v" "/var/lib/crater-agent-workspace/builds/worker-3-tc2/target:/opt/rustwide/target:rw,Z" "-v" "/var/lib/crater-agent-workspace/builds/worker-3-tc2/source:/opt/rustwide/workdir:ro,Z" "-v" "/var/lib/crater-agent-workspace/cargo-home:/opt/rustwide/cargo-home:ro,Z" "-v" "/var/lib/crater-agent-workspace/rustup-home:/opt/rustwide/rustup-home:ro,Z" "-e" "SOURCE_DIR=/opt/rustwide/workdir" "-e" "CARGO_TARGET_DIR=/opt/rustwide/target" "-e" "CARGO_INCREMENTAL=0" "-e" "RUST_BACKTRACE=full" "-e" "RUSTFLAGS=--cap-lints=forbid -Zrandomize-layout" "-e" "RUSTDOCFLAGS=--cap-lints=forbid" "-e" "CARGO_HOME=/opt/rustwide/cargo-home" "-e" "RUSTUP_HOME=/opt/rustwide/rustup-home" "-w" "/opt/rustwide/workdir" "-m" "1610612736" "--user" "0:0" "--network" "none" "ghcr.io/rust-lang/crates-build-env/linux@sha256:819108c5571ea2e421544af4d832f968d213c87fbe3707a016657f43d2f853bc" "/opt/rustwide/cargo-home/bin/cargo" "+nightly-2025-01-18" "test" "--frozen" "--no-run" "--message-format=json", kill_on_drop: false }`
[INFO] [stdout] 3269b22194a229786421b1d4d609b3c623283d110b49ba3c8d106edf015aab7a
[INFO] running `Command { std: "docker" "start" "-a" "3269b22194a229786421b1d4d609b3c623283d110b49ba3c8d106edf015aab7a", kill_on_drop: false }`
[INFO] [stderr]    Compiling aho-corasick v1.1.3
[INFO] [stderr]    Compiling num-traits v0.2.19
[INFO] [stderr]    Compiling regex-syntax v0.8.4
[INFO] [stderr]    Compiling syn v1.0.109
[INFO] [stderr]    Compiling lazy_static v1.5.0
[INFO] [stderr]    Compiling either v1.13.0
[INFO] [stderr]    Compiling predicates-core v1.0.8
[INFO] [stderr]    Compiling async-stream-impl v0.3.5
[INFO] [stderr]    Compiling normalize-line-endings v0.3.0
[INFO] [stderr]    Compiling termtree v0.4.1
[INFO] [stderr]    Compiling difflib v0.4.0
[INFO] [stderr]    Compiling assert-json-diff v2.0.2
[INFO] [stderr]    Compiling tokio-stream v0.1.16
[INFO] [stderr]    Compiling downcast v0.11.0
[INFO] [stderr]    Compiling similar v2.6.0
[INFO] [stderr]    Compiling fragile v2.0.0
[INFO] [stderr]    Compiling colored v2.1.0
[INFO] [stderr]    Compiling dotenv v0.15.0
[INFO] [stderr]    Compiling predicates-tree v1.0.11
[INFO] [stderr]    Compiling itertools v0.10.5
[INFO] [stderr]    Compiling async-stream v0.3.5
[INFO] [stderr]    Compiling tokio-test v0.4.4
[INFO] [stderr]    Compiling float-cmp v0.9.0
[INFO] [stderr]    Compiling regex-automata v0.4.7
[INFO] [stderr]    Compiling mockall_derive v0.11.4
[INFO] [stderr]    Compiling regex v1.10.6
[INFO] [stderr]    Compiling predicates v2.1.5
[INFO] [stderr]    Compiling mockito v0.31.1
[INFO] [stderr]    Compiling mockall v0.11.4
[INFO] [stderr]    Compiling vyper-client-rs v0.2.1 (/opt/rustwide/workdir)
[INFO] [stderr]     Finished `test` profile [unoptimized + debuginfo] target(s) in 22.62s
[INFO] running `Command { std: "docker" "inspect" "3269b22194a229786421b1d4d609b3c623283d110b49ba3c8d106edf015aab7a", kill_on_drop: false }`
[INFO] running `Command { std: "docker" "rm" "-f" "3269b22194a229786421b1d4d609b3c623283d110b49ba3c8d106edf015aab7a", kill_on_drop: false }`
[INFO] [stdout] 3269b22194a229786421b1d4d609b3c623283d110b49ba3c8d106edf015aab7a
[INFO] running `Command { std: "docker" "create" "-v" "/var/lib/crater-agent-workspace/builds/worker-3-tc2/target:/opt/rustwide/target:rw,Z" "-v" "/var/lib/crater-agent-workspace/builds/worker-3-tc2/source:/opt/rustwide/workdir:ro,Z" "-v" "/var/lib/crater-agent-workspace/cargo-home:/opt/rustwide/cargo-home:ro,Z" "-v" "/var/lib/crater-agent-workspace/rustup-home:/opt/rustwide/rustup-home:ro,Z" "-e" "SOURCE_DIR=/opt/rustwide/workdir" "-e" "CARGO_TARGET_DIR=/opt/rustwide/target" "-e" "CARGO_INCREMENTAL=0" "-e" "RUST_BACKTRACE=full" "-e" "RUSTFLAGS=--cap-lints=forbid -Zrandomize-layout" "-e" "RUSTDOCFLAGS=--cap-lints=forbid" "-e" "CARGO_HOME=/opt/rustwide/cargo-home" "-e" "RUSTUP_HOME=/opt/rustwide/rustup-home" "-w" "/opt/rustwide/workdir" "-m" "1610612736" "--user" "0:0" "--network" "none" "ghcr.io/rust-lang/crates-build-env/linux@sha256:819108c5571ea2e421544af4d832f968d213c87fbe3707a016657f43d2f853bc" "/opt/rustwide/cargo-home/bin/cargo" "+nightly-2025-01-18" "test" "--frozen", kill_on_drop: false }`
[INFO] [stdout] 540b454a5150e885611143a4c49e2b2f61907d1c466aa04e6efdb327e025ade6
[INFO] running `Command { std: "docker" "start" "-a" "540b454a5150e885611143a4c49e2b2f61907d1c466aa04e6efdb327e025ade6", kill_on_drop: false }`
[INFO] [stderr]     Finished `test` profile [unoptimized + debuginfo] target(s) in 0.19s
[INFO] [stderr]      Running unittests src/lib.rs (/opt/rustwide/target/debug/deps/vyper_client_rs-c0fe81a4111179d8)
[INFO] [stdout] 
[INFO] [stdout] running 23 tests
[INFO] [stdout] test websocket::tests::test_connect ... ok
[INFO] [stdout] test websocket::tests::test_error_handling ... ok
[INFO] [stdout] test websocket::tests::test_feed_type_mismatch ... ok
[INFO] [stdout] test websocket::tests::test_new_client ... ok
[INFO] [stdout] test websocket::tests::test_disconnect ... ok
[INFO] [stdout] test websocket::tests::test_ping ... ok
[INFO] [stdout] test websocket::tests::test_set_message_handler ... ok
[INFO] [stdout] test websocket::tests::test_unsubscribe ... ok
[INFO] [stdout] test websocket::tests::test_subscribe ... ok
[INFO] [stdout] test client::tests::test_search_tokens ... ok
[INFO] [stdout] test client::tests::test_get_chain_ids ... ok
[INFO] [stdout] test client::tests::test_get_token_metadata ... ok
[INFO] [stdout] test client::tests::test_get_wallet_aggregated_pnl ... ok
[INFO] [stdout] test client::tests::test_get_token_market ... ok
[INFO] [stdout] test client::tests::test_get_wallet_pnl ... ok
[INFO] [stdout] test client::tests::test_get_token_symbol ... ok
[INFO] [stdout] test client::tests::test_get_token_markets ... ok
[INFO] [stdout] test client::tests::test_get_top_traders ... ok
[INFO] [stdout] test client::tests::test_get_token_ath ... ok
[INFO] [stdout] test client::tests::test_get_token_holders ... ok
[INFO] [stdout] test client::tests::test_get_wallet_holdings ... ok
[INFO] [stdout] test client::tests::test_get_token_pairs ... ok
[INFO] [stdout] test websocket::tests::test_listen ... ok
[INFO] [stdout] 
[INFO] [stdout] test result: ok. 23 passed; 0 failed; 0 ignored; 0 measured; 0 filtered out; finished in 1.14s
[INFO] [stdout] 
[INFO] [stderr]      Running tests/integration_tests.rs (/opt/rustwide/target/debug/deps/integration_tests-474361613fe8c220)
[INFO] [stdout] 
[INFO] [stdout] running 2 tests
[INFO] [stdout] test test_vyper_client_integration ... FAILED
[INFO] [stdout] test test_vyper_websocket_client_integration ... FAILED
[INFO] [stdout] 
[INFO] [stdout] failures:
[INFO] [stdout] 
[INFO] [stdout] ---- test_vyper_client_integration stdout ----
[INFO] [stdout] 
[INFO] [stdout] thread 'test_vyper_client_integration' panicked at tests/integration_tests.rs:13:45:
[INFO] [stdout] VYPER_API_KEY must be set: NotPresent
[INFO] [stdout] stack backtrace:
[INFO] [stdout]    0:     0x5e8adde4902a - std::backtrace_rs::backtrace::libunwind::trace::hb059275cfc8d6126
[INFO] [stdout]                                at /rustc/6067b36314ab5eb2eb47cecc464545ba58e1ad24/library/std/src/../../backtrace/src/backtrace/libunwind.rs:116:5
[INFO] [stdout]    1:     0x5e8adde4902a - std::backtrace_rs::backtrace::trace_unsynchronized::h2da071e4327ce3ee
[INFO] [stdout]                                at /rustc/6067b36314ab5eb2eb47cecc464545ba58e1ad24/library/std/src/../../backtrace/src/backtrace/mod.rs:66:5
[INFO] [stdout]    2:     0x5e8adde4902a - std::sys::backtrace::_print_fmt::h842a1474e6f8d23f
[INFO] [stdout]                                at /rustc/6067b36314ab5eb2eb47cecc464545ba58e1ad24/library/std/src/sys/backtrace.rs:66:9
[INFO] [stdout]    3:     0x5e8adde4902a - <std::sys::backtrace::BacktraceLock::print::DisplayBacktrace as core::fmt::Display>::fmt::h71a62eb3b9696b12
[INFO] [stdout]                                at /rustc/6067b36314ab5eb2eb47cecc464545ba58e1ad24/library/std/src/sys/backtrace.rs:39:26
[INFO] [stdout]    4:     0x5e8adde75753 - core::fmt::rt::Argument::fmt::hdb6b616786b41dc1
[INFO] [stdout]                                at /rustc/6067b36314ab5eb2eb47cecc464545ba58e1ad24/library/core/src/fmt/rt.rs:177:76
[INFO] [stdout]    5:     0x5e8adde75753 - core::fmt::write::h2cc1698af7e2d686
[INFO] [stdout]                                at /rustc/6067b36314ab5eb2eb47cecc464545ba58e1ad24/library/core/src/fmt/mod.rs:1440:21
[INFO] [stdout]    6:     0x5e8adde44cf3 - std::io::Write::write_fmt::hab1b4cd059a79022
[INFO] [stdout]                                at /rustc/6067b36314ab5eb2eb47cecc464545ba58e1ad24/library/std/src/io/mod.rs:1887:15
[INFO] [stdout]    7:     0x5e8adde48e72 - std::sys::backtrace::BacktraceLock::print::h147fe35b4ea13b08
[INFO] [stdout]                                at /rustc/6067b36314ab5eb2eb47cecc464545ba58e1ad24/library/std/src/sys/backtrace.rs:42:9
[INFO] [stdout]    8:     0x5e8adde4a44f - std::panicking::default_hook::{{closure}}::hbd44223dbdc0d208
[INFO] [stdout]                                at /rustc/6067b36314ab5eb2eb47cecc464545ba58e1ad24/library/std/src/panicking.rs:298:22
[INFO] [stdout]    9:     0x5e8adde4a268 - std::panicking::default_hook::h20f81eb0576efcec
[INFO] [stdout]                                at /rustc/6067b36314ab5eb2eb47cecc464545ba58e1ad24/library/std/src/panicking.rs:322:9
[INFO] [stdout]   10:     0x5e8add93f203 - <alloc::boxed::Box<F,A> as core::ops::function::Fn<Args>>::call::hdb53814c496a4d34
[INFO] [stdout]                                at /rustc/6067b36314ab5eb2eb47cecc464545ba58e1ad24/library/alloc/src/boxed.rs:2027:9
[INFO] [stdout]   11:     0x5e8add93f203 - test::test_main::{{closure}}::hc0a4963c59427c24
[INFO] [stdout]                                at /rustc/6067b36314ab5eb2eb47cecc464545ba58e1ad24/library/test/src/lib.rs:134:21
[INFO] [stdout]   12:     0x5e8adde4af43 - <alloc::boxed::Box<F,A> as core::ops::function::Fn<Args>>::call::h591b2225413a77e9
[INFO] [stdout]                                at /rustc/6067b36314ab5eb2eb47cecc464545ba58e1ad24/library/alloc/src/boxed.rs:2027:9
[INFO] [stdout]   13:     0x5e8adde4af43 - std::panicking::rust_panic_with_hook::h625eea43051b2edc
[INFO] [stdout]                                at /rustc/6067b36314ab5eb2eb47cecc464545ba58e1ad24/library/std/src/panicking.rs:839:13
[INFO] [stdout]   14:     0x5e8adde4abfa - std::panicking::begin_panic_handler::{{closure}}::h4f9159cfbc3f6bd3
[INFO] [stdout]                                at /rustc/6067b36314ab5eb2eb47cecc464545ba58e1ad24/library/std/src/panicking.rs:704:13
[INFO] [stdout]   15:     0x5e8adde49529 - std::sys::backtrace::__rust_end_short_backtrace::h0390abce48353151
[INFO] [stdout]                                at /rustc/6067b36314ab5eb2eb47cecc464545ba58e1ad24/library/std/src/sys/backtrace.rs:168:18
[INFO] [stdout]   16:     0x5e8adde4a88d - rust_begin_unwind
[INFO] [stdout]                                at /rustc/6067b36314ab5eb2eb47cecc464545ba58e1ad24/library/std/src/panicking.rs:695:5
[INFO] [stdout]   17:     0x5e8adde735b0 - core::panicking::panic_fmt::h9e7c637e9e5f29c9
[INFO] [stdout]                                at /rustc/6067b36314ab5eb2eb47cecc464545ba58e1ad24/library/core/src/panicking.rs:75:14
[INFO] [stdout]   18:     0x5e8adde73a86 - core::result::unwrap_failed::h7979f09313fe1849
[INFO] [stdout]                                at /rustc/6067b36314ab5eb2eb47cecc464545ba58e1ad24/library/core/src/result.rs:1704:5
[INFO] [stdout]   19:     0x5e8add8f0cf6 - core::result::Result<T,E>::expect::h52d8381dab22ba02
[INFO] [stdout]                                at /rustc/6067b36314ab5eb2eb47cecc464545ba58e1ad24/library/core/src/result.rs:1061:23
[INFO] [stdout]   20:     0x5e8add8fa924 - integration_tests::test_vyper_client_integration::{{closure}}::h6a4bd379a7ad3fce
[INFO] [stdout]                                at /opt/rustwide/workdir/tests/integration_tests.rs:13:19
[INFO] [stdout]   21:     0x5e8add8f9d62 - <core::pin::Pin<P> as core::future::future::Future>::poll::h5101ac2202979070
[INFO] [stdout]                                at /rustc/6067b36314ab5eb2eb47cecc464545ba58e1ad24/library/core/src/future/future.rs:124:9
[INFO] [stdout]   22:     0x5e8add8f9ddd - <core::pin::Pin<P> as core::future::future::Future>::poll::h7998fcb9badc78f4
[INFO] [stdout]                                at /rustc/6067b36314ab5eb2eb47cecc464545ba58e1ad24/library/core/src/future/future.rs:124:9
[INFO] [stdout]   23:     0x5e8add8da87f - tokio::runtime::scheduler::current_thread::CoreGuard::block_on::{{closure}}::{{closure}}::{{closure}}::h4f8163c951bbeb8e
[INFO] [stdout]                                at /opt/rustwide/cargo-home/registry/src/index.crates.io-1949cf8c6b5b557f/tokio-1.40.0/src/runtime/scheduler/current_thread/mod.rs:696:57
[INFO] [stdout]   24:     0x5e8add8da625 - tokio::runtime::coop::with_budget::hf6601322accf1aec
[INFO] [stdout]                                at /opt/rustwide/cargo-home/registry/src/index.crates.io-1949cf8c6b5b557f/tokio-1.40.0/src/runtime/coop.rs:107:5
[INFO] [stdout]   25:     0x5e8add8da625 - tokio::runtime::coop::budget::h64370809f124baa8
[INFO] [stdout]                                at /opt/rustwide/cargo-home/registry/src/index.crates.io-1949cf8c6b5b557f/tokio-1.40.0/src/runtime/coop.rs:73:5
[INFO] [stdout]   26:     0x5e8add8da625 - tokio::runtime::scheduler::current_thread::CoreGuard::block_on::{{closure}}::{{closure}}::h6b2266c7e04d268b
[INFO] [stdout]                                at /opt/rustwide/cargo-home/registry/src/index.crates.io-1949cf8c6b5b557f/tokio-1.40.0/src/runtime/scheduler/current_thread/mod.rs:696:25
[INFO] [stdout]   27:     0x5e8add8d7e20 - tokio::runtime::scheduler::current_thread::Context::enter::haeba3574729c7c15
[INFO] [stdout]                                at /opt/rustwide/cargo-home/registry/src/index.crates.io-1949cf8c6b5b557f/tokio-1.40.0/src/runtime/scheduler/current_thread/mod.rs:423:19
[INFO] [stdout]   28:     0x5e8add8d95eb - tokio::runtime::scheduler::current_thread::CoreGuard::block_on::{{closure}}::h424c166596166964
[INFO] [stdout]                                at /opt/rustwide/cargo-home/registry/src/index.crates.io-1949cf8c6b5b557f/tokio-1.40.0/src/runtime/scheduler/current_thread/mod.rs:695:36
[INFO] [stdout]   29:     0x5e8add8d9304 - tokio::runtime::scheduler::current_thread::CoreGuard::enter::{{closure}}::ha88b442480bf6270
[INFO] [stdout]                                at /opt/rustwide/cargo-home/registry/src/index.crates.io-1949cf8c6b5b557f/tokio-1.40.0/src/runtime/scheduler/current_thread/mod.rs:774:68
[INFO] [stdout]   30:     0x5e8add90254b - tokio::runtime::context::scoped::Scoped<T>::set::h7091f1bbe53bf77d
[INFO] [stdout]                                at /opt/rustwide/cargo-home/registry/src/index.crates.io-1949cf8c6b5b557f/tokio-1.40.0/src/runtime/context/scoped.rs:40:9
[INFO] [stdout]   31:     0x5e8add8f8369 - tokio::runtime::context::set_scheduler::{{closure}}::h90735ab0cc387bcb
[INFO] [stdout]                                at /opt/rustwide/cargo-home/registry/src/index.crates.io-1949cf8c6b5b557f/tokio-1.40.0/src/runtime/context.rs:180:26
[INFO] [stdout]   32:     0x5e8add8fcb62 - std::thread::local::LocalKey<T>::try_with::h01e8d437f465d2a0
[INFO] [stdout]                                at /rustc/6067b36314ab5eb2eb47cecc464545ba58e1ad24/library/std/src/thread/local.rs:308:12
[INFO] [stdout]   33:     0x5e8add8fc96a - std::thread::local::LocalKey<T>::with::h532e4de770d7198f
[INFO] [stdout]                                at /rustc/6067b36314ab5eb2eb47cecc464545ba58e1ad24/library/std/src/thread/local.rs:272:9
[INFO] [stdout]   34:     0x5e8add8f82dd - tokio::runtime::context::set_scheduler::h4dd1a0d2cfef6ec0
[INFO] [stdout]                                at /opt/rustwide/cargo-home/registry/src/index.crates.io-1949cf8c6b5b557f/tokio-1.40.0/src/runtime/context.rs:180:9
[INFO] [stdout]   35:     0x5e8add8d9090 - tokio::runtime::scheduler::current_thread::CoreGuard::enter::hc19575e6219c151c
[INFO] [stdout]                                at /opt/rustwide/cargo-home/registry/src/index.crates.io-1949cf8c6b5b557f/tokio-1.40.0/src/runtime/scheduler/current_thread/mod.rs:774:27
[INFO] [stdout]   36:     0x5e8add8d9383 - tokio::runtime::scheduler::current_thread::CoreGuard::block_on::h0c45b9417077a21e
[INFO] [stdout]                                at /opt/rustwide/cargo-home/registry/src/index.crates.io-1949cf8c6b5b557f/tokio-1.40.0/src/runtime/scheduler/current_thread/mod.rs:683:19
[INFO] [stdout]   37:     0x5e8add8d701e - tokio::runtime::scheduler::current_thread::CurrentThread::block_on::{{closure}}::hcda718eee8b5bf29
[INFO] [stdout]                                at /opt/rustwide/cargo-home/registry/src/index.crates.io-1949cf8c6b5b557f/tokio-1.40.0/src/runtime/scheduler/current_thread/mod.rs:191:28
[INFO] [stdout]   38:     0x5e8add902816 - tokio::runtime::context::runtime::enter_runtime::h00803be56608ccbe
[INFO] [stdout]                                at /opt/rustwide/cargo-home/registry/src/index.crates.io-1949cf8c6b5b557f/tokio-1.40.0/src/runtime/context/runtime.rs:65:16
[INFO] [stdout]   39:     0x5e8add8d6881 - tokio::runtime::scheduler::current_thread::CurrentThread::block_on::h81f027acf446f4a1
[INFO] [stdout]                                at /opt/rustwide/cargo-home/registry/src/index.crates.io-1949cf8c6b5b557f/tokio-1.40.0/src/runtime/scheduler/current_thread/mod.rs:179:9
[INFO] [stdout]   40:     0x5e8add8e6c12 - tokio::runtime::runtime::Runtime::block_on_inner::h0efd252498a249b1
[INFO] [stdout]                                at /opt/rustwide/cargo-home/registry/src/index.crates.io-1949cf8c6b5b557f/tokio-1.40.0/src/runtime/runtime.rs:361:47
[INFO] [stdout]   41:     0x5e8add8e6e55 - tokio::runtime::runtime::Runtime::block_on::h4ccbbf07bbb7fcd4
[INFO] [stdout]                                at /opt/rustwide/cargo-home/registry/src/index.crates.io-1949cf8c6b5b557f/tokio-1.40.0/src/runtime/runtime.rs:335:13
[INFO] [stdout]   42:     0x5e8add8fa74d - integration_tests::test_vyper_client_integration::hbc09b3a10b77b8ca
[INFO] [stdout]                                at /opt/rustwide/workdir/tests/integration_tests.rs:26:5
[INFO] [stdout]   43:     0x5e8add8fa5e7 - integration_tests::test_vyper_client_integration::{{closure}}::h9a561de9442849a7
[INFO] [stdout]                                at /opt/rustwide/workdir/tests/integration_tests.rs:10:41
[INFO] [stdout]   44:     0x5e8add8c71a6 - core::ops::function::FnOnce::call_once::h35f7ad9d5d89181d
[INFO] [stdout]                                at /rustc/6067b36314ab5eb2eb47cecc464545ba58e1ad24/library/core/src/ops/function.rs:250:5
[INFO] [stdout]   45:     0x5e8add94495b - core::ops::function::FnOnce::call_once::he27718dfdd183f43
[INFO] [stdout]                                at /rustc/6067b36314ab5eb2eb47cecc464545ba58e1ad24/library/core/src/ops/function.rs:250:5
[INFO] [stdout]   46:     0x5e8add94495b - test::__rust_begin_short_backtrace::h4e84902998457a5d
[INFO] [stdout]                                at /rustc/6067b36314ab5eb2eb47cecc464545ba58e1ad24/library/test/src/lib.rs:632:18
[INFO] [stdout]   47:     0x5e8add943893 - test::run_test_in_process::{{closure}}::h7176fd18fc1feca0
[INFO] [stdout]                                at /rustc/6067b36314ab5eb2eb47cecc464545ba58e1ad24/library/test/src/lib.rs:655:60
[INFO] [stdout]   48:     0x5e8add943893 - <core::panic::unwind_safe::AssertUnwindSafe<F> as core::ops::function::FnOnce<()>>::call_once::hf79cff2a624d8cf7
[INFO] [stdout]                                at /rustc/6067b36314ab5eb2eb47cecc464545ba58e1ad24/library/core/src/panic/unwind_safe.rs:272:9
[INFO] [stdout]   49:     0x5e8add943893 - std::panicking::try::do_call::h3da0561d9ab99c25
[INFO] [stdout]                                at /rustc/6067b36314ab5eb2eb47cecc464545ba58e1ad24/library/std/src/panicking.rs:587:40
[INFO] [stdout]   50:     0x5e8add943893 - std::panicking::try::h41c9fa508bc61df6
[INFO] [stdout]                                at /rustc/6067b36314ab5eb2eb47cecc464545ba58e1ad24/library/std/src/panicking.rs:550:19
[INFO] [stdout]   51:     0x5e8add943893 - std::panic::catch_unwind::h6b3ff07bb5afad93
[INFO] [stdout]                                at /rustc/6067b36314ab5eb2eb47cecc464545ba58e1ad24/library/std/src/panic.rs:358:14
[INFO] [stdout]   52:     0x5e8add943893 - test::run_test_in_process::hc7253dd11b39b9f4
[INFO] [stdout]                                at /rustc/6067b36314ab5eb2eb47cecc464545ba58e1ad24/library/test/src/lib.rs:655:27
[INFO] [stdout]   53:     0x5e8add943893 - test::run_test::{{closure}}::hfb2007f8649c30bb
[INFO] [stdout]                                at /rustc/6067b36314ab5eb2eb47cecc464545ba58e1ad24/library/test/src/lib.rs:576:43
[INFO] [stdout]   54:     0x5e8add906975 - test::run_test::{{closure}}::h56a17aa7a282a9f4
[INFO] [stdout]                                at /rustc/6067b36314ab5eb2eb47cecc464545ba58e1ad24/library/test/src/lib.rs:606:41
[INFO] [stdout]   55:     0x5e8add906975 - std::sys::backtrace::__rust_begin_short_backtrace::hd2d2d2fb8e8c6aac
[INFO] [stdout]                                at /rustc/6067b36314ab5eb2eb47cecc464545ba58e1ad24/library/std/src/sys/backtrace.rs:152:18
[INFO] [stdout]   56:     0x5e8add90a25a - std::thread::Builder::spawn_unchecked_::{{closure}}::{{closure}}::h4faa3f9db6133423
[INFO] [stdout]                                at /rustc/6067b36314ab5eb2eb47cecc464545ba58e1ad24/library/std/src/thread/mod.rs:559:17
[INFO] [stdout]   57:     0x5e8add90a25a - <core::panic::unwind_safe::AssertUnwindSafe<F> as core::ops::function::FnOnce<()>>::call_once::hf2e855a36a4ea846
[INFO] [stdout]                                at /rustc/6067b36314ab5eb2eb47cecc464545ba58e1ad24/library/core/src/panic/unwind_safe.rs:272:9
[INFO] [stdout]   58:     0x5e8add90a25a - std::panicking::try::do_call::h2f73af3616c35465
[INFO] [stdout]                                at /rustc/6067b36314ab5eb2eb47cecc464545ba58e1ad24/library/std/src/panicking.rs:587:40
[INFO] [stdout]   59:     0x5e8add90a25a - std::panicking::try::hd1660ce9efadef5a
[INFO] [stdout]                                at /rustc/6067b36314ab5eb2eb47cecc464545ba58e1ad24/library/std/src/panicking.rs:550:19
[INFO] [stdout]   60:     0x5e8add90a25a - std::panic::catch_unwind::h5ee8d7823b8ca744
[INFO] [stdout]                                at /rustc/6067b36314ab5eb2eb47cecc464545ba58e1ad24/library/std/src/panic.rs:358:14
[INFO] [stdout]   61:     0x5e8add90a25a - std::thread::Builder::spawn_unchecked_::{{closure}}::h53c3a1894dce8407
[INFO] [stdout]                                at /rustc/6067b36314ab5eb2eb47cecc464545ba58e1ad24/library/std/src/thread/mod.rs:557:30
[INFO] [stdout]   62:     0x5e8add90a25a - core::ops::function::FnOnce::call_once{{vtable.shim}}::h048ce291ad4f62bf
[INFO] [stdout]                                at /rustc/6067b36314ab5eb2eb47cecc464545ba58e1ad24/library/core/src/ops/function.rs:250:5
[INFO] [stdout]   63:     0x5e8adde4f3eb - <alloc::boxed::Box<F,A> as core::ops::function::FnOnce<Args>>::call_once::ha52bedf99a3b4981
[INFO] [stdout]                                at /rustc/6067b36314ab5eb2eb47cecc464545ba58e1ad24/library/alloc/src/boxed.rs:2013:9
[INFO] [stdout]   64:     0x5e8adde4f3eb - <alloc::boxed::Box<F,A> as core::ops::function::FnOnce<Args>>::call_once::h567748934d80ccf8
[INFO] [stdout]                                at /rustc/6067b36314ab5eb2eb47cecc464545ba58e1ad24/library/alloc/src/boxed.rs:2013:9
[INFO] [stdout]   65:     0x5e8adde4f3eb - std::sys::pal::unix::thread::Thread::new::thread_start::h2d970728ae887adc
[INFO] [stdout]                                at /rustc/6067b36314ab5eb2eb47cecc464545ba58e1ad24/library/std/src/sys/pal/unix/thread.rs:106:17
[INFO] [stdout]   66:     0x729ce8c34ac3 - <unknown>
[INFO] [stdout]   67:     0x729ce8cc5a04 - clone
[INFO] [stdout]   68:                0x0 - <unknown>
[INFO] [stdout] 
[INFO] [stdout] ---- test_vyper_websocket_client_integration stdout ----
[INFO] [stdout] 
[INFO] [stdout] thread 'test_vyper_websocket_client_integration' panicked at tests/integration_tests.rs:33:45:
[INFO] [stdout] VYPER_API_KEY must be set: NotPresent
[INFO] [stdout] stack backtrace:
[INFO] [stdout]    0:     0x5e8adde4902a - std::backtrace_rs::backtrace::libunwind::trace::hb059275cfc8d6126
[INFO] [stdout]                                at /rustc/6067b36314ab5eb2eb47cecc464545ba58e1ad24/library/std/src/../../backtrace/src/backtrace/libunwind.rs:116:5
[INFO] [stdout]    1:     0x5e8adde4902a - std::backtrace_rs::backtrace::trace_unsynchronized::h2da071e4327ce3ee
[INFO] [stdout]                                at /rustc/6067b36314ab5eb2eb47cecc464545ba58e1ad24/library/std/src/../../backtrace/src/backtrace/mod.rs:66:5
[INFO] [stdout]    2:     0x5e8adde4902a - std::sys::backtrace::_print_fmt::h842a1474e6f8d23f
[INFO] [stdout]                                at /rustc/6067b36314ab5eb2eb47cecc464545ba58e1ad24/library/std/src/sys/backtrace.rs:66:9
[INFO] [stdout]    3:     0x5e8adde4902a - <std::sys::backtrace::BacktraceLock::print::DisplayBacktrace as core::fmt::Display>::fmt::h71a62eb3b9696b12
[INFO] [stdout]                                at /rustc/6067b36314ab5eb2eb47cecc464545ba58e1ad24/library/std/src/sys/backtrace.rs:39:26
[INFO] [stdout]    4:     0x5e8adde75753 - core::fmt::rt::Argument::fmt::hdb6b616786b41dc1
[INFO] [stdout]                                at /rustc/6067b36314ab5eb2eb47cecc464545ba58e1ad24/library/core/src/fmt/rt.rs:177:76
[INFO] [stdout]    5:     0x5e8adde75753 - core::fmt::write::h2cc1698af7e2d686
[INFO] [stdout]                                at /rustc/6067b36314ab5eb2eb47cecc464545ba58e1ad24/library/core/src/fmt/mod.rs:1440:21
[INFO] [stdout]    6:     0x5e8adde44cf3 - std::io::Write::write_fmt::hab1b4cd059a79022
[INFO] [stdout]                                at /rustc/6067b36314ab5eb2eb47cecc464545ba58e1ad24/library/std/src/io/mod.rs:1887:15
[INFO] [stdout]    7:     0x5e8adde48e72 - std::sys::backtrace::BacktraceLock::print::h147fe35b4ea13b08
[INFO] [stdout]                                at /rustc/6067b36314ab5eb2eb47cecc464545ba58e1ad24/library/std/src/sys/backtrace.rs:42:9
[INFO] [stdout]    8:     0x5e8adde4a44f - std::panicking::default_hook::{{closure}}::hbd44223dbdc0d208
[INFO] [stdout]                                at /rustc/6067b36314ab5eb2eb47cecc464545ba58e1ad24/library/std/src/panicking.rs:298:22
[INFO] [stdout]    9:     0x5e8adde4a268 - std::panicking::default_hook::h20f81eb0576efcec
[INFO] [stdout]                                at /rustc/6067b36314ab5eb2eb47cecc464545ba58e1ad24/library/std/src/panicking.rs:322:9
[INFO] [stdout]   10:     0x5e8add93f203 - <alloc::boxed::Box<F,A> as core::ops::function::Fn<Args>>::call::hdb53814c496a4d34
[INFO] [stdout]                                at /rustc/6067b36314ab5eb2eb47cecc464545ba58e1ad24/library/alloc/src/boxed.rs:2027:9
[INFO] [stdout]   11:     0x5e8add93f203 - test::test_main::{{closure}}::hc0a4963c59427c24
[INFO] [stdout]                                at /rustc/6067b36314ab5eb2eb47cecc464545ba58e1ad24/library/test/src/lib.rs:134:21
[INFO] [stdout]   12:     0x5e8adde4af43 - <alloc::boxed::Box<F,A> as core::ops::function::Fn<Args>>::call::h591b2225413a77e9
[INFO] [stdout]                                at /rustc/6067b36314ab5eb2eb47cecc464545ba58e1ad24/library/alloc/src/boxed.rs:2027:9
[INFO] [stdout]   13:     0x5e8adde4af43 - std::panicking::rust_panic_with_hook::h625eea43051b2edc
[INFO] [stdout]                                at /rustc/6067b36314ab5eb2eb47cecc464545ba58e1ad24/library/std/src/panicking.rs:839:13
[INFO] [stdout]   14:     0x5e8adde4abfa - std::panicking::begin_panic_handler::{{closure}}::h4f9159cfbc3f6bd3
[INFO] [stderr] error: test failed, to rerun pass `--test integration_tests`
[INFO] [stdout]                                at /rustc/6067b36314ab5eb2eb47cecc464545ba58e1ad24/library/std/src/panicking.rs:704:13
[INFO] [stdout]   15:     0x5e8adde49529 - std::sys::backtrace::__rust_end_short_backtrace::h0390abce48353151
[INFO] [stdout]                                at /rustc/6067b36314ab5eb2eb47cecc464545ba58e1ad24/library/std/src/sys/backtrace.rs:168:18
[INFO] [stdout]   16:     0x5e8adde4a88d - rust_begin_unwind
[INFO] [stdout]                                at /rustc/6067b36314ab5eb2eb47cecc464545ba58e1ad24/library/std/src/panicking.rs:695:5
[INFO] [stdout]   17:     0x5e8adde735b0 - core::panicking::panic_fmt::h9e7c637e9e5f29c9
[INFO] [stdout]                                at /rustc/6067b36314ab5eb2eb47cecc464545ba58e1ad24/library/core/src/panicking.rs:75:14
[INFO] [stdout]   18:     0x5e8adde73a86 - core::result::unwrap_failed::h7979f09313fe1849
[INFO] [stdout]                                at /rustc/6067b36314ab5eb2eb47cecc464545ba58e1ad24/library/core/src/result.rs:1704:5
[INFO] [stdout]   19:     0x5e8add8f0cf6 - core::result::Result<T,E>::expect::h52d8381dab22ba02
[INFO] [stdout]                                at /rustc/6067b36314ab5eb2eb47cecc464545ba58e1ad24/library/core/src/result.rs:1061:23
[INFO] [stdout]   20:     0x5e8add8fb5a6 - integration_tests::test_vyper_websocket_client_integration::{{closure}}::hdb1b826c304cd535
[INFO] [stdout]                                at /opt/rustwide/workdir/tests/integration_tests.rs:33:19
[INFO] [stdout]   21:     0x5e8add8f9d62 - <core::pin::Pin<P> as core::future::future::Future>::poll::h5101ac2202979070
[INFO] [stdout]                                at /rustc/6067b36314ab5eb2eb47cecc464545ba58e1ad24/library/core/src/future/future.rs:124:9
[INFO] [stdout]   22:     0x5e8add8f9ddd - <core::pin::Pin<P> as core::future::future::Future>::poll::h7998fcb9badc78f4
[INFO] [stdout]                                at /rustc/6067b36314ab5eb2eb47cecc464545ba58e1ad24/library/core/src/future/future.rs:124:9
[INFO] [stdout]   23:     0x5e8add8da87f - tokio::runtime::scheduler::current_thread::CoreGuard::block_on::{{closure}}::{{closure}}::{{closure}}::h4f8163c951bbeb8e
[INFO] [stdout]                                at /opt/rustwide/cargo-home/registry/src/index.crates.io-1949cf8c6b5b557f/tokio-1.40.0/src/runtime/scheduler/current_thread/mod.rs:696:57
[INFO] [stdout]   24:     0x5e8add8da625 - tokio::runtime::coop::with_budget::hf6601322accf1aec
[INFO] [stdout]                                at /opt/rustwide/cargo-home/registry/src/index.crates.io-1949cf8c6b5b557f/tokio-1.40.0/src/runtime/coop.rs:107:5
[INFO] [stdout]   25:     0x5e8add8da625 - tokio::runtime::coop::budget::h64370809f124baa8
[INFO] [stdout]                                at /opt/rustwide/cargo-home/registry/src/index.crates.io-1949cf8c6b5b557f/tokio-1.40.0/src/runtime/coop.rs:73:5
[INFO] [stdout]   26:     0x5e8add8da625 - tokio::runtime::scheduler::current_thread::CoreGuard::block_on::{{closure}}::{{closure}}::h6b2266c7e04d268b
[INFO] [stdout]                                at /opt/rustwide/cargo-home/registry/src/index.crates.io-1949cf8c6b5b557f/tokio-1.40.0/src/runtime/scheduler/current_thread/mod.rs:696:25
[INFO] [stdout]   27:     0x5e8add8d7e20 - tokio::runtime::scheduler::current_thread::Context::enter::haeba3574729c7c15
[INFO] [stdout]                                at /opt/rustwide/cargo-home/registry/src/index.crates.io-1949cf8c6b5b557f/tokio-1.40.0/src/runtime/scheduler/current_thread/mod.rs:423:19
[INFO] [stdout]   28:     0x5e8add8d95eb - tokio::runtime::scheduler::current_thread::CoreGuard::block_on::{{closure}}::h424c166596166964
[INFO] [stdout]                                at /opt/rustwide/cargo-home/registry/src/index.crates.io-1949cf8c6b5b557f/tokio-1.40.0/src/runtime/scheduler/current_thread/mod.rs:695:36
[INFO] [stdout]   29:     0x5e8add8d9304 - tokio::runtime::scheduler::current_thread::CoreGuard::enter::{{closure}}::ha88b442480bf6270
[INFO] [stdout]                                at /opt/rustwide/cargo-home/registry/src/index.crates.io-1949cf8c6b5b557f/tokio-1.40.0/src/runtime/scheduler/current_thread/mod.rs:774:68
[INFO] [stdout]   30:     0x5e8add90254b - tokio::runtime::context::scoped::Scoped<T>::set::h7091f1bbe53bf77d
[INFO] [stdout]                                at /opt/rustwide/cargo-home/registry/src/index.crates.io-1949cf8c6b5b557f/tokio-1.40.0/src/runtime/context/scoped.rs:40:9
[INFO] [stdout]   31:     0x5e8add8f8369 - tokio::runtime::context::set_scheduler::{{closure}}::h90735ab0cc387bcb
[INFO] [stdout]                                at /opt/rustwide/cargo-home/registry/src/index.crates.io-1949cf8c6b5b557f/tokio-1.40.0/src/runtime/context.rs:180:26
[INFO] [stdout]   32:     0x5e8add8fcb62 - std::thread::local::LocalKey<T>::try_with::h01e8d437f465d2a0
[INFO] [stdout]                                at /rustc/6067b36314ab5eb2eb47cecc464545ba58e1ad24/library/std/src/thread/local.rs:308:12
[INFO] [stdout]   33:     0x5e8add8fc96a - std::thread::local::LocalKey<T>::with::h532e4de770d7198f
[INFO] [stdout]                                at /rustc/6067b36314ab5eb2eb47cecc464545ba58e1ad24/library/std/src/thread/local.rs:272:9
[INFO] [stdout]   34:     0x5e8add8f82dd - tokio::runtime::context::set_scheduler::h4dd1a0d2cfef6ec0
[INFO] [stdout]                                at /opt/rustwide/cargo-home/registry/src/index.crates.io-1949cf8c6b5b557f/tokio-1.40.0/src/runtime/context.rs:180:9
[INFO] [stdout]   35:     0x5e8add8d9090 - tokio::runtime::scheduler::current_thread::CoreGuard::enter::hc19575e6219c151c
[INFO] [stdout]                                at /opt/rustwide/cargo-home/registry/src/index.crates.io-1949cf8c6b5b557f/tokio-1.40.0/src/runtime/scheduler/current_thread/mod.rs:774:27
[INFO] [stdout]   36:     0x5e8add8d9383 - tokio::runtime::scheduler::current_thread::CoreGuard::block_on::h0c45b9417077a21e
[INFO] [stdout]                                at /opt/rustwide/cargo-home/registry/src/index.crates.io-1949cf8c6b5b557f/tokio-1.40.0/src/runtime/scheduler/current_thread/mod.rs:683:19
[INFO] [stdout]   37:     0x5e8add8d701e - tokio::runtime::scheduler::current_thread::CurrentThread::block_on::{{closure}}::hcda718eee8b5bf29
[INFO] [stdout]                                at /opt/rustwide/cargo-home/registry/src/index.crates.io-1949cf8c6b5b557f/tokio-1.40.0/src/runtime/scheduler/current_thread/mod.rs:191:28
[INFO] [stdout]   38:     0x5e8add902816 - tokio::runtime::context::runtime::enter_runtime::h00803be56608ccbe
[INFO] [stdout]                                at /opt/rustwide/cargo-home/registry/src/index.crates.io-1949cf8c6b5b557f/tokio-1.40.0/src/runtime/context/runtime.rs:65:16
[INFO] [stdout]   39:     0x5e8add8d6881 - tokio::runtime::scheduler::current_thread::CurrentThread::block_on::h81f027acf446f4a1
[INFO] [stdout]                                at /opt/rustwide/cargo-home/registry/src/index.crates.io-1949cf8c6b5b557f/tokio-1.40.0/src/runtime/scheduler/current_thread/mod.rs:179:9
[INFO] [stdout]   40:     0x5e8add8e6c12 - tokio::runtime::runtime::Runtime::block_on_inner::h0efd252498a249b1
[INFO] [stdout]                                at /opt/rustwide/cargo-home/registry/src/index.crates.io-1949cf8c6b5b557f/tokio-1.40.0/src/runtime/runtime.rs:361:47
[INFO] [stdout]   41:     0x5e8add8e6e55 - tokio::runtime::runtime::Runtime::block_on::h4ccbbf07bbb7fcd4
[INFO] [stdout]                                at /opt/rustwide/cargo-home/registry/src/index.crates.io-1949cf8c6b5b557f/tokio-1.40.0/src/runtime/runtime.rs:335:13
[INFO] [stdout]   42:     0x5e8add8fb35e - integration_tests::test_vyper_websocket_client_integration::hac55e2abff568eb1
[INFO] [stdout]                                at /opt/rustwide/workdir/tests/integration_tests.rs:67:5
[INFO] [stdout]   43:     0x5e8add8fb207 - integration_tests::test_vyper_websocket_client_integration::{{closure}}::he83ed65b27fa6327
[INFO] [stdout]                                at /opt/rustwide/workdir/tests/integration_tests.rs:30:51
[INFO] [stdout]   44:     0x5e8add8c77a6 - core::ops::function::FnOnce::call_once::hb59e3ac75cb3e874
[INFO] [stdout]                                at /rustc/6067b36314ab5eb2eb47cecc464545ba58e1ad24/library/core/src/ops/function.rs:250:5
[INFO] [stdout]   45:     0x5e8add94495b - core::ops::function::FnOnce::call_once::he27718dfdd183f43
[INFO] [stdout]                                at /rustc/6067b36314ab5eb2eb47cecc464545ba58e1ad24/library/core/src/ops/function.rs:250:5
[INFO] [stdout]   46:     0x5e8add94495b - test::__rust_begin_short_backtrace::h4e84902998457a5d
[INFO] [stdout]                                at /rustc/6067b36314ab5eb2eb47cecc464545ba58e1ad24/library/test/src/lib.rs:632:18
[INFO] [stdout]   47:     0x5e8add943893 - test::run_test_in_process::{{closure}}::h7176fd18fc1feca0
[INFO] [stdout]                                at /rustc/6067b36314ab5eb2eb47cecc464545ba58e1ad24/library/test/src/lib.rs:655:60
[INFO] [stdout]   48:     0x5e8add943893 - <core::panic::unwind_safe::AssertUnwindSafe<F> as core::ops::function::FnOnce<()>>::call_once::hf79cff2a624d8cf7
[INFO] [stdout]                                at /rustc/6067b36314ab5eb2eb47cecc464545ba58e1ad24/library/core/src/panic/unwind_safe.rs:272:9
[INFO] [stdout]   49:     0x5e8add943893 - std::panicking::try::do_call::h3da0561d9ab99c25
[INFO] [stdout]                                at /rustc/6067b36314ab5eb2eb47cecc464545ba58e1ad24/library/std/src/panicking.rs:587:40
[INFO] [stdout]   50:     0x5e8add943893 - std::panicking::try::h41c9fa508bc61df6
[INFO] [stdout]                                at /rustc/6067b36314ab5eb2eb47cecc464545ba58e1ad24/library/std/src/panicking.rs:550:19
[INFO] [stdout]   51:     0x5e8add943893 - std::panic::catch_unwind::h6b3ff07bb5afad93
[INFO] [stdout]                                at /rustc/6067b36314ab5eb2eb47cecc464545ba58e1ad24/library/std/src/panic.rs:358:14
[INFO] [stdout]   52:     0x5e8add943893 - test::run_test_in_process::hc7253dd11b39b9f4
[INFO] [stdout]                                at /rustc/6067b36314ab5eb2eb47cecc464545ba58e1ad24/library/test/src/lib.rs:655:27
[INFO] [stdout]   53:     0x5e8add943893 - test::run_test::{{closure}}::hfb2007f8649c30bb
[INFO] [stdout]                                at /rustc/6067b36314ab5eb2eb47cecc464545ba58e1ad24/library/test/src/lib.rs:576:43
[INFO] [stdout]   54:     0x5e8add906975 - test::run_test::{{closure}}::h56a17aa7a282a9f4
[INFO] [stdout]                                at /rustc/6067b36314ab5eb2eb47cecc464545ba58e1ad24/library/test/src/lib.rs:606:41
[INFO] [stdout]   55:     0x5e8add906975 - std::sys::backtrace::__rust_begin_short_backtrace::hd2d2d2fb8e8c6aac
[INFO] [stdout]                                at /rustc/6067b36314ab5eb2eb47cecc464545ba58e1ad24/library/std/src/sys/backtrace.rs:152:18
[INFO] [stdout]   56:     0x5e8add90a25a - std::thread::Builder::spawn_unchecked_::{{closure}}::{{closure}}::h4faa3f9db6133423
[INFO] [stdout]                                at /rustc/6067b36314ab5eb2eb47cecc464545ba58e1ad24/library/std/src/thread/mod.rs:559:17
[INFO] [stdout]   57:     0x5e8add90a25a - <core::panic::unwind_safe::AssertUnwindSafe<F> as core::ops::function::FnOnce<()>>::call_once::hf2e855a36a4ea846
[INFO] [stdout]                                at /rustc/6067b36314ab5eb2eb47cecc464545ba58e1ad24/library/core/src/panic/unwind_safe.rs:272:9
[INFO] [stdout]   58:     0x5e8add90a25a - std::panicking::try::do_call::h2f73af3616c35465
[INFO] [stdout]                                at /rustc/6067b36314ab5eb2eb47cecc464545ba58e1ad24/library/std/src/panicking.rs:587:40
[INFO] [stdout]   59:     0x5e8add90a25a - std::panicking::try::hd1660ce9efadef5a
[INFO] [stdout]                                at /rustc/6067b36314ab5eb2eb47cecc464545ba58e1ad24/library/std/src/panicking.rs:550:19
[INFO] [stdout]   60:     0x5e8add90a25a - std::panic::catch_unwind::h5ee8d7823b8ca744
[INFO] [stdout]                                at /rustc/6067b36314ab5eb2eb47cecc464545ba58e1ad24/library/std/src/panic.rs:358:14
[INFO] [stdout]   61:     0x5e8add90a25a - std::thread::Builder::spawn_unchecked_::{{closure}}::h53c3a1894dce8407
[INFO] [stdout]                                at /rustc/6067b36314ab5eb2eb47cecc464545ba58e1ad24/library/std/src/thread/mod.rs:557:30
[INFO] [stdout]   62:     0x5e8add90a25a - core::ops::function::FnOnce::call_once{{vtable.shim}}::h048ce291ad4f62bf
[INFO] [stdout]                                at /rustc/6067b36314ab5eb2eb47cecc464545ba58e1ad24/library/core/src/ops/function.rs:250:5
[INFO] [stdout]   63:     0x5e8adde4f3eb - <alloc::boxed::Box<F,A> as core::ops::function::FnOnce<Args>>::call_once::ha52bedf99a3b4981
[INFO] [stdout]                                at /rustc/6067b36314ab5eb2eb47cecc464545ba58e1ad24/library/alloc/src/boxed.rs:2013:9
[INFO] [stdout]   64:     0x5e8adde4f3eb - <alloc::boxed::Box<F,A> as core::ops::function::FnOnce<Args>>::call_once::h567748934d80ccf8
[INFO] [stdout]                                at /rustc/6067b36314ab5eb2eb47cecc464545ba58e1ad24/library/alloc/src/boxed.rs:2013:9
[INFO] [stdout]   65:     0x5e8adde4f3eb - std::sys::pal::unix::thread::Thread::new::thread_start::h2d970728ae887adc
[INFO] [stdout]                                at /rustc/6067b36314ab5eb2eb47cecc464545ba58e1ad24/library/std/src/sys/pal/unix/thread.rs:106:17
[INFO] [stdout]   66:     0x729ce8c34ac3 - <unknown>
[INFO] [stdout]   67:     0x729ce8cc5a04 - clone
[INFO] [stdout]   68:                0x0 - <unknown>
[INFO] [stdout] 
[INFO] [stdout] 
[INFO] [stdout] failures:
[INFO] [stdout]     test_vyper_client_integration
[INFO] [stdout]     test_vyper_websocket_client_integration
[INFO] [stdout] 
[INFO] [stdout] test result: FAILED. 0 passed; 2 failed; 0 ignored; 0 measured; 0 filtered out; finished in 0.06s
[INFO] [stdout] 
[INFO] running `Command { std: "docker" "inspect" "540b454a5150e885611143a4c49e2b2f61907d1c466aa04e6efdb327e025ade6", kill_on_drop: false }`
[INFO] running `Command { std: "docker" "rm" "-f" "540b454a5150e885611143a4c49e2b2f61907d1c466aa04e6efdb327e025ade6", kill_on_drop: false }`
[INFO] [stdout] 540b454a5150e885611143a4c49e2b2f61907d1c466aa04e6efdb327e025ade6
