[INFO] cloning repository https://github.com/VladimirKzn69/rust-web-development
[INFO] running `Command { std: "git" "-c" "credential.helper=" "-c" "credential.helper=/workspace/cargo-home/bin/git-credential-null" "clone" "--bare" "https://github.com/VladimirKzn69/rust-web-development" "/workspace/cache/git-repos/https%3A%2F%2Fgithub.com%2FVladimirKzn69%2Frust-web-development", kill_on_drop: false }`
[INFO] [stderr] Cloning into bare repository '/workspace/cache/git-repos/https%3A%2F%2Fgithub.com%2FVladimirKzn69%2Frust-web-development'...
[INFO] running `Command { std: "git" "rev-parse" "HEAD", kill_on_drop: false }`
[INFO] [stdout] 469d2f1ac3a1132c4856783339840f8f584f30da
[INFO] testing VladimirKzn69/rust-web-development against nightly-2025-01-18 for randomize-layout-2
[INFO] running `Command { std: "git" "clone" "/workspace/cache/git-repos/https%3A%2F%2Fgithub.com%2FVladimirKzn69%2Frust-web-development" "/workspace/builds/worker-0-tc1/source", kill_on_drop: false }`
[INFO] [stderr] Cloning into '/workspace/builds/worker-0-tc1/source'...
[INFO] [stderr] done.
[INFO] validating manifest of git repo https://github.com/VladimirKzn69/rust-web-development on toolchain nightly-2025-01-18
[INFO] running `Command { std: CARGO_HOME="/workspace/cargo-home" RUSTUP_HOME="/workspace/rustup-home" "/workspace/cargo-home/bin/cargo" "+nightly-2025-01-18" "metadata" "--manifest-path" "Cargo.toml" "--no-deps", kill_on_drop: false }`
[INFO] started tweaking git repo https://github.com/VladimirKzn69/rust-web-development
[INFO] finished tweaking git repo https://github.com/VladimirKzn69/rust-web-development
[INFO] tweaked toml for git repo https://github.com/VladimirKzn69/rust-web-development written to /workspace/builds/worker-0-tc1/source/Cargo.toml
[INFO] crate git repo https://github.com/VladimirKzn69/rust-web-development already has a lockfile, it will not be regenerated
[INFO] running `Command { std: CARGO_HOME="/workspace/cargo-home" RUSTUP_HOME="/workspace/rustup-home" "/workspace/cargo-home/bin/cargo" "+nightly-2025-01-18" "fetch" "--manifest-path" "Cargo.toml", kill_on_drop: false }`
[INFO] [stderr]  Downloading crates ...
[INFO] [stderr]   Downloaded dsl_auto_type v0.1.2
[INFO] [stderr]   Downloaded diesel_derives v2.2.3
[INFO] [stderr]   Downloaded diesel v2.2.4
[INFO] running `Command { std: "docker" "create" "-v" "/var/lib/crater-agent-workspace/builds/worker-0-tc1/target:/opt/rustwide/target:rw,Z" "-v" "/var/lib/crater-agent-workspace/builds/worker-0-tc1/source:/opt/rustwide/workdir:ro,Z" "-v" "/var/lib/crater-agent-workspace/cargo-home:/opt/rustwide/cargo-home:ro,Z" "-v" "/var/lib/crater-agent-workspace/rustup-home:/opt/rustwide/rustup-home:ro,Z" "-e" "SOURCE_DIR=/opt/rustwide/workdir" "-e" "CARGO_TARGET_DIR=/opt/rustwide/target" "-e" "CARGO_HOME=/opt/rustwide/cargo-home" "-e" "RUSTUP_HOME=/opt/rustwide/rustup-home" "-w" "/opt/rustwide/workdir" "-m" "1610612736" "--user" "0:0" "--network" "none" "ghcr.io/rust-lang/crates-build-env/linux@sha256:819108c5571ea2e421544af4d832f968d213c87fbe3707a016657f43d2f853bc" "/opt/rustwide/cargo-home/bin/cargo" "+nightly-2025-01-18" "metadata" "--no-deps" "--format-version=1", kill_on_drop: false }`
[INFO] [stdout] a3f7acecd4d6c38cc0e49eadb2870c80c06ebf98d5c008b88ea65861115e2f4b
[INFO] running `Command { std: "docker" "start" "-a" "a3f7acecd4d6c38cc0e49eadb2870c80c06ebf98d5c008b88ea65861115e2f4b", kill_on_drop: false }`
[INFO] running `Command { std: "docker" "inspect" "a3f7acecd4d6c38cc0e49eadb2870c80c06ebf98d5c008b88ea65861115e2f4b", kill_on_drop: false }`
[INFO] running `Command { std: "docker" "rm" "-f" "a3f7acecd4d6c38cc0e49eadb2870c80c06ebf98d5c008b88ea65861115e2f4b", kill_on_drop: false }`
[INFO] [stdout] a3f7acecd4d6c38cc0e49eadb2870c80c06ebf98d5c008b88ea65861115e2f4b
[INFO] running `Command { std: "docker" "create" "-v" "/var/lib/crater-agent-workspace/builds/worker-0-tc1/target:/opt/rustwide/target:rw,Z" "-v" "/var/lib/crater-agent-workspace/builds/worker-0-tc1/source:/opt/rustwide/workdir:ro,Z" "-v" "/var/lib/crater-agent-workspace/cargo-home:/opt/rustwide/cargo-home:ro,Z" "-v" "/var/lib/crater-agent-workspace/rustup-home:/opt/rustwide/rustup-home:ro,Z" "-e" "SOURCE_DIR=/opt/rustwide/workdir" "-e" "CARGO_TARGET_DIR=/opt/rustwide/target" "-e" "CARGO_INCREMENTAL=0" "-e" "RUST_BACKTRACE=full" "-e" "RUSTFLAGS=--cap-lints=forbid" "-e" "RUSTDOCFLAGS=--cap-lints=forbid" "-e" "CARGO_HOME=/opt/rustwide/cargo-home" "-e" "RUSTUP_HOME=/opt/rustwide/rustup-home" "-w" "/opt/rustwide/workdir" "-m" "1610612736" "--user" "0:0" "--network" "none" "ghcr.io/rust-lang/crates-build-env/linux@sha256:819108c5571ea2e421544af4d832f968d213c87fbe3707a016657f43d2f853bc" "/opt/rustwide/cargo-home/bin/cargo" "+nightly-2025-01-18" "build" "--frozen" "--message-format=json", kill_on_drop: false }`
[INFO] [stdout] 970a9062f68c8b94e20f2b5ed82e5b359f547103be17521c7c97145cc76f0de5
[INFO] running `Command { std: "docker" "start" "-a" "970a9062f68c8b94e20f2b5ed82e5b359f547103be17521c7c97145cc76f0de5", kill_on_drop: false }`
[INFO] [stderr]    Compiling proc-macro2 v1.0.89
[INFO] [stderr]    Compiling unicode-ident v1.0.13
[INFO] [stderr]    Compiling ident_case v1.0.1
[INFO] [stderr]    Compiling fnv v1.0.7
[INFO] [stderr]    Compiling strsim v0.11.1
[INFO] [stderr]    Compiling vcpkg v0.2.15
[INFO] [stderr]    Compiling pkg-config v0.3.31
[INFO] [stderr]    Compiling serde v1.0.214
[INFO] [stderr]    Compiling heck v0.5.0
[INFO] [stderr]    Compiling either v1.13.0
[INFO] [stderr]    Compiling anyhow v1.0.93
[INFO] [stderr]    Compiling serde_json v1.0.132
[INFO] [stderr]    Compiling ryu v1.0.18
[INFO] [stderr]    Compiling itoa v1.0.11
[INFO] [stderr]    Compiling memchr v2.7.4
[INFO] [stderr]    Compiling dotenv v0.15.0
[INFO] [stderr]    Compiling libsqlite3-sys v0.30.1
[INFO] [stderr]    Compiling quote v1.0.37
[INFO] [stderr]    Compiling syn v2.0.87
[INFO] [stderr]    Compiling darling_core v0.20.10
[INFO] [stderr]    Compiling diesel_table_macro_syntax v0.2.0
[INFO] [stderr]    Compiling serde_derive v1.0.214
[INFO] [stderr]    Compiling darling_macro v0.20.10
[INFO] [stderr]    Compiling darling v0.20.10
[INFO] [stderr]    Compiling dsl_auto_type v0.1.2
[INFO] [stderr]    Compiling diesel_derives v2.2.3
[INFO] [stderr]    Compiling diesel v2.2.4
[INFO] [stderr]    Compiling shoe_store v0.1.0 (/opt/rustwide/workdir)
[INFO] [stderr] warning: #[table_name] attribute form is deprecated
[INFO] [stderr]   = help: use `#[diesel(table_name = variants)]` instead
[INFO] [stderr] 
[INFO] [stderr] warning: #[table_name] attribute form is deprecated
[INFO] [stderr]   = help: use `#[diesel(table_name = variants)]` instead
[INFO] [stderr] 
[INFO] [stderr] warning: #[table_name] attribute form is deprecated
[INFO] [stderr]   = help: use `#[diesel(table_name = variants)]` instead
[INFO] [stderr] 
[INFO] [stderr] warning: #[table_name] attribute form is deprecated
[INFO] [stderr]   = help: use `#[diesel(table_name = products_variants)]` instead
[INFO] [stderr] 
[INFO] [stdout] warning: unused import: `diesel::sql_types::Integer`
[INFO] [stdout]   --> src/models.rs:26:5
[INFO] [stdout]    |
[INFO] [stdout] 26 | use diesel::sql_types::Integer;
[INFO] [stdout]    |     ^^^^^^^^^^^^^^^^^^^^^^^^^^
[INFO] [stdout]    |
[INFO] [stdout]    = note: `#[warn(unused_imports)]` on by default
[INFO] [stdout] 
[INFO] [stdout] 
[INFO] [stdout] warning: unused import: `anyhow::Result`
[INFO] [stdout]   --> src/models.rs:93:9
[INFO] [stdout]    |
[INFO] [stdout] 93 |     use anyhow::Result;
[INFO] [stdout]    |         ^^^^^^^^^^^^^^
[INFO] [stdout] 
[INFO] [stdout] 
[INFO] [stdout] warning: `#[macro_use]` only has an effect on `extern crate` and modules
[INFO] [stdout]  --> src/models.rs:9:1
[INFO] [stdout]   |
[INFO] [stdout] 9 | #[macro_use]
[INFO] [stdout]   | ^^^^^^^^^^^^
[INFO] [stdout]   |
[INFO] [stdout]   = note: `#[warn(unused_attributes)]` on by default
[INFO] [stdout] 
[INFO] [stdout] 
[INFO] [stdout] warning: unused import: `Serialize`
[INFO] [stdout]  --> src/models.rs:6:13
[INFO] [stdout]   |
[INFO] [stdout] 6 | use serde::{Serialize, Deserialize};
[INFO] [stdout]   |             ^^^^^^^^^
[INFO] [stdout] 
[INFO] [stdout] 
[INFO] [stdout] warning: unused import: `Deserialize`
[INFO] [stdout]  --> src/models.rs:6:24
[INFO] [stdout]   |
[INFO] [stdout] 6 | use serde::{Serialize, Deserialize};
[INFO] [stdout]   |                        ^^^^^^^^^^^
[INFO] [stdout] 
[INFO] [stdout] 
[INFO] [stdout] warning: unused import: `diesel::Connection`
[INFO] [stdout]   --> src/models.rs:16:5
[INFO] [stdout]    |
[INFO] [stdout] 16 | use diesel::Connection;
[INFO] [stdout]    |     ^^^^^^^^^^^^^^^^^^
[INFO] [stdout] 
[INFO] [stdout] 
[INFO] [stdout] warning: unused import: `Serialize`
[INFO] [stdout]   --> src/main.rs:36:13
[INFO] [stdout]    |
[INFO] [stdout] 36 | use serde::{Serialize, Deserialize};
[INFO] [stdout]    |             ^^^^^^^^^
[INFO] [stdout]    |
[INFO] [stdout]    = note: `#[warn(unused_imports)]` on by default
[INFO] [stdout] 
[INFO] [stdout] 
[INFO] [stdout] warning: unused import: `::shoe_store::establish_connection_test`
[INFO] [stdout]   --> src/main.rs:53:5
[INFO] [stdout]    |
[INFO] [stdout] 53 | use ::shoe_store::establish_connection_test;
[INFO] [stdout]    |     ^^^^^^^^^^^^^^^^^^^^^^^^^^^^^^^^^^^^^^^
[INFO] [stdout] 
[INFO] [stdout] 
[INFO] [stdout] warning: unused import: `diesel::result::Error`
[INFO] [stdout]   --> src/main.rs:54:5
[INFO] [stdout]    |
[INFO] [stdout] 54 | use diesel::result::Error;
[INFO] [stdout]    |     ^^^^^^^^^^^^^^^^^^^^^
[INFO] [stdout] 
[INFO] [stdout] 
[INFO] [stderr]     Finished `dev` profile [unoptimized + debuginfo] target(s) in 43.83s
[INFO] running `Command { std: "docker" "inspect" "970a9062f68c8b94e20f2b5ed82e5b359f547103be17521c7c97145cc76f0de5", kill_on_drop: false }`
[INFO] running `Command { std: "docker" "rm" "-f" "970a9062f68c8b94e20f2b5ed82e5b359f547103be17521c7c97145cc76f0de5", kill_on_drop: false }`
[INFO] [stdout] 970a9062f68c8b94e20f2b5ed82e5b359f547103be17521c7c97145cc76f0de5
[INFO] running `Command { std: "docker" "create" "-v" "/var/lib/crater-agent-workspace/builds/worker-0-tc1/target:/opt/rustwide/target:rw,Z" "-v" "/var/lib/crater-agent-workspace/builds/worker-0-tc1/source:/opt/rustwide/workdir:ro,Z" "-v" "/var/lib/crater-agent-workspace/cargo-home:/opt/rustwide/cargo-home:ro,Z" "-v" "/var/lib/crater-agent-workspace/rustup-home:/opt/rustwide/rustup-home:ro,Z" "-e" "SOURCE_DIR=/opt/rustwide/workdir" "-e" "CARGO_TARGET_DIR=/opt/rustwide/target" "-e" "CARGO_INCREMENTAL=0" "-e" "RUST_BACKTRACE=full" "-e" "RUSTFLAGS=--cap-lints=forbid" "-e" "RUSTDOCFLAGS=--cap-lints=forbid" "-e" "CARGO_HOME=/opt/rustwide/cargo-home" "-e" "RUSTUP_HOME=/opt/rustwide/rustup-home" "-w" "/opt/rustwide/workdir" "-m" "1610612736" "--user" "0:0" "--network" "none" "ghcr.io/rust-lang/crates-build-env/linux@sha256:819108c5571ea2e421544af4d832f968d213c87fbe3707a016657f43d2f853bc" "/opt/rustwide/cargo-home/bin/cargo" "+nightly-2025-01-18" "test" "--frozen" "--no-run" "--message-format=json", kill_on_drop: false }`
[INFO] [stdout] 67b9ebdd27a0447bada9bab98d369f082230243d2f462521a3b77b928cff8145
[INFO] running `Command { std: "docker" "start" "-a" "67b9ebdd27a0447bada9bab98d369f082230243d2f462521a3b77b928cff8145", kill_on_drop: false }`
[INFO] [stderr] warning: #[table_name] attribute form is deprecated
[INFO] [stderr]   = help: use `#[diesel(table_name = variants)]` instead
[INFO] [stderr] 
[INFO] [stderr] warning: #[table_name] attribute form is deprecated
[INFO] [stderr]   = help: use `#[diesel(table_name = variants)]` instead
[INFO] [stderr] 
[INFO] [stderr] warning: #[table_name] attribute form is deprecated
[INFO] [stderr]   = help: use `#[diesel(table_name = variants)]` instead
[INFO] [stderr] 
[INFO] [stderr] warning: #[table_name] attribute form is deprecated
[INFO] [stderr]   = help: use `#[diesel(table_name = products_variants)]` instead
[INFO] [stderr] 
[INFO] [stderr]    Compiling shoe_store v0.1.0 (/opt/rustwide/workdir)
[INFO] [stdout] warning: unused import: `diesel::sql_types::Integer`
[INFO] [stdout]   --> src/models.rs:26:5
[INFO] [stdout]    |
[INFO] [stdout] 26 | use diesel::sql_types::Integer;
[INFO] [stdout]    |     ^^^^^^^^^^^^^^^^^^^^^^^^^^
[INFO] [stdout]    |
[INFO] [stdout]    = note: `#[warn(unused_imports)]` on by default
[INFO] [stdout] 
[INFO] [stdout] 
[INFO] [stdout] warning: unused import: `anyhow::Result`
[INFO] [stdout]   --> src/models.rs:93:9
[INFO] [stdout]    |
[INFO] [stdout] 93 |     use anyhow::Result;
[INFO] [stdout]    |         ^^^^^^^^^^^^^^
[INFO] [stdout] 
[INFO] [stdout] 
[INFO] [stdout] warning: `#[macro_use]` only has an effect on `extern crate` and modules
[INFO] [stdout]  --> src/models.rs:9:1
[INFO] [stdout]   |
[INFO] [stdout] 9 | #[macro_use]
[INFO] [stdout]   | ^^^^^^^^^^^^
[INFO] [stdout]   |
[INFO] [stdout]   = note: `#[warn(unused_attributes)]` on by default
[INFO] [stdout] 
[INFO] [stdout] 
[INFO] [stdout] warning: unused import: `Serialize`
[INFO] [stdout]  --> src/models.rs:6:13
[INFO] [stdout]   |
[INFO] [stdout] 6 | use serde::{Serialize, Deserialize};
[INFO] [stdout]   |             ^^^^^^^^^
[INFO] [stdout] 
[INFO] [stdout] 
[INFO] [stdout] warning: unused import: `Deserialize`
[INFO] [stdout]  --> src/models.rs:6:24
[INFO] [stdout]   |
[INFO] [stdout] 6 | use serde::{Serialize, Deserialize};
[INFO] [stdout]   |                        ^^^^^^^^^^^
[INFO] [stdout] 
[INFO] [stdout] 
[INFO] [stdout] warning: unused import: `diesel::Connection`
[INFO] [stdout]   --> src/models.rs:16:5
[INFO] [stdout]    |
[INFO] [stdout] 16 | use diesel::Connection;
[INFO] [stdout]    |     ^^^^^^^^^^^^^^^^^^
[INFO] [stdout] 
[INFO] [stdout] 
[INFO] [stdout] warning: unused import: `Serialize`
[INFO] [stdout]   --> src/main.rs:36:13
[INFO] [stdout]    |
[INFO] [stdout] 36 | use serde::{Serialize, Deserialize};
[INFO] [stdout]    |             ^^^^^^^^^
[INFO] [stdout]    |
[INFO] [stdout]    = note: `#[warn(unused_imports)]` on by default
[INFO] [stdout] 
[INFO] [stdout] 
[INFO] [stderr] warning: #[table_name] attribute form is deprecated
[INFO] [stderr]   = help: use `#[diesel(table_name = variants)]` instead
[INFO] [stderr] 
[INFO] [stderr] warning: #[table_name] attribute form is deprecated
[INFO] [stderr]   = help: use `#[diesel(table_name = variants)]` instead
[INFO] [stderr] 
[INFO] [stderr] warning: #[table_name] attribute form is deprecated
[INFO] [stderr]   = help: use `#[diesel(table_name = variants)]` instead
[INFO] [stderr] 
[INFO] [stderr] warning: #[table_name] attribute form is deprecated
[INFO] [stderr]   = help: use `#[diesel(table_name = products_variants)]` instead
[INFO] [stderr] 
[INFO] [stdout] warning: unused imports: `Deserialize` and `Serialize`
[INFO] [stdout]  --> src/models.rs:6:13
[INFO] [stdout]   |
[INFO] [stdout] 6 | use serde::{Serialize, Deserialize};
[INFO] [stdout]   |             ^^^^^^^^^  ^^^^^^^^^^^
[INFO] [stdout]   |
[INFO] [stdout]   = note: `#[warn(unused_imports)]` on by default
[INFO] [stdout] 
[INFO] [stdout] 
[INFO] [stdout] warning: unused import: `diesel::sql_types::Integer`
[INFO] [stdout]   --> src/models.rs:26:5
[INFO] [stdout]    |
[INFO] [stdout] 26 | use diesel::sql_types::Integer;
[INFO] [stdout]    |     ^^^^^^^^^^^^^^^^^^^^^^^^^^
[INFO] [stdout] 
[INFO] [stdout] 
[INFO] [stdout] warning: unused import: `anyhow::Result`
[INFO] [stdout]   --> src/models.rs:93:9
[INFO] [stdout]    |
[INFO] [stdout] 93 |     use anyhow::Result;
[INFO] [stdout]    |         ^^^^^^^^^^^^^^
[INFO] [stdout] 
[INFO] [stdout] 
[INFO] [stdout] warning: `#[macro_use]` only has an effect on `extern crate` and modules
[INFO] [stdout]  --> src/models.rs:9:1
[INFO] [stdout]   |
[INFO] [stdout] 9 | #[macro_use]
[INFO] [stdout]   | ^^^^^^^^^^^^
[INFO] [stdout]   |
[INFO] [stdout]   = note: `#[warn(unused_attributes)]` on by default
[INFO] [stdout] 
[INFO] [stdout] 
[INFO] [stdout] warning: unused import: `diesel::Connection`
[INFO] [stdout]   --> src/models.rs:16:5
[INFO] [stdout]    |
[INFO] [stdout] 16 | use diesel::Connection;
[INFO] [stdout]    |     ^^^^^^^^^^^^^^^^^^
[INFO] [stdout] 
[INFO] [stdout] 
[INFO] [stderr]     Finished `test` profile [unoptimized + debuginfo] target(s) in 1.13s
[INFO] running `Command { std: "docker" "inspect" "67b9ebdd27a0447bada9bab98d369f082230243d2f462521a3b77b928cff8145", kill_on_drop: false }`
[INFO] running `Command { std: "docker" "rm" "-f" "67b9ebdd27a0447bada9bab98d369f082230243d2f462521a3b77b928cff8145", kill_on_drop: false }`
[INFO] [stdout] 67b9ebdd27a0447bada9bab98d369f082230243d2f462521a3b77b928cff8145
[INFO] running `Command { std: "docker" "create" "-v" "/var/lib/crater-agent-workspace/builds/worker-0-tc1/target:/opt/rustwide/target:rw,Z" "-v" "/var/lib/crater-agent-workspace/builds/worker-0-tc1/source:/opt/rustwide/workdir:ro,Z" "-v" "/var/lib/crater-agent-workspace/cargo-home:/opt/rustwide/cargo-home:ro,Z" "-v" "/var/lib/crater-agent-workspace/rustup-home:/opt/rustwide/rustup-home:ro,Z" "-e" "SOURCE_DIR=/opt/rustwide/workdir" "-e" "CARGO_TARGET_DIR=/opt/rustwide/target" "-e" "CARGO_INCREMENTAL=0" "-e" "RUST_BACKTRACE=full" "-e" "RUSTFLAGS=--cap-lints=forbid" "-e" "RUSTDOCFLAGS=--cap-lints=forbid" "-e" "CARGO_HOME=/opt/rustwide/cargo-home" "-e" "RUSTUP_HOME=/opt/rustwide/rustup-home" "-w" "/opt/rustwide/workdir" "-m" "1610612736" "--user" "0:0" "--network" "none" "ghcr.io/rust-lang/crates-build-env/linux@sha256:819108c5571ea2e421544af4d832f968d213c87fbe3707a016657f43d2f853bc" "/opt/rustwide/cargo-home/bin/cargo" "+nightly-2025-01-18" "test" "--frozen", kill_on_drop: false }`
[INFO] [stdout] 108cce70395592880d0f00dc851fc9af84f8181ccb9a2fbba3aa6e428e15041e
[INFO] running `Command { std: "docker" "start" "-a" "108cce70395592880d0f00dc851fc9af84f8181ccb9a2fbba3aa6e428e15041e", kill_on_drop: false }`
[INFO] [stderr] warning: #[table_name] attribute form is deprecated
[INFO] [stderr]   = help: use `#[diesel(table_name = variants)]` instead
[INFO] [stderr] 
[INFO] [stderr] warning: #[table_name] attribute form is deprecated
[INFO] [stderr]   = help: use `#[diesel(table_name = variants)]` instead
[INFO] [stderr] 
[INFO] [stderr] warning: #[table_name] attribute form is deprecated
[INFO] [stderr]   = help: use `#[diesel(table_name = variants)]` instead
[INFO] [stderr] 
[INFO] [stderr] warning: #[table_name] attribute form is deprecated
[INFO] [stderr]   = help: use `#[diesel(table_name = products_variants)]` instead
[INFO] [stderr] 
[INFO] [stderr] warning: unused import: `diesel::sql_types::Integer`
[INFO] [stderr]   --> src/models.rs:26:5
[INFO] [stderr]    |
[INFO] [stderr] 26 | use diesel::sql_types::Integer;
[INFO] [stderr]    |     ^^^^^^^^^^^^^^^^^^^^^^^^^^
[INFO] [stderr]    |
[INFO] [stderr]    = note: `#[warn(unused_imports)]` on by default
[INFO] [stderr] 
[INFO] [stderr] warning: unused import: `anyhow::Result`
[INFO] [stderr]   --> src/models.rs:93:9
[INFO] [stderr]    |
[INFO] [stderr] 93 |     use anyhow::Result;
[INFO] [stderr]    |         ^^^^^^^^^^^^^^
[INFO] [stderr] 
[INFO] [stderr] warning: `#[macro_use]` only has an effect on `extern crate` and modules
[INFO] [stderr]  --> src/models.rs:9:1
[INFO] [stderr]   |
[INFO] [stderr] 9 | #[macro_use]
[INFO] [stderr]   | ^^^^^^^^^^^^
[INFO] [stderr]   |
[INFO] [stderr]   = note: `#[warn(unused_attributes)]` on by default
[INFO] [stderr] 
[INFO] [stderr] warning: unused import: `Serialize`
[INFO] [stderr]  --> src/models.rs:6:13
[INFO] [stderr]   |
[INFO] [stderr] 6 | use serde::{Serialize, Deserialize};
[INFO] [stderr]   |             ^^^^^^^^^
[INFO] [stderr] 
[INFO] [stderr] warning: unused import: `Deserialize`
[INFO] [stderr]  --> src/models.rs:6:24
[INFO] [stderr]   |
[INFO] [stderr] 6 | use serde::{Serialize, Deserialize};
[INFO] [stderr]   |                        ^^^^^^^^^^^
[INFO] [stderr] 
[INFO] [stderr] warning: unused import: `diesel::Connection`
[INFO] [stderr]   --> src/models.rs:16:5
[INFO] [stderr]    |
[INFO] [stderr] 16 | use diesel::Connection;
[INFO] [stderr]    |     ^^^^^^^^^^^^^^^^^^
[INFO] [stderr] 
[INFO] [stderr] warning: #[table_name] attribute form is deprecated
[INFO] [stderr]   = help: use `#[diesel(table_name = variants)]` instead
[INFO] [stderr] 
[INFO] [stderr] warning: #[table_name] attribute form is deprecated
[INFO] [stderr]   = help: use `#[diesel(table_name = variants)]` instead
[INFO] [stderr] 
[INFO] [stderr] warning: #[table_name] attribute form is deprecated
[INFO] [stderr]   = help: use `#[diesel(table_name = variants)]` instead
[INFO] [stderr] 
[INFO] [stderr] warning: #[table_name] attribute form is deprecated
[INFO] [stderr]   = help: use `#[diesel(table_name = products_variants)]` instead
[INFO] [stderr] 
[INFO] [stderr] warning: unused imports: `Deserialize` and `Serialize`
[INFO] [stderr]  --> src/models.rs:6:13
[INFO] [stderr]   |
[INFO] [stderr] 6 | use serde::{Serialize, Deserialize};
[INFO] [stderr]   |             ^^^^^^^^^  ^^^^^^^^^^^
[INFO] [stderr]   |
[INFO] [stderr]   = note: `#[warn(unused_imports)]` on by default
[INFO] [stderr] 
[INFO] [stderr] warning: unused import: `diesel::sql_types::Integer`
[INFO] [stderr]   --> src/models.rs:26:5
[INFO] [stderr]    |
[INFO] [stderr] 26 | use diesel::sql_types::Integer;
[INFO] [stderr]    |     ^^^^^^^^^^^^^^^^^^^^^^^^^^
[INFO] [stderr] 
[INFO] [stderr] warning: `shoe_store` (lib) generated 6 warnings (run `cargo fix --lib -p shoe_store` to apply 2 suggestions)
[INFO] [stderr] warning: `shoe_store` (lib test) generated 5 warnings (3 duplicates) (run `cargo fix --lib -p shoe_store --tests` to apply 2 suggestions)
[INFO] [stderr] warning: unused import: `Serialize`
[INFO] [stderr]   --> src/main.rs:36:13
[INFO] [stderr]    |
[INFO] [stderr] 36 | use serde::{Serialize, Deserialize};
[INFO] [stderr]    |             ^^^^^^^^^
[INFO] [stderr]    |
[INFO] [stderr]    = note: `#[warn(unused_imports)]` on by default
[INFO] [stderr] 
[INFO] [stderr] warning: `shoe_store` (bin "shoe_store" test) generated 1 warning (run `cargo fix --bin "shoe_store" --tests` to apply 1 suggestion)
[INFO] [stderr]     Finished `test` profile [unoptimized + debuginfo] target(s) in 0.06s
[INFO] [stdout] 
[INFO] [stderr]      Running unittests src/lib.rs (/opt/rustwide/target/debug/deps/shoe_store-3906089f1976e919)
[INFO] [stdout] running 0 tests
[INFO] [stdout] 
[INFO] [stdout] test result: ok. 0 passed; 0 failed; 0 ignored; 0 measured; 0 filtered out; finished in 0.00s
[INFO] [stdout] 
[INFO] [stderr]      Running unittests src/main.rs (/opt/rustwide/target/debug/deps/shoe_store-58e314c554e1a7a4)
[INFO] [stdout] 
[INFO] [stdout] running 1 test
[INFO] [stdout] test create_product_test ... FAILED
[INFO] [stdout] 
[INFO] [stderr] error: test failed, to rerun pass `--bin shoe_store`
[INFO] [stdout] failures:
[INFO] [stdout] 
[INFO] [stdout] ---- create_product_test stdout ----
[INFO] [stdout] 
[INFO] [stdout] thread 'create_product_test' panicked at src/main.rs:87:18:
[INFO] [stdout] called `Result::unwrap()` on an `Err` value: attempt to write a readonly database
[INFO] [stdout] 
[INFO] [stdout] Stack backtrace:
[INFO] [stdout]    0: anyhow::error::<impl core::convert::From<E> for anyhow::Error>::from
[INFO] [stdout]              at /opt/rustwide/cargo-home/registry/src/index.crates.io-1949cf8c6b5b557f/anyhow-1.0.93/src/backtrace.rs:27:14
[INFO] [stdout]    1: <core::result::Result<T,F> as core::ops::try_trait::FromResidual<core::result::Result<core::convert::Infallible,E>>>::from_residual
[INFO] [stdout]              at /rustc/6067b36314ab5eb2eb47cecc464545ba58e1ad24/library/core/src/result.rs:2014:27
[INFO] [stdout]    2: shoe_store::models::create_product::{{closure}}
[INFO] [stdout]              at ./src/models.rs:96:9
[INFO] [stdout]    3: diesel::connection::transaction_manager::TransactionManager::transaction
[INFO] [stdout]              at /opt/rustwide/cargo-home/registry/src/index.crates.io-1949cf8c6b5b557f/diesel-2.2.4/src/connection/transaction_manager.rs:56:15
[INFO] [stdout]    4: diesel::connection::Connection::transaction
[INFO] [stdout]              at /opt/rustwide/cargo-home/registry/src/index.crates.io-1949cf8c6b5b557f/diesel-2.2.4/src/connection/mod.rs:308:9
[INFO] [stdout]    5: shoe_store::models::create_product
[INFO] [stdout]              at ./src/models.rs:95:5
[INFO] [stdout]    6: shoe_store::create_product_test::{{closure}}
[INFO] [stdout]              at ./src/main.rs:68:9
[INFO] [stdout]    7: diesel::connection::Connection::test_transaction::{{closure}}
[INFO] [stdout]              at /opt/rustwide/cargo-home/registry/src/index.crates.io-1949cf8c6b5b557f/diesel-2.2.4/src/connection/mod.rs:370:27
[INFO] [stdout]    8: diesel::connection::transaction_manager::TransactionManager::transaction
[INFO] [stdout]              at /opt/rustwide/cargo-home/registry/src/index.crates.io-1949cf8c6b5b557f/diesel-2.2.4/src/connection/transaction_manager.rs:56:15
[INFO] [stdout]    9: diesel::connection::Connection::transaction
[INFO] [stdout]              at /opt/rustwide/cargo-home/registry/src/index.crates.io-1949cf8c6b5b557f/diesel-2.2.4/src/connection/mod.rs:308:9
[INFO] [stdout]   10: diesel::connection::Connection::test_transaction
[INFO] [stdout]              at /opt/rustwide/cargo-home/registry/src/index.crates.io-1949cf8c6b5b557f/diesel-2.2.4/src/connection/mod.rs:369:17
[INFO] [stdout]   11: shoe_store::create_product_test
[INFO] [stdout]              at ./src/main.rs:67:5
[INFO] [stdout]   12: shoe_store::create_product_test::{{closure}}
[INFO] [stdout]              at ./src/main.rs:58:25
[INFO] [stdout]   13: core::ops::function::FnOnce::call_once
[INFO] [stdout]              at /rustc/6067b36314ab5eb2eb47cecc464545ba58e1ad24/library/core/src/ops/function.rs:250:5
[INFO] [stdout]   14: core::ops::function::FnOnce::call_once
[INFO] [stdout]              at /rustc/6067b36314ab5eb2eb47cecc464545ba58e1ad24/library/core/src/ops/function.rs:250:5
[INFO] [stdout]   15: test::__rust_begin_short_backtrace
[INFO] [stdout]              at /rustc/6067b36314ab5eb2eb47cecc464545ba58e1ad24/library/test/src/lib.rs:632:18
[INFO] [stdout]   16: test::run_test_in_process::{{closure}}
[INFO] [stdout]              at /rustc/6067b36314ab5eb2eb47cecc464545ba58e1ad24/library/test/src/lib.rs:655:60
[INFO] [stdout]   17: <core::panic::unwind_safe::AssertUnwindSafe<F> as core::ops::function::FnOnce<()>>::call_once
[INFO] [stdout]              at /rustc/6067b36314ab5eb2eb47cecc464545ba58e1ad24/library/core/src/panic/unwind_safe.rs:272:9
[INFO] [stdout]   18: std::panicking::try::do_call
[INFO] [stdout]              at /rustc/6067b36314ab5eb2eb47cecc464545ba58e1ad24/library/std/src/panicking.rs:587:40
[INFO] [stdout]   19: std::panicking::try
[INFO] [stdout]              at /rustc/6067b36314ab5eb2eb47cecc464545ba58e1ad24/library/std/src/panicking.rs:550:19
[INFO] [stdout]   20: std::panic::catch_unwind
[INFO] [stdout]              at /rustc/6067b36314ab5eb2eb47cecc464545ba58e1ad24/library/std/src/panic.rs:358:14
[INFO] [stdout]   21: test::run_test_in_process
[INFO] [stdout]              at /rustc/6067b36314ab5eb2eb47cecc464545ba58e1ad24/library/test/src/lib.rs:655:27
[INFO] [stdout]   22: test::run_test::{{closure}}
[INFO] [stdout]              at /rustc/6067b36314ab5eb2eb47cecc464545ba58e1ad24/library/test/src/lib.rs:576:43
[INFO] [stdout]   23: test::run_test::{{closure}}
[INFO] [stdout]              at /rustc/6067b36314ab5eb2eb47cecc464545ba58e1ad24/library/test/src/lib.rs:606:41
[INFO] [stdout]   24: std::sys::backtrace::__rust_begin_short_backtrace
[INFO] [stdout]              at /rustc/6067b36314ab5eb2eb47cecc464545ba58e1ad24/library/std/src/sys/backtrace.rs:152:18
[INFO] [stdout]   25: std::thread::Builder::spawn_unchecked_::{{closure}}::{{closure}}
[INFO] [stdout]              at /rustc/6067b36314ab5eb2eb47cecc464545ba58e1ad24/library/std/src/thread/mod.rs:559:17
[INFO] [stdout]   26: <core::panic::unwind_safe::AssertUnwindSafe<F> as core::ops::function::FnOnce<()>>::call_once
[INFO] [stdout]              at /rustc/6067b36314ab5eb2eb47cecc464545ba58e1ad24/library/core/src/panic/unwind_safe.rs:272:9
[INFO] [stdout]   27: std::panicking::try::do_call
[INFO] [stdout]              at /rustc/6067b36314ab5eb2eb47cecc464545ba58e1ad24/library/std/src/panicking.rs:587:40
[INFO] [stdout]   28: std::panicking::try
[INFO] [stdout]              at /rustc/6067b36314ab5eb2eb47cecc464545ba58e1ad24/library/std/src/panicking.rs:550:19
[INFO] [stdout]   29: std::panic::catch_unwind
[INFO] [stdout]              at /rustc/6067b36314ab5eb2eb47cecc464545ba58e1ad24/library/std/src/panic.rs:358:14
[INFO] [stdout]   30: std::thread::Builder::spawn_unchecked_::{{closure}}
[INFO] [stdout]              at /rustc/6067b36314ab5eb2eb47cecc464545ba58e1ad24/library/std/src/thread/mod.rs:557:30
[INFO] [stdout]   31: core::ops::function::FnOnce::call_once{{vtable.shim}}
[INFO] [stdout]              at /rustc/6067b36314ab5eb2eb47cecc464545ba58e1ad24/library/core/src/ops/function.rs:250:5
[INFO] [stdout]   32: <alloc::boxed::Box<F,A> as core::ops::function::FnOnce<Args>>::call_once
[INFO] [stdout]              at /rustc/6067b36314ab5eb2eb47cecc464545ba58e1ad24/library/alloc/src/boxed.rs:2013:9
[INFO] [stdout]   33: <alloc::boxed::Box<F,A> as core::ops::function::FnOnce<Args>>::call_once
[INFO] [stdout]              at /rustc/6067b36314ab5eb2eb47cecc464545ba58e1ad24/library/alloc/src/boxed.rs:2013:9
[INFO] [stdout]   34: std::sys::pal::unix::thread::Thread::new::thread_start
[INFO] [stdout]              at /rustc/6067b36314ab5eb2eb47cecc464545ba58e1ad24/library/std/src/sys/pal/unix/thread.rs:106:17
[INFO] [stdout]   35: <unknown>
[INFO] [stdout]   36: clone
[INFO] [stdout] stack backtrace:
[INFO] [stdout]    0:     0x5dddbd0297aa - std::backtrace_rs::backtrace::libunwind::trace::hb059275cfc8d6126
[INFO] [stdout]                                at /rustc/6067b36314ab5eb2eb47cecc464545ba58e1ad24/library/std/src/../../backtrace/src/backtrace/libunwind.rs:116:5
[INFO] [stdout]    1:     0x5dddbd0297aa - std::backtrace_rs::backtrace::trace_unsynchronized::h2da071e4327ce3ee
[INFO] [stdout]                                at /rustc/6067b36314ab5eb2eb47cecc464545ba58e1ad24/library/std/src/../../backtrace/src/backtrace/mod.rs:66:5
[INFO] [stdout]    2:     0x5dddbd0297aa - std::sys::backtrace::_print_fmt::h842a1474e6f8d23f
[INFO] [stdout]                                at /rustc/6067b36314ab5eb2eb47cecc464545ba58e1ad24/library/std/src/sys/backtrace.rs:66:9
[INFO] [stdout]    3:     0x5dddbd0297aa - <std::sys::backtrace::BacktraceLock::print::DisplayBacktrace as core::fmt::Display>::fmt::h71a62eb3b9696b12
[INFO] [stdout]                                at /rustc/6067b36314ab5eb2eb47cecc464545ba58e1ad24/library/std/src/sys/backtrace.rs:39:26
[INFO] [stdout]    4:     0x5dddbd0517d3 - core::fmt::rt::Argument::fmt::hdb6b616786b41dc1
[INFO] [stdout]                                at /rustc/6067b36314ab5eb2eb47cecc464545ba58e1ad24/library/core/src/fmt/rt.rs:177:76
[INFO] [stdout]    5:     0x5dddbd0517d3 - core::fmt::write::h2cc1698af7e2d686
[INFO] [stdout]                                at /rustc/6067b36314ab5eb2eb47cecc464545ba58e1ad24/library/core/src/fmt/mod.rs:1440:21
[INFO] [stdout]    6:     0x5dddbd025e43 - std::io::Write::write_fmt::hab1b4cd059a79022
[INFO] [stdout]                                at /rustc/6067b36314ab5eb2eb47cecc464545ba58e1ad24/library/std/src/io/mod.rs:1887:15
[INFO] [stdout]    7:     0x5dddbd0295f2 - std::sys::backtrace::BacktraceLock::print::h147fe35b4ea13b08
[INFO] [stdout]                                at /rustc/6067b36314ab5eb2eb47cecc464545ba58e1ad24/library/std/src/sys/backtrace.rs:42:9
[INFO] [stdout]    8:     0x5dddbd02abcf - std::panicking::default_hook::{{closure}}::hbd44223dbdc0d208
[INFO] [stdout]                                at /rustc/6067b36314ab5eb2eb47cecc464545ba58e1ad24/library/std/src/panicking.rs:298:22
[INFO] [stdout]    9:     0x5dddbd02a9e8 - std::panicking::default_hook::h20f81eb0576efcec
[INFO] [stdout]                                at /rustc/6067b36314ab5eb2eb47cecc464545ba58e1ad24/library/std/src/panicking.rs:322:9
[INFO] [stdout]   10:     0x5dddbcf7fd13 - <alloc::boxed::Box<F,A> as core::ops::function::Fn<Args>>::call::hdb53814c496a4d34
[INFO] [stdout]                                at /rustc/6067b36314ab5eb2eb47cecc464545ba58e1ad24/library/alloc/src/boxed.rs:2027:9
[INFO] [stdout]   11:     0x5dddbcf7fd13 - test::test_main::{{closure}}::hc0a4963c59427c24
[INFO] [stdout]                                at /rustc/6067b36314ab5eb2eb47cecc464545ba58e1ad24/library/test/src/lib.rs:134:21
[INFO] [stdout]   12:     0x5dddbd02b6c3 - <alloc::boxed::Box<F,A> as core::ops::function::Fn<Args>>::call::h591b2225413a77e9
[INFO] [stdout]                                at /rustc/6067b36314ab5eb2eb47cecc464545ba58e1ad24/library/alloc/src/boxed.rs:2027:9
[INFO] [stdout]   13:     0x5dddbd02b6c3 - std::panicking::rust_panic_with_hook::h625eea43051b2edc
[INFO] [stdout]                                at /rustc/6067b36314ab5eb2eb47cecc464545ba58e1ad24/library/std/src/panicking.rs:839:13
[INFO] [stdout]   14:     0x5dddbd02b37a - std::panicking::begin_panic_handler::{{closure}}::h4f9159cfbc3f6bd3
[INFO] [stdout]                                at /rustc/6067b36314ab5eb2eb47cecc464545ba58e1ad24/library/std/src/panicking.rs:704:13
[INFO] [stdout]   15:     0x5dddbd029ca9 - std::sys::backtrace::__rust_end_short_backtrace::h0390abce48353151
[INFO] [stdout]                                at /rustc/6067b36314ab5eb2eb47cecc464545ba58e1ad24/library/std/src/sys/backtrace.rs:168:18
[INFO] [stdout]   16:     0x5dddbd02b00d - rust_begin_unwind
[INFO] [stdout]                                at /rustc/6067b36314ab5eb2eb47cecc464545ba58e1ad24/library/std/src/panicking.rs:695:5
[INFO] [stdout]   17:     0x5dddbd04fe30 - core::panicking::panic_fmt::h9e7c637e9e5f29c9
[INFO] [stdout]                                at /rustc/6067b36314ab5eb2eb47cecc464545ba58e1ad24/library/core/src/panicking.rs:75:14
[INFO] [stdout]   18:     0x5dddbd050276 - core::result::unwrap_failed::h7979f09313fe1849
[INFO] [stdout]                                at /rustc/6067b36314ab5eb2eb47cecc464545ba58e1ad24/library/core/src/result.rs:1704:5
[INFO] [stdout]   19:     0x5dddbcf3e0c6 - core::result::Result<T,E>::unwrap::hff786122ec34065f
[INFO] [stdout]                                at /rustc/6067b36314ab5eb2eb47cecc464545ba58e1ad24/library/core/src/result.rs:1109:23
[INFO] [stdout]   20:     0x5dddbcf3e0c6 - shoe_store::create_product_test::{{closure}}::heeb84c14d0d28d50
[INFO] [stdout]                                at /opt/rustwide/workdir/src/main.rs:68:9
[INFO] [stdout]   21:     0x5dddbcf41992 - diesel::connection::Connection::test_transaction::{{closure}}::h3d344af4a866506b
[INFO] [stdout]                                at /opt/rustwide/cargo-home/registry/src/index.crates.io-1949cf8c6b5b557f/diesel-2.2.4/src/connection/mod.rs:370:27
[INFO] [stdout]   22:     0x5dddbcf41ad6 - diesel::connection::transaction_manager::TransactionManager::transaction::hbe327213bc1a71db
[INFO] [stdout]                                at /opt/rustwide/cargo-home/registry/src/index.crates.io-1949cf8c6b5b557f/diesel-2.2.4/src/connection/transaction_manager.rs:56:15
[INFO] [stdout]   23:     0x5dddbcf418aa - diesel::connection::Connection::transaction::h746b0d97631820e5
[INFO] [stdout]                                at /opt/rustwide/cargo-home/registry/src/index.crates.io-1949cf8c6b5b557f/diesel-2.2.4/src/connection/mod.rs:308:9
[INFO] [stdout]   24:     0x5dddbcf418ea - diesel::connection::Connection::test_transaction::hdc34b526ef4f788a
[INFO] [stdout]                                at /opt/rustwide/cargo-home/registry/src/index.crates.io-1949cf8c6b5b557f/diesel-2.2.4/src/connection/mod.rs:369:17
[INFO] [stdout]   25:     0x5dddbcf3db2f - shoe_store::create_product_test::h4eed6ef21cf750fb
[INFO] [stdout]                                at /opt/rustwide/workdir/src/main.rs:67:5
[INFO] [stdout]   26:     0x5dddbcf3daf7 - shoe_store::create_product_test::{{closure}}::h72d69cea7590d8c4
[INFO] [stdout]                                at /opt/rustwide/workdir/src/main.rs:58:25
[INFO] [stdout]   27:     0x5dddbcf3f776 - core::ops::function::FnOnce::call_once::ha73f5949f1e9582f
[INFO] [stdout]                                at /rustc/6067b36314ab5eb2eb47cecc464545ba58e1ad24/library/core/src/ops/function.rs:250:5
[INFO] [stdout]   28:     0x5dddbcf8546b - core::ops::function::FnOnce::call_once::he27718dfdd183f43
[INFO] [stdout]                                at /rustc/6067b36314ab5eb2eb47cecc464545ba58e1ad24/library/core/src/ops/function.rs:250:5
[INFO] [stdout]   29:     0x5dddbcf8546b - test::__rust_begin_short_backtrace::h4e84902998457a5d
[INFO] [stdout]                                at /rustc/6067b36314ab5eb2eb47cecc464545ba58e1ad24/library/test/src/lib.rs:632:18
[INFO] [stdout]   30:     0x5dddbcf843a3 - test::run_test_in_process::{{closure}}::h7176fd18fc1feca0
[INFO] [stdout]                                at /rustc/6067b36314ab5eb2eb47cecc464545ba58e1ad24/library/test/src/lib.rs:655:60
[INFO] [stdout]   31:     0x5dddbcf843a3 - <core::panic::unwind_safe::AssertUnwindSafe<F> as core::ops::function::FnOnce<()>>::call_once::hf79cff2a624d8cf7
[INFO] [stdout]                                at /rustc/6067b36314ab5eb2eb47cecc464545ba58e1ad24/library/core/src/panic/unwind_safe.rs:272:9
[INFO] [stdout]   32:     0x5dddbcf843a3 - std::panicking::try::do_call::h3da0561d9ab99c25
[INFO] [stdout]                                at /rustc/6067b36314ab5eb2eb47cecc464545ba58e1ad24/library/std/src/panicking.rs:587:40
[INFO] [stdout]   33:     0x5dddbcf843a3 - std::panicking::try::h41c9fa508bc61df6
[INFO] [stdout]                                at /rustc/6067b36314ab5eb2eb47cecc464545ba58e1ad24/library/std/src/panicking.rs:550:19
[INFO] [stdout]   34:     0x5dddbcf843a3 - std::panic::catch_unwind::h6b3ff07bb5afad93
[INFO] [stdout]                                at /rustc/6067b36314ab5eb2eb47cecc464545ba58e1ad24/library/std/src/panic.rs:358:14
[INFO] [stdout]   35:     0x5dddbcf843a3 - test::run_test_in_process::hc7253dd11b39b9f4
[INFO] [stdout]                                at /rustc/6067b36314ab5eb2eb47cecc464545ba58e1ad24/library/test/src/lib.rs:655:27
[INFO] [stdout]   36:     0x5dddbcf843a3 - test::run_test::{{closure}}::hfb2007f8649c30bb
[INFO] [stdout]                                at /rustc/6067b36314ab5eb2eb47cecc464545ba58e1ad24/library/test/src/lib.rs:576:43
[INFO] [stdout]   37:     0x5dddbcf47485 - test::run_test::{{closure}}::h56a17aa7a282a9f4
[INFO] [stdout]                                at /rustc/6067b36314ab5eb2eb47cecc464545ba58e1ad24/library/test/src/lib.rs:606:41
[INFO] [stdout]   38:     0x5dddbcf47485 - std::sys::backtrace::__rust_begin_short_backtrace::hd2d2d2fb8e8c6aac
[INFO] [stdout]                                at /rustc/6067b36314ab5eb2eb47cecc464545ba58e1ad24/library/std/src/sys/backtrace.rs:152:18
[INFO] [stdout]   39:     0x5dddbcf4ad6a - std::thread::Builder::spawn_unchecked_::{{closure}}::{{closure}}::h4faa3f9db6133423
[INFO] [stdout]                                at /rustc/6067b36314ab5eb2eb47cecc464545ba58e1ad24/library/std/src/thread/mod.rs:559:17
[INFO] [stdout]   40:     0x5dddbcf4ad6a - <core::panic::unwind_safe::AssertUnwindSafe<F> as core::ops::function::FnOnce<()>>::call_once::hf2e855a36a4ea846
[INFO] [stdout]                                at /rustc/6067b36314ab5eb2eb47cecc464545ba58e1ad24/library/core/src/panic/unwind_safe.rs:272:9
[INFO] [stdout]   41:     0x5dddbcf4ad6a - std::panicking::try::do_call::h2f73af3616c35465
[INFO] [stdout]                                at /rustc/6067b36314ab5eb2eb47cecc464545ba58e1ad24/library/std/src/panicking.rs:587:40
[INFO] [stdout]   42:     0x5dddbcf4ad6a - std::panicking::try::hd1660ce9efadef5a
[INFO] [stdout]                                at /rustc/6067b36314ab5eb2eb47cecc464545ba58e1ad24/library/std/src/panicking.rs:550:19
[INFO] [stdout]   43:     0x5dddbcf4ad6a - std::panic::catch_unwind::h5ee8d7823b8ca744
[INFO] [stdout]                                at /rustc/6067b36314ab5eb2eb47cecc464545ba58e1ad24/library/std/src/panic.rs:358:14
[INFO] [stdout]   44:     0x5dddbcf4ad6a - std::thread::Builder::spawn_unchecked_::{{closure}}::h53c3a1894dce8407
[INFO] [stdout]                                at /rustc/6067b36314ab5eb2eb47cecc464545ba58e1ad24/library/std/src/thread/mod.rs:557:30
[INFO] [stdout]   45:     0x5dddbcf4ad6a - core::ops::function::FnOnce::call_once{{vtable.shim}}::h048ce291ad4f62bf
[INFO] [stdout]                                at /rustc/6067b36314ab5eb2eb47cecc464545ba58e1ad24/library/core/src/ops/function.rs:250:5
[INFO] [stdout]   46:     0x5dddbd02f8eb - <alloc::boxed::Box<F,A> as core::ops::function::FnOnce<Args>>::call_once::ha52bedf99a3b4981
[INFO] [stdout]                                at /rustc/6067b36314ab5eb2eb47cecc464545ba58e1ad24/library/alloc/src/boxed.rs:2013:9
[INFO] [stdout]   47:     0x5dddbd02f8eb - <alloc::boxed::Box<F,A> as core::ops::function::FnOnce<Args>>::call_once::h567748934d80ccf8
[INFO] [stdout]                                at /rustc/6067b36314ab5eb2eb47cecc464545ba58e1ad24/library/alloc/src/boxed.rs:2013:9
[INFO] [stdout]   48:     0x5dddbd02f8eb - std::sys::pal::unix::thread::Thread::new::thread_start::h2d970728ae887adc
[INFO] [stdout]                                at /rustc/6067b36314ab5eb2eb47cecc464545ba58e1ad24/library/std/src/sys/pal/unix/thread.rs:106:17
[INFO] [stdout]   49:     0x714702e4dac3 - <unknown>
[INFO] [stdout]   50:     0x714702edea04 - clone
[INFO] [stdout]   51:                0x0 - <unknown>
[INFO] [stdout] 
[INFO] [stdout] 
[INFO] [stdout] failures:
[INFO] [stdout]     create_product_test
[INFO] [stdout] 
[INFO] [stdout] test result: FAILED. 0 passed; 1 failed; 0 ignored; 0 measured; 0 filtered out; finished in 0.06s
[INFO] [stdout] 
[INFO] running `Command { std: "docker" "inspect" "108cce70395592880d0f00dc851fc9af84f8181ccb9a2fbba3aa6e428e15041e", kill_on_drop: false }`
[INFO] running `Command { std: "docker" "rm" "-f" "108cce70395592880d0f00dc851fc9af84f8181ccb9a2fbba3aa6e428e15041e", kill_on_drop: false }`
[INFO] [stdout] 108cce70395592880d0f00dc851fc9af84f8181ccb9a2fbba3aa6e428e15041e
