[INFO] cloning repository https://github.com/Vigintillionn/dna
[INFO] running `Command { std: "git" "-c" "credential.helper=" "-c" "credential.helper=/workspace/cargo-home/bin/git-credential-null" "clone" "--bare" "https://github.com/Vigintillionn/dna" "/workspace/cache/git-repos/https%3A%2F%2Fgithub.com%2FVigintillionn%2Fdna", kill_on_drop: false }`
[INFO] [stderr] Cloning into bare repository '/workspace/cache/git-repos/https%3A%2F%2Fgithub.com%2FVigintillionn%2Fdna'...
[INFO] running `Command { std: "git" "rev-parse" "HEAD", kill_on_drop: false }`
[INFO] [stdout] f78405f4069d730f6e007bd2ddb0391d0a5b2874
[INFO] testing Vigintillionn/dna against nightly-2025-01-18+rustflags=-Zrandomize-layout for randomize-layout-2
[INFO] running `Command { std: "git" "clone" "/workspace/cache/git-repos/https%3A%2F%2Fgithub.com%2FVigintillionn%2Fdna" "/workspace/builds/worker-7-tc2/source", kill_on_drop: false }`
[INFO] [stderr] Cloning into '/workspace/builds/worker-7-tc2/source'...
[INFO] [stderr] done.
[INFO] validating manifest of git repo https://github.com/Vigintillionn/dna on toolchain nightly-2025-01-18
[INFO] running `Command { std: CARGO_HOME="/workspace/cargo-home" RUSTUP_HOME="/workspace/rustup-home" "/workspace/cargo-home/bin/cargo" "+nightly-2025-01-18" "metadata" "--manifest-path" "Cargo.toml" "--no-deps", kill_on_drop: false }`
[INFO] started tweaking git repo https://github.com/Vigintillionn/dna
[INFO] finished tweaking git repo https://github.com/Vigintillionn/dna
[INFO] tweaked toml for git repo https://github.com/Vigintillionn/dna written to /workspace/builds/worker-7-tc2/source/Cargo.toml
[INFO] crate git repo https://github.com/Vigintillionn/dna already has a lockfile, it will not be regenerated
[INFO] running `Command { std: CARGO_HOME="/workspace/cargo-home" RUSTUP_HOME="/workspace/rustup-home" "/workspace/cargo-home/bin/cargo" "+nightly-2025-01-18" "fetch" "--manifest-path" "Cargo.toml", kill_on_drop: false }`
[INFO] [stderr] warning: virtual workspace defaulting to `resolver = "1"` despite one or more workspace members being on edition 2021 which implies `resolver = "2"`
[INFO] [stderr] note: to keep the current resolver, specify `workspace.resolver = "1"` in the workspace root's manifest
[INFO] [stderr] note: to use the edition 2021 resolver, specify `workspace.resolver = "2"` in the workspace root's manifest
[INFO] [stderr] note: for more details see https://doc.rust-lang.org/cargo/reference/resolver.html#resolver-versions
[INFO] running `Command { std: "docker" "create" "-v" "/var/lib/crater-agent-workspace/builds/worker-7-tc2/target:/opt/rustwide/target:rw,Z" "-v" "/var/lib/crater-agent-workspace/builds/worker-7-tc2/source:/opt/rustwide/workdir:ro,Z" "-v" "/var/lib/crater-agent-workspace/cargo-home:/opt/rustwide/cargo-home:ro,Z" "-v" "/var/lib/crater-agent-workspace/rustup-home:/opt/rustwide/rustup-home:ro,Z" "-e" "SOURCE_DIR=/opt/rustwide/workdir" "-e" "CARGO_TARGET_DIR=/opt/rustwide/target" "-e" "CARGO_HOME=/opt/rustwide/cargo-home" "-e" "RUSTUP_HOME=/opt/rustwide/rustup-home" "-w" "/opt/rustwide/workdir" "-m" "1610612736" "--user" "0:0" "--network" "none" "ghcr.io/rust-lang/crates-build-env/linux@sha256:819108c5571ea2e421544af4d832f968d213c87fbe3707a016657f43d2f853bc" "/opt/rustwide/cargo-home/bin/cargo" "+nightly-2025-01-18" "metadata" "--no-deps" "--format-version=1", kill_on_drop: false }`
[INFO] [stdout] 01765a2d250ec83aed5f8223ac9fe5afe719bb4aa2f5491193b89a4deb2c24aa
[INFO] running `Command { std: "docker" "start" "-a" "01765a2d250ec83aed5f8223ac9fe5afe719bb4aa2f5491193b89a4deb2c24aa", kill_on_drop: false }`
[INFO] running `Command { std: "docker" "inspect" "01765a2d250ec83aed5f8223ac9fe5afe719bb4aa2f5491193b89a4deb2c24aa", kill_on_drop: false }`
[INFO] running `Command { std: "docker" "rm" "-f" "01765a2d250ec83aed5f8223ac9fe5afe719bb4aa2f5491193b89a4deb2c24aa", kill_on_drop: false }`
[INFO] [stdout] 01765a2d250ec83aed5f8223ac9fe5afe719bb4aa2f5491193b89a4deb2c24aa
[INFO] running `Command { std: "docker" "create" "-v" "/var/lib/crater-agent-workspace/builds/worker-7-tc2/target:/opt/rustwide/target:rw,Z" "-v" "/var/lib/crater-agent-workspace/builds/worker-7-tc2/source:/opt/rustwide/workdir:ro,Z" "-v" "/var/lib/crater-agent-workspace/cargo-home:/opt/rustwide/cargo-home:ro,Z" "-v" "/var/lib/crater-agent-workspace/rustup-home:/opt/rustwide/rustup-home:ro,Z" "-e" "SOURCE_DIR=/opt/rustwide/workdir" "-e" "CARGO_TARGET_DIR=/opt/rustwide/target" "-e" "CARGO_INCREMENTAL=0" "-e" "RUST_BACKTRACE=full" "-e" "RUSTFLAGS=--cap-lints=forbid -Zrandomize-layout" "-e" "RUSTDOCFLAGS=--cap-lints=forbid" "-e" "CARGO_HOME=/opt/rustwide/cargo-home" "-e" "RUSTUP_HOME=/opt/rustwide/rustup-home" "-w" "/opt/rustwide/workdir" "-m" "1610612736" "--user" "0:0" "--network" "none" "ghcr.io/rust-lang/crates-build-env/linux@sha256:819108c5571ea2e421544af4d832f968d213c87fbe3707a016657f43d2f853bc" "/opt/rustwide/cargo-home/bin/cargo" "+nightly-2025-01-18" "build" "--frozen" "--message-format=json", kill_on_drop: false }`
[INFO] [stdout] d4d52c7865207ea9c1287a7e45a59cdeedaeb9bad8c926965213371f9103b5b5
[INFO] running `Command { std: "docker" "start" "-a" "d4d52c7865207ea9c1287a7e45a59cdeedaeb9bad8c926965213371f9103b5b5", kill_on_drop: false }`
[INFO] [stderr] warning: virtual workspace defaulting to `resolver = "1"` despite one or more workspace members being on edition 2021 which implies `resolver = "2"`
[INFO] [stderr] note: to keep the current resolver, specify `workspace.resolver = "1"` in the workspace root's manifest
[INFO] [stderr] note: to use the edition 2021 resolver, specify `workspace.resolver = "2"` in the workspace root's manifest
[INFO] [stderr] note: for more details see https://doc.rust-lang.org/cargo/reference/resolver.html#resolver-versions
[INFO] [stderr]    Compiling libc v0.2.153
[INFO] [stderr]    Compiling pkg-config v0.3.30
[INFO] [stderr]    Compiling semver v1.0.22
[INFO] [stderr]    Compiling proc-macro2 v1.0.81
[INFO] [stderr]    Compiling unicode-ident v1.0.12
[INFO] [stderr]    Compiling cc v1.0.95
[INFO] [stderr]    Compiling flate2 v1.0.29
[INFO] [stderr]    Compiling libloading v0.8.3
[INFO] [stderr]    Compiling plotters-backend v0.3.5 (https://github.com/plotters-rs/plotters.git?branch=master#123764a8)
[INFO] [stderr]    Compiling dlib v0.5.2
[INFO] [stderr]    Compiling jpeg-decoder v0.3.1
[INFO] [stderr]    Compiling yeslogic-fontconfig-sys v5.0.0
[INFO] [stderr]    Compiling png v0.17.13
[INFO] [stderr]    Compiling quote v1.0.36
[INFO] [stderr]    Compiling log v0.4.21
[INFO] [stderr]    Compiling rustc_version v0.4.0
[INFO] [stderr]    Compiling once_cell v1.19.0
[INFO] [stderr]    Compiling font-kit v0.13.0
[INFO] [stderr]    Compiling cstr v0.2.12
[INFO] [stderr]    Compiling same-file v1.0.6
[INFO] [stderr]    Compiling walkdir v2.5.0
[INFO] [stderr]    Compiling pathfinder_simd v0.5.3
[INFO] [stderr]    Compiling gif v0.12.0
[INFO] [stderr]    Compiling getrandom v0.2.14
[INFO] [stderr]    Compiling dirs-sys-next v0.1.2
[INFO] [stderr]    Compiling dirs-next v2.0.0
[INFO] [stderr]    Compiling rand_core v0.6.4
[INFO] [stderr]    Compiling float-ord v0.3.2
[INFO] [stderr]    Compiling iana-time-zone v0.1.60
[INFO] [stderr]    Compiling bitflags v2.5.0
[INFO] [stderr]    Compiling pathfinder_geometry v0.5.1
[INFO] [stderr]    Compiling image v0.24.9
[INFO] [stderr]    Compiling ppv-lite86 v0.2.17
[INFO] [stderr]    Compiling chrono v0.4.38
[INFO] [stderr]    Compiling plotters-svg v0.3.5 (https://github.com/plotters-rs/plotters.git?branch=master#123764a8)
[INFO] [stderr]    Compiling ttf-parser v0.20.0
[INFO] [stderr]    Compiling freetype-sys v0.20.1
[INFO] [stderr]    Compiling either v1.11.0
[INFO] [stderr]    Compiling two_three v0.0.6
[INFO] [stderr]    Compiling rayon v1.10.0
[INFO] [stderr]    Compiling rand_chacha v0.3.1
[INFO] [stderr]    Compiling rand v0.8.5
[INFO] [stderr]    Compiling plotters-bitmap v0.3.3 (https://github.com/plotters-rs/plotters.git?branch=master#123764a8)
[INFO] [stderr]    Compiling freetype v0.7.2
[INFO] [stderr]    Compiling plotters v0.3.5 (https://github.com/plotters-rs/plotters.git?branch=master#123764a8)
[INFO] [stderr]    Compiling plotter v0.1.0 (/opt/rustwide/workdir/plotter)
[INFO] [stdout] warning: unused variable: `iterations`
[INFO] [stdout]  --> plotter/src/plot.rs:9:3
[INFO] [stdout]   |
[INFO] [stdout] 9 |   iterations: usize,
[INFO] [stdout]   |   ^^^^^^^^^^ help: if this is intentional, prefix it with an underscore: `_iterations`
[INFO] [stdout]   |
[INFO] [stdout]   = note: `#[warn(unused_variables)]` on by default
[INFO] [stdout] 
[INFO] [stdout] 
[INFO] [stderr]    Compiling sort v0.1.0 (/opt/rustwide/workdir/sort)
[INFO] [stderr]    Compiling hashing v0.1.0 (/opt/rustwide/workdir/hashing)
[INFO] [stderr]    Compiling heap-tree v0.1.0 (/opt/rustwide/workdir/heap-tree)
[INFO] [stderr]    Compiling dynprog v0.1.0 (/opt/rustwide/workdir/dynprog)
[INFO] [stdout] warning: method `rehash` is never used
[INFO] [stdout]    --> hashing/src/cuckoo.rs:136:6
[INFO] [stdout]     |
[INFO] [stdout] 12  | impl<K: ToString + Clone + PartialEq + Hash, V: Clone> CuckooHash<K, V> {
[INFO] [stdout]     | ----------------------------------------------------------------------- method in this implementation
[INFO] [stdout] ...
[INFO] [stdout] 136 |   fn rehash(&mut self) {
[INFO] [stdout]     |      ^^^^^^
[INFO] [stdout]     |
[INFO] [stdout]     = note: `#[warn(dead_code)]` on by default
[INFO] [stdout] 
[INFO] [stdout] 
[INFO] [stdout] warning: unused import: `cuckoo::CuckooHash`
[INFO] [stdout]  --> hashing/src/bin/hash-amortized.rs:1:15
[INFO] [stdout]   |
[INFO] [stdout] 1 | use hashing::{cuckoo::CuckooHash, hashtable::HashTable};
[INFO] [stdout]   |               ^^^^^^^^^^^^^^^^^^
[INFO] [stdout]   |
[INFO] [stdout]   = note: `#[warn(unused_imports)]` on by default
[INFO] [stdout] 
[INFO] [stdout] 
[INFO] [stdout] warning: unused import: `Combinator`
[INFO] [stdout]  --> hashing/src/bin/hash-hits.rs:2:50
[INFO] [stdout]   |
[INFO] [stdout] 2 | use plotter::types::{Algorithm, Case, Plot, RED, Combinator};
[INFO] [stdout]   |                                                  ^^^^^^^^^^
[INFO] [stdout]   |
[INFO] [stdout]   = note: `#[warn(unused_imports)]` on by default
[INFO] [stdout] 
[INFO] [stdout] 
[INFO] [stdout] warning: unused import: `Combinator`
[INFO] [stdout]  --> hashing/src/bin/hash-misses.rs:2:50
[INFO] [stdout]   |
[INFO] [stdout] 2 | use plotter::types::{Algorithm, Case, Plot, RED, Combinator};
[INFO] [stdout]   |                                                  ^^^^^^^^^^
[INFO] [stdout]   |
[INFO] [stdout]   = note: `#[warn(unused_imports)]` on by default
[INFO] [stdout] 
[INFO] [stdout] 
[INFO] [stderr]     Finished `dev` profile [unoptimized + debuginfo] target(s) in 1m 08s
[INFO] running `Command { std: "docker" "inspect" "d4d52c7865207ea9c1287a7e45a59cdeedaeb9bad8c926965213371f9103b5b5", kill_on_drop: false }`
[INFO] running `Command { std: "docker" "rm" "-f" "d4d52c7865207ea9c1287a7e45a59cdeedaeb9bad8c926965213371f9103b5b5", kill_on_drop: false }`
[INFO] [stdout] d4d52c7865207ea9c1287a7e45a59cdeedaeb9bad8c926965213371f9103b5b5
[INFO] running `Command { std: "docker" "create" "-v" "/var/lib/crater-agent-workspace/builds/worker-7-tc2/target:/opt/rustwide/target:rw,Z" "-v" "/var/lib/crater-agent-workspace/builds/worker-7-tc2/source:/opt/rustwide/workdir:ro,Z" "-v" "/var/lib/crater-agent-workspace/cargo-home:/opt/rustwide/cargo-home:ro,Z" "-v" "/var/lib/crater-agent-workspace/rustup-home:/opt/rustwide/rustup-home:ro,Z" "-e" "SOURCE_DIR=/opt/rustwide/workdir" "-e" "CARGO_TARGET_DIR=/opt/rustwide/target" "-e" "CARGO_INCREMENTAL=0" "-e" "RUST_BACKTRACE=full" "-e" "RUSTFLAGS=--cap-lints=forbid -Zrandomize-layout" "-e" "RUSTDOCFLAGS=--cap-lints=forbid" "-e" "CARGO_HOME=/opt/rustwide/cargo-home" "-e" "RUSTUP_HOME=/opt/rustwide/rustup-home" "-w" "/opt/rustwide/workdir" "-m" "1610612736" "--user" "0:0" "--network" "none" "ghcr.io/rust-lang/crates-build-env/linux@sha256:819108c5571ea2e421544af4d832f968d213c87fbe3707a016657f43d2f853bc" "/opt/rustwide/cargo-home/bin/cargo" "+nightly-2025-01-18" "test" "--frozen" "--no-run" "--message-format=json", kill_on_drop: false }`
[INFO] [stdout] c40416bbaf40a85c2e00676804443f7b4839f100281ca9c466b23f98a8633aee
[INFO] running `Command { std: "docker" "start" "-a" "c40416bbaf40a85c2e00676804443f7b4839f100281ca9c466b23f98a8633aee", kill_on_drop: false }`
[INFO] [stderr] warning: virtual workspace defaulting to `resolver = "1"` despite one or more workspace members being on edition 2021 which implies `resolver = "2"`
[INFO] [stderr] note: to keep the current resolver, specify `workspace.resolver = "1"` in the workspace root's manifest
[INFO] [stderr] note: to use the edition 2021 resolver, specify `workspace.resolver = "2"` in the workspace root's manifest
[INFO] [stderr] note: for more details see https://doc.rust-lang.org/cargo/reference/resolver.html#resolver-versions
[INFO] [stdout] warning: unused variable: `iterations`
[INFO] [stdout]  --> plotter/src/plot.rs:9:3
[INFO] [stdout]   |
[INFO] [stdout] 9 |   iterations: usize,
[INFO] [stdout]   |   ^^^^^^^^^^ help: if this is intentional, prefix it with an underscore: `_iterations`
[INFO] [stdout]   |
[INFO] [stdout]   = note: `#[warn(unused_variables)]` on by default
[INFO] [stdout] 
[INFO] [stdout] 
[INFO] [stderr]    Compiling plotter v0.1.0 (/opt/rustwide/workdir/plotter)
[INFO] [stderr]    Compiling dynprog v0.1.0 (/opt/rustwide/workdir/dynprog)
[INFO] [stdout] warning: method `rehash` is never used
[INFO] [stdout]    --> hashing/src/cuckoo.rs:136:6
[INFO] [stdout]     |
[INFO] [stdout] 12  | impl<K: ToString + Clone + PartialEq + Hash, V: Clone> CuckooHash<K, V> {
[INFO] [stdout]     | ----------------------------------------------------------------------- method in this implementation
[INFO] [stdout] ...
[INFO] [stdout] 136 |   fn rehash(&mut self) {
[INFO] [stdout]     |      ^^^^^^
[INFO] [stdout]     |
[INFO] [stdout]     = note: `#[warn(dead_code)]` on by default
[INFO] [stdout] 
[INFO] [stdout] 
[INFO] [stderr]    Compiling hashing v0.1.0 (/opt/rustwide/workdir/hashing)
[INFO] [stderr]    Compiling heap-tree v0.1.0 (/opt/rustwide/workdir/heap-tree)
[INFO] [stderr]    Compiling sort v0.1.0 (/opt/rustwide/workdir/sort)
[INFO] [stdout] warning: unused import: `Combinator`
[INFO] [stdout]  --> hashing/src/bin/hash-hits.rs:2:50
[INFO] [stdout]   |
[INFO] [stdout] 2 | use plotter::types::{Algorithm, Case, Plot, RED, Combinator};
[INFO] [stdout]   |                                                  ^^^^^^^^^^
[INFO] [stdout]   |
[INFO] [stdout]   = note: `#[warn(unused_imports)]` on by default
[INFO] [stdout] 
[INFO] [stdout] 
[INFO] [stdout] warning: unused variable: `iterations`
[INFO] [stdout]  --> plotter/src/plot.rs:9:3
[INFO] [stdout]   |
[INFO] [stdout] 9 |   iterations: usize,
[INFO] [stdout]   |   ^^^^^^^^^^ help: if this is intentional, prefix it with an underscore: `_iterations`
[INFO] [stdout]   |
[INFO] [stdout]   = note: `#[warn(unused_variables)]` on by default
[INFO] [stdout] 
[INFO] [stdout] 
[INFO] [stdout] warning: unused import: `cuckoo::CuckooHash`
[INFO] [stdout]  --> hashing/src/bin/hash-amortized.rs:1:15
[INFO] [stdout]   |
[INFO] [stdout] 1 | use hashing::{cuckoo::CuckooHash, hashtable::HashTable};
[INFO] [stdout]   |               ^^^^^^^^^^^^^^^^^^
[INFO] [stdout]   |
[INFO] [stdout]   = note: `#[warn(unused_imports)]` on by default
[INFO] [stdout] 
[INFO] [stdout] 
[INFO] [stdout] warning: unused import: `Combinator`
[INFO] [stdout]  --> hashing/src/bin/hash-misses.rs:2:50
[INFO] [stdout]   |
[INFO] [stdout] 2 | use plotter::types::{Algorithm, Case, Plot, RED, Combinator};
[INFO] [stdout]   |                                                  ^^^^^^^^^^
[INFO] [stdout]   |
[INFO] [stdout]   = note: `#[warn(unused_imports)]` on by default
[INFO] [stdout] 
[INFO] [stdout] 
[INFO] [stdout] warning: method `rehash` is never used
[INFO] [stdout]    --> hashing/src/cuckoo.rs:136:6
[INFO] [stdout]     |
[INFO] [stdout] 12  | impl<K: ToString + Clone + PartialEq + Hash, V: Clone> CuckooHash<K, V> {
[INFO] [stdout]     | ----------------------------------------------------------------------- method in this implementation
[INFO] [stdout] ...
[INFO] [stdout] 136 |   fn rehash(&mut self) {
[INFO] [stdout]     |      ^^^^^^
[INFO] [stdout]     |
[INFO] [stdout]     = note: `#[warn(dead_code)]` on by default
[INFO] [stdout] 
[INFO] [stdout] 
[INFO] [stderr]     Finished `test` profile [unoptimized + debuginfo] target(s) in 7.06s
[INFO] running `Command { std: "docker" "inspect" "c40416bbaf40a85c2e00676804443f7b4839f100281ca9c466b23f98a8633aee", kill_on_drop: false }`
[INFO] running `Command { std: "docker" "rm" "-f" "c40416bbaf40a85c2e00676804443f7b4839f100281ca9c466b23f98a8633aee", kill_on_drop: false }`
[INFO] [stdout] c40416bbaf40a85c2e00676804443f7b4839f100281ca9c466b23f98a8633aee
[INFO] running `Command { std: "docker" "create" "-v" "/var/lib/crater-agent-workspace/builds/worker-7-tc2/target:/opt/rustwide/target:rw,Z" "-v" "/var/lib/crater-agent-workspace/builds/worker-7-tc2/source:/opt/rustwide/workdir:ro,Z" "-v" "/var/lib/crater-agent-workspace/cargo-home:/opt/rustwide/cargo-home:ro,Z" "-v" "/var/lib/crater-agent-workspace/rustup-home:/opt/rustwide/rustup-home:ro,Z" "-e" "SOURCE_DIR=/opt/rustwide/workdir" "-e" "CARGO_TARGET_DIR=/opt/rustwide/target" "-e" "CARGO_INCREMENTAL=0" "-e" "RUST_BACKTRACE=full" "-e" "RUSTFLAGS=--cap-lints=forbid -Zrandomize-layout" "-e" "RUSTDOCFLAGS=--cap-lints=forbid" "-e" "CARGO_HOME=/opt/rustwide/cargo-home" "-e" "RUSTUP_HOME=/opt/rustwide/rustup-home" "-w" "/opt/rustwide/workdir" "-m" "1610612736" "--user" "0:0" "--network" "none" "ghcr.io/rust-lang/crates-build-env/linux@sha256:819108c5571ea2e421544af4d832f968d213c87fbe3707a016657f43d2f853bc" "/opt/rustwide/cargo-home/bin/cargo" "+nightly-2025-01-18" "test" "--frozen", kill_on_drop: false }`
[INFO] [stdout] 6457d21d5be7f0602be7a34d0ecf33995b51ffee1cf3e21684021d5173effe22
[INFO] running `Command { std: "docker" "start" "-a" "6457d21d5be7f0602be7a34d0ecf33995b51ffee1cf3e21684021d5173effe22", kill_on_drop: false }`
[INFO] [stderr] warning: virtual workspace defaulting to `resolver = "1"` despite one or more workspace members being on edition 2021 which implies `resolver = "2"`
[INFO] [stderr] note: to keep the current resolver, specify `workspace.resolver = "1"` in the workspace root's manifest
[INFO] [stderr] note: to use the edition 2021 resolver, specify `workspace.resolver = "2"` in the workspace root's manifest
[INFO] [stderr] note: for more details see https://doc.rust-lang.org/cargo/reference/resolver.html#resolver-versions
[INFO] [stderr] warning: unused variable: `iterations`
[INFO] [stderr]  --> plotter/src/plot.rs:9:3
[INFO] [stderr]   |
[INFO] [stderr] 9 |   iterations: usize,
[INFO] [stderr]   |   ^^^^^^^^^^ help: if this is intentional, prefix it with an underscore: `_iterations`
[INFO] [stderr]   |
[INFO] [stderr]   = note: `#[warn(unused_variables)]` on by default
[INFO] [stderr] 
[INFO] [stderr] warning: `plotter` (lib) generated 1 warning
[INFO] [stderr] warning: `plotter` (lib test) generated 1 warning (1 duplicate)
[INFO] [stderr] warning: method `rehash` is never used
[INFO] [stderr]    --> hashing/src/cuckoo.rs:136:6
[INFO] [stderr]     |
[INFO] [stderr] 12  | impl<K: ToString + Clone + PartialEq + Hash, V: Clone> CuckooHash<K, V> {
[INFO] [stderr]     | ----------------------------------------------------------------------- method in this implementation
[INFO] [stderr] ...
[INFO] [stderr] 136 |   fn rehash(&mut self) {
[INFO] [stderr]     |      ^^^^^^
[INFO] [stderr]     |
[INFO] [stderr]     = note: `#[warn(dead_code)]` on by default
[INFO] [stderr] 
[INFO] [stderr] warning: `hashing` (lib) generated 1 warning
[INFO] [stderr] warning: `hashing` (lib test) generated 1 warning (1 duplicate)
[INFO] [stderr] warning: unused import: `Combinator`
[INFO] [stderr]  --> hashing/src/bin/hash-misses.rs:2:50
[INFO] [stderr]   |
[INFO] [stderr] 2 | use plotter::types::{Algorithm, Case, Plot, RED, Combinator};
[INFO] [stderr]   |                                                  ^^^^^^^^^^
[INFO] [stderr]   |
[INFO] [stderr]   = note: `#[warn(unused_imports)]` on by default
[INFO] [stderr] 
[INFO] [stderr] warning: `hashing` (bin "hash-misses" test) generated 1 warning (run `cargo fix --bin "hash-misses" --tests` to apply 1 suggestion)
[INFO] [stderr] warning: unused import: `Combinator`
[INFO] [stderr]  --> hashing/src/bin/hash-hits.rs:2:50
[INFO] [stderr]   |
[INFO] [stderr] 2 | use plotter::types::{Algorithm, Case, Plot, RED, Combinator};
[INFO] [stderr]   |                                                  ^^^^^^^^^^
[INFO] [stderr]   |
[INFO] [stderr]   = note: `#[warn(unused_imports)]` on by default
[INFO] [stderr] 
[INFO] [stderr] warning: `hashing` (bin "hash-hits" test) generated 1 warning (run `cargo fix --bin "hash-hits" --tests` to apply 1 suggestion)
[INFO] [stderr] warning: unused import: `cuckoo::CuckooHash`
[INFO] [stderr]  --> hashing/src/bin/hash-amortized.rs:1:15
[INFO] [stderr]   |
[INFO] [stderr] 1 | use hashing::{cuckoo::CuckooHash, hashtable::HashTable};
[INFO] [stderr]   |               ^^^^^^^^^^^^^^^^^^
[INFO] [stderr]   |
[INFO] [stderr]   = note: `#[warn(unused_imports)]` on by default
[INFO] [stderr] 
[INFO] [stderr] warning: `hashing` (bin "hash-amortized" test) generated 1 warning (run `cargo fix --bin "hash-amortized" --tests` to apply 1 suggestion)
[INFO] [stderr]     Finished `test` profile [unoptimized + debuginfo] target(s) in 0.14s
[INFO] [stderr]      Running unittests src/lib.rs (/opt/rustwide/target/debug/deps/dynprog-b2ecdbf9466e7ef3)
[INFO] [stdout] 
[INFO] [stdout] running 0 tests
[INFO] [stdout] 
[INFO] [stdout] test result: ok. 0 passed; 0 failed; 0 ignored; 0 measured; 0 filtered out; finished in 0.00s
[INFO] [stdout] 
[INFO] [stderr]      Running unittests src/bin/collatz.rs (/opt/rustwide/target/debug/deps/collatz-b997fe2ba317ad78)
[INFO] [stdout] 
[INFO] [stdout] running 0 tests
[INFO] [stdout] 
[INFO] [stdout] test result: ok. 0 passed; 0 failed; 0 ignored; 0 measured; 0 filtered out; finished in 0.00s
[INFO] [stderr]      Running unittests src/bin/maze-complexity.rs (/opt/rustwide/target/debug/deps/maze_complexity-c7ee8d31e6d83594)
[INFO] [stdout] 
[INFO] [stdout] 
[INFO] [stdout] running 0 tests
[INFO] [stdout] 
[INFO] [stdout] test result: ok. 0 passed; 0 failed; 0 ignored; 0 measured; 0 filtered out; finished in 0.00s
[INFO] [stdout] 
[INFO] [stderr]      Running unittests src/bin/maze-morewalls.rs (/opt/rustwide/target/debug/deps/maze_morewalls-01f1fa5d02d5861d)
[INFO] [stdout] 
[INFO] [stdout] running 0 tests
[INFO] [stdout] 
[INFO] [stderr]      Running unittests src/lib.rs (/opt/rustwide/target/debug/deps/hashing-a1e85f13dc8df0ab)
[INFO] [stdout] test result: ok. 0 passed; 0 failed; 0 ignored; 0 measured; 0 filtered out; finished in 0.00s
[INFO] [stdout] 
[INFO] [stdout] 
[INFO] [stdout] running 1 test
[INFO] [stdout] test cuckoo::tests::test_cuckoo_hash ... ok
[INFO] [stdout] 
[INFO] [stderr]      Running unittests src/bin/cuckoo.rs (/opt/rustwide/target/debug/deps/cuckoo-cc64666b843b4ee5)
[INFO] [stdout] test result: ok. 1 passed; 0 failed; 0 ignored; 0 measured; 0 filtered out; finished in 0.00s
[INFO] [stderr]      Running unittests src/bin/hash-amortized.rs (/opt/rustwide/target/debug/deps/hash_amortized-a2b80fb931ad0af8)
[INFO] [stdout] 
[INFO] [stdout] 
[INFO] [stdout] running 0 tests
[INFO] [stdout] 
[INFO] [stdout] test result: ok. 0 passed; 0 failed; 0 ignored; 0 measured; 0 filtered out; finished in 0.00s
[INFO] [stdout] 
[INFO] [stderr]      Running unittests src/bin/hash-combined.rs (/opt/rustwide/target/debug/deps/hash_combined-aadab2a9a5214cc9)
[INFO] [stdout] 
[INFO] [stdout] running 0 tests
[INFO] [stdout] 
[INFO] [stdout] test result: ok. 0 passed; 0 failed; 0 ignored; 0 measured; 0 filtered out; finished in 0.00s
[INFO] [stdout] 
[INFO] [stdout] 
[INFO] [stdout] running 0 tests
[INFO] [stdout] 
[INFO] [stdout] test result: ok. 0 passed; 0 failed; 0 ignored; 0 measured; 0 filtered out; finished in 0.00s
[INFO] [stdout] 
[INFO] [stderr]      Running unittests src/bin/hash-hits.rs (/opt/rustwide/target/debug/deps/hash_hits-491ea10c41cf9e6e)
[INFO] [stdout] 
[INFO] [stdout] running 0 tests
[INFO] [stdout] 
[INFO] [stdout] test result: ok. 0 passed; 0 failed; 0 ignored; 0 measured; 0 filtered out; finished in 0.00s
[INFO] [stdout] 
[INFO] [stderr]      Running unittests src/bin/hash-hits-alpha.rs (/opt/rustwide/target/debug/deps/hash_hits_alpha-4ea1800abaeef3b8)
[INFO] [stdout] 
[INFO] [stdout] running 0 tests
[INFO] [stdout] 
[INFO] [stdout] test result: ok. 0 passed; 0 failed; 0 ignored; 0 measured; 0 filtered out; finished in 0.00s
[INFO] [stdout] 
[INFO] [stderr]      Running unittests src/bin/hash-misses.rs (/opt/rustwide/target/debug/deps/hash_misses-a00c23e2de8f5708)
[INFO] [stdout] 
[INFO] [stdout] running 0 tests
[INFO] [stdout] 
[INFO] [stdout] test result: ok. 0 passed; 0 failed; 0 ignored; 0 measured; 0 filtered out; finished in 0.00s
[INFO] [stdout] 
[INFO] [stderr]      Running unittests src/bin/hash-misses-alpha.rs (/opt/rustwide/target/debug/deps/hash_misses_alpha-925443fbba4710d0)
[INFO] [stdout] 
[INFO] [stdout] running 0 tests
[INFO] [stdout] 
[INFO] [stdout] test result: ok. 0 passed; 0 failed; 0 ignored; 0 measured; 0 filtered out; finished in 0.00s
[INFO] [stdout] 
[INFO] [stderr]      Running unittests src/lib.rs (/opt/rustwide/target/debug/deps/heap_tree-60befab6ca57ccf5)
[INFO] [stdout] 
[INFO] [stdout] running 0 tests
[INFO] [stdout] 
[INFO] [stderr]      Running unittests src/bin/balance-1.rs (/opt/rustwide/target/debug/deps/balance_1-d9804c7565008fd2)
[INFO] [stdout] test result: ok. 0 passed; 0 failed; 0 ignored; 0 measured; 0 filtered out; finished in 0.00s
[INFO] [stdout] 
[INFO] [stdout] 
[INFO] [stdout] running 0 tests
[INFO] [stdout] 
[INFO] [stdout] test result: ok. 0 passed; 0 failed; 0 ignored; 0 measured; 0 filtered out; finished in 0.00s
[INFO] [stdout] 
[INFO] [stderr]      Running unittests src/bin/balance-1-twothree.rs (/opt/rustwide/target/debug/deps/balance_1_twothree-d4c3c7a3ed1d591a)
[INFO] [stdout] 
[INFO] [stdout] running 0 tests
[INFO] [stdout] 
[INFO] [stdout] test result: ok. 0 passed; 0 failed; 0 ignored; 0 measured; 0 filtered out; finished in 0.00s
[INFO] [stdout] 
[INFO] [stderr]      Running unittests src/bin/balance-2.rs (/opt/rustwide/target/debug/deps/balance_2-5f94a50597d202c1)
[INFO] [stdout] 
[INFO] [stdout] running 0 tests
[INFO] [stdout] 
[INFO] [stdout] test result: ok. 0 passed; 0 failed; 0 ignored; 0 measured; 0 filtered out; finished in 0.00s
[INFO] [stdout] 
[INFO] [stderr]      Running unittests src/bin/balance-2-actions.rs (/opt/rustwide/target/debug/deps/balance_2_actions-c93ed898ba0b3582)
[INFO] [stdout] 
[INFO] [stdout] running 0 tests
[INFO] [stdout] 
[INFO] [stdout] test result: ok. 0 passed; 0 failed; 0 ignored; 0 measured; 0 filtered out; finished in 0.00s
[INFO] [stdout] 
[INFO] [stderr]      Running unittests src/lib.rs (/opt/rustwide/target/debug/deps/plotter-4f65b59d7f39c592)
[INFO] [stdout] 
[INFO] [stdout] running 0 tests
[INFO] [stdout] 
[INFO] [stdout] test result: ok. 0 passed; 0 failed; 0 ignored; 0 measured; 0 filtered out; finished in 0.00s
[INFO] [stdout] 
[INFO] [stderr]      Running unittests src/bin/main.rs (/opt/rustwide/target/debug/deps/main-562fb28e7d724d3f)
[INFO] [stdout] 
[INFO] [stdout] running 0 tests
[INFO] [stdout] 
[INFO] [stdout] test result: ok. 0 passed; 0 failed; 0 ignored; 0 measured; 0 filtered out; finished in 0.00s
[INFO] [stdout] 
[INFO] [stderr]      Running unittests src/lib.rs (/opt/rustwide/target/debug/deps/sort-740baf9a6aca580d)
[INFO] [stdout] 
[INFO] [stdout] running 0 tests
[INFO] [stdout] 
[INFO] [stdout] test result: ok. 0 passed; 0 failed; 0 ignored; 0 measured; 0 filtered out; finished in 0.00s
[INFO] [stdout] 
[INFO] [stderr]      Running unittests src/bin/eigensort.rs (/opt/rustwide/target/debug/deps/eigensort-baaa4592c484477b)
[INFO] [stdout] 
[INFO] [stdout] running 0 tests
[INFO] [stdout] 
[INFO] [stdout] test result: ok. 0 passed; 0 failed; 0 ignored; 0 measured; 0 filtered out; finished in 0.00s
[INFO] [stdout] 
[INFO] [stderr]      Running unittests src/bin/insertionsort.rs (/opt/rustwide/target/debug/deps/insertionsort-68a202ecccd449eb)
[INFO] [stdout] 
[INFO] [stdout] running 0 tests
[INFO] [stdout] 
[INFO] [stdout] test result: ok. 0 passed; 0 failed; 0 ignored; 0 measured; 0 filtered out; finished in 0.00s
[INFO] [stdout] 
[INFO] [stderr]      Running unittests src/bin/insertionsort-swaps.rs (/opt/rustwide/target/debug/deps/insertionsort_swaps-603aa20afeb883e6)
[INFO] [stdout] 
[INFO] [stdout] running 0 tests
[INFO] [stderr]      Running unittests src/bin/is-ms-qs.rs (/opt/rustwide/target/debug/deps/is_ms_qs-5c0c42d18ce2b4cd)
[INFO] [stdout] 
[INFO] [stdout] test result: ok. 0 passed; 0 failed; 0 ignored; 0 measured; 0 filtered out; finished in 0.00s
[INFO] [stdout] 
[INFO] [stdout] 
[INFO] [stdout] running 0 tests
[INFO] [stdout] 
[INFO] [stdout] test result: ok. 0 passed; 0 failed; 0 ignored; 0 measured; 0 filtered out; finished in 0.00s
[INFO] [stdout] 
[INFO] [stderr]      Running unittests src/bin/mergesort.rs (/opt/rustwide/target/debug/deps/mergesort-7b8c75e3a23fa6f9)
[INFO] [stdout] 
[INFO] [stdout] running 0 tests
[INFO] [stdout] 
[INFO] [stdout] test result: ok. 0 passed; 0 failed; 0 ignored; 0 measured; 0 filtered out; finished in 0.00s
[INFO] [stdout] 
[INFO] [stderr]      Running unittests src/bin/mergesort-swaps.rs (/opt/rustwide/target/debug/deps/mergesort_swaps-71e3bdb3465383a1)
[INFO] [stdout] 
[INFO] [stdout] running 0 tests
[INFO] [stdout] 
[INFO] [stdout] test result: ok. 0 passed; 0 failed; 0 ignored; 0 measured; 0 filtered out; finished in 0.00s
[INFO] [stdout] 
[INFO] [stderr]      Running unittests src/bin/quicksort.rs (/opt/rustwide/target/debug/deps/quicksort-342ee55937155771)
[INFO] [stdout] 
[INFO] [stdout] running 0 tests
[INFO] [stdout] 
[INFO] [stdout] test result: ok. 0 passed; 0 failed; 0 ignored; 0 measured; 0 filtered out; finished in 0.00s
[INFO] [stdout] 
[INFO] [stderr]      Running unittests src/bin/quicksort-swaps.rs (/opt/rustwide/target/debug/deps/quicksort_swaps-806bb2d5bcc54adf)
[INFO] [stdout] 
[INFO] [stdout] running 0 tests
[INFO] [stdout] 
[INFO] [stdout] test result: ok. 0 passed; 0 failed; 0 ignored; 0 measured; 0 filtered out; finished in 0.00s
[INFO] [stdout] 
[INFO] [stderr]      Running unittests src/bin/selectionsort.rs (/opt/rustwide/target/debug/deps/selectionsort-27f3978dd024d352)
[INFO] [stdout] 
[INFO] [stdout] running 0 tests
[INFO] [stdout] 
[INFO] [stdout] test result: ok. 0 passed; 0 failed; 0 ignored; 0 measured; 0 filtered out; finished in 0.00s
[INFO] [stdout] 
[INFO] [stderr]      Running unittests src/bin/selectionsort-swaps.rs (/opt/rustwide/target/debug/deps/selectionsort_swaps-ca3a71e566b92307)
[INFO] [stdout] 
[INFO] [stdout] running 0 tests
[INFO] [stdout] 
[INFO] [stdout] test result: ok. 0 passed; 0 failed; 0 ignored; 0 measured; 0 filtered out; finished in 0.00s
[INFO] [stdout] 
[INFO] [stderr]      Running unittests src/bin/swaps.rs (/opt/rustwide/target/debug/deps/swaps-4388c7c03e99cdf7)
[INFO] [stdout] 
[INFO] [stdout] running 0 tests
[INFO] [stdout] 
[INFO] [stdout] test result: ok. 0 passed; 0 failed; 0 ignored; 0 measured; 0 filtered out; finished in 0.00s
[INFO] [stdout] 
[INFO] [stderr]    Doc-tests dynprog
[INFO] [stdout] 
[INFO] [stdout] running 0 tests
[INFO] [stdout] 
[INFO] [stdout] test result: ok. 0 passed; 0 failed; 0 ignored; 0 measured; 0 filtered out; finished in 0.00s
[INFO] [stdout] 
[INFO] [stderr]    Doc-tests hashing
[INFO] [stdout] 
[INFO] [stdout] running 0 tests
[INFO] [stdout] 
[INFO] [stdout] test result: ok. 0 passed; 0 failed; 0 ignored; 0 measured; 0 filtered out; finished in 0.00s
[INFO] [stdout] 
[INFO] [stderr]    Doc-tests heap_tree
[INFO] [stdout] 
[INFO] [stdout] running 1 test
[INFO] [stdout] test heap-tree/src/rbtree.rs - rbtree::Stats::node_size (line 788) ... FAILED
[INFO] [stdout] 
[INFO] [stdout] failures:
[INFO] [stdout] 
[INFO] [stdout] ---- heap-tree/src/rbtree.rs - rbtree::Stats::node_size (line 788) stdout ----
[INFO] [stdout] error[E0432]: unresolved import `llrb_index`
[INFO] [stdout]  --> heap-tree/src/rbtree.rs:789:5
[INFO] [stdout]   |
[INFO] [stdout] 3 | use llrb_index::Llrb;
[INFO] [stdout]   |     ^^^^^^^^^^ use of undeclared crate or module `llrb_index`
[INFO] [stdout] 
[INFO] [stdout] error: aborting due to 1 previous error
[INFO] [stdout] 
[INFO] [stdout] For more information about this error, try `rustc --explain E0432`.
[INFO] [stdout] Couldn't compile the test.
[INFO] [stdout] 
[INFO] [stdout] failures:
[INFO] [stdout]     heap-tree/src/rbtree.rs - rbtree::Stats::node_size (line 788)
[INFO] [stdout] 
[INFO] [stdout] test result: FAILED. 0 passed; 1 failed; 0 ignored; 0 measured; 0 filtered out; finished in 0.11s
[INFO] [stdout] 
[INFO] [stderr] error: doctest failed, to rerun pass `-p heap-tree --doc`
[INFO] running `Command { std: "docker" "inspect" "6457d21d5be7f0602be7a34d0ecf33995b51ffee1cf3e21684021d5173effe22", kill_on_drop: false }`
[INFO] running `Command { std: "docker" "rm" "-f" "6457d21d5be7f0602be7a34d0ecf33995b51ffee1cf3e21684021d5173effe22", kill_on_drop: false }`
[INFO] [stdout] 6457d21d5be7f0602be7a34d0ecf33995b51ffee1cf3e21684021d5173effe22
