[INFO] cloning repository https://github.com/Vagab/elasio-test
[INFO] running `Command { std: "git" "-c" "credential.helper=" "-c" "credential.helper=/workspace/cargo-home/bin/git-credential-null" "clone" "--bare" "https://github.com/Vagab/elasio-test" "/workspace/cache/git-repos/https%3A%2F%2Fgithub.com%2FVagab%2Felasio-test", kill_on_drop: false }`
[INFO] [stderr] Cloning into bare repository '/workspace/cache/git-repos/https%3A%2F%2Fgithub.com%2FVagab%2Felasio-test'...
[INFO] running `Command { std: "git" "rev-parse" "HEAD", kill_on_drop: false }`
[INFO] [stdout] e7baa913c42b650ea229938469944488a218258a
[INFO] testing Vagab/elasio-test against nightly-2025-01-18+rustflags=-Zrandomize-layout for randomize-layout-2
[INFO] running `Command { std: "git" "clone" "/workspace/cache/git-repos/https%3A%2F%2Fgithub.com%2FVagab%2Felasio-test" "/workspace/builds/worker-2-tc2/source", kill_on_drop: false }`
[INFO] [stderr] Cloning into '/workspace/builds/worker-2-tc2/source'...
[INFO] [stderr] done.
[INFO] validating manifest of git repo https://github.com/Vagab/elasio-test on toolchain nightly-2025-01-18
[INFO] running `Command { std: CARGO_HOME="/workspace/cargo-home" RUSTUP_HOME="/workspace/rustup-home" "/workspace/cargo-home/bin/cargo" "+nightly-2025-01-18" "metadata" "--manifest-path" "Cargo.toml" "--no-deps", kill_on_drop: false }`
[INFO] started tweaking git repo https://github.com/Vagab/elasio-test
[INFO] finished tweaking git repo https://github.com/Vagab/elasio-test
[INFO] tweaked toml for git repo https://github.com/Vagab/elasio-test written to /workspace/builds/worker-2-tc2/source/Cargo.toml
[INFO] crate git repo https://github.com/Vagab/elasio-test already has a lockfile, it will not be regenerated
[INFO] running `Command { std: CARGO_HOME="/workspace/cargo-home" RUSTUP_HOME="/workspace/rustup-home" "/workspace/cargo-home/bin/cargo" "+nightly-2025-01-18" "fetch" "--manifest-path" "Cargo.toml", kill_on_drop: false }`
[INFO] [stderr]     Blocking waiting for file lock on package cache
[INFO] running `Command { std: "docker" "create" "-v" "/var/lib/crater-agent-workspace/builds/worker-2-tc2/target:/opt/rustwide/target:rw,Z" "-v" "/var/lib/crater-agent-workspace/builds/worker-2-tc2/source:/opt/rustwide/workdir:ro,Z" "-v" "/var/lib/crater-agent-workspace/cargo-home:/opt/rustwide/cargo-home:ro,Z" "-v" "/var/lib/crater-agent-workspace/rustup-home:/opt/rustwide/rustup-home:ro,Z" "-e" "SOURCE_DIR=/opt/rustwide/workdir" "-e" "CARGO_TARGET_DIR=/opt/rustwide/target" "-e" "CARGO_HOME=/opt/rustwide/cargo-home" "-e" "RUSTUP_HOME=/opt/rustwide/rustup-home" "-w" "/opt/rustwide/workdir" "-m" "1610612736" "--user" "0:0" "--network" "none" "ghcr.io/rust-lang/crates-build-env/linux@sha256:819108c5571ea2e421544af4d832f968d213c87fbe3707a016657f43d2f853bc" "/opt/rustwide/cargo-home/bin/cargo" "+nightly-2025-01-18" "metadata" "--no-deps" "--format-version=1", kill_on_drop: false }`
[INFO] [stdout] 573046c68a69a10f48544611f6d1e81b47e2f610c5915e68be9d642ddb74171e
[INFO] running `Command { std: "docker" "start" "-a" "573046c68a69a10f48544611f6d1e81b47e2f610c5915e68be9d642ddb74171e", kill_on_drop: false }`
[INFO] running `Command { std: "docker" "inspect" "573046c68a69a10f48544611f6d1e81b47e2f610c5915e68be9d642ddb74171e", kill_on_drop: false }`
[INFO] running `Command { std: "docker" "rm" "-f" "573046c68a69a10f48544611f6d1e81b47e2f610c5915e68be9d642ddb74171e", kill_on_drop: false }`
[INFO] [stdout] 573046c68a69a10f48544611f6d1e81b47e2f610c5915e68be9d642ddb74171e
[INFO] running `Command { std: "docker" "create" "-v" "/var/lib/crater-agent-workspace/builds/worker-2-tc2/target:/opt/rustwide/target:rw,Z" "-v" "/var/lib/crater-agent-workspace/builds/worker-2-tc2/source:/opt/rustwide/workdir:ro,Z" "-v" "/var/lib/crater-agent-workspace/cargo-home:/opt/rustwide/cargo-home:ro,Z" "-v" "/var/lib/crater-agent-workspace/rustup-home:/opt/rustwide/rustup-home:ro,Z" "-e" "SOURCE_DIR=/opt/rustwide/workdir" "-e" "CARGO_TARGET_DIR=/opt/rustwide/target" "-e" "CARGO_INCREMENTAL=0" "-e" "RUST_BACKTRACE=full" "-e" "RUSTFLAGS=--cap-lints=forbid -Zrandomize-layout" "-e" "RUSTDOCFLAGS=--cap-lints=forbid" "-e" "CARGO_HOME=/opt/rustwide/cargo-home" "-e" "RUSTUP_HOME=/opt/rustwide/rustup-home" "-w" "/opt/rustwide/workdir" "-m" "1610612736" "--user" "0:0" "--network" "none" "ghcr.io/rust-lang/crates-build-env/linux@sha256:819108c5571ea2e421544af4d832f968d213c87fbe3707a016657f43d2f853bc" "/opt/rustwide/cargo-home/bin/cargo" "+nightly-2025-01-18" "build" "--frozen" "--message-format=json", kill_on_drop: false }`
[INFO] [stdout] 87d967d24d43ea5f98d1094a6e95ce10f701915ccaa76fe860857fa6d42b72d6
[INFO] running `Command { std: "docker" "start" "-a" "87d967d24d43ea5f98d1094a6e95ce10f701915ccaa76fe860857fa6d42b72d6", kill_on_drop: false }`
[INFO] [stderr]    Compiling proc-macro2 v1.0.37
[INFO] [stderr]    Compiling unicode-xid v0.2.2
[INFO] [stderr]    Compiling syn v1.0.91
[INFO] [stderr]    Compiling libc v0.2.124
[INFO] [stderr]    Compiling memchr v2.4.1
[INFO] [stderr]    Compiling pin-project-lite v0.2.8
[INFO] [stderr]    Compiling futures-core v0.3.21
[INFO] [stderr]    Compiling log v0.4.16
[INFO] [stderr]    Compiling lock_api v0.4.7
[INFO] [stderr]    Compiling parking_lot_core v0.9.2
[INFO] [stderr]    Compiling bytes v1.1.0
[INFO] [stderr]    Compiling once_cell v1.10.0
[INFO] [stderr]    Compiling itoa v1.0.1
[INFO] [stderr]    Compiling serde_derive v1.0.136
[INFO] [stderr]    Compiling futures-io v0.3.21
[INFO] [stderr]    Compiling cc v1.0.73
[INFO] [stderr]    Compiling futures-sink v0.3.21
[INFO] [stderr]    Compiling futures-task v0.3.21
[INFO] [stderr]    Compiling futures-channel v0.3.21
[INFO] [stderr]    Compiling serde v1.0.136
[INFO] [stderr]    Compiling pkg-config v0.3.25
[INFO] [stderr]    Compiling futures-util v0.3.21
[INFO] [stderr]    Compiling pin-utils v0.1.0
[INFO] [stderr]    Compiling fnv v1.0.7
[INFO] [stderr]    Compiling slab v0.4.6
[INFO] [stderr]    Compiling quote v1.0.18
[INFO] [stderr]    Compiling tracing-core v0.1.26
[INFO] [stderr]    Compiling num_cpus v1.13.1
[INFO] [stderr]    Compiling socket2 v0.4.4
[INFO] [stderr]    Compiling mio v0.8.2
[INFO] [stderr]    Compiling openssl-sys v0.9.72
[INFO] [stderr]    Compiling signal-hook-registry v1.4.0
[INFO] [stderr]    Compiling parking_lot v0.12.0
[INFO] [stderr]    Compiling http v0.2.6
[INFO] [stderr]    Compiling indexmap v1.8.1
[INFO] [stderr]    Compiling getrandom v0.1.16
[INFO] [stderr]    Compiling tinyvec_macros v0.1.0
[INFO] [stderr]    Compiling matches v0.1.9
[INFO] [stderr]    Compiling percent-encoding v2.1.0
[INFO] [stderr]    Compiling tinyvec v1.5.1
[INFO] [stderr]    Compiling openssl v0.10.38
[INFO] [stderr]    Compiling ryu v1.0.9
[INFO] [stderr]    Compiling serde_json v1.0.79
[INFO] [stderr]    Compiling httparse v1.7.0
[INFO] [stderr]    Compiling foreign-types-shared v0.1.1
[INFO] [stderr]    Compiling hashbrown v0.11.2
[INFO] [stderr]    Compiling foreign-types v0.3.2
[INFO] [stderr]    Compiling form_urlencoded v1.0.1
[INFO] [stderr]    Compiling try-lock v0.2.3
[INFO] [stderr]    Compiling native-tls v0.2.10
[INFO] [stderr]    Compiling unicode-bidi v0.3.7
[INFO] [stderr]    Compiling want v0.3.0
[INFO] [stderr]    Compiling rand_core v0.5.1
[INFO] [stderr]    Compiling async-trait v0.1.53
[INFO] [stderr]    Compiling tower-service v0.3.1
[INFO] [stderr]    Compiling ppv-lite86 v0.2.16
[INFO] [stderr]    Compiling openssl-probe v0.1.5
[INFO] [stderr]    Compiling httpdate v1.0.2
[INFO] [stderr]    Compiling unicode-normalization v0.1.19
[INFO] [stderr]    Compiling anyhow v1.0.57
[INFO] [stderr]    Compiling cache-padded v1.2.0
[INFO] [stderr]    Compiling concurrent-queue v1.2.2
[INFO] [stderr]    Compiling parking v2.0.0
[INFO] [stderr]    Compiling event-listener v2.5.2
[INFO] [stderr]    Compiling waker-fn v1.1.0
[INFO] [stderr]    Compiling http-types v2.12.0
[INFO] [stderr]    Compiling rand_chacha v0.2.2
[INFO] [stderr]    Compiling fastrand v1.7.0
[INFO] [stderr]    Compiling encoding_rs v0.8.31
[INFO] [stderr]    Compiling async-channel v1.6.1
[INFO] [stderr]    Compiling futures-lite v1.12.0
[INFO] [stderr]    Compiling rand v0.7.3
[INFO] [stderr]    Compiling idna v0.2.3
[INFO] [stderr]    Compiling http-body v0.4.4
[INFO] [stderr]    Compiling aho-corasick v0.7.18
[INFO] [stderr]    Compiling deadpool-runtime v0.1.2
[INFO] [stderr]    Compiling retain_mut v0.1.7
[INFO] [stderr]    Compiling regex-syntax v0.6.25
[INFO] [stderr]    Compiling infer v0.2.3
[INFO] [stderr]    Compiling ipnet v2.5.0
[INFO] [stderr]    Compiling futures-timer v3.0.2
[INFO] [stderr]    Compiling mime v0.3.16
[INFO] [stderr]    Compiling text_io v0.1.10
[INFO] [stderr]    Compiling regex v1.5.5
[INFO] [stderr]    Compiling tokio-macros v1.7.0
[INFO] [stderr]    Compiling futures-macro v0.3.21
[INFO] [stderr]    Compiling tracing-attributes v0.1.20
[INFO] [stderr]    Compiling thiserror-impl v1.0.30
[INFO] [stderr]    Compiling tokio v1.17.0
[INFO] [stderr]    Compiling thiserror v1.0.30
[INFO] [stderr]    Compiling tracing v0.1.34
[INFO] [stderr]    Compiling futures-executor v0.3.21
[INFO] [stderr]    Compiling futures v0.3.21
[INFO] [stderr]    Compiling tokio-util v0.7.1
[INFO] [stderr]    Compiling tokio-native-tls v0.3.0
[INFO] [stderr]    Compiling deadpool v0.9.3
[INFO] [stderr]    Compiling h2 v0.3.13
[INFO] [stderr]    Compiling url v2.2.2
[INFO] [stderr]    Compiling serde_urlencoded v0.7.1
[INFO] [stderr]    Compiling serde_qs v0.8.5
[INFO] [stderr]    Compiling assert-json-diff v2.0.1
[INFO] [stderr]    Compiling hyper v0.14.18
[INFO] [stderr]    Compiling hyper-tls v0.5.0
[INFO] [stderr]    Compiling wiremock v0.5.13
[INFO] [stderr]    Compiling reqwest v0.11.10
[INFO] [stderr]    Compiling elastio-test v0.1.0 (/opt/rustwide/workdir)
[INFO] [stderr]     Finished `dev` profile [unoptimized + debuginfo] target(s) in 1m 35s
[INFO] running `Command { std: "docker" "inspect" "87d967d24d43ea5f98d1094a6e95ce10f701915ccaa76fe860857fa6d42b72d6", kill_on_drop: false }`
[INFO] running `Command { std: "docker" "rm" "-f" "87d967d24d43ea5f98d1094a6e95ce10f701915ccaa76fe860857fa6d42b72d6", kill_on_drop: false }`
[INFO] [stdout] 87d967d24d43ea5f98d1094a6e95ce10f701915ccaa76fe860857fa6d42b72d6
[INFO] running `Command { std: "docker" "create" "-v" "/var/lib/crater-agent-workspace/builds/worker-2-tc2/target:/opt/rustwide/target:rw,Z" "-v" "/var/lib/crater-agent-workspace/builds/worker-2-tc2/source:/opt/rustwide/workdir:ro,Z" "-v" "/var/lib/crater-agent-workspace/cargo-home:/opt/rustwide/cargo-home:ro,Z" "-v" "/var/lib/crater-agent-workspace/rustup-home:/opt/rustwide/rustup-home:ro,Z" "-e" "SOURCE_DIR=/opt/rustwide/workdir" "-e" "CARGO_TARGET_DIR=/opt/rustwide/target" "-e" "CARGO_INCREMENTAL=0" "-e" "RUST_BACKTRACE=full" "-e" "RUSTFLAGS=--cap-lints=forbid -Zrandomize-layout" "-e" "RUSTDOCFLAGS=--cap-lints=forbid" "-e" "CARGO_HOME=/opt/rustwide/cargo-home" "-e" "RUSTUP_HOME=/opt/rustwide/rustup-home" "-w" "/opt/rustwide/workdir" "-m" "1610612736" "--user" "0:0" "--network" "none" "ghcr.io/rust-lang/crates-build-env/linux@sha256:819108c5571ea2e421544af4d832f968d213c87fbe3707a016657f43d2f853bc" "/opt/rustwide/cargo-home/bin/cargo" "+nightly-2025-01-18" "test" "--frozen" "--no-run" "--message-format=json", kill_on_drop: false }`
[INFO] [stdout] da8b168e11fc6dd2b95efceb085566de9ef0c38b0225a095d3c8998ec9f01e97
[INFO] running `Command { std: "docker" "start" "-a" "da8b168e11fc6dd2b95efceb085566de9ef0c38b0225a095d3c8998ec9f01e97", kill_on_drop: false }`
[INFO] [stderr]    Compiling elastio-test v0.1.0 (/opt/rustwide/workdir)
[INFO] [stderr]     Finished `test` profile [unoptimized + debuginfo] target(s) in 1.70s
[INFO] running `Command { std: "docker" "inspect" "da8b168e11fc6dd2b95efceb085566de9ef0c38b0225a095d3c8998ec9f01e97", kill_on_drop: false }`
[INFO] running `Command { std: "docker" "rm" "-f" "da8b168e11fc6dd2b95efceb085566de9ef0c38b0225a095d3c8998ec9f01e97", kill_on_drop: false }`
[INFO] [stdout] da8b168e11fc6dd2b95efceb085566de9ef0c38b0225a095d3c8998ec9f01e97
[INFO] running `Command { std: "docker" "create" "-v" "/var/lib/crater-agent-workspace/builds/worker-2-tc2/target:/opt/rustwide/target:rw,Z" "-v" "/var/lib/crater-agent-workspace/builds/worker-2-tc2/source:/opt/rustwide/workdir:ro,Z" "-v" "/var/lib/crater-agent-workspace/cargo-home:/opt/rustwide/cargo-home:ro,Z" "-v" "/var/lib/crater-agent-workspace/rustup-home:/opt/rustwide/rustup-home:ro,Z" "-e" "SOURCE_DIR=/opt/rustwide/workdir" "-e" "CARGO_TARGET_DIR=/opt/rustwide/target" "-e" "CARGO_INCREMENTAL=0" "-e" "RUST_BACKTRACE=full" "-e" "RUSTFLAGS=--cap-lints=forbid -Zrandomize-layout" "-e" "RUSTDOCFLAGS=--cap-lints=forbid" "-e" "CARGO_HOME=/opt/rustwide/cargo-home" "-e" "RUSTUP_HOME=/opt/rustwide/rustup-home" "-w" "/opt/rustwide/workdir" "-m" "1610612736" "--user" "0:0" "--network" "none" "ghcr.io/rust-lang/crates-build-env/linux@sha256:819108c5571ea2e421544af4d832f968d213c87fbe3707a016657f43d2f853bc" "/opt/rustwide/cargo-home/bin/cargo" "+nightly-2025-01-18" "test" "--frozen", kill_on_drop: false }`
[INFO] [stdout] 787efaf8d64bbaec48f1652246432c2ce7a9a4a568e13f0f0e1ae7941152dda1
[INFO] running `Command { std: "docker" "start" "-a" "787efaf8d64bbaec48f1652246432c2ce7a9a4a568e13f0f0e1ae7941152dda1", kill_on_drop: false }`
[INFO] [stderr]     Finished `test` profile [unoptimized + debuginfo] target(s) in 0.15s
[INFO] [stderr]      Running unittests src/main.rs (/opt/rustwide/target/debug/deps/elastio_test-47ac2bccbf6448a9)
[INFO] [stdout] 
[INFO] [stdout] running 4 tests
[INFO] [stdout] test api::request::tests::path_resolves_correctly_with_openweather ... ok
[INFO] [stdout] test api::request::tests::path_resolves_correctly_with_weatherapi ... ok
[INFO] [stdout] test api::configuration::tests::adds_and_retrieves_api_keys ... FAILED
[INFO] [stdout] test api::request::tests::path_panics_with_wrong_api_provider - should panic ... ok
[INFO] [stdout] 
[INFO] [stdout] failures:
[INFO] [stdout] 
[INFO] [stdout] ---- api::configuration::tests::adds_and_retrieves_api_keys stdout ----
[INFO] [stdout] 
[INFO] [stdout] thread 'api::configuration::tests::adds_and_retrieves_api_keys' panicked at src/api/configuration.rs:25:10:
[INFO] [stdout] Create failed: Os { code: 30, kind: ReadOnlyFilesystem, message: "Read-only file system" }
[INFO] [stdout] stack backtrace:
[INFO] [stdout]    0:     0x55c088caf57a - std::backtrace_rs::backtrace::libunwind::trace::hb059275cfc8d6126
[INFO] [stdout]                                at /rustc/6067b36314ab5eb2eb47cecc464545ba58e1ad24/library/std/src/../../backtrace/src/backtrace/libunwind.rs:116:5
[INFO] [stdout]    1:     0x55c088caf57a - std::backtrace_rs::backtrace::trace_unsynchronized::h2da071e4327ce3ee
[INFO] [stdout]                                at /rustc/6067b36314ab5eb2eb47cecc464545ba58e1ad24/library/std/src/../../backtrace/src/backtrace/mod.rs:66:5
[INFO] [stdout]    2:     0x55c088caf57a - std::sys::backtrace::_print_fmt::h842a1474e6f8d23f
[INFO] [stdout]                                at /rustc/6067b36314ab5eb2eb47cecc464545ba58e1ad24/library/std/src/sys/backtrace.rs:66:9
[INFO] [stdout]    3:     0x55c088caf57a - <std::sys::backtrace::BacktraceLock::print::DisplayBacktrace as core::fmt::Display>::fmt::h71a62eb3b9696b12
[INFO] [stdout]                                at /rustc/6067b36314ab5eb2eb47cecc464545ba58e1ad24/library/std/src/sys/backtrace.rs:39:26
[INFO] [stdout]    4:     0x55c088cd6ca3 - core::fmt::rt::Argument::fmt::hdb6b616786b41dc1
[INFO] [stdout]                                at /rustc/6067b36314ab5eb2eb47cecc464545ba58e1ad24/library/core/src/fmt/rt.rs:177:76
[INFO] [stdout]    5:     0x55c088cd6ca3 - core::fmt::write::h2cc1698af7e2d686
[INFO] [stdout]                                at /rustc/6067b36314ab5eb2eb47cecc464545ba58e1ad24/library/core/src/fmt/mod.rs:1440:21
[INFO] [stdout]    6:     0x55c088cac023 - std::io::Write::write_fmt::hab1b4cd059a79022
[INFO] [stdout]                                at /rustc/6067b36314ab5eb2eb47cecc464545ba58e1ad24/library/std/src/io/mod.rs:1887:15
[INFO] [stdout]    7:     0x55c088caf3c2 - std::sys::backtrace::BacktraceLock::print::h147fe35b4ea13b08
[INFO] [stdout]                                at /rustc/6067b36314ab5eb2eb47cecc464545ba58e1ad24/library/std/src/sys/backtrace.rs:42:9
[INFO] [stdout]    8:     0x55c088cb099f - std::panicking::default_hook::{{closure}}::hbd44223dbdc0d208
[INFO] [stdout]                                at /rustc/6067b36314ab5eb2eb47cecc464545ba58e1ad24/library/std/src/panicking.rs:298:22
[INFO] [stdout]    9:     0x55c088cb07b8 - std::panicking::default_hook::h20f81eb0576efcec
[INFO] [stdout]                                at /rustc/6067b36314ab5eb2eb47cecc464545ba58e1ad24/library/std/src/panicking.rs:322:9
[INFO] [stdout]   10:     0x55c088c73443 - <alloc::boxed::Box<F,A> as core::ops::function::Fn<Args>>::call::hdb53814c496a4d34
[INFO] [stdout]                                at /rustc/6067b36314ab5eb2eb47cecc464545ba58e1ad24/library/alloc/src/boxed.rs:2027:9
[INFO] [stdout]   11:     0x55c088c73443 - test::test_main::{{closure}}::hc0a4963c59427c24
[INFO] [stdout]                                at /rustc/6067b36314ab5eb2eb47cecc464545ba58e1ad24/library/test/src/lib.rs:134:21
[INFO] [stdout]   12:     0x55c088cb1493 - <alloc::boxed::Box<F,A> as core::ops::function::Fn<Args>>::call::h591b2225413a77e9
[INFO] [stdout]                                at /rustc/6067b36314ab5eb2eb47cecc464545ba58e1ad24/library/alloc/src/boxed.rs:2027:9
[INFO] [stdout]   13:     0x55c088cb1493 - std::panicking::rust_panic_with_hook::h625eea43051b2edc
[INFO] [stdout]                                at /rustc/6067b36314ab5eb2eb47cecc464545ba58e1ad24/library/std/src/panicking.rs:839:13
[INFO] [stdout]   14:     0x55c088cb114a - std::panicking::begin_panic_handler::{{closure}}::h4f9159cfbc3f6bd3
[INFO] [stdout]                                at /rustc/6067b36314ab5eb2eb47cecc464545ba58e1ad24/library/std/src/panicking.rs:704:13
[INFO] [stdout]   15:     0x55c088cafa79 - std::sys::backtrace::__rust_end_short_backtrace::h0390abce48353151
[INFO] [stdout]                                at /rustc/6067b36314ab5eb2eb47cecc464545ba58e1ad24/library/std/src/sys/backtrace.rs:168:18
[INFO] [stdout]   16:     0x55c088cb0ddd - rust_begin_unwind
[INFO] [stdout]                                at /rustc/6067b36314ab5eb2eb47cecc464545ba58e1ad24/library/std/src/panicking.rs:695:5
[INFO] [stdout]   17:     0x55c088cd5750 - core::panicking::panic_fmt::h9e7c637e9e5f29c9
[INFO] [stdout]                                at /rustc/6067b36314ab5eb2eb47cecc464545ba58e1ad24/library/core/src/panicking.rs:75:14
[INFO] [stdout]   18:     0x55c088cd5af6 - core::result::unwrap_failed::h7979f09313fe1849
[INFO] [stdout]                                at /rustc/6067b36314ab5eb2eb47cecc464545ba58e1ad24/library/core/src/result.rs:1704:5
[INFO] [stdout]   19:     0x55c088c3671d - core::result::Result<T,E>::expect::h38a02366d3057813
[INFO] [stdout]                                at /rustc/6067b36314ab5eb2eb47cecc464545ba58e1ad24/library/core/src/result.rs:1061:23
[INFO] [stdout]   20:     0x55c088c3839b - elastio_test::api::configuration::write_key_to_file::hc4efb47790656050
[INFO] [stdout]                                at /opt/rustwide/workdir/src/api/configuration.rs:20:20
[INFO] [stdout]   21:     0x55c088c38c3a - elastio_test::api::configuration::tests::adds_and_retrieves_api_keys::h1310566dc15648f2
[INFO] [stdout]                                at /opt/rustwide/workdir/src/api/configuration.rs:67:9
[INFO] [stdout]   22:     0x55c088c38bd7 - elastio_test::api::configuration::tests::adds_and_retrieves_api_keys::{{closure}}::h40deb8752eee4aba
[INFO] [stdout]                                at /opt/rustwide/workdir/src/api/configuration.rs:66:37
[INFO] [stdout]   23:     0x55c088c350d6 - core::ops::function::FnOnce::call_once::h4067f888b4422dde
[INFO] [stdout]                                at /rustc/6067b36314ab5eb2eb47cecc464545ba58e1ad24/library/core/src/ops/function.rs:250:5
[INFO] [stdout]   24:     0x55c088c78b9b - core::ops::function::FnOnce::call_once::he27718dfdd183f43
[INFO] [stdout]                                at /rustc/6067b36314ab5eb2eb47cecc464545ba58e1ad24/library/core/src/ops/function.rs:250:5
[INFO] [stdout]   25:     0x55c088c78b9b - test::__rust_begin_short_backtrace::h4e84902998457a5d
[INFO] [stdout]                                at /rustc/6067b36314ab5eb2eb47cecc464545ba58e1ad24/library/test/src/lib.rs:632:18
[INFO] [stdout]   26:     0x55c088c77ad3 - test::run_test_in_process::{{closure}}::h7176fd18fc1feca0
[INFO] [stdout]                                at /rustc/6067b36314ab5eb2eb47cecc464545ba58e1ad24/library/test/src/lib.rs:655:60
[INFO] [stdout]   27:     0x55c088c77ad3 - <core::panic::unwind_safe::AssertUnwindSafe<F> as core::ops::function::FnOnce<()>>::call_once::hf79cff2a624d8cf7
[INFO] [stdout]                                at /rustc/6067b36314ab5eb2eb47cecc464545ba58e1ad24/library/core/src/panic/unwind_safe.rs:272:9
[INFO] [stdout]   28:     0x55c088c77ad3 - std::panicking::try::do_call::h3da0561d9ab99c25
[INFO] [stdout]                                at /rustc/6067b36314ab5eb2eb47cecc464545ba58e1ad24/library/std/src/panicking.rs:587:40
[INFO] [stdout]   29:     0x55c088c77ad3 - std::panicking::try::h41c9fa508bc61df6
[INFO] [stdout]                                at /rustc/6067b36314ab5eb2eb47cecc464545ba58e1ad24/library/std/src/panicking.rs:550:19
[INFO] [stdout]   30:     0x55c088c77ad3 - std::panic::catch_unwind::h6b3ff07bb5afad93
[INFO] [stdout]                                at /rustc/6067b36314ab5eb2eb47cecc464545ba58e1ad24/library/std/src/panic.rs:358:14
[INFO] [stdout]   31:     0x55c088c77ad3 - test::run_test_in_process::hc7253dd11b39b9f4
[INFO] [stdout]                                at /rustc/6067b36314ab5eb2eb47cecc464545ba58e1ad24/library/test/src/lib.rs:655:27
[INFO] [stdout]   32:     0x55c088c77ad3 - test::run_test::{{closure}}::hfb2007f8649c30bb
[INFO] [stdout]                                at /rustc/6067b36314ab5eb2eb47cecc464545ba58e1ad24/library/test/src/lib.rs:576:43
[INFO] [stdout]   33:     0x55c088c3abb5 - test::run_test::{{closure}}::h56a17aa7a282a9f4
[INFO] [stdout]                                at /rustc/6067b36314ab5eb2eb47cecc464545ba58e1ad24/library/test/src/lib.rs:606:41
[INFO] [stdout]   34:     0x55c088c3abb5 - std::sys::backtrace::__rust_begin_short_backtrace::hd2d2d2fb8e8c6aac
[INFO] [stdout]                                at /rustc/6067b36314ab5eb2eb47cecc464545ba58e1ad24/library/std/src/sys/backtrace.rs:152:18
[INFO] [stdout]   35:     0x55c088c3e49a - std::thread::Builder::spawn_unchecked_::{{closure}}::{{closure}}::h4faa3f9db6133423
[INFO] [stdout]                                at /rustc/6067b36314ab5eb2eb47cecc464545ba58e1ad24/library/std/src/thread/mod.rs:559:17
[INFO] [stdout]   36:     0x55c088c3e49a - <core::panic::unwind_safe::AssertUnwindSafe<F> as core::ops::function::FnOnce<()>>::call_once::hf2e855a36a4ea846
[INFO] [stdout]                                at /rustc/6067b36314ab5eb2eb47cecc464545ba58e1ad24/library/core/src/panic/unwind_safe.rs:272:9
[INFO] [stdout]   37:     0x55c088c3e49a - std::panicking::try::do_call::h2f73af3616c35465
[INFO] [stdout]                                at /rustc/6067b36314ab5eb2eb47cecc464545ba58e1ad24/library/std/src/panicking.rs:587:40
[INFO] [stdout]   38:     0x55c088c3e49a - std::panicking::try::hd1660ce9efadef5a
[INFO] [stdout]                                at /rustc/6067b36314ab5eb2eb47cecc464545ba58e1ad24/library/std/src/panicking.rs:550:19
[INFO] [stdout]   39:     0x55c088c3e49a - std::panic::catch_unwind::h5ee8d7823b8ca744
[INFO] [stdout]                                at /rustc/6067b36314ab5eb2eb47cecc464545ba58e1ad24/library/std/src/panic.rs:358:14
[INFO] [stdout]   40:     0x55c088c3e49a - std::thread::Builder::spawn_unchecked_::{{closure}}::h53c3a1894dce8407
[INFO] [stdout]                                at /rustc/6067b36314ab5eb2eb47cecc464545ba58e1ad24/library/std/src/thread/mod.rs:557:30
[INFO] [stdout]   41:     0x55c088c3e49a - core::ops::function::FnOnce::call_once{{vtable.shim}}::h048ce291ad4f62bf
[INFO] [stdout]                                at /rustc/6067b36314ab5eb2eb47cecc464545ba58e1ad24/library/core/src/ops/function.rs:250:5
[INFO] [stdout]   42:     0x55c088cb54bb - <alloc::boxed::Box<F,A> as core::ops::function::FnOnce<Args>>::call_once::ha52bedf99a3b4981
[INFO] [stdout]                                at /rustc/6067b36314ab5eb2eb47cecc464545ba58e1ad24/library/alloc/src/boxed.rs:2013:9
[INFO] [stdout]   43:     0x55c088cb54bb - <alloc::boxed::Box<F,A> as core::ops::function::FnOnce<Args>>::call_once::h567748934d80ccf8
[INFO] [stdout]                                at /rustc/6067b36314ab5eb2eb47cecc464545ba58e1ad24/library/alloc/src/boxed.rs:2013:9
[INFO] [stdout]   44:     0x55c088cb54bb - std::sys::pal::unix::thread::Thread::new::thread_start::h2d970728ae887adc
[INFO] [stdout]                                at /rustc/6067b36314ab5eb2eb47cecc464545ba58e1ad24/library/std/src/sys/pal/unix/thread.rs:106:17
[INFO] [stdout]   45:     0x715df326dac3 - <unknown>
[INFO] [stdout]   46:     0x715df32fea04 - clone
[INFO] [stdout]   47:                0x0 - <unknown>
[INFO] [stdout] 
[INFO] [stdout] 
[INFO] [stdout] failures:
[INFO] [stdout]     api::configuration::tests::adds_and_retrieves_api_keys
[INFO] [stdout] 
[INFO] [stdout] test result: FAILED. 3 passed; 1 failed; 0 ignored; 0 measured; 0 filtered out; finished in 0.09s
[INFO] [stdout] 
[INFO] [stderr] error: test failed, to rerun pass `--bin elastio-test`
[INFO] running `Command { std: "docker" "inspect" "787efaf8d64bbaec48f1652246432c2ce7a9a4a568e13f0f0e1ae7941152dda1", kill_on_drop: false }`
[INFO] running `Command { std: "docker" "rm" "-f" "787efaf8d64bbaec48f1652246432c2ce7a9a4a568e13f0f0e1ae7941152dda1", kill_on_drop: false }`
[INFO] [stdout] 787efaf8d64bbaec48f1652246432c2ce7a9a4a568e13f0f0e1ae7941152dda1
