[INFO] cloning repository https://github.com/VKCOM/swc-plugin-pre-paths
[INFO] running `Command { std: "git" "-c" "credential.helper=" "-c" "credential.helper=/workspace/cargo-home/bin/git-credential-null" "clone" "--bare" "https://github.com/VKCOM/swc-plugin-pre-paths" "/workspace/cache/git-repos/https%3A%2F%2Fgithub.com%2FVKCOM%2Fswc-plugin-pre-paths", kill_on_drop: false }`
[INFO] [stderr] Cloning into bare repository '/workspace/cache/git-repos/https%3A%2F%2Fgithub.com%2FVKCOM%2Fswc-plugin-pre-paths'...
[INFO] running `Command { std: "git" "rev-parse" "HEAD", kill_on_drop: false }`
[INFO] [stdout] 4991b0d768a76e0ad6c963188bba310a04a1700a
[INFO] testing VKCOM/swc-plugin-pre-paths against nightly-2025-01-18 for randomize-layout-2
[INFO] running `Command { std: "git" "clone" "/workspace/cache/git-repos/https%3A%2F%2Fgithub.com%2FVKCOM%2Fswc-plugin-pre-paths" "/workspace/builds/worker-4-tc1/source", kill_on_drop: false }`
[INFO] [stderr] Cloning into '/workspace/builds/worker-4-tc1/source'...
[INFO] [stderr] done.
[INFO] validating manifest of git repo https://github.com/VKCOM/swc-plugin-pre-paths on toolchain nightly-2025-01-18
[INFO] running `Command { std: CARGO_HOME="/workspace/cargo-home" RUSTUP_HOME="/workspace/rustup-home" "/workspace/cargo-home/bin/cargo" "+nightly-2025-01-18" "metadata" "--manifest-path" "Cargo.toml" "--no-deps", kill_on_drop: false }`
[INFO] removed /workspace/builds/worker-4-tc1/source/.cargo/config.toml
[INFO] removed /workspace/builds/worker-4-tc1/source/rust-toolchain.toml
[INFO] started tweaking git repo https://github.com/VKCOM/swc-plugin-pre-paths
[INFO] finished tweaking git repo https://github.com/VKCOM/swc-plugin-pre-paths
[INFO] tweaked toml for git repo https://github.com/VKCOM/swc-plugin-pre-paths written to /workspace/builds/worker-4-tc1/source/Cargo.toml
[INFO] crate git repo https://github.com/VKCOM/swc-plugin-pre-paths already has a lockfile, it will not be regenerated
[INFO] running `Command { std: CARGO_HOME="/workspace/cargo-home" RUSTUP_HOME="/workspace/rustup-home" "/workspace/cargo-home/bin/cargo" "+nightly-2025-01-18" "fetch" "--manifest-path" "Cargo.toml", kill_on_drop: false }`
[INFO] [stderr]     Updating crates.io index
[INFO] [stderr]  Downloading crates ...
[INFO] [stderr]   Downloaded testing_macros v1.0.0
[INFO] [stderr]   Downloaded ts-rs-macros v10.1.0
[INFO] [stderr]   Downloaded ts-rs v10.1.0
[INFO] [stderr]   Downloaded swc_eq_ignore_macros v1.0.0
[INFO] [stderr]   Downloaded swc_visit v2.0.0
[INFO] [stderr]   Downloaded swc_error_reporters v6.0.0
[INFO] [stderr]   Downloaded testing v5.0.0
[INFO] [stderr]   Downloaded swc_plugin v1.0.0
[INFO] [stderr]   Downloaded is-macro v0.3.7
[INFO] [stderr]   Downloaded ryu-js v1.0.1
[INFO] [stderr]   Downloaded swc_ecma_codegen_macros v1.0.0
[INFO] [stderr]   Downloaded swc_ecma_codegen v5.0.1
[INFO] [stderr]   Downloaded swc_ecma_testing v5.0.0
[INFO] [stderr]   Downloaded psm v0.1.24
[INFO] [stderr]   Downloaded swc_ecma_parser v6.0.2
[INFO] [stderr]   Downloaded swc_parallel v1.0.1
[INFO] [stderr]   Downloaded swc_core v10.1.0
[INFO] [stderr]   Downloaded vergen v9.0.4
[INFO] [stderr]   Downloaded swc_atoms v3.0.2
[INFO] [stderr]   Downloaded ptr_meta_derive v0.3.0
[INFO] [stderr]   Downloaded unicode-id v0.3.5
[INFO] [stderr]   Downloaded swc_ecma_visit v5.0.0
[INFO] [stderr]   Downloaded swc_ecma_utils v7.0.0
[INFO] [stderr]   Downloaded swc_ecma_transforms_testing v7.0.0
[INFO] [stderr]   Downloaded string_enum v1.0.0
[INFO] [stderr]   Downloaded swc_ecma_ast v5.0.1
[INFO] [stderr]   Downloaded swc_ecma_transforms_base v7.0.0
[INFO] [stderr]   Downloaded vergen-lib v0.1.6
[INFO] [stderr]   Downloaded ast_node v3.0.0
[INFO] [stderr]   Downloaded better_scoped_tls v1.0.0
[INFO] [stderr]   Downloaded swc_macros_common v1.0.0
[INFO] [stderr]   Downloaded from_variant v2.0.0
[INFO] [stderr]   Downloaded outref v0.1.0
[INFO] [stderr]   Downloaded simd-abstraction v0.7.1
[INFO] [stderr]   Downloaded base64-simd v0.7.0
[INFO] [stderr]   Downloaded unicode-id-start v1.3.1
[INFO] [stderr]   Downloaded sourcemap v9.1.2
[INFO] [stderr]   Downloaded swc_allocator v2.0.0
[INFO] [stderr]   Downloaded hstr v0.2.15
[INFO] [stderr]   Downloaded munge_macro v0.4.1
[INFO] [stderr]   Downloaded munge v0.4.1
[INFO] [stderr]   Downloaded bytecheck_derive v0.8.0
[INFO] [stderr]   Downloaded ptr_meta v0.3.0
[INFO] [stderr]   Downloaded rancor v0.1.0
[INFO] [stderr]   Downloaded bytecheck v0.8.0
[INFO] [stderr]   Downloaded rend v0.5.2
[INFO] [stderr]   Downloaded rkyv v0.8.9
[INFO] [stderr]   Downloaded swc_common v5.0.0
[INFO] [stderr]   Downloaded swc_plugin_macro v1.0.0
[INFO] [stderr]   Downloaded swc_trace_macro v2.0.0
[INFO] [stderr]   Downloaded swc_plugin_proxy v5.0.0
[INFO] [stderr]   Downloaded rkyv_derive v0.8.9
[INFO] running `Command { std: "docker" "create" "-v" "/var/lib/crater-agent-workspace/builds/worker-4-tc1/target:/opt/rustwide/target:rw,Z" "-v" "/var/lib/crater-agent-workspace/builds/worker-4-tc1/source:/opt/rustwide/workdir:ro,Z" "-v" "/var/lib/crater-agent-workspace/cargo-home:/opt/rustwide/cargo-home:ro,Z" "-v" "/var/lib/crater-agent-workspace/rustup-home:/opt/rustwide/rustup-home:ro,Z" "-e" "SOURCE_DIR=/opt/rustwide/workdir" "-e" "CARGO_TARGET_DIR=/opt/rustwide/target" "-e" "CARGO_HOME=/opt/rustwide/cargo-home" "-e" "RUSTUP_HOME=/opt/rustwide/rustup-home" "-w" "/opt/rustwide/workdir" "-m" "1610612736" "--user" "0:0" "--network" "none" "ghcr.io/rust-lang/crates-build-env/linux@sha256:819108c5571ea2e421544af4d832f968d213c87fbe3707a016657f43d2f853bc" "/opt/rustwide/cargo-home/bin/cargo" "+nightly-2025-01-18" "metadata" "--no-deps" "--format-version=1", kill_on_drop: false }`
[INFO] [stdout] 42f033e2ad2d050f140b2799651d7381a288ecfbbf05df7a77c95382c488f8b9
[INFO] running `Command { std: "docker" "start" "-a" "42f033e2ad2d050f140b2799651d7381a288ecfbbf05df7a77c95382c488f8b9", kill_on_drop: false }`
[INFO] running `Command { std: "docker" "inspect" "42f033e2ad2d050f140b2799651d7381a288ecfbbf05df7a77c95382c488f8b9", kill_on_drop: false }`
[INFO] running `Command { std: "docker" "rm" "-f" "42f033e2ad2d050f140b2799651d7381a288ecfbbf05df7a77c95382c488f8b9", kill_on_drop: false }`
[INFO] [stdout] 42f033e2ad2d050f140b2799651d7381a288ecfbbf05df7a77c95382c488f8b9
[INFO] running `Command { std: "docker" "create" "-v" "/var/lib/crater-agent-workspace/builds/worker-4-tc1/target:/opt/rustwide/target:rw,Z" "-v" "/var/lib/crater-agent-workspace/builds/worker-4-tc1/source:/opt/rustwide/workdir:ro,Z" "-v" "/var/lib/crater-agent-workspace/cargo-home:/opt/rustwide/cargo-home:ro,Z" "-v" "/var/lib/crater-agent-workspace/rustup-home:/opt/rustwide/rustup-home:ro,Z" "-e" "SOURCE_DIR=/opt/rustwide/workdir" "-e" "CARGO_TARGET_DIR=/opt/rustwide/target" "-e" "CARGO_INCREMENTAL=0" "-e" "RUST_BACKTRACE=full" "-e" "RUSTFLAGS=--cap-lints=forbid" "-e" "RUSTDOCFLAGS=--cap-lints=forbid" "-e" "CARGO_HOME=/opt/rustwide/cargo-home" "-e" "RUSTUP_HOME=/opt/rustwide/rustup-home" "-w" "/opt/rustwide/workdir" "-m" "1610612736" "--user" "0:0" "--network" "none" "ghcr.io/rust-lang/crates-build-env/linux@sha256:819108c5571ea2e421544af4d832f968d213c87fbe3707a016657f43d2f853bc" "/opt/rustwide/cargo-home/bin/cargo" "+nightly-2025-01-18" "build" "--frozen" "--message-format=json", kill_on_drop: false }`
[INFO] [stdout] 5bd3edb1c3daaf52a0ec9a5352b4703e743f0dae58d46302da6c5240e0f2218c
[INFO] running `Command { std: "docker" "start" "-a" "5bd3edb1c3daaf52a0ec9a5352b4703e743f0dae58d46302da6c5240e0f2218c", kill_on_drop: false }`
[INFO] [stderr]    Compiling proc-macro2 v1.0.93
[INFO] [stderr]    Compiling unicode-ident v1.0.14
[INFO] [stderr]    Compiling serde v1.0.217
[INFO] [stderr]    Compiling version_check v0.9.5
[INFO] [stderr]    Compiling stable_deref_trait v1.2.0
[INFO] [stderr]    Compiling once_cell v1.20.2
[INFO] [stderr]    Compiling cfg-if v1.0.0
[INFO] [stderr]    Compiling autocfg v1.4.0
[INFO] [stderr]    Compiling writeable v0.5.5
[INFO] [stderr]    Compiling litemap v0.7.4
[INFO] [stderr]    Compiling serde_json v1.0.135
[INFO] [stderr]    Compiling itoa v1.0.14
[INFO] [stderr]    Compiling libc v0.2.169
[INFO] [stderr]    Compiling smallvec v1.13.2
[INFO] [stderr]    Compiling ryu v1.0.18
[INFO] [stderr]    Compiling anyhow v1.0.95
[INFO] [stderr]    Compiling icu_locid_transform_data v1.5.0
[INFO] [stderr]    Compiling siphasher v1.0.1
[INFO] [stderr]    Compiling memchr v2.7.4
[INFO] [stderr]    Compiling ahash v0.8.11
[INFO] [stderr]    Compiling icu_properties_data v1.5.0
[INFO] [stderr]    Compiling rand_core v0.6.4
[INFO] [stderr]    Compiling phf_shared v0.11.3
[INFO] [stderr]    Compiling zerocopy v0.7.35
[INFO] [stderr]    Compiling rand v0.8.5
[INFO] [stderr]    Compiling icu_normalizer_data v1.5.0
[INFO] [stderr]    Compiling utf16_iter v1.0.5
[INFO] [stderr]    Compiling write16 v1.0.0
[INFO] [stderr]    Compiling utf8_iter v1.0.4
[INFO] [stderr]    Compiling allocator-api2 v0.2.21
[INFO] [stderr]    Compiling num-traits v0.2.19
[INFO] [stderr]    Compiling radium v0.7.0
[INFO] [stderr]    Compiling quote v1.0.38
[INFO] [stderr]    Compiling phf_generator v0.11.3
[INFO] [stderr]    Compiling simdutf8 v0.1.5
[INFO] [stderr]    Compiling rustc-hash v1.1.0
[INFO] [stderr]    Compiling syn v2.0.96
[INFO] [stderr]    Compiling lock_api v0.4.12
[INFO] [stderr]    Compiling tracing-core v0.1.33
[INFO] [stderr]    Compiling percent-encoding v2.3.1
[INFO] [stderr]    Compiling new_debug_unreachable v1.0.6
[INFO] [stderr]    Compiling hashbrown v0.15.2
[INFO] [stderr]    Compiling tap v1.0.1
[INFO] [stderr]    Compiling hashbrown v0.14.5
[INFO] [stderr]    Compiling parking_lot_core v0.9.10
[INFO] [stderr]    Compiling outref v0.1.0
[INFO] [stderr]    Compiling wyz v0.5.1
[INFO] [stderr]    Compiling simd-abstraction v0.7.1
[INFO] [stderr]    Compiling form_urlencoded v1.2.1
[INFO] [stderr]    Compiling pin-project-lite v0.2.16
[INFO] [stderr]    Compiling funty v2.0.0
[INFO] [stderr]    Compiling uuid v1.11.1
[INFO] [stderr]    Compiling scopeguard v1.2.0
[INFO] [stderr]    Compiling termcolor v1.4.1
[INFO] [stderr]    Compiling unicode-width v0.1.14
[INFO] [stderr]    Compiling base64-simd v0.7.0
[INFO] [stderr]    Compiling bitvec v1.0.1
[INFO] [stderr]    Compiling bumpalo v3.16.0
[INFO] [stderr]    Compiling either v1.13.0
[INFO] [stderr]    Compiling num-integer v0.1.46
[INFO] [stderr]    Compiling unicode-id-start v1.3.1
[INFO] [stderr]    Compiling if_chain v1.0.2
[INFO] [stderr]    Compiling scoped-tls v1.0.1
[INFO] [stderr]    Compiling regex-syntax v0.8.5
[INFO] [stderr]    Compiling data-encoding v2.6.0
[INFO] [stderr]    Compiling better_scoped_tls v1.0.0
[INFO] [stderr]    Compiling swc_visit v2.0.0
[INFO] [stderr]    Compiling parking_lot v0.12.3
[INFO] [stderr]    Compiling siphasher v0.3.11
[INFO] [stderr]    Compiling fnv v1.0.7
[INFO] [stderr]    Compiling semver v1.0.24
[INFO] [stderr]    Compiling rustversion v1.0.19
[INFO] [stderr]    Compiling ident_case v1.0.1
[INFO] [stderr]    Compiling strsim v0.11.1
[INFO] [stderr]    Compiling shlex v1.3.0
[INFO] [stderr]    Compiling camino v1.1.9
[INFO] [stderr]    Compiling bitflags v2.7.0
[INFO] [stderr]    Compiling cc v1.2.9
[INFO] [stderr]    Compiling aho-corasick v1.1.3
[INFO] [stderr]    Compiling heck v0.5.0
[INFO] [stderr]    Compiling typenum v1.17.0
[INFO] [stderr]    Compiling generic-array v0.14.7
[INFO] [stderr]    Compiling thiserror v1.0.69
[INFO] [stderr]    Compiling owo-colors v4.1.0
[INFO] [stderr]    Compiling thiserror v2.0.11
[INFO] [stderr]    Compiling regex-syntax v0.6.29
[INFO] [stderr]    Compiling regex-automata v0.4.9
[INFO] [stderr]    Compiling psm v0.1.24
[INFO] [stderr]    Compiling lazy_static v1.5.0
[INFO] [stderr]    Compiling unicode-linebreak v0.1.5
[INFO] [stderr]    Compiling textwrap v0.16.1
[INFO] [stderr]    Compiling synstructure v0.13.1
[INFO] [stderr]    Compiling swc_macros_common v1.0.0
[INFO] [stderr]    Compiling darling_core v0.20.10
[INFO] [stderr]    Compiling regex-automata v0.1.10
[INFO] [stderr]    Compiling stacker v0.1.17
[INFO] [stderr]    Compiling vergen-lib v0.1.6
[INFO] [stderr]    Compiling regex v1.11.1
[INFO] [stderr]    Compiling smartstring v1.0.1
[INFO] [stderr]    Compiling serde_derive v1.0.217
[INFO] [stderr]    Compiling zerofrom-derive v0.1.5
[INFO] [stderr]    Compiling yoke-derive v0.7.5
[INFO] [stderr]    Compiling zerovec-derive v0.10.3
[INFO] [stderr]    Compiling displaydoc v0.2.5
[INFO] [stderr]    Compiling icu_provider_macros v1.5.0
[INFO] [stderr]    Compiling ptr_meta_derive v0.3.0
[INFO] [stderr]    Compiling bytecheck_derive v0.8.0
[INFO] [stderr]    Compiling zerofrom v0.1.5
[INFO] [stderr]    Compiling yoke v0.7.5
[INFO] [stderr]    Compiling ptr_meta v0.3.0
[INFO] [stderr]    Compiling munge_macro v0.4.1
[INFO] [stderr]    Compiling rancor v0.1.0
[INFO] [stderr]    Compiling phf_macros v0.11.3
[INFO] [stderr]    Compiling zerovec v0.10.4
[INFO] [stderr]    Compiling rkyv_derive v0.8.9
[INFO] [stderr]    Compiling tracing-attributes v0.1.28
[INFO] [stderr]    Compiling munge v0.4.1
[INFO] [stderr]    Compiling bytecheck v0.8.0
[INFO] [stderr]    Compiling from_variant v2.0.0
[INFO] [stderr]    Compiling phf v0.11.3
[INFO] [stderr]    Compiling rend v0.5.2
[INFO] [stderr]    Compiling ast_node v3.0.0
[INFO] [stderr]    Compiling swc_eq_ignore_macros v1.0.0
[INFO] [stderr]    Compiling darling_macro v0.20.10
[INFO] [stderr]    Compiling is-macro v0.3.7
[INFO] [stderr]    Compiling string_enum v1.0.0
[INFO] [stderr]    Compiling tinystr v0.7.6
[INFO] [stderr]    Compiling icu_collections v1.5.0
[INFO] [stderr]    Compiling tracing v0.1.41
[INFO] [stderr]    Compiling darling v0.20.10
[INFO] [stderr]    Compiling thiserror-impl v1.0.69
[INFO] [stderr]    Compiling icu_locid v1.5.0
[INFO] [stderr]    Compiling derive_builder_core v0.20.2
[INFO] [stderr]    Compiling thiserror-impl v2.0.11
[INFO] [stderr]    Compiling miette-derive v7.4.0
[INFO] [stderr]    Compiling overload v0.1.1
[INFO] [stderr]    Compiling log v0.4.22
[INFO] [stderr]    Compiling icu_provider v1.5.0
[INFO] [stderr]    Compiling derive_builder_macro v0.20.2
[INFO] [stderr]    Compiling icu_locid_transform v1.5.0
[INFO] [stderr]    Compiling derive_builder v0.20.2
[INFO] [stderr]    Compiling tracing-log v0.2.0
[INFO] [stderr]    Compiling nu-ansi-term v0.46.0
[INFO] [stderr]    Compiling miette v7.4.0
[INFO] [stderr]    Compiling matchers v0.1.0
[INFO] [stderr]    Compiling sharded-slab v0.1.7
[INFO] [stderr]    Compiling crypto-common v0.1.6
[INFO] [stderr]    Compiling block-buffer v0.10.4
[INFO] [stderr]    Compiling vergen v9.0.4
[INFO] [stderr]    Compiling thread_local v1.1.8
[INFO] [stderr]    Compiling relative-path v1.9.3
[INFO] [stderr]    Compiling rustix v0.38.43
[INFO] [stderr]    Compiling glob v0.3.2
[INFO] [stderr]    Compiling icu_properties v1.5.1
[INFO] [stderr]    Compiling static_assertions v1.1.0
[INFO] [stderr]    Compiling diff v0.1.13
[INFO] [stderr]    Compiling equivalent v1.0.1
[INFO] [stderr]    Compiling yansi v1.0.1
[INFO] [stderr]    Compiling testing_macros v1.0.0
[INFO] [stderr]    Compiling indexmap v2.7.0
[INFO] [stderr]    Compiling pretty_assertions v1.4.1
[INFO] [stderr]    Compiling tracing-subscriber v0.3.19
[INFO] [stderr]    Compiling digest v0.10.7
[INFO] [stderr]    Compiling num_cpus v1.16.0
[INFO] [stderr]    Compiling swc_parallel v1.0.1
[INFO] [stderr]    Compiling difference v2.0.0
[INFO] [stderr]    Compiling cpufeatures v0.2.16
[INFO] [stderr]    Compiling typed-arena v2.0.2
[INFO] [stderr]    Compiling linux-raw-sys v0.4.15
[INFO] [stderr]    Compiling unicode-id v0.3.5
[INFO] [stderr]    Compiling ansi_term v0.12.1
[INFO] [stderr]    Compiling ryu-js v1.0.1
[INFO] [stderr]    Compiling sha2 v0.10.8
[INFO] [stderr]    Compiling rkyv v0.8.9
[INFO] [stderr]    Compiling swc_ecma_codegen_macros v1.0.0
[INFO] [stderr]    Compiling triomphe v0.1.14
[INFO] [stderr]    Compiling hstr v0.2.15
[INFO] [stderr]    Compiling debugid v0.8.0
[INFO] [stderr]    Compiling swc_allocator v2.0.0
[INFO] [stderr]    Compiling num-bigint v0.4.6
[INFO] [stderr]    Compiling cargo-platform v0.1.9
[INFO] [stderr]    Compiling icu_normalizer v1.5.0
[INFO] [stderr]    Compiling idna_adapter v1.2.0
[INFO] [stderr]    Compiling idna v1.0.3
[INFO] [stderr]    Compiling cargo_metadata v0.18.1
[INFO] [stderr]    Compiling getrandom v0.2.15
[INFO] [stderr]    Compiling url v2.5.4
[INFO] [stderr]    Compiling hex v0.4.3
[INFO] [stderr]    Compiling cargo_metadata v0.19.1
[INFO] [stderr]    Compiling sourcemap v9.1.2
[INFO] [stderr]    Compiling swc_atoms v3.0.2
[INFO] [stderr]    Compiling fastrand v2.3.0
[INFO] [stderr]    Compiling swc_trace_macro v2.0.0
[INFO] [stderr]    Compiling base64 v0.21.7
[INFO] [stderr]    Compiling ts-rs-macros v10.1.0
[INFO] [stderr]    Compiling tempfile v3.15.0
[INFO] [stderr]    Compiling swc_plugin_macro v1.0.0
[INFO] [stderr]    Compiling swc_plugin v1.0.0
[INFO] [stderr]    Compiling path-dedot v3.1.1
[INFO] [stderr]    Compiling path-absolutize v3.1.1
[INFO] [stderr]    Compiling pathdiff v0.2.3
[INFO] [stderr]    Compiling swc_common v5.0.0
[INFO] [stderr]    Compiling swc_core v10.1.0
[INFO] [stderr]    Compiling ts-rs v10.1.0
[INFO] [stderr]    Compiling swc_ecma_ast v5.0.1
[INFO] [stderr]    Compiling swc_error_reporters v6.0.0
[INFO] [stderr]    Compiling testing v5.0.0
[INFO] [stderr]    Compiling swc_ecma_testing v5.0.0
[INFO] [stderr]    Compiling swc_ecma_visit v5.0.0
[INFO] [stderr]    Compiling swc_ecma_parser v6.0.2
[INFO] [stderr]    Compiling swc_ecma_codegen v5.0.1
[INFO] [stderr]    Compiling swc_plugin_proxy v5.0.0
[INFO] [stderr]    Compiling swc_ecma_utils v7.0.0
[INFO] [stderr]    Compiling swc_ecma_transforms_base v7.0.0
[INFO] [stderr]    Compiling swc_ecma_transforms_testing v7.0.0
[INFO] [stderr]    Compiling swc-plugin-pre-paths v0.1.0 (/opt/rustwide/workdir)
[INFO] [stderr]     Finished `dev` profile [unoptimized + debuginfo] target(s) in 3m 22s
[INFO] running `Command { std: "docker" "inspect" "5bd3edb1c3daaf52a0ec9a5352b4703e743f0dae58d46302da6c5240e0f2218c", kill_on_drop: false }`
[INFO] running `Command { std: "docker" "rm" "-f" "5bd3edb1c3daaf52a0ec9a5352b4703e743f0dae58d46302da6c5240e0f2218c", kill_on_drop: false }`
[INFO] [stdout] 5bd3edb1c3daaf52a0ec9a5352b4703e743f0dae58d46302da6c5240e0f2218c
[INFO] running `Command { std: "docker" "create" "-v" "/var/lib/crater-agent-workspace/builds/worker-4-tc1/target:/opt/rustwide/target:rw,Z" "-v" "/var/lib/crater-agent-workspace/builds/worker-4-tc1/source:/opt/rustwide/workdir:ro,Z" "-v" "/var/lib/crater-agent-workspace/cargo-home:/opt/rustwide/cargo-home:ro,Z" "-v" "/var/lib/crater-agent-workspace/rustup-home:/opt/rustwide/rustup-home:ro,Z" "-e" "SOURCE_DIR=/opt/rustwide/workdir" "-e" "CARGO_TARGET_DIR=/opt/rustwide/target" "-e" "CARGO_INCREMENTAL=0" "-e" "RUST_BACKTRACE=full" "-e" "RUSTFLAGS=--cap-lints=forbid" "-e" "RUSTDOCFLAGS=--cap-lints=forbid" "-e" "CARGO_HOME=/opt/rustwide/cargo-home" "-e" "RUSTUP_HOME=/opt/rustwide/rustup-home" "-w" "/opt/rustwide/workdir" "-m" "1610612736" "--user" "0:0" "--network" "none" "ghcr.io/rust-lang/crates-build-env/linux@sha256:819108c5571ea2e421544af4d832f968d213c87fbe3707a016657f43d2f853bc" "/opt/rustwide/cargo-home/bin/cargo" "+nightly-2025-01-18" "test" "--frozen" "--no-run" "--message-format=json", kill_on_drop: false }`
[INFO] [stdout] fa37993ff0c44966bd3bbcb65a9ff05c8bfc0a82d88b3a87c511bef7a8a045a3
[INFO] running `Command { std: "docker" "start" "-a" "fa37993ff0c44966bd3bbcb65a9ff05c8bfc0a82d88b3a87c511bef7a8a045a3", kill_on_drop: false }`
[INFO] [stderr]    Compiling swc-plugin-pre-paths v0.1.0 (/opt/rustwide/workdir)
[INFO] [stderr]     Finished `test` profile [unoptimized + debuginfo] target(s) in 9.06s
[INFO] running `Command { std: "docker" "inspect" "fa37993ff0c44966bd3bbcb65a9ff05c8bfc0a82d88b3a87c511bef7a8a045a3", kill_on_drop: false }`
[INFO] running `Command { std: "docker" "rm" "-f" "fa37993ff0c44966bd3bbcb65a9ff05c8bfc0a82d88b3a87c511bef7a8a045a3", kill_on_drop: false }`
[INFO] [stdout] fa37993ff0c44966bd3bbcb65a9ff05c8bfc0a82d88b3a87c511bef7a8a045a3
[INFO] running `Command { std: "docker" "create" "-v" "/var/lib/crater-agent-workspace/builds/worker-4-tc1/target:/opt/rustwide/target:rw,Z" "-v" "/var/lib/crater-agent-workspace/builds/worker-4-tc1/source:/opt/rustwide/workdir:ro,Z" "-v" "/var/lib/crater-agent-workspace/cargo-home:/opt/rustwide/cargo-home:ro,Z" "-v" "/var/lib/crater-agent-workspace/rustup-home:/opt/rustwide/rustup-home:ro,Z" "-e" "SOURCE_DIR=/opt/rustwide/workdir" "-e" "CARGO_TARGET_DIR=/opt/rustwide/target" "-e" "CARGO_INCREMENTAL=0" "-e" "RUST_BACKTRACE=full" "-e" "RUSTFLAGS=--cap-lints=forbid" "-e" "RUSTDOCFLAGS=--cap-lints=forbid" "-e" "CARGO_HOME=/opt/rustwide/cargo-home" "-e" "RUSTUP_HOME=/opt/rustwide/rustup-home" "-w" "/opt/rustwide/workdir" "-m" "1610612736" "--user" "0:0" "--network" "none" "ghcr.io/rust-lang/crates-build-env/linux@sha256:819108c5571ea2e421544af4d832f968d213c87fbe3707a016657f43d2f853bc" "/opt/rustwide/cargo-home/bin/cargo" "+nightly-2025-01-18" "test" "--frozen", kill_on_drop: false }`
[INFO] [stdout] 7ec98902660f7b78ceea8de72d57e3e51f9e0e2988d6f8e0eae3fe3fce2201b6
[INFO] running `Command { std: "docker" "start" "-a" "7ec98902660f7b78ceea8de72d57e3e51f9e0e2988d6f8e0eae3fe3fce2201b6", kill_on_drop: false }`
[INFO] [stderr]     Finished `test` profile [unoptimized + debuginfo] target(s) in 0.30s
[INFO] [stderr]      Running unittests src/lib.rs (/opt/rustwide/target/debug/deps/swc_plugin_pre_paths-aa04e6f96681a024)
[INFO] [stdout] 
[INFO] [stdout] running 1 test
[INFO] [stdout] test config::export_bindings_config ... FAILED
[INFO] [stdout] 
[INFO] [stdout] failures:
[INFO] [stdout] 
[INFO] [stdout] ---- config::export_bindings_config stdout ----
[INFO] [stdout] 
[INFO] [stdout] thread 'config::export_bindings_config' panicked at src/config.rs:6:37:
[INFO] [stdout] could not export type: Io(Os { code: 30, kind: ReadOnlyFilesystem, message: "Read-only file system" })
[INFO] [stdout] stack backtrace:
[INFO] [stdout]    0:     0x5c2585fa2d0a - std::backtrace_rs::backtrace::libunwind::trace::hb059275cfc8d6126
[INFO] [stdout]                                at /rustc/6067b36314ab5eb2eb47cecc464545ba58e1ad24/library/std/src/../../backtrace/src/backtrace/libunwind.rs:116:5
[INFO] [stdout]    1:     0x5c2585fa2d0a - std::backtrace_rs::backtrace::trace_unsynchronized::h2da071e4327ce3ee
[INFO] [stdout]                                at /rustc/6067b36314ab5eb2eb47cecc464545ba58e1ad24/library/std/src/../../backtrace/src/backtrace/mod.rs:66:5
[INFO] [stdout]    2:     0x5c2585fa2d0a - std::sys::backtrace::_print_fmt::h842a1474e6f8d23f
[INFO] [stdout]                                at /rustc/6067b36314ab5eb2eb47cecc464545ba58e1ad24/library/std/src/sys/backtrace.rs:66:9
[INFO] [stdout]    3:     0x5c2585fa2d0a - <std::sys::backtrace::BacktraceLock::print::DisplayBacktrace as core::fmt::Display>::fmt::h71a62eb3b9696b12
[INFO] [stdout]                                at /rustc/6067b36314ab5eb2eb47cecc464545ba58e1ad24/library/std/src/sys/backtrace.rs:39:26
[INFO] [stdout]    4:     0x5c2585fca513 - core::fmt::rt::Argument::fmt::hdb6b616786b41dc1
[INFO] [stdout]                                at /rustc/6067b36314ab5eb2eb47cecc464545ba58e1ad24/library/core/src/fmt/rt.rs:177:76
[INFO] [stdout]    5:     0x5c2585fca513 - core::fmt::write::h2cc1698af7e2d686
[INFO] [stdout]                                at /rustc/6067b36314ab5eb2eb47cecc464545ba58e1ad24/library/core/src/fmt/mod.rs:1440:21
[INFO] [stdout]    6:     0x5c2585f9f503 - std::io::Write::write_fmt::hab1b4cd059a79022
[INFO] [stdout]                                at /rustc/6067b36314ab5eb2eb47cecc464545ba58e1ad24/library/std/src/io/mod.rs:1887:15
[INFO] [stdout]    7:     0x5c2585fa2b52 - std::sys::backtrace::BacktraceLock::print::h147fe35b4ea13b08
[INFO] [stdout]                                at /rustc/6067b36314ab5eb2eb47cecc464545ba58e1ad24/library/std/src/sys/backtrace.rs:42:9
[INFO] [stdout]    8:     0x5c2585fa412f - std::panicking::default_hook::{{closure}}::hbd44223dbdc0d208
[INFO] [stdout]                                at /rustc/6067b36314ab5eb2eb47cecc464545ba58e1ad24/library/std/src/panicking.rs:298:22
[INFO] [stdout]    9:     0x5c2585fa3f48 - std::panicking::default_hook::h20f81eb0576efcec
[INFO] [stdout]                                at /rustc/6067b36314ab5eb2eb47cecc464545ba58e1ad24/library/std/src/panicking.rs:322:9
[INFO] [stdout]   10:     0x5c2585f336b3 - <alloc::boxed::Box<F,A> as core::ops::function::Fn<Args>>::call::hdb53814c496a4d34
[INFO] [stdout]                                at /rustc/6067b36314ab5eb2eb47cecc464545ba58e1ad24/library/alloc/src/boxed.rs:2027:9
[INFO] [stdout]   11:     0x5c2585f336b3 - test::test_main::{{closure}}::hc0a4963c59427c24
[INFO] [stdout]                                at /rustc/6067b36314ab5eb2eb47cecc464545ba58e1ad24/library/test/src/lib.rs:134:21
[INFO] [stdout]   12:     0x5c2585fa4c23 - <alloc::boxed::Box<F,A> as core::ops::function::Fn<Args>>::call::h591b2225413a77e9
[INFO] [stdout]                                at /rustc/6067b36314ab5eb2eb47cecc464545ba58e1ad24/library/alloc/src/boxed.rs:2027:9
[INFO] [stdout]   13:     0x5c2585fa4c23 - std::panicking::rust_panic_with_hook::h625eea43051b2edc
[INFO] [stdout]                                at /rustc/6067b36314ab5eb2eb47cecc464545ba58e1ad24/library/std/src/panicking.rs:839:13
[INFO] [stdout]   14:     0x5c2585fa48da - std::panicking::begin_panic_handler::{{closure}}::h4f9159cfbc3f6bd3
[INFO] [stdout]                                at /rustc/6067b36314ab5eb2eb47cecc464545ba58e1ad24/library/std/src/panicking.rs:704:13
[INFO] [stdout]   15:     0x5c2585fa3209 - std::sys::backtrace::__rust_end_short_backtrace::h0390abce48353151
[INFO] [stdout]                                at /rustc/6067b36314ab5eb2eb47cecc464545ba58e1ad24/library/std/src/sys/backtrace.rs:168:18
[INFO] [stdout]   16:     0x5c2585fa456d - rust_begin_unwind
[INFO] [stdout]                                at /rustc/6067b36314ab5eb2eb47cecc464545ba58e1ad24/library/std/src/panicking.rs:695:5
[INFO] [stdout]   17:     0x5c2585fc8f60 - core::panicking::panic_fmt::h9e7c637e9e5f29c9
[INFO] [stdout]                                at /rustc/6067b36314ab5eb2eb47cecc464545ba58e1ad24/library/core/src/panicking.rs:75:14
[INFO] [stdout]   18:     0x5c2585fc9366 - core::result::unwrap_failed::h7979f09313fe1849
[INFO] [stdout]                                at /rustc/6067b36314ab5eb2eb47cecc464545ba58e1ad24/library/core/src/result.rs:1704:5
[INFO] [stdout]   19:     0x5c2585eca824 - core::result::Result<T,E>::expect::hcb1905d9e0ae60af
[INFO] [stdout]                                at /rustc/6067b36314ab5eb2eb47cecc464545ba58e1ad24/library/core/src/result.rs:1061:23
[INFO] [stdout]   20:     0x5c2585ed65b7 - swc_plugin_pre_paths::config::export_bindings_config::h820067f04b7eb642
[INFO] [stdout]                                at /opt/rustwide/workdir/src/config.rs:6:37
[INFO] [stdout]   21:     0x5c2585ed6577 - swc_plugin_pre_paths::config::export_bindings_config::{{closure}}::ha1b8c0b21aea1e12
[INFO] [stdout]                                at /opt/rustwide/workdir/src/config.rs:6:39
[INFO] [stdout]   22:     0x5c2585ef8cb6 - core::ops::function::FnOnce::call_once::h4e709c3f1b754257
[INFO] [stdout]                                at /rustc/6067b36314ab5eb2eb47cecc464545ba58e1ad24/library/core/src/ops/function.rs:250:5
[INFO] [stdout]   23:     0x5c2585f38e0b - core::ops::function::FnOnce::call_once::he27718dfdd183f43
[INFO] [stdout]                                at /rustc/6067b36314ab5eb2eb47cecc464545ba58e1ad24/library/core/src/ops/function.rs:250:5
[INFO] [stdout]   24:     0x5c2585f38e0b - test::__rust_begin_short_backtrace::h4e84902998457a5d
[INFO] [stdout]                                at /rustc/6067b36314ab5eb2eb47cecc464545ba58e1ad24/library/test/src/lib.rs:632:18
[INFO] [stdout]   25:     0x5c2585f37d43 - test::run_test_in_process::{{closure}}::h7176fd18fc1feca0
[INFO] [stdout]                                at /rustc/6067b36314ab5eb2eb47cecc464545ba58e1ad24/library/test/src/lib.rs:655:60
[INFO] [stdout]   26:     0x5c2585f37d43 - <core::panic::unwind_safe::AssertUnwindSafe<F> as core::ops::function::FnOnce<()>>::call_once::hf79cff2a624d8cf7
[INFO] [stdout]                                at /rustc/6067b36314ab5eb2eb47cecc464545ba58e1ad24/library/core/src/panic/unwind_safe.rs:272:9
[INFO] [stdout]   27:     0x5c2585f37d43 - std::panicking::try::do_call::h3da0561d9ab99c25
[INFO] [stdout]                                at /rustc/6067b36314ab5eb2eb47cecc464545ba58e1ad24/library/std/src/panicking.rs:587:40
[INFO] [stdout]   28:     0x5c2585f37d43 - std::panicking::try::h41c9fa508bc61df6
[INFO] [stdout]                                at /rustc/6067b36314ab5eb2eb47cecc464545ba58e1ad24/library/std/src/panicking.rs:550:19
[INFO] [stdout]   29:     0x5c2585f37d43 - std::panic::catch_unwind::h6b3ff07bb5afad93
[INFO] [stdout]                                at /rustc/6067b36314ab5eb2eb47cecc464545ba58e1ad24/library/std/src/panic.rs:358:14
[INFO] [stdout]   30:     0x5c2585f37d43 - test::run_test_in_process::hc7253dd11b39b9f4
[INFO] [stdout]                                at /rustc/6067b36314ab5eb2eb47cecc464545ba58e1ad24/library/test/src/lib.rs:655:27
[INFO] [stdout]   31:     0x5c2585f37d43 - test::run_test::{{closure}}::hfb2007f8649c30bb
[INFO] [stdout]                                at /rustc/6067b36314ab5eb2eb47cecc464545ba58e1ad24/library/test/src/lib.rs:576:43
[INFO] [stdout]   32:     0x5c2585efae25 - test::run_test::{{closure}}::h56a17aa7a282a9f4
[INFO] [stdout]                                at /rustc/6067b36314ab5eb2eb47cecc464545ba58e1ad24/library/test/src/lib.rs:606:41
[INFO] [stdout]   33:     0x5c2585efae25 - std::sys::backtrace::__rust_begin_short_backtrace::hd2d2d2fb8e8c6aac
[INFO] [stdout]                                at /rustc/6067b36314ab5eb2eb47cecc464545ba58e1ad24/library/std/src/sys/backtrace.rs:152:18
[INFO] [stdout]   34:     0x5c2585efe70a - std::thread::Builder::spawn_unchecked_::{{closure}}::{{closure}}::h4faa3f9db6133423
[INFO] [stdout]                                at /rustc/6067b36314ab5eb2eb47cecc464545ba58e1ad24/library/std/src/thread/mod.rs:559:17
[INFO] [stdout]   35:     0x5c2585efe70a - <core::panic::unwind_safe::AssertUnwindSafe<F> as core::ops::function::FnOnce<()>>::call_once::hf2e855a36a4ea846
[INFO] [stdout]                                at /rustc/6067b36314ab5eb2eb47cecc464545ba58e1ad24/library/core/src/panic/unwind_safe.rs:272:9
[INFO] [stdout]   36:     0x5c2585efe70a - std::panicking::try::do_call::h2f73af3616c35465
[INFO] [stdout]                                at /rustc/6067b36314ab5eb2eb47cecc464545ba58e1ad24/library/std/src/panicking.rs:587:40
[INFO] [stdout]   37:     0x5c2585efe70a - std::panicking::try::hd1660ce9efadef5a
[INFO] [stdout]                                at /rustc/6067b36314ab5eb2eb47cecc464545ba58e1ad24/library/std/src/panicking.rs:550:19
[INFO] [stdout]   38:     0x5c2585efe70a - std::panic::catch_unwind::h5ee8d7823b8ca744
[INFO] [stdout]                                at /rustc/6067b36314ab5eb2eb47cecc464545ba58e1ad24/library/std/src/panic.rs:358:14
[INFO] [stdout]   39:     0x5c2585efe70a - std::thread::Builder::spawn_unchecked_::{{closure}}::h53c3a1894dce8407
[INFO] [stdout]                                at /rustc/6067b36314ab5eb2eb47cecc464545ba58e1ad24/library/std/src/thread/mod.rs:557:30
[INFO] [stdout]   40:     0x5c2585efe70a - core::ops::function::FnOnce::call_once{{vtable.shim}}::h048ce291ad4f62bf
[INFO] [stdout]                                at /rustc/6067b36314ab5eb2eb47cecc464545ba58e1ad24/library/core/src/ops/function.rs:250:5
[INFO] [stdout]   41:     0x5c2585fa8c2b - <alloc::boxed::Box<F,A> as core::ops::function::FnOnce<Args>>::call_once::ha52bedf99a3b4981
[INFO] [stdout]                                at /rustc/6067b36314ab5eb2eb47cecc464545ba58e1ad24/library/alloc/src/boxed.rs:2013:9
[INFO] [stdout]   42:     0x5c2585fa8c2b - <alloc::boxed::Box<F,A> as core::ops::function::FnOnce<Args>>::call_once::h567748934d80ccf8
[INFO] [stdout]                                at /rustc/6067b36314ab5eb2eb47cecc464545ba58e1ad24/library/alloc/src/boxed.rs:2013:9
[INFO] [stdout]   43:     0x5c2585fa8c2b - std::sys::pal::unix::thread::Thread::new::thread_start::h2d970728ae887adc
[INFO] [stdout]                                at /rustc/6067b36314ab5eb2eb47cecc464545ba58e1ad24/library/std/src/sys/pal/unix/thread.rs:106:17
[INFO] [stdout]   44:     0x7e9785c29ac3 - <unknown>
[INFO] [stdout]   45:     0x7e9785cbaa04 - clone
[INFO] [stdout]   46:                0x0 - <unknown>
[INFO] [stdout] 
[INFO] [stdout] 
[INFO] [stdout] failures:
[INFO] [stdout]     config::export_bindings_config
[INFO] [stdout] 
[INFO] [stdout] test result: FAILED. 0 passed; 1 failed; 0 ignored; 0 measured; 0 filtered out; finished in 0.22s
[INFO] [stdout] 
[INFO] [stderr] error: test failed, to rerun pass `--lib`
[INFO] running `Command { std: "docker" "inspect" "7ec98902660f7b78ceea8de72d57e3e51f9e0e2988d6f8e0eae3fe3fce2201b6", kill_on_drop: false }`
[INFO] running `Command { std: "docker" "rm" "-f" "7ec98902660f7b78ceea8de72d57e3e51f9e0e2988d6f8e0eae3fe3fce2201b6", kill_on_drop: false }`
[INFO] [stdout] 7ec98902660f7b78ceea8de72d57e3e51f9e0e2988d6f8e0eae3fe3fce2201b6
